[INFO] cloning repository https://github.com/j-keck/clic
[INFO] running `Command { std: "git" "-c" "credential.helper=" "-c" "credential.helper=/workspace/cargo-home/bin/git-credential-null" "clone" "--bare" "https://github.com/j-keck/clic" "/workspace/cache/git-repos/https%3A%2F%2Fgithub.com%2Fj-keck%2Fclic", kill_on_drop: false }`
[INFO] [stderr] Cloning into bare repository '/workspace/cache/git-repos/https%3A%2F%2Fgithub.com%2Fj-keck%2Fclic'...
[INFO] running `Command { std: "git" "rev-parse" "HEAD", kill_on_drop: false }`
[INFO] [stdout] 9478def59141f596031b9b43e5cdf6c1e32027bc
[INFO] testing j-keck/clic against 1.99.0-beta.1+cargoflags=--release for beta-release-1.99-2
[INFO] running `Command { std: "git" "clone" "/workspace/cache/git-repos/https%3A%2F%2Fgithub.com%2Fj-keck%2Fclic" "/workspace/builds/worker-0-tc2/source", kill_on_drop: false }`
[INFO] [stderr] Cloning into '/workspace/builds/worker-0-tc2/source'...
[INFO] [stderr] done.
[INFO] started tweaking git repo https://github.com/j-keck/clic
[INFO] finished tweaking git repo https://github.com/j-keck/clic
[INFO] tweaked toml for git repo https://github.com/j-keck/clic written to /workspace/builds/worker-0-tc2/source/Cargo.toml
[INFO] validating manifest of git repo https://github.com/j-keck/clic on toolchain 1.99.0-beta.1
[INFO] running `Command { std: CARGO_HOME="/workspace/cargo-home" RUSTUP_HOME="/workspace/rustup-home" "/workspace/cargo-home/bin/cargo" "+1.99.0-beta.1" "metadata" "--manifest-path" "Cargo.toml" "--no-deps", kill_on_drop: false }`
[INFO] crate git repo https://github.com/j-keck/clic already has a lockfile, it will not be regenerated
[INFO] running `Command { std: CARGO_HOME="/workspace/cargo-home" RUSTUP_HOME="/workspace/rustup-home" "/workspace/cargo-home/bin/cargo" "+1.99.0-beta.1" "fetch" "--manifest-path" "Cargo.toml", kill_on_drop: false }`
[INFO] running `Command { std: "docker" "create" "-v" "/var/lib/crater-agent-workspace/builds/worker-0-tc2/source:/opt/rustwide/workdir:ro,Z" "-v" "/var/lib/crater-agent-workspace/builds/worker-0-tc2/target:/opt/rustwide/target:rw,Z" "-v" "/var/lib/crater-agent-workspace/cargo-home:/opt/rustwide/cargo-home:ro,Z" "-v" "/var/lib/crater-agent-workspace/rustup-home:/opt/rustwide/rustup-home:ro,Z" "-m" "1610612736" "--network" "none" "ghcr.io/rust-lang/crates-build-env/linux@sha256:8683fc1fc2eb5c9ac98e0d076ab094b2ffac7f99da555d2b6a2e27f346de2ec7" "sleep" "infinity", kill_on_drop: false }`
[INFO] [stdout] fdb9a4e54eb84cdca9cf6772b254fa7cb3d6451de6dd1ee705d30e8c6b2bbff5
[INFO] running `Command { std: "docker" "start" "fdb9a4e54eb84cdca9cf6772b254fa7cb3d6451de6dd1ee705d30e8c6b2bbff5", kill_on_drop: false }`
[INFO] running `Command { std: "docker" "inspect" "fdb9a4e54eb84cdca9cf6772b254fa7cb3d6451de6dd1ee705d30e8c6b2bbff5", kill_on_drop: false }`
[INFO] running `Command { std: "docker" "exec" "-e" "SOURCE_DIR=/opt/rustwide/workdir" "-e" "CARGO_HOME=/opt/rustwide/cargo-home" "-e" "RUSTUP_HOME=/opt/rustwide/rustup-home" "-e" "CARGO_TARGET_DIR=/opt/rustwide/target" "-w" "/opt/rustwide/workdir" "--user" "0:0" "fdb9a4e54eb84cdca9cf6772b254fa7cb3d6451de6dd1ee705d30e8c6b2bbff5" "/opt/rustwide/cargo-home/bin/cargo" "+1.99.0-beta.1" "metadata" "--no-deps" "--format-version=1", kill_on_drop: false }`
[INFO] running `Command { std: "docker" "inspect" "fdb9a4e54eb84cdca9cf6772b254fa7cb3d6451de6dd1ee705d30e8c6b2bbff5", kill_on_drop: false }`
[INFO] running `Command { std: "docker" "exec" "-e" "SOURCE_DIR=/opt/rustwide/workdir" "-e" "CARGO_HOME=/opt/rustwide/cargo-home" "-e" "RUSTUP_HOME=/opt/rustwide/rustup-home" "-e" "CARGO_TARGET_DIR=/opt/rustwide/target" "-e" "CARGO_INCREMENTAL=0" "-e" "RUST_BACKTRACE=full" "-e" "RUSTFLAGS=--cap-lints=warn" "-e" "RUSTDOCFLAGS=--cap-lints=warn" "-w" "/opt/rustwide/workdir" "--user" "0:0" "fdb9a4e54eb84cdca9cf6772b254fa7cb3d6451de6dd1ee705d30e8c6b2bbff5" "/opt/rustwide/cargo-home/bin/cargo" "+1.99.0-beta.1" "build" "--frozen" "--message-format=json" "--release", kill_on_drop: false }`
[INFO] [stderr]    Compiling proc-macro2 v1.0.6
[INFO] [stderr]    Compiling unicode-xid v0.2.0
[INFO] [stderr]    Compiling libc v0.2.65
[INFO] [stderr]    Compiling syn v1.0.5
[INFO] [stderr]    Compiling bitflags v1.2.1
[INFO] [stderr]    Compiling memchr v2.2.1
[INFO] [stderr]    Compiling cfg-if v0.1.10
[INFO] [stderr]    Compiling unicode-segmentation v1.3.0
[INFO] [stderr]    Compiling unicode-width v0.1.6
[INFO] [stderr]    Compiling log v0.4.8
[INFO] [stderr]    Compiling nix v0.14.1
[INFO] [stderr]    Compiling thread_local v0.3.6
[INFO] [stderr]    Compiling textwrap v0.11.0
[INFO] [stderr]    Compiling strsim v0.8.0
[INFO] [stderr]    Compiling ansi_term v0.11.0
[INFO] [stderr]    Compiling heck v0.3.1
[INFO] [stderr]    Compiling vec_map v0.8.1
[INFO] [stderr]    Compiling void v1.0.2
[INFO] [stderr]    Compiling regex-syntax v0.6.12
[INFO] [stderr]    Compiling atty v0.2.13
[INFO] [stderr]    Compiling quick-error v1.2.2
[INFO] [stderr]    Compiling clap v2.33.0
[INFO] [stderr]    Compiling aho-corasick v0.7.6
[INFO] [stderr]    Compiling humantime v1.3.0
[INFO] [stderr]    Compiling quote v1.0.2
[INFO] [stderr]    Compiling paw-raw v1.0.0
[INFO] [stderr]    Compiling termcolor v1.0.5
[INFO] [stderr]    Compiling xstd v0.1.0
[INFO] [stderr]    Compiling regex v1.3.1
[INFO] [stderr]    Compiling env_logger v0.7.1
[INFO] [stderr]    Compiling timeout-readwrite v0.2.1
[INFO] [stderr]    Compiling proc-macro-error v0.2.6
[INFO] [stderr]    Compiling paw-attributes v1.0.2
[INFO] [stderr]    Compiling structopt-derive v0.3.3
[INFO] [stderr]    Compiling paw v1.0.0
[INFO] [stderr]    Compiling structopt v0.3.3
[INFO] [stderr]    Compiling clic v0.1.1 (/opt/rustwide/workdir)
[INFO] [stdout] warning: trailing semicolon in macro used in expression position
[INFO] [stdout]   --> src/spec/runner.rs:35:39
[INFO] [stdout]    |
[INFO] [stdout] 35 |             Step::Comment(comment) => debug!("ignore comment: {}", comment),
[INFO] [stdout]    |                                       ^^^^^^^^^^^^^^^^^^^^^^^^^^^^^^^^^^^^^
[INFO] [stdout]    |
[INFO] [stdout]    = warning: this was previously accepted by the compiler but is being phased out; it will become a hard error in a future release!
[INFO] [stdout]    = note: for more information, see issue #79813 <https://github.com/rust-lang/rust/issues/79813>
[INFO] [stdout]    = note: `#[warn(semicolon_in_expressions_from_non_local_macros)]` (part of `#[warn(future_incompatible)]`) on by default
[INFO] [stdout]    = note: this warning originates in the macro `debug` (in Nightly builds, run with -Z macro-backtrace for more info)
[INFO] [stdout] 
[INFO] [stdout] 
[INFO] [stdout] warning: trailing semicolon in macro used in expression position
[INFO] [stdout]   --> src/main.rs:63:36
[INFO] [stdout]    |
[INFO] [stdout] 63 |             TestResult::Success => info!("Success"),
[INFO] [stdout]    |                                    ^^^^^^^^^^^^^^^^
[INFO] [stdout]    |
[INFO] [stdout]    = warning: this was previously accepted by the compiler but is being phased out; it will become a hard error in a future release!
[INFO] [stdout]    = note: for more information, see issue #79813 <https://github.com/rust-lang/rust/issues/79813>
[INFO] [stdout]    = note: `#[warn(semicolon_in_expressions_from_non_local_macros)]` (part of `#[warn(future_incompatible)]`) on by default
[INFO] [stdout]    = note: this warning originates in the macro `info` (in Nightly builds, run with -Z macro-backtrace for more info)
[INFO] [stdout] 
[INFO] [stdout] 
[INFO] [stderr]     Finished `release` profile [optimized] target(s) in 58.76s
[INFO] [stderr] warning: the following packages contain code that will be rejected by a future version of Rust: clic v0.1.1 (/opt/rustwide/workdir)
[INFO] [stderr] note: to see what the problems were, use the option `--future-incompat-report`, or run `cargo report future-incompatibilities --id 1`
[INFO] running `Command { std: "docker" "inspect" "fdb9a4e54eb84cdca9cf6772b254fa7cb3d6451de6dd1ee705d30e8c6b2bbff5", kill_on_drop: false }`
[INFO] running `Command { std: "docker" "exec" "-e" "SOURCE_DIR=/opt/rustwide/workdir" "-e" "CARGO_HOME=/opt/rustwide/cargo-home" "-e" "RUSTUP_HOME=/opt/rustwide/rustup-home" "-e" "CARGO_TARGET_DIR=/opt/rustwide/target" "-e" "CARGO_INCREMENTAL=0" "-e" "RUST_BACKTRACE=full" "-e" "RUSTFLAGS=--cap-lints=warn" "-e" "RUSTDOCFLAGS=--cap-lints=warn" "-w" "/opt/rustwide/workdir" "--user" "0:0" "fdb9a4e54eb84cdca9cf6772b254fa7cb3d6451de6dd1ee705d30e8c6b2bbff5" "/opt/rustwide/cargo-home/bin/cargo" "+1.99.0-beta.1" "test" "--frozen" "--no-run" "--message-format=json" "--release", kill_on_drop: false }`
[INFO] [stdout] warning: trailing semicolon in macro used in expression position
[INFO] [stdout]   --> src/spec/runner.rs:35:39
[INFO] [stdout]    |
[INFO] [stdout] 35 |             Step::Comment(comment) => debug!("ignore comment: {}", comment),
[INFO] [stdout]    |                                       ^^^^^^^^^^^^^^^^^^^^^^^^^^^^^^^^^^^^^
[INFO] [stdout]    |
[INFO] [stdout]    = warning: this was previously accepted by the compiler but is being phased out; it will become a hard error in a future release!
[INFO] [stdout]    = note: for more information, see issue #79813 <https://github.com/rust-lang/rust/issues/79813>
[INFO] [stdout]    = note: `#[warn(semicolon_in_expressions_from_non_local_macros)]` (part of `#[warn(future_incompatible)]`) on by default
[INFO] [stdout]    = note: this warning originates in the macro `debug` (in Nightly builds, run with -Z macro-backtrace for more info)
[INFO] [stdout] 
[INFO] [stdout] 
[INFO] [stderr]    Compiling clic v0.1.1 (/opt/rustwide/workdir)
[INFO] [stdout] warning: trailing semicolon in macro used in expression position
[INFO] [stdout]   --> src/main.rs:63:36
[INFO] [stdout]    |
[INFO] [stdout] 63 |             TestResult::Success => info!("Success"),
[INFO] [stdout]    |                                    ^^^^^^^^^^^^^^^^
[INFO] [stdout]    |
[INFO] [stdout]    = warning: this was previously accepted by the compiler but is being phased out; it will become a hard error in a future release!
[INFO] [stdout]    = note: for more information, see issue #79813 <https://github.com/rust-lang/rust/issues/79813>
[INFO] [stdout]    = note: `#[warn(semicolon_in_expressions_from_non_local_macros)]` (part of `#[warn(future_incompatible)]`) on by default
[INFO] [stdout]    = note: this warning originates in the macro `info` (in Nightly builds, run with -Z macro-backtrace for more info)
[INFO] [stdout] 
[INFO] [stdout] 
[INFO] [stdout] warning: trailing semicolon in macro used in expression position
[INFO] [stdout]   --> src/spec/runner.rs:35:39
[INFO] [stdout]    |
[INFO] [stdout] 35 |             Step::Comment(comment) => debug!("ignore comment: {}", comment),
[INFO] [stdout]    |                                       ^^^^^^^^^^^^^^^^^^^^^^^^^^^^^^^^^^^^^
[INFO] [stdout]    |
[INFO] [stdout]    = warning: this was previously accepted by the compiler but is being phased out; it will become a hard error in a future release!
[INFO] [stdout]    = note: for more information, see issue #79813 <https://github.com/rust-lang/rust/issues/79813>
[INFO] [stdout]    = note: `#[warn(semicolon_in_expressions_from_non_local_macros)]` (part of `#[warn(future_incompatible)]`) on by default
[INFO] [stdout]    = note: this warning originates in the macro `debug` (in Nightly builds, run with -Z macro-backtrace for more info)
[INFO] [stdout] 
[INFO] [stdout] 
[INFO] [stdout] warning: trailing semicolon in macro used in expression position
[INFO] [stdout]   --> src/main.rs:63:36
[INFO] [stdout]    |
[INFO] [stdout] 63 |             TestResult::Success => info!("Success"),
[INFO] [stdout]    |                                    ^^^^^^^^^^^^^^^^
[INFO] [stdout]    |
[INFO] [stdout]    = warning: this was previously accepted by the compiler but is being phased out; it will become a hard error in a future release!
[INFO] [stdout]    = note: for more information, see issue #79813 <https://github.com/rust-lang/rust/issues/79813>
[INFO] [stdout]    = note: `#[warn(semicolon_in_expressions_from_non_local_macros)]` (part of `#[warn(future_incompatible)]`) on by default
[INFO] [stdout]    = note: this warning originates in the macro `info` (in Nightly builds, run with -Z macro-backtrace for more info)
[INFO] [stdout] 
[INFO] [stdout] 
[INFO] [stderr]     Finished `release` profile [optimized] target(s) in 0.93s
[INFO] [stderr] warning: the following packages contain code that will be rejected by a future version of Rust: clic v0.1.1 (/opt/rustwide/workdir)
[INFO] [stderr] note: to see what the problems were, use the option `--future-incompat-report`, or run `cargo report future-incompatibilities --id 2`
[INFO] running `Command { std: "docker" "inspect" "fdb9a4e54eb84cdca9cf6772b254fa7cb3d6451de6dd1ee705d30e8c6b2bbff5", kill_on_drop: false }`
[INFO] running `Command { std: "docker" "exec" "-e" "SOURCE_DIR=/opt/rustwide/workdir" "-e" "CARGO_HOME=/opt/rustwide/cargo-home" "-e" "RUSTUP_HOME=/opt/rustwide/rustup-home" "-e" "CARGO_TARGET_DIR=/opt/rustwide/target" "-e" "CARGO_INCREMENTAL=0" "-e" "RUST_BACKTRACE=full" "-e" "RUSTFLAGS=--cap-lints=warn" "-e" "RUSTDOCFLAGS=--cap-lints=warn" "-w" "/opt/rustwide/workdir" "--user" "0:0" "fdb9a4e54eb84cdca9cf6772b254fa7cb3d6451de6dd1ee705d30e8c6b2bbff5" "/opt/rustwide/cargo-home/bin/cargo" "+1.99.0-beta.1" "test" "--frozen" "--release", kill_on_drop: false }`
[INFO] [stderr] warning: trailing semicolon in macro used in expression position
[INFO] [stderr]   --> src/spec/runner.rs:35:39
[INFO] [stderr]    |
[INFO] [stderr] 35 |             Step::Comment(comment) => debug!("ignore comment: {}", comment),
[INFO] [stderr]    |                                       ^^^^^^^^^^^^^^^^^^^^^^^^^^^^^^^^^^^^^
[INFO] [stderr]    |
[INFO] [stderr]    = warning: this was previously accepted by the compiler but is being phased out; it will become a hard error in a future release!
[INFO] [stderr]    = note: for more information, see issue #79813 <https://github.com/rust-lang/rust/issues/79813>
[INFO] [stderr]    = note: `#[warn(semicolon_in_expressions_from_non_local_macros)]` (part of `#[warn(future_incompatible)]`) on by default
[INFO] [stderr]    = note: this warning originates in the macro `debug` (in Nightly builds, run with -Z macro-backtrace for more info)
[INFO] [stderr] 
[INFO] [stderr] warning: `clic` (lib) generated 1 warning
[INFO] [stderr] warning: `clic` (lib test) generated 1 warning (1 duplicate)
[INFO] [stderr] warning: trailing semicolon in macro used in expression position
[INFO] [stderr]   --> src/main.rs:63:36
[INFO] [stderr]    |
[INFO] [stderr] 63 |             TestResult::Success => info!("Success"),
[INFO] [stderr]    |                                    ^^^^^^^^^^^^^^^^
[INFO] [stderr]    |
[INFO] [stderr]    = warning: this was previously accepted by the compiler but is being phased out; it will become a hard error in a future release!
[INFO] [stderr]    = note: for more information, see issue #79813 <https://github.com/rust-lang/rust/issues/79813>
[INFO] [stderr]    = note: `#[warn(semicolon_in_expressions_from_non_local_macros)]` (part of `#[warn(future_incompatible)]`) on by default
[INFO] [stderr]    = note: this warning originates in the macro `info` (in Nightly builds, run with -Z macro-backtrace for more info)
[INFO] [stderr] 
[INFO] [stderr] warning: `clic` (bin "clic" test) generated 1 warning
[INFO] [stderr] warning: `clic` (bin "clic") generated 1 warning (1 duplicate)
[INFO] [stderr]     Finished `release` profile [optimized] target(s) in 0.09s
[INFO] [stderr] warning: the following packages contain code that will be rejected by a future version of Rust: clic v0.1.1 (/opt/rustwide/workdir)
[INFO] [stderr] note: to see what the problems were, use the option `--future-incompat-report`, or run `cargo report future-incompatibilities --id 3`
[INFO] [stderr]      Running unittests src/lib.rs (/opt/rustwide/target/release/deps/clic-4997ef7aeb8769da)
[INFO] [stdout] 
[INFO] [stdout] running 7 tests
[INFO] [stdout] test cmdline::tests::basic ... ok
[INFO] [stdout] test cmdline::tests::cmd_with_args ... ok
[INFO] [stdout] test cmdline::tests::single_cmd ... ok
[INFO] [stdout] test phrases::tests::words ... ok
[INFO] [stdout] test phrases::tests::quoted_text ... ok
[INFO] [stdout] test phrases::tests::masked_quotation ... ok
[INFO] [stdout] test cmdline::tests::empty_cmdline ... ok
[INFO] [stdout] 
[INFO] [stdout] test result: ok. 7 passed; 0 failed; 0 ignored; 0 measured; 0 filtered out; finished in 0.00s
[INFO] [stdout] 
[INFO] [stderr]      Running unittests src/main.rs (/opt/rustwide/target/release/deps/clic-1906505765112e94)
[INFO] [stdout] 
[INFO] [stdout] running 0 tests
[INFO] [stdout] 
[INFO] [stdout] test result: ok. 0 passed; 0 failed; 0 ignored; 0 measured; 0 filtered out; finished in 0.00s
[INFO] [stdout] 
[INFO] [stderr]      Running tests/selftest-runner.rs (/opt/rustwide/target/release/deps/selftest_runner-a7a9ca98a01cf548)
[INFO] [stdout] 
[INFO] [stdout] running 1 test
[INFO] [stderr] [2026-09-03T08:47:53Z INFO  selftest_runner] run selftest spec: tests/selftest/exitcode01.spec
[INFO] [stdout] test selftest_runner ... FAILED
[INFO] [stdout] 
[INFO] [stdout] failures:
[INFO] [stdout] 
[INFO] [stdout] ---- selftest_runner stdout ----
[INFO] [stdout] 
[INFO] [stdout] thread 'selftest_runner' (853) panicked at tests/selftest-runner.rs:50:9:
[INFO] [stdout] assertion `left == right` failed
[INFO] [stdout]   left: ""
[INFO] [stdout]  right: "warning: trailing semicolon in macro used in expression position\n  --> src/spec/runner.rs:35:39\n   |\n35 |             Step::Comment(comment) => debug!(\"ignore comment: {}\", comment),\n   |                                       ^^^^^^^^^^^^^^^^^^^^^^^^^^^^^^^^^^^^^\n   |\n   = warning: this was previously accepted by the compiler but is being phased out; it will become a hard error in a future release!\n   = note: for more information, see issue #79813 <https://github.com/rust-lang/rust/issues/79813>\n   = note: `#[warn(semicolon_in_expressions_from_non_local_macros)]` (part of `#[warn(future_incompatible)]`) on by default\n   = note: this warning originates in the macro `debug` (in Nightly builds, run with -Z macro-backtrace for more info)\n\nwarning: trailing semicolon in macro used in expression position\n  --> src/main.rs:63:36\n   |\n63 |             TestResult::Success => info!(\"Success\"),\n   |                                    ^^^^^^^^^^^^^^^^\n   |\n   = warning: this was previously accepted by the compiler but is being phased out; it will become a hard error in a future release!\n   = note: for more information, see issue #79813 <https://github.com/rust-lang/rust/issues/79813>\n   = note: `#[warn(semicolon_in_expressions_from_non_local_macros)]` (part of `#[warn(future_incompatible)]`) on by default\n   = note: this warning originates in the macro `info` (in Nightly builds, run with -Z macro-backtrace for more info)\n\n"
[INFO] [stdout] stack backtrace:
[INFO] [stdout]    0:     0x578ebcc5ba51 - <<std[104cf6e2632825ea]::sys::backtrace::BacktraceLock>::print::DisplayBacktrace as core[7c831bd917ebf35f]::fmt::Display>::fmt
[INFO] [stdout]    1:     0x578ebcc7142a - core[7c831bd917ebf35f]::fmt::write
[INFO] [stdout]    2:     0x578ebcc6053c - <alloc[2fdc3f7464fcf288]::vec::Vec<u8> as core[7c831bd917ebf35f]::io::write::Write>::write_fmt
[INFO] [stdout]    3:     0x578ebcc374c6 - std[104cf6e2632825ea]::panicking::default_hook::{closure#0}
[INFO] [stdout]    4:     0x578ebcc53be9 - std[104cf6e2632825ea]::panicking::default_hook
[INFO] [stdout]    5:     0x578ebcb75a50 - test[73009c9f9aebf890]::test_main_inner::<test[73009c9f9aebf890]::test_main_static::{closure#0}>::{closure#0}
[INFO] [stdout]    6:     0x578ebcc53da2 - std[104cf6e2632825ea]::panicking::panic_with_hook
[INFO] [stdout]    7:     0x578ebcc37572 - std[104cf6e2632825ea]::panicking::panic_handler::{closure#0}
[INFO] [stdout]    8:     0x578ebcc2f8f9 - std[104cf6e2632825ea]::sys::backtrace::__rust_end_short_backtrace::<std[104cf6e2632825ea]::panicking::panic_handler::{closure#0}, !>
[INFO] [stdout]    9:     0x578ebcc3816d - __rustc[b0d56fa5b193ad05]::rust_begin_unwind
[INFO] [stdout]   10:     0x578ebcc71b8c - core[7c831bd917ebf35f]::panicking::panic_fmt
[INFO] [stdout]   11:     0x578ebcc71aa3 - core[7c831bd917ebf35f]::panicking::assert_failed_inner
[INFO] [stdout]   12:     0x578ebcb6799a - core[7c831bd917ebf35f]::panicking::assert_failed::<alloc[2fdc3f7464fcf288]::string::String, alloc[2fdc3f7464fcf288]::string::String>
[INFO] [stdout]   13:     0x578ebcb68a3f - <selftest_runner[8baca839274f0955]::selftest_runner::{closure#0} as core[7c831bd917ebf35f]::ops::function::FnOnce<()>>::call_once
[INFO] [stdout]   14:     0x578ebcb68d3b - test[73009c9f9aebf890]::__rust_begin_short_backtrace::<core[7c831bd917ebf35f]::result::Result<(), alloc[2fdc3f7464fcf288]::string::String>, fn() -> core[7c831bd917ebf35f]::result::Result<(), alloc[2fdc3f7464fcf288]::string::String>>
[INFO] [stdout]   15:     0x578ebcb763a5 - test[73009c9f9aebf890]::run_test::{closure#0}
[INFO] [stdout]   16:     0x578ebcb6f764 - std[104cf6e2632825ea]::sys::backtrace::__rust_begin_short_backtrace::<test[73009c9f9aebf890]::run_test::{closure#1}, ()>
[INFO] [stdout]   17:     0x578ebcb79502 - <std[104cf6e2632825ea]::thread::lifecycle::spawn_unchecked<test[73009c9f9aebf890]::run_test::{closure#1}, ()>::{closure#1} as core[7c831bd917ebf35f]::ops::function::FnOnce<()>>::call_once::{shim:vtable#0}
[INFO] [stdout]   18:     0x578ebcc5afb9 - <std[104cf6e2632825ea]::sys::thread::unix::Thread>::new::thread_start
[INFO] [stdout]   19:     0x70ff9649307a - <unknown>
[INFO] [stdout]   20:     0x70ff96526534 - clone
[INFO] [stdout]   21:                0x0 - <unknown>
[INFO] [stdout] 
[INFO] [stdout] 
[INFO] [stdout] failures:
[INFO] [stdout]     selftest_runner
[INFO] [stdout] 
[INFO] [stdout] test result: FAILED. 0 passed; 1 failed; 0 ignored; 0 measured; 0 filtered out; finished in 27.00s
[INFO] [stdout] 
[INFO] [stderr] error: test failed, to rerun pass `--test selftest-runner`
[INFO] running `Command { std: "docker" "inspect" "fdb9a4e54eb84cdca9cf6772b254fa7cb3d6451de6dd1ee705d30e8c6b2bbff5", kill_on_drop: false }`
[INFO] running `Command { std: "docker" "rm" "-f" "fdb9a4e54eb84cdca9cf6772b254fa7cb3d6451de6dd1ee705d30e8c6b2bbff5", kill_on_drop: false }`
[INFO] [stdout] fdb9a4e54eb84cdca9cf6772b254fa7cb3d6451de6dd1ee705d30e8c6b2bbff5
