[INFO] fetching crate dscode-core 0.1.0...
[INFO] testing dscode-core-0.1.0 against 1.99.0-beta.1+cargoflags=--release for beta-release-1.99-2
[INFO] extracting crate dscode-core 0.1.0 into /workspace/builds/worker-7-tc2/source
[INFO] started tweaking crates.io crate dscode-core 0.1.0
[INFO] removed 0 missing examples
[INFO] finished tweaking crates.io crate dscode-core 0.1.0
[INFO] tweaked toml for crates.io crate dscode-core 0.1.0 written to /workspace/builds/worker-7-tc2/source/Cargo.toml
[INFO] validating manifest of crates.io crate dscode-core 0.1.0 on toolchain 1.99.0-beta.1
[INFO] running `Command { std: CARGO_HOME="/workspace/cargo-home" RUSTUP_HOME="/workspace/rustup-home" "/workspace/cargo-home/bin/cargo" "+1.99.0-beta.1" "metadata" "--manifest-path" "Cargo.toml" "--no-deps", kill_on_drop: false }`
[INFO] crate crates.io crate dscode-core 0.1.0 already has a lockfile, it will not be regenerated
[INFO] running `Command { std: CARGO_HOME="/workspace/cargo-home" RUSTUP_HOME="/workspace/rustup-home" "/workspace/cargo-home/bin/cargo" "+1.99.0-beta.1" "fetch" "--manifest-path" "Cargo.toml", kill_on_drop: false }`
[INFO] [stderr]     Blocking waiting for file lock on package cache
[INFO] [stderr]     Blocking waiting for file lock on package cache
[INFO] [stderr]  Downloading crates ...
[INFO] [stderr]   Downloaded unindent v0.2.4
[INFO] [stderr]   Downloaded str_indices v0.4.4
[INFO] [stderr]   Downloaded pyo3-macros v0.23.5
[INFO] [stderr]   Downloaded directories v5.0.1
[INFO] [stderr]   Downloaded ropey v1.6.1
[INFO] [stderr]   Downloaded pyo3-build-config v0.23.5
[INFO] [stderr]   Downloaded pyo3-macros-backend v0.23.5
[INFO] [stderr]   Downloaded pyo3-ffi v0.23.5
[INFO] [stderr]   Downloaded tree-sitter v0.20.10
[INFO] [stderr]   Downloaded pyo3 v0.23.5
[INFO] running `Command { std: "docker" "create" "-v" "/var/lib/crater-agent-workspace/builds/worker-7-tc2/source:/opt/rustwide/workdir:ro,Z" "-v" "/var/lib/crater-agent-workspace/builds/worker-7-tc2/target:/opt/rustwide/target:rw,Z" "-v" "/var/lib/crater-agent-workspace/cargo-home:/opt/rustwide/cargo-home:ro,Z" "-v" "/var/lib/crater-agent-workspace/rustup-home:/opt/rustwide/rustup-home:ro,Z" "-m" "1610612736" "--network" "none" "ghcr.io/rust-lang/crates-build-env/linux@sha256:8683fc1fc2eb5c9ac98e0d076ab094b2ffac7f99da555d2b6a2e27f346de2ec7" "sleep" "infinity", kill_on_drop: false }`
[INFO] [stdout] c455cf4594314bb118ea1b38676500e612fa8a3226b62e0f880080bf6eb77ccb
[INFO] running `Command { std: "docker" "start" "c455cf4594314bb118ea1b38676500e612fa8a3226b62e0f880080bf6eb77ccb", kill_on_drop: false }`
[INFO] running `Command { std: "docker" "inspect" "c455cf4594314bb118ea1b38676500e612fa8a3226b62e0f880080bf6eb77ccb", kill_on_drop: false }`
[INFO] running `Command { std: "docker" "exec" "-e" "SOURCE_DIR=/opt/rustwide/workdir" "-e" "CARGO_HOME=/opt/rustwide/cargo-home" "-e" "RUSTUP_HOME=/opt/rustwide/rustup-home" "-e" "CARGO_TARGET_DIR=/opt/rustwide/target" "-w" "/opt/rustwide/workdir" "--user" "0:0" "c455cf4594314bb118ea1b38676500e612fa8a3226b62e0f880080bf6eb77ccb" "/opt/rustwide/cargo-home/bin/cargo" "+1.99.0-beta.1" "metadata" "--no-deps" "--format-version=1", kill_on_drop: false }`
[INFO] running `Command { std: "docker" "inspect" "c455cf4594314bb118ea1b38676500e612fa8a3226b62e0f880080bf6eb77ccb", kill_on_drop: false }`
[INFO] running `Command { std: "docker" "exec" "-e" "SOURCE_DIR=/opt/rustwide/workdir" "-e" "CARGO_HOME=/opt/rustwide/cargo-home" "-e" "RUSTUP_HOME=/opt/rustwide/rustup-home" "-e" "CARGO_TARGET_DIR=/opt/rustwide/target" "-e" "CARGO_INCREMENTAL=0" "-e" "RUST_BACKTRACE=full" "-e" "RUSTFLAGS=--cap-lints=warn" "-e" "RUSTDOCFLAGS=--cap-lints=warn" "-w" "/opt/rustwide/workdir" "--user" "0:0" "c455cf4594314bb118ea1b38676500e612fa8a3226b62e0f880080bf6eb77ccb" "/opt/rustwide/cargo-home/bin/cargo" "+1.99.0-beta.1" "build" "--frozen" "--message-format=json" "--release", kill_on_drop: false }`
[INFO] [stderr]    Compiling memchr v2.8.0
[INFO] [stderr]    Compiling find-msvc-tools v0.1.9
[INFO] [stderr]    Compiling libc v0.2.185
[INFO] [stderr]    Compiling serde_core v1.0.228
[INFO] [stderr]    Compiling regex-syntax v0.8.10
[INFO] [stderr]    Compiling zmij v1.0.21
[INFO] [stderr]    Compiling serde_json v1.0.149
[INFO] [stderr]    Compiling syn v2.0.117
[INFO] [stderr]    Compiling option-ext v0.2.0
[INFO] [stderr]    Compiling str_indices v0.4.4
[INFO] [stderr]    Compiling cc v1.2.60
[INFO] [stderr]    Compiling smallvec v1.15.1
[INFO] [stderr]    Compiling ropey v1.6.1
[INFO] [stderr]    Compiling aho-corasick v1.1.4
[INFO] [stderr]    Compiling tree-sitter v0.20.10
[INFO] [stderr]    Compiling dirs-sys v0.4.1
[INFO] [stderr]    Compiling directories v5.0.1
[INFO] [stderr]    Compiling regex-automata v0.4.14
[INFO] [stderr]    Compiling serde_derive v1.0.228
[INFO] [stderr]    Compiling regex v1.12.3
[INFO] [stderr]    Compiling thiserror-impl v1.0.69
[INFO] [stderr]    Compiling tracing-attributes v0.1.31
[INFO] [stderr]    Compiling thiserror v1.0.69
[INFO] [stderr]    Compiling tracing v0.1.44
[INFO] [stderr]    Compiling serde v1.0.228
[INFO] [stderr]    Compiling dscode-core v0.1.0 (/opt/rustwide/workdir)
[INFO] [stderr]     Finished `release` profile [optimized] target(s) in 51.75s
[INFO] running `Command { std: "docker" "inspect" "c455cf4594314bb118ea1b38676500e612fa8a3226b62e0f880080bf6eb77ccb", kill_on_drop: false }`
[INFO] running `Command { std: "docker" "exec" "-e" "SOURCE_DIR=/opt/rustwide/workdir" "-e" "CARGO_HOME=/opt/rustwide/cargo-home" "-e" "RUSTUP_HOME=/opt/rustwide/rustup-home" "-e" "CARGO_TARGET_DIR=/opt/rustwide/target" "-e" "CARGO_INCREMENTAL=0" "-e" "RUST_BACKTRACE=full" "-e" "RUSTFLAGS=--cap-lints=warn" "-e" "RUSTDOCFLAGS=--cap-lints=warn" "-w" "/opt/rustwide/workdir" "--user" "0:0" "c455cf4594314bb118ea1b38676500e612fa8a3226b62e0f880080bf6eb77ccb" "/opt/rustwide/cargo-home/bin/cargo" "+1.99.0-beta.1" "test" "--frozen" "--no-run" "--message-format=json" "--release", kill_on_drop: false }`
[INFO] [stderr]    Compiling dscode-core v0.1.0 (/opt/rustwide/workdir)
[INFO] [stderr]     Finished `release` profile [optimized] target(s) in 1.70s
[INFO] running `Command { std: "docker" "inspect" "c455cf4594314bb118ea1b38676500e612fa8a3226b62e0f880080bf6eb77ccb", kill_on_drop: false }`
[INFO] running `Command { std: "docker" "exec" "-e" "SOURCE_DIR=/opt/rustwide/workdir" "-e" "CARGO_HOME=/opt/rustwide/cargo-home" "-e" "RUSTUP_HOME=/opt/rustwide/rustup-home" "-e" "CARGO_TARGET_DIR=/opt/rustwide/target" "-e" "CARGO_INCREMENTAL=0" "-e" "RUST_BACKTRACE=full" "-e" "RUSTFLAGS=--cap-lints=warn" "-e" "RUSTDOCFLAGS=--cap-lints=warn" "-w" "/opt/rustwide/workdir" "--user" "0:0" "c455cf4594314bb118ea1b38676500e612fa8a3226b62e0f880080bf6eb77ccb" "/opt/rustwide/cargo-home/bin/cargo" "+1.99.0-beta.1" "test" "--frozen" "--release", kill_on_drop: false }`
[INFO] [stderr]     Finished `release` profile [optimized] target(s) in 0.06s
[INFO] [stderr]      Running unittests src/lib.rs (/opt/rustwide/target/release/deps/dscode_core-b31f1eca7f7584f1)
[INFO] [stdout] 
[INFO] [stdout] running 22 tests
[INFO] [stdout] test config::tests::test_extract_path_from_nested_json ... ok
[INFO] [stdout] test config::tests::test_normalize_path_tilde ... ok
[INFO] [stdout] test config::tests::test_default_base_dir_contains_dscode ... ok
[INFO] [stdout] test error::tests::test_core_error_config_display ... ok
[INFO] [stdout] test error::tests::test_core_error_debug_format ... ok
[INFO] [stdout] test error::tests::test_core_error_from_io_error ... ok
[INFO] [stdout] test error::tests::test_core_error_into_string ... ok
[INFO] [stdout] test error::tests::test_core_error_io_display ... ok
[INFO] [stdout] test error::tests::test_core_error_path_resolution_display ... ok
[INFO] [stdout] test text_buffer::tests::test_text_buffer_get_text_preserves_unicode ... ok
[INFO] [stdout] test text_buffer::tests::test_text_buffer_is_empty_variations ... ok
[INFO] [stdout] test text_buffer::tests::test_text_buffer_len_chars_multibyte ... ok
[INFO] [stdout] test text_buffer::tests::test_text_buffer_len_chars ... ok
[INFO] [stdout] test text_buffer::tests::test_text_buffer_new_empty ... ok
[INFO] [stdout] test text_buffer::tests::test_text_buffer_new_returns_valid_buffer ... ok
[INFO] [stdout] test text_buffer::tests::test_text_buffer_with_content ... ok
[INFO] [stdout] test config::tests::test_env_override_extensions_dir ... ok
[INFO] [stdout] test config::tests::test_app_directories_resolve ... ok
[INFO] [stdout] test config::tests::test_env_override_set_resolve_clear ... ok
[INFO] [stdout] test config::tests::test_resolve_creates_directories ... FAILED
[INFO] [stdout] test text_buffer::tests::test_text_buffer_large_content ... ok
[INFO] [stderr] error: test failed, to rerun pass `--lib`
[INFO] [stdout] test text_buffer::tests::test_text_buffer_large_multiline ... ok
[INFO] [stdout] 
[INFO] [stdout] failures:
[INFO] [stdout] 
[INFO] [stdout] ---- config::tests::test_resolve_creates_directories stdout ----
[INFO] [stdout] 
[INFO] [stdout] thread 'config::tests::test_resolve_creates_directories' (741) panicked at src/config.rs:278:9:
[INFO] [stdout] extensions_dir should exist after resolve
[INFO] [stdout] stack backtrace:
[INFO] [stdout]    0:     0x64546c12f611 - <<std[104cf6e2632825ea]::sys::backtrace::BacktraceLock>::print::DisplayBacktrace as core[7c831bd917ebf35f]::fmt::Display>::fmt
[INFO] [stdout]    1:     0x64546c14438a - core[7c831bd917ebf35f]::fmt::write
[INFO] [stdout]    2:     0x64546c133dbc - <alloc[2fdc3f7464fcf288]::vec::Vec<u8> as core[7c831bd917ebf35f]::io::write::Write>::write_fmt
[INFO] [stdout]    3:     0x64546c109f16 - std[104cf6e2632825ea]::panicking::default_hook::{closure#0}
[INFO] [stdout]    4:     0x64546c126f19 - std[104cf6e2632825ea]::panicking::default_hook
[INFO] [stdout]    5:     0x64546c0bc000 - test[73009c9f9aebf890]::test_main_inner::<test[73009c9f9aebf890]::test_main_static::{closure#0}>::{closure#0}
[INFO] [stdout]    6:     0x64546c1270d2 - std[104cf6e2632825ea]::panicking::panic_with_hook
[INFO] [stdout]    7:     0x64546c109ff4 - std[104cf6e2632825ea]::panicking::panic_handler::{closure#0}
[INFO] [stdout]    8:     0x64546c102139 - std[104cf6e2632825ea]::sys::backtrace::__rust_end_short_backtrace::<std[104cf6e2632825ea]::panicking::panic_handler::{closure#0}, !>
[INFO] [stdout]    9:     0x64546c10addd - __rustc[b0d56fa5b193ad05]::rust_begin_unwind
[INFO] [stdout]   10:     0x64546c144aec - core[7c831bd917ebf35f]::panicking::panic_fmt
[INFO] [stdout]   11:     0x64546c09fa94 - dscode_core[ddee585d15d94212]::config::tests::test_resolve_creates_directories
[INFO] [stdout]   12:     0x64546c09b0d9 - <dscode_core[ddee585d15d94212]::config::tests::test_resolve_creates_directories::{closure#0} as core[7c831bd917ebf35f]::ops::function::FnOnce<()>>::call_once
[INFO] [stdout]   13:     0x64546c0af2eb - test[73009c9f9aebf890]::__rust_begin_short_backtrace::<core[7c831bd917ebf35f]::result::Result<(), alloc[2fdc3f7464fcf288]::string::String>, fn() -> core[7c831bd917ebf35f]::result::Result<(), alloc[2fdc3f7464fcf288]::string::String>>
[INFO] [stdout]   14:     0x64546c0bc955 - test[73009c9f9aebf890]::run_test::{closure#0}
[INFO] [stdout]   15:     0x64546c0b5d14 - std[104cf6e2632825ea]::sys::backtrace::__rust_begin_short_backtrace::<test[73009c9f9aebf890]::run_test::{closure#1}, ()>
[INFO] [stdout]   16:     0x64546c0bfab2 - <std[104cf6e2632825ea]::thread::lifecycle::spawn_unchecked<test[73009c9f9aebf890]::run_test::{closure#1}, ()>::{closure#1} as core[7c831bd917ebf35f]::ops::function::FnOnce<()>>::call_once::{shim:vtable#0}
[INFO] [stdout]   17:     0x64546c12eb49 - <std[104cf6e2632825ea]::sys::thread::unix::Thread>::new::thread_start
[INFO] [stdout]   18:     0x72fb1518e07a - <unknown>
[INFO] [stdout]   19:     0x72fb15221534 - clone
[INFO] [stdout]   20:                0x0 - <unknown>
[INFO] [stdout] 
[INFO] [stdout] 
[INFO] [stdout] failures:
[INFO] [stdout]     config::tests::test_resolve_creates_directories
[INFO] [stdout] 
[INFO] [stdout] test result: FAILED. 21 passed; 1 failed; 0 ignored; 0 measured; 0 filtered out; finished in 0.02s
[INFO] [stdout] 
[INFO] running `Command { std: "docker" "inspect" "c455cf4594314bb118ea1b38676500e612fa8a3226b62e0f880080bf6eb77ccb", kill_on_drop: false }`
[INFO] running `Command { std: "docker" "rm" "-f" "c455cf4594314bb118ea1b38676500e612fa8a3226b62e0f880080bf6eb77ccb", kill_on_drop: false }`
[INFO] [stdout] c455cf4594314bb118ea1b38676500e612fa8a3226b62e0f880080bf6eb77ccb
