[INFO] cloning repository https://github.com/williamwutq/bstack_raii
[INFO] running `Command { std: "git" "-c" "credential.helper=" "-c" "credential.helper=/workspace/cargo-home/bin/git-credential-null" "clone" "--bare" "https://github.com/williamwutq/bstack_raii" "/workspace/cache/git-repos/https%3A%2F%2Fgithub.com%2Fwilliamwutq%2Fbstack_raii", kill_on_drop: false }`
[INFO] [stderr] Cloning into bare repository '/workspace/cache/git-repos/https%3A%2F%2Fgithub.com%2Fwilliamwutq%2Fbstack_raii'...
[INFO] running `Command { std: "git" "rev-parse" "HEAD", kill_on_drop: false }`
[INFO] [stdout] 114a8451bbfa9710f7c3e28fb54e7e8971475e6d
[INFO] testing williamwutq/bstack_raii against 1.99.0-beta.1+cargoflags=--release for beta-release-1.99-2
[INFO] running `Command { std: "git" "clone" "/workspace/cache/git-repos/https%3A%2F%2Fgithub.com%2Fwilliamwutq%2Fbstack_raii" "/workspace/builds/worker-5-tc2/source", kill_on_drop: false }`
[INFO] [stderr] Cloning into '/workspace/builds/worker-5-tc2/source'...
[INFO] [stderr] done.
[INFO] started tweaking git repo https://github.com/williamwutq/bstack_raii
[INFO] finished tweaking git repo https://github.com/williamwutq/bstack_raii
[INFO] tweaked toml for git repo https://github.com/williamwutq/bstack_raii written to /workspace/builds/worker-5-tc2/source/Cargo.toml
[INFO] validating manifest of git repo https://github.com/williamwutq/bstack_raii on toolchain 1.99.0-beta.1
[INFO] running `Command { std: CARGO_HOME="/workspace/cargo-home" RUSTUP_HOME="/workspace/rustup-home" "/workspace/cargo-home/bin/cargo" "+1.99.0-beta.1" "metadata" "--manifest-path" "Cargo.toml" "--no-deps", kill_on_drop: false }`
[INFO] crate git repo https://github.com/williamwutq/bstack_raii already has a lockfile, it will not be regenerated
[INFO] running `Command { std: CARGO_HOME="/workspace/cargo-home" RUSTUP_HOME="/workspace/rustup-home" "/workspace/cargo-home/bin/cargo" "+1.99.0-beta.1" "fetch" "--manifest-path" "Cargo.toml", kill_on_drop: false }`
[INFO] [stderr]     Blocking waiting for file lock on package cache
[INFO] [stderr]     Updating crates.io index
[INFO] [stderr]     Blocking waiting for file lock on package cache
[INFO] [stderr]  Downloading crates ...
[INFO] [stderr]   Downloaded linkme-impl v0.3.37
[INFO] [stderr]   Downloaded toml v1.1.4+spec-1.1.0
[INFO] [stderr]   Downloaded target-triple v1.0.1
[INFO] [stderr]   Downloaded trybuild v1.0.120
[INFO] [stderr]   Downloaded linkme v0.3.37
[INFO] [stderr]   Downloaded bytemuck_derive v1.12.0
[INFO] [stderr]   Downloaded bstack v0.4.3
[INFO] running `Command { std: "docker" "create" "-v" "/var/lib/crater-agent-workspace/builds/worker-5-tc2/source:/opt/rustwide/workdir:ro,Z" "-v" "/var/lib/crater-agent-workspace/builds/worker-5-tc2/target:/opt/rustwide/target:rw,Z" "-v" "/var/lib/crater-agent-workspace/cargo-home:/opt/rustwide/cargo-home:ro,Z" "-v" "/var/lib/crater-agent-workspace/rustup-home:/opt/rustwide/rustup-home:ro,Z" "-m" "1610612736" "--network" "none" "ghcr.io/rust-lang/crates-build-env/linux@sha256:8683fc1fc2eb5c9ac98e0d076ab094b2ffac7f99da555d2b6a2e27f346de2ec7" "sleep" "infinity", kill_on_drop: false }`
[INFO] [stdout] 35951f56fd4a9522b78b8191ab85d26a2ef14f50637c280ecb9efc16d5157cb0
[INFO] running `Command { std: "docker" "start" "35951f56fd4a9522b78b8191ab85d26a2ef14f50637c280ecb9efc16d5157cb0", kill_on_drop: false }`
[INFO] running `Command { std: "docker" "inspect" "35951f56fd4a9522b78b8191ab85d26a2ef14f50637c280ecb9efc16d5157cb0", kill_on_drop: false }`
[INFO] running `Command { std: "docker" "exec" "-e" "SOURCE_DIR=/opt/rustwide/workdir" "-e" "CARGO_HOME=/opt/rustwide/cargo-home" "-e" "RUSTUP_HOME=/opt/rustwide/rustup-home" "-e" "CARGO_TARGET_DIR=/opt/rustwide/target" "-w" "/opt/rustwide/workdir" "--user" "0:0" "35951f56fd4a9522b78b8191ab85d26a2ef14f50637c280ecb9efc16d5157cb0" "/opt/rustwide/cargo-home/bin/cargo" "+1.99.0-beta.1" "metadata" "--no-deps" "--format-version=1", kill_on_drop: false }`
[INFO] running `Command { std: "docker" "inspect" "35951f56fd4a9522b78b8191ab85d26a2ef14f50637c280ecb9efc16d5157cb0", kill_on_drop: false }`
[INFO] running `Command { std: "docker" "exec" "-e" "SOURCE_DIR=/opt/rustwide/workdir" "-e" "CARGO_HOME=/opt/rustwide/cargo-home" "-e" "RUSTUP_HOME=/opt/rustwide/rustup-home" "-e" "CARGO_TARGET_DIR=/opt/rustwide/target" "-e" "CARGO_INCREMENTAL=0" "-e" "RUST_BACKTRACE=full" "-e" "RUSTFLAGS=--cap-lints=warn" "-e" "RUSTDOCFLAGS=--cap-lints=warn" "-w" "/opt/rustwide/workdir" "--user" "0:0" "35951f56fd4a9522b78b8191ab85d26a2ef14f50637c280ecb9efc16d5157cb0" "/opt/rustwide/cargo-home/bin/cargo" "+1.99.0-beta.1" "build" "--frozen" "--message-format=json" "--release", kill_on_drop: false }`
[INFO] [stderr]    Compiling proc-macro2 v1.0.107
[INFO] [stderr]    Compiling unicode-ident v1.0.24
[INFO] [stderr]    Compiling quote v1.0.47
[INFO] [stderr]    Compiling libc v0.2.189
[INFO] [stderr]    Compiling linkme-impl v0.3.37
[INFO] [stderr]    Compiling parking_lot_core v0.9.12
[INFO] [stderr]    Compiling cfg-if v1.0.4
[INFO] [stderr]    Compiling smallvec v1.15.2
[INFO] [stderr]    Compiling linkme v0.3.37
[INFO] [stderr]    Compiling lock_api v0.4.14
[INFO] [stderr]    Compiling syn v3.0.4
[INFO] [stderr]    Compiling syn v2.0.119
[INFO] [stderr]    Compiling bstack v0.4.3
[INFO] [stderr]    Compiling parking_lot v0.12.5
[INFO] [stderr]    Compiling bytemuck_derive v1.12.0
[INFO] [stderr]    Compiling bytemuck v1.25.2
[INFO] [stderr]    Compiling bstack_raii_derive v0.0.0 (/opt/rustwide/workdir/derive)
[INFO] [stderr]    Compiling bstack_raii v0.0.0 (/opt/rustwide/workdir)
[INFO] [stderr]     Finished `release` profile [optimized] target(s) in 27.09s
[INFO] running `Command { std: "docker" "inspect" "35951f56fd4a9522b78b8191ab85d26a2ef14f50637c280ecb9efc16d5157cb0", kill_on_drop: false }`
[INFO] running `Command { std: "docker" "exec" "-e" "SOURCE_DIR=/opt/rustwide/workdir" "-e" "CARGO_HOME=/opt/rustwide/cargo-home" "-e" "RUSTUP_HOME=/opt/rustwide/rustup-home" "-e" "CARGO_TARGET_DIR=/opt/rustwide/target" "-e" "CARGO_INCREMENTAL=0" "-e" "RUST_BACKTRACE=full" "-e" "RUSTFLAGS=--cap-lints=warn" "-e" "RUSTDOCFLAGS=--cap-lints=warn" "-w" "/opt/rustwide/workdir" "--user" "0:0" "35951f56fd4a9522b78b8191ab85d26a2ef14f50637c280ecb9efc16d5157cb0" "/opt/rustwide/cargo-home/bin/cargo" "+1.99.0-beta.1" "test" "--frozen" "--no-run" "--message-format=json" "--release", kill_on_drop: false }`
[INFO] [stderr]    Compiling serde_core v1.0.229
[INFO] [stderr]    Compiling getrandom v0.3.4
[INFO] [stderr]    Compiling rustix v1.1.4
[INFO] [stderr]    Compiling getrandom v0.4.3
[INFO] [stderr]    Compiling zerocopy v0.8.56
[INFO] [stderr]    Compiling bitflags v2.13.1
[INFO] [stderr]    Compiling autocfg v1.5.1
[INFO] [stderr]    Compiling linux-raw-sys v0.12.1
[INFO] [stderr]    Compiling zmij v1.0.23
[INFO] [stderr]    Compiling num-traits v0.2.19
[INFO] [stderr]    Compiling rand_core v0.9.5
[INFO] [stderr]    Compiling once_cell v1.21.4
[INFO] [stderr]    Compiling target-triple v1.0.1
[INFO] [stderr]    Compiling fastrand v2.5.0
[INFO] [stderr]    Compiling serde v1.0.229
[INFO] [stderr]    Compiling winnow v1.0.4
[INFO] [stderr]    Compiling serde_json v1.0.151
[INFO] [stderr]    Compiling wait-timeout v0.2.1
[INFO] [stderr]    Compiling bit-vec v0.8.0
[INFO] [stderr]    Compiling itoa v1.0.18
[INFO] [stderr]    Compiling memchr v2.8.3
[INFO] [stderr]    Compiling toml_writer v1.1.2+spec-1.1.0
[INFO] [stderr]    Compiling quick-error v1.2.3
[INFO] [stderr]    Compiling bit-set v0.8.0
[INFO] [stderr]    Compiling toml_parser v1.1.3+spec-1.1.0
[INFO] [stderr]    Compiling rand_xorshift v0.4.0
[INFO] [stderr]    Compiling rand v0.9.5
[INFO] [stderr]    Compiling serde_derive v1.0.229
[INFO] [stderr]    Compiling termcolor v1.4.1
[INFO] [stderr]    Compiling glob v0.3.4
[INFO] [stderr]    Compiling regex-syntax v0.8.11
[INFO] [stderr]    Compiling unarray v0.1.4
[INFO] [stderr]    Compiling tempfile v3.27.0
[INFO] [stderr]    Compiling rusty-fork v0.3.1
[INFO] [stderr]    Compiling serde_spanned v1.1.1
[INFO] [stderr]    Compiling toml_datetime v1.1.1+spec-1.1.0
[INFO] [stderr]    Compiling toml v1.1.4+spec-1.1.0
[INFO] [stderr]    Compiling ppv-lite86 v0.2.21
[INFO] [stderr]    Compiling trybuild v1.0.120
[INFO] [stderr]    Compiling rand_chacha v0.9.0
[INFO] [stderr]    Compiling proptest v1.11.0
[INFO] [stderr]    Compiling bstack_raii v0.0.0 (/opt/rustwide/workdir)
[INFO] [stderr]     Finished `release` profile [optimized] target(s) in 2m 03s
[INFO] running `Command { std: "docker" "inspect" "35951f56fd4a9522b78b8191ab85d26a2ef14f50637c280ecb9efc16d5157cb0", kill_on_drop: false }`
[INFO] running `Command { std: "docker" "exec" "-e" "SOURCE_DIR=/opt/rustwide/workdir" "-e" "CARGO_HOME=/opt/rustwide/cargo-home" "-e" "RUSTUP_HOME=/opt/rustwide/rustup-home" "-e" "CARGO_TARGET_DIR=/opt/rustwide/target" "-e" "CARGO_INCREMENTAL=0" "-e" "RUST_BACKTRACE=full" "-e" "RUSTFLAGS=--cap-lints=warn" "-e" "RUSTDOCFLAGS=--cap-lints=warn" "-w" "/opt/rustwide/workdir" "--user" "0:0" "35951f56fd4a9522b78b8191ab85d26a2ef14f50637c280ecb9efc16d5157cb0" "/opt/rustwide/cargo-home/bin/cargo" "+1.99.0-beta.1" "test" "--frozen" "--release", kill_on_drop: false }`
[INFO] [stderr]     Finished `release` profile [optimized] target(s) in 0.12s
[INFO] [stderr]      Running unittests src/lib.rs (/opt/rustwide/target/release/deps/bstack_raii-fba54f9768f0e4de)
[INFO] [stdout] 
[INFO] [stdout] running 197 tests
[INFO] [stdout] test io_core::wal::tests::wal_entry_is_32_bytes_and_pod_roundtrips ... ok
[INFO] [stdout] test io_core::wal::tests::wal_fresh_id_wraps ... ok
[INFO] [stdout] test io_core::wal::tests::wal_status_maps ... ok
[INFO] [stdout] test rtti::schema::tests::class_value_slot_rejects_value_len_past_body ... ok
[INFO] [stdout] test rtti::schema::tests::shape_decode_rejects_excessive_nesting ... ok
[INFO] [stdout] test rtti::tests::decode_rejects_oversize_enum_discriminant_width ... ok
[INFO] [stdout] test rtti::tests::encode_rejects_components_overflowing_their_length_fields ... ok
[INFO] [stdout] test rtti::tests::rtti_codec_enum_roundtrips ... ok
[INFO] [stdout] test rtti::tests::rtti_codec_struct_roundtrips ... ok
[INFO] [stdout] test io_core::wal::tests::wal_entry_roundtrip ... ok
[INFO] [stdout] test tests::clone_build_size_mismatch_errors_instead_of_oob_write ... ok
[INFO] [stdout] test rtti::tests::rtti_sync_registers_compiled_types ... ok
[INFO] [stdout] test tests::clone_wal_lock_reentry_errs_instead_of_deadlocking ... ok
[INFO] [stdout] test tests::foreign_is_zero_cost_16_bytes_and_detach_semantics ... ok
[INFO] [stdout] test rtti::tests::rtti_registry_append_load_and_reopen ... ok
[INFO] [stdout] test tests::foreign_owned_move_then_bstack_drop_reclaims_across_files ... ok
[INFO] [stdout] test tests::autodrop_guard_frees_on_scope_exit ... ok
[INFO] [stdout] test tests::foreign_repr_round_trip_preserves_type_index ... ok
[INFO] [stdout] test tests::bare_handle_frees_only_when_asked ... ok
[INFO] [stdout] test tests::foreign_owned_into_local_owned_self_resolves_and_frees ... ok
[INFO] [stdout] test tests::foreign_reverse_map_and_bstack_cast ... ok
[INFO] [stdout] test tests::bstack_vec_grow_and_free ... ok
[INFO] [stdout] test tests::foreign_resolves_across_files_and_self ... ok
[INFO] [stdout] test tests::foreign_self_pointer_resolves_on_read_and_reencodes_on_write ... ok
[INFO] [stdout] test tests::foreign_weak_into_local_weak_self_decrements ... ok
[INFO] [stdout] test tests::foreign_rc_into_local_rc_self_resolves_and_frees ... ok
[INFO] [stdout] test tests::macro_bstack_move ... ok
[INFO] [stdout] test tests::macro_bstack_move_rc_weak ... ok
[INFO] [stdout] test tests::macro_bstack_mut_enum_pod_set ... ok
[INFO] [stdout] test tests::macro_bstack_move_rc ... ok
[INFO] [stdout] test tests::macro_bstack_move_shared ... ok
[INFO] [stdout] test tests::macro_bstack_mut_foreign_owned_option_replace ... ok
[INFO] [stdout] test tests::macro_bstack_mut_enum_strong_replace_moves_count_out ... ok
[INFO] [stdout] test tests::macro_bstack_mut_foreign_owned_replace_moves_target_out ... ok
[INFO] [stdout] test tests::macro_bstack_mut_foreign_ref_set_and_replace ... ok
[INFO] [stdout] test tests::macro_bstack_mut_enum_owned_replace_moves_old_out ... ok
[INFO] [stdout] test tests::enum_vec_variant_read_persists_growth ... ok
[INFO] [stdout] test tests::macro_bstack_mut_foreign_weak_replace_moves_weak_out ... ok
[INFO] [stdout] test tests::macro_bstack_mut_foreign_strong_replace_moves_count_out ... ok
[INFO] [stdout] test tests::macro_bstack_mut_pod_set_and_raw_slice ... ok
[INFO] [stdout] test tests::macro_bstack_mut_owned_option_array_replace_at ... ok
[INFO] [stdout] test tests::macro_bstack_mut_pod_tuple_set ... ok
[INFO] [stdout] test tests::macro_bstack_mut_owned_replace_moves_old_out ... ok
[INFO] [stdout] test tests::macro_bstack_mut_owned_array_replace_whole_moves_old_out ... ok
[INFO] [stdout] test tests::macro_bstack_mut_owned_nested_array_replace ... ok
[INFO] [stdout] test tests::macro_bstack_mut_ref_replace_returns_old ... ok
[INFO] [stdout] test tests::macro_bstack_mut_ref_array_set_and_replace ... ok
[INFO] [stdout] test tests::macro_bstack_mut_ref_repoints ... ok
[INFO] [stdout] test tests::macro_cast ... ok
[INFO] [stdout] test tests::macro_bstack_mut_owned_array_replace_at_moves_old_out ... ok
[INFO] [stdout] test tests::macro_bstack_mut_strong_array_replace_at_moves_count_out ... ok
[INFO] [stdout] test tests::macro_clone_bumps_shared_refcount ... ok
[INFO] [stdout] test tests::macro_bstack_mut_strong_replace_moves_count_out ... ok
[INFO] [stdout] test tests::macro_bstack_mut_vec_annotation_is_accepted_noop ... ok
[INFO] [stdout] test tests::macro_clone_enum_shared ... ok
[INFO] [stdout] test tests::macro_clone_deep_owned ... ok
[INFO] [stdout] test tests::macro_clone_pod_vec ... ok
[INFO] [stdout] test tests::macro_control_tag_differs_in_reserved_bit ... ok
[INFO] [stdout] test tests::macro_clone_owned_vec ... ok
[INFO] [stdout] test tests::macro_clone_pod_vec_on_bulk_allocator ... ok
[INFO] [stdout] test tests::macro_deep_clone_on_bulk_allocator ... ok
[INFO] [stdout] test tests::macro_clone_embed ... ok
[INFO] [stdout] test tests::macro_clone_enum ... ok
[INFO] [stdout] test tests::macro_deep_clone_on_bulk_allocator_no_leak ... ok
[INFO] [stdout] test tests::macro_clone_strong_vec ... ok
[INFO] [stdout] test tests::macro_enum_cast ... ok
[INFO] [stdout] test tests::macro_enum_basic ... ok
[INFO] [stdout] test tests::macro_enum_as_field ... ok
[INFO] [stdout] test tests::macro_enum_discriminant_inference ... ok
[INFO] [stdout] test tests::macro_embed_array ... ok
[INFO] [stdout] test tests::macro_embed_nested_array ... ok
[INFO] [stdout] test tests::macro_enum_move ... ok
[INFO] [stdout] test tests::macro_enum_move_shared ... ok
[INFO] [stdout] test tests::macro_embed_struct_and_enum ... ok
[INFO] [stdout] test tests::macro_enum_owned_array ... ok
[INFO] [stdout] test tests::macro_enum_owned_option_array ... ok
[INFO] [stdout] test tests::macro_enum_embed_array ... ok
[INFO] [stdout] test tests::macro_enum_pod_array ... ok
[INFO] [stdout] test tests::macro_enum_owned_nested_array ... ok
[INFO] [stdout] test tests::macro_enum_rc_val_variant ... ok
[INFO] [stdout] test tests::macro_enum_owned_vec ... ok
[INFO] [stdout] test tests::macro_enum_pod_aggregate_variants ... ok
[INFO] [stdout] test tests::macro_enum_rc ... ok
[INFO] [stdout] test tests::macro_enum_rc_weak ... ok
[INFO] [stdout] test tests::macro_enum_repr_aligned ... ok
[INFO] [stdout] test tests::macro_enum_ref_array ... ok
[INFO] [stdout] test tests::macro_enum_pod_vec ... ok
[INFO] [stdout] test tests::macro_enum_owned_vec_of_array ... ok
[INFO] [stdout] test tests::macro_enum_tags ... ok
[INFO] [stdout] test tests::macro_enum_ref_vec_of_array ... ok
[INFO] [stdout] test tests::macro_enum_strong_vec_rc ... ok
[INFO] [stdout] test tests::macro_enum_strong_array ... ok
[INFO] [stdout] test tests::macro_enum_weak_array ... ok
[INFO] [stdout] test tests::macro_enum_strong_weak_variants ... ok
[INFO] [stdout] test tests::macro_foreign_field ... ok
[INFO] [stdout] test tests::macro_foreign_field_bstack_move ... ok
[INFO] [stdout] test tests::macro_foreign_cursed_valid_combos_compile_and_run ... ok
[INFO] [stdout] test tests::macro_foreign_array_owned_across_files ... ok
[INFO] [stdout] test tests::macro_foreign_generic_across_files ... ok
[INFO] [stdout] test tests::macro_foreign_generic_tuple_and_enum ... ok
[INFO] [stdout] test tests::macro_foreign_in_enum_across_files ... ok
[INFO] [stdout] test tests::macro_foreign_owned_clone_errors_when_target_file_detached ... ok
[INFO] [stdout] test tests::macro_foreign_in_tuple_across_files ... ok
[INFO] [stdout] test tests::macro_foreign_owned_clone_deep_copies_across_files ... ok
[INFO] [stdout] test tests::macro_foreign_enum_container_variants ... ok
[INFO] [stdout] test tests::macro_foreign_owned_teardown_reclaims_across_files ... ok
[INFO] [stdout] test tests::macro_foreign_owned_clone_on_bulk_home_copies_once ... ok
[INFO] [stdout] test tests::macro_foreign_strong_clone_bumps_count_across_files ... ok
[INFO] [stdout] test tests::macro_foreign_strong_enum_variant ... ok
[INFO] [stdout] test tests::macro_foreign_strong_teardown_frees_at_zero_across_files ... ok
[INFO] [stdout] test tests::macro_foreign_strong_vec_across_files ... ok
[INFO] [stdout] test tests::macro_foreign_vec_of_option_roundtrips ... ok
[INFO] [stdout] test tests::macro_foreign_vec_owned_move_yields_dual_vec ... ok
[INFO] [stdout] test tests::macro_foreign_weak_clone_bumps_count_across_files ... ok
[INFO] [stdout] test tests::macro_foreign_tuple_in_enum_variant ... ok
[INFO] [stdout] test tests::macro_generic_distinct_tags ... ok
[INFO] [stdout] test tests::macro_generic_const_ref_array ... ok
[INFO] [stdout] test tests::macro_generic_const_owned_pod_array ... ok
[INFO] [stdout] test tests::macro_generic_emb_box ... ok
[INFO] [stdout] test tests::macro_generic_enum_tag_variant ... ok
[INFO] [stdout] test tests::macro_generic_enum_owned ... ok
[INFO] [stdout] test tests::macro_generic_move_cast ... ok
[INFO] [stdout] test tests::macro_generic_enum_strong ... ok
[INFO] [stdout] test tests::macro_foreign_vec_owned_across_files ... ok
[INFO] [stdout] test tests::macro_generic_permuted_tags_distinct ... ok
[INFO] [stdout] test tests::macro_generic_pod_box ... ok
[INFO] [stdout] test tests::macro_generic_ref_box ... ok
[INFO] [stdout] test tests::macro_generic_owns_enum ... ok
[INFO] [stdout] test tests::macro_generic_vec_element_param_compiles_and_roundtrips ... ok
[INFO] [stdout] test tests::macro_generic_owned_box ... ok
[INFO] [stdout] test tests::macro_generic_strong_box ... ok
[INFO] [stdout] test tests::macro_generic_weak_box ... ok
[INFO] [stdout] test tests::macro_new_rc_weak_on_bulk_allocator ... ok
[INFO] [stdout] test tests::macro_new_and_accessors ... ok
[INFO] [stdout] test tests::macro_new_rc_weak ... ok
[INFO] [stdout] test tests::macro_option_owned ... ok
[INFO] [stdout] test tests::macro_option_vec ... ok
[INFO] [stdout] test tests::macro_option_vec_array ... ok
[INFO] [stdout] test tests::macro_owned_array_move ... ok
[INFO] [stdout] test tests::macro_owned_array_clone ... ok
[INFO] [stdout] test tests::macro_owned_array ... ok
[INFO] [stdout] test tests::macro_owned_block_vec_move ... ok
[INFO] [stdout] test tests::macro_owned_block_vec ... ok
[INFO] [stdout] test tests::macro_owned_nested_array ... ok
[INFO] [stdout] test tests::macro_owned_option_array ... ok
[INFO] [stdout] test tests::macro_pod_array ... ok
[INFO] [stdout] test tests::macro_pod_option_and_tuple_fields ... ok
[INFO] [stdout] test tests::macro_pod_option_array ... ok
[INFO] [stdout] test tests::macro_owned_vec_array ... ok
[INFO] [stdout] test tests::macro_rc_weak_with_child ... ok
[INFO] [stdout] test tests::macro_recursive_drop_on_bulk_allocator ... ok
[INFO] [stdout] test tests::macro_pod_vec_array ... ok
[INFO] [stdout] test tests::macro_recursive_drop ... ok
[INFO] [stdout] test tests::macro_owned_vec_of_array ... ok
[INFO] [stdout] test tests::macro_ref_option_array ... ok
[INFO] [stdout] test tests::macro_ref_block_vec ... ok
[INFO] [stdout] test tests::macro_ref_array ... ok
[INFO] [stdout] test tests::macro_ref_nested3_array ... ok
[INFO] [stdout] test tests::macro_strong_array ... ok
[INFO] [stdout] test tests::macro_strong_block_vec ... ok
[INFO] [stdout] test tests::macro_ref_vec_array ... ok
[INFO] [stdout] test tests::macro_tag_generation ... ok
[INFO] [stdout] test tests::macro_unit_and_tuple_structs ... ok
[INFO] [stdout] test tests::macro_ref_vec_of_array ... ok
[INFO] [stdout] test tests::macro_vec_bstack_move ... ok
[INFO] [stdout] test tests::macro_vec_field_push_growth_reclaims_old ... ok
[INFO] [stdout] test tests::macro_strong_child ... ok
[INFO] [stdout] test tests::macro_strong_vec_of_array ... ok
[INFO] [stdout] test tests::macro_vec_string_fields ... ok
[INFO] [stdout] test tests::macro_weak_field_cycle ... ok
[INFO] [stdout] test tests::macro_weak_block_vec ... ok
[INFO] [stdout] test tests::macro_weak_array ... ok
[INFO] [stdout] test tests::refcount_ops ... ok
[INFO] [stdout] test tests::registry_paths_persist_and_live_host_round_trips ... ok
[INFO] [stdout] test tests::registry_reattach_removes_stale_reverse_map_entry ... ok
[INFO] [stdout] test tests::rc_weak_lifecycle ... ok
[INFO] [stdout] test tests::vec_len_zero_sized_element_does_not_divide_by_zero ... ok
[INFO] [stdout] test tests::macro_weak_vec_of_array ... ok
[INFO] [stdout] test tests::wal_anchor_trait_reclaims_via_finish ... ok
[INFO] [stdout] test tests::try_clone_in_preserves_foreign_type_index ... ok
[INFO] [stdout] test tests::wal_finish_abandons_uncommitted ... ok
[INFO] [stdout] test tests::wal_clone_descent_orphans_reclaimed_by_finish ... ok
[INFO] [stdout] test tests::wal_finish_reclaims_abandoned_allocs ... ok
[INFO] [stdout] test tests::wal_finish_reclaims_foreign_orphan_via_registry ... ok
[INFO] [stdout] test tests::wal_finish_rolls_forward_committed ... ok
[INFO] [stdout] test tests::wal_teardown_restores_sink_after_caught_panic ... ok
[INFO] [stdout] test util::small_map::tests::entry_or_insert_and_modify ... ok
[INFO] [stdout] test util::small_map::tests::index_and_iteration ... ok
[INFO] [stdout] test util::small_map::tests::insert_get_and_overwrite ... ok
[INFO] [stdout] test util::small_map::tests::remove_preserves_order ... ok
[INFO] [stdout] test tests::weak_array_setter_bounds_checked ... ok
[INFO] [stdout] test tests::wal_teardown_scopes_sink_to_installing_file ... ok
[INFO] [stdout] test tests::stdlib_foreign_collection_target_clone_and_teardown ... ok
[INFO] [stdout] test tests::macro_foreign_concurrent_ab_ba_clone ... ok
[INFO] [stdout] test tests::concurrent_clone_drop ... ok
[INFO] [stdout] test tests::macro_foreign_concurrent_ab_ba_teardown ... ok
[INFO] [stdout] test tests::concurrent_upgrade_downgrade ... ok
[INFO] [stdout] 
[INFO] [stdout] test result: ok. 197 passed; 0 failed; 0 ignored; 0 measured; 0 filtered out; finished in 16.69s
[INFO] [stdout] 
[INFO] [stderr]      Running tests/fault_fuzz.rs (/opt/rustwide/target/release/deps/fault_fuzz-0b82451dbb301a20)
[INFO] [stdout] 
[INFO] [stdout] running 0 tests
[INFO] [stdout] 
[INFO] [stdout] test result: ok. 0 passed; 0 failed; 0 ignored; 0 measured; 0 filtered out; finished in 0.00s
[INFO] [stdout] 
[INFO] [stderr]      Running tests/hypercube/main.rs (/opt/rustwide/target/release/deps/hypercube-59ec72296b4c41f1)
[INFO] [stdout] 
[INFO] [stdout] running 115 tests
[INFO] [stdout] test cast::slice_downcast_is_tag_checked ... ok
[INFO] [stdout] test clone::enum_owned_clone_is_deep ... ok
[INFO] [stdout] test atomicity::array_replace_out_of_bounds_hands_value_back ... ok
[INFO] [stdout] test collections::embed_collection_clone_is_independent ... ok
[INFO] [stdout] test collections::embed_collection_move_rehomes ... ok
[INFO] [stdout] test collections::stdlib_bloom_distinct_tags ... ok
[INFO] [stdout] test collections::embed_collection_build_read_teardown ... ok
[INFO] [stdout] test collections::embed_list_clone_is_independent ... ok
[INFO] [stdout] test collections::stdlib_bloom_deep_clone_is_independent ... ok
[INFO] [stdout] test collections::stdlib_box_clone_is_a_byte_copy ... ok
[INFO] [stdout] test collections::stdlib_bloom_remove_and_clear ... ok
[INFO] [stdout] test collections::stdlib_box_distinct_tags_by_size ... ok
[INFO] [stdout] test collections::stdlib_box_in_cow ... ok
[INFO] [stdout] test collections::stdlib_box_composes_as_owned_field ... ok
[INFO] [stdout] test collections::stdlib_box_move_yields_the_value ... ok
[INFO] [stdout] test collections::stdlib_box_roundtrip_and_set ... ok
[INFO] [stdout] test collections::stdlib_btreeset_distinct_tags ... ok
[INFO] [stdout] test collections::stdlib_bloom_no_false_negatives ... ok
[INFO] [stdout] test collections::generic_collection_bound_inference_and_composition ... ok
[INFO] [stdout] test clone::embed_sink_clone_is_independent ... ok
[INFO] [stdout] test clone::block_sink_clone_is_deep_and_independent ... ok
[INFO] [stdout] test clone::block_sink_clone_reclaims ... ok
[INFO] [stdout] test collections::stdlib_cow_borrowed_drop_frees_nothing ... ok
[INFO] [stdout] test collections::stdlib_bloom_guards_a_map ... ok
[INFO] [stdout] test collections::stdlib_cow_owned_into_owned_is_free ... ok
[INFO] [stdout] test collections::stdlib_cow_borrowed_into_owned_deep_copies ... ok
[INFO] [stdout] test collections::stdlib_cow_to_mut_copies_then_owns ... ok
[INFO] [stdout] test collections::stdlib_collection_in_enum_variant ... ok
[INFO] [stdout] test collections::stdlib_deque_both_ends ... ok
[INFO] [stdout] test collections::stdlib_deque_drop_is_recursive ... ok
[INFO] [stdout] test collections::stdlib_deque_deep_clone_is_independent ... ok
[INFO] [stdout] test collections::stdlib_btreeset_deep_clone_is_independent ... ok
[INFO] [stdout] test collections::stdlib_deque_wraparound_no_growth ... ok
[INFO] [stdout] test collections::stdlib_deque_iter ... ok
[INFO] [stdout] test collections::stdlib_btreeset_iter_and_range ... ok
[INFO] [stdout] test collections::stdlib_hashset_distinct_tags ... ok
[INFO] [stdout] test collections::stdlib_collections_in_vec_and_array_elements ... ok
[INFO] [stdout] test collections::stdlib_deque_push_back_grows ... ok
[INFO] [stdout] test collections::stdlib_hashset_iter ... ok
[INFO] [stdout] test collections::stdlib_heap_distinct_tags ... ok
[INFO] [stdout] test collections::stdlib_hashset_deep_clone_is_independent ... ok
[INFO] [stdout] test collections::stdlib_heap_drop_is_recursive ... ok
[INFO] [stdout] test collections::stdlib_heap_deep_clone_is_independent ... ok
[INFO] [stdout] test collections::stdlib_heap_duplicate_keys ... ok
[INFO] [stdout] test collections::stdlib_in_block_fields_on_bulk_allocator ... ok
[INFO] [stdout] test collections::stdlib_btreeset_ordered ... ok
[INFO] [stdout] test collections::stdlib_list_both_ends ... ok
[INFO] [stdout] test collections::stdlib_list_deep_clone_is_independent ... ok
[INFO] [stdout] test collections::stdlib_in_block_fields_build_read_clone_teardown ... ok
[INFO] [stdout] test collections::stdlib_list_drop_is_recursive ... ok
[INFO] [stdout] test collections::stdlib_hashset_basic ... ok
[INFO] [stdout] test collections::stdlib_list_iter ... ok
[INFO] [stdout] test collections::stdlib_list_push_back_pop_front ... ok
[INFO] [stdout] test collections::stdlib_map_distinct_tags ... ok
[INFO] [stdout] test collections::stdlib_map_drop_is_recursive ... ok
[INFO] [stdout] test collections::stdlib_map_entry ... ok
[INFO] [stdout] test collections::stdlib_map_entry_counter ... ok
[INFO] [stdout] test collections::stdlib_map_deep_clone_is_independent ... ok
[INFO] [stdout] test collections::stdlib_deque_concurrent_push_pop ... ok
[INFO] [stdout] test collections::stdlib_heap_pop_ascending ... ok
[INFO] [stdout] test collections::stdlib_map_insert_get_remove ... ok
[INFO] [stdout] test collections::stdlib_map_pod_struct_key ... ok
[INFO] [stdout] test collections::stdlib_string_deep_clone_is_independent ... ok
[INFO] [stdout] test collections::stdlib_string_as_map_value ... ok
[INFO] [stdout] test collections::stdlib_string_extra_methods ... ok
[INFO] [stdout] test collections::stdlib_string_unicode ... ok
[INFO] [stdout] test collections::stdlib_string_roundtrip_set_push ... ok
[INFO] [stdout] test collections::stdlib_map_iter ... ok
[INFO] [stdout] test collections::stdlib_tree_distinct_tags ... ok
[INFO] [stdout] test collections::stdlib_tree_drop_is_recursive ... ok
[INFO] [stdout] test collections::stdlib_tree_entry ... ok
[INFO] [stdout] test collections::stdlib_map_concurrent_insert ... ok
[INFO] [stdout] test collections::stdlib_btreeset_remove_rebalances ... ok
[INFO] [stdout] test collections::stdlib_list_concurrent_push_pop ... ok
[INFO] [stdout] test collections::stdlib_tree_deep_clone_is_independent ... ok
[INFO] [stderr]    Compiling libc v0.2.189
[INFO] [stderr]     Checking cfg-if v1.0.4
[INFO] [stderr]    Compiling proc-macro2 v1.0.107
[INFO] [stderr]    Compiling unicode-ident v1.0.24
[INFO] [stderr]    Compiling quote v1.0.47
[INFO] [stderr]    Compiling getrandom v0.3.4
[INFO] [stderr]    Compiling zerocopy v0.8.56
[INFO] [stderr]    Compiling getrandom v0.4.3
[INFO] [stderr]    Compiling rustix v1.1.4
[INFO] [stdout] test collections::stdlib_tree_large_key_spills ... ok
[INFO] [stderr]     Checking bitflags v2.13.1
[INFO] [stdout] test collections::stdlib_map_grows_and_keeps_all ... ok
[INFO] [stderr]    Compiling autocfg v1.5.1
[INFO] [stdout] test construct::const_generic_array_round_trips ... ok
[INFO] [stderr]    Compiling linkme-impl v0.3.37
[INFO] [stderr]     Checking linux-raw-sys v0.12.1
[INFO] [stderr]    Compiling parking_lot_core v0.9.12
[INFO] [stderr]     Checking fastrand v2.5.0
[INFO] [stderr]     Checking once_cell v1.21.4
[INFO] [stderr]    Compiling linkme v0.3.37
[INFO] [stderr]     Checking smallvec v1.15.2
[INFO] [stderr]     Checking scopeguard v1.2.0
[INFO] [stdout] test construct::block_sink_round_trips ... ok
[INFO] [stderr]     Checking quick-error v1.2.3
[INFO] [stderr]     Checking fnv v1.0.7
[INFO] [stdout] test construct::enum_sink_variants_round_trip ... ok
[INFO] [stderr]     Checking lock_api v0.4.14
[INFO] [stdout] test construct::foreign_self_sink_round_trips ... ok
[INFO] [stderr]    Compiling num-traits v0.2.19
[INFO] [stderr]     Checking bit-vec v0.8.0
[INFO] [stderr]     Checking unarray v0.1.4
[INFO] [stdout] test construct::embed_sink_round_trips ... ok
[INFO] [stdout] test construct::gen_sink_round_trips ... ok
[INFO] [stdout] test collections::stdlib_tree_iter_and_range ... ok
[INFO] [stdout] test collections::stdlib_tree_insert_get_ordered ... ok
[INFO] [stdout] test construct::rc_enum_round_trips ... ok
[INFO] [stderr]     Checking regex-syntax v0.8.11
[INFO] [stdout] test foreign::self_foreign_into_local_resolves ... ok
[INFO] [stdout] test construct::rc_sink_round_trips ... ok
[INFO] [stdout] test foreign::self_foreign_resolves_via_with ... ok
[INFO] [stdout] test construct::mut_sink_round_trips ... ok
[INFO] [stdout] test move_::enum_move_transfers_payload ... ok
[INFO] [stdout] test mutate::enum_whole_value_replace ... ok
[INFO] [stdout] test collections::stdlib_tree_concurrent_readers ... ok
[INFO] [stderr]     Checking bit-set v0.8.0
[INFO] [stdout] test move_::struct_move_transfers_slots ... ok
[INFO] [stdout] test mutate::owned_replace_moves_old_out ... ok
[INFO] [stdout] test mutate::pod_and_tuple_set ... ok
[INFO] [stdout] test mutate::array_element_and_whole_replace ... ok
[INFO] [stdout] test refcount::shared_container_clone_shares ... ok
[INFO] [stdout] test refcount::strong_clone_keeps_alive_until_last_drop ... ok
[INFO] [stdout] test refcount::weak_upgrade_reflects_strong_liveness ... ok
[INFO] [stdout] test reference::enum_ref_variant ... ok
[INFO] [stdout] test mutate::strong_replace_moves_count_out ... ok
[INFO] [stderr]    Compiling syn v3.0.4
[INFO] [stdout] test reference::enum_weak_variant ... ok
[INFO] [stderr]     Checking rand_core v0.9.5
[INFO] [stdout] test teardown::const_generic_array_reclaims ... ok
[INFO] [stdout] test reference::ref_and_weak_cells ... ok
[INFO] [stderr]    Compiling syn v2.0.119
[INFO] [stderr]     Checking wait-timeout v0.2.1
[INFO] [stderr]     Checking rand_xorshift v0.4.0
[INFO] [stdout] test teardown::enum_owned_reclaims ... ok
[INFO] [stderr]     Checking parking_lot v0.12.5
[INFO] [stdout] test teardown::foreign_self_sink_reclaims ... ok
[INFO] [stdout] test teardown::gen_sink_reclaims ... ok
[INFO] [stderr]     Checking rand v0.9.5
[INFO] [stderr]     Checking bstack v0.4.3
[INFO] [stdout] test teardown::block_sink_bulk_path_teardown_ok ... ok
[INFO] [stdout] test teardown::mut_sink_reclaims ... ok
[INFO] [stderr]     Checking tempfile v3.27.0
[INFO] [stderr]     Checking rusty-fork v0.3.1
[INFO] [stdout] test teardown::block_sink_reclaims ... ok
[INFO] [stdout] test teardown::embed_sink_reclaims ... ok
[INFO] [stderr]    Compiling bytemuck_derive v1.12.0
[INFO] [stderr]    Compiling bstack_raii_derive v0.0.0 (/opt/rustwide/workdir/derive)
[INFO] [stderr]     Checking bytemuck v1.25.2
[INFO] [stdout] test collections::stdlib_hashset_no_false_negatives_after_bloom_saturation ... ok
[INFO] [stderr]     Checking ppv-lite86 v0.2.21
[INFO] [stderr]     Checking rand_chacha v0.9.0
[INFO] [stderr]     Checking proptest v1.11.0
[INFO] [stderr]     Checking bstack_raii v0.0.0 (/opt/rustwide/workdir)
[INFO] [stderr]     Checking bstack_raii-tests v0.0.0 (/opt/rustwide/target/tests/trybuild/bstack_raii)
[INFO] [stderr]     Finished `dev` profile [unoptimized + debuginfo] target(s) in 16.94s
[INFO] [stderr] 
[INFO] [stderr] 
[INFO] [stdout] test collections::stdlib_tree_remove_rebalances ... ok
[INFO] [stderr] test tests/hypercube/ui/block_on_enum.rs ... ok
[INFO] [stderr] test tests/hypercube/ui/cfg_on_field.rs ... ok
[INFO] [stderr] test tests/hypercube/ui/ctrl_tag_equals_tag.rs ... ok
[INFO] [stderr] test tests/hypercube/ui/discriminant_out_of_range.rs ... ok
[INFO] [stderr] test tests/hypercube/ui/double_annotation.rs ... ok
[INFO] [stderr] test tests/hypercube/ui/duplicate_discriminant.rs ... ok
[INFO] [stderr] test tests/hypercube/ui/embed_option.rs ... ok
[INFO] [stderr] test tests/hypercube/ui/embed_rc.rs ... ok
[INFO] [stderr] test tests/hypercube/ui/embed_tuple.rs ... ok
[INFO] [stderr] test tests/hypercube/ui/embed_with_ownership.rs ... ok
[INFO] [stderr] test tests/hypercube/ui/enum_annotation_multifield.rs ... ok
[INFO] [stderr] test tests/hypercube/ui/enum_on_struct.rs ... ok
[INFO] [stderr] test tests/hypercube/ui/enum_unit_annotation.rs ... ok
[INFO] [stderr] test tests/hypercube/ui/field_named_allocator.rs ... ok
[INFO] [stderr] test tests/hypercube/ui/foreign_at_needs_unsafe.rs ... ok
[INFO] [stderr] test tests/hypercube/ui/foreign_at_no_file_arg.rs ... ok
[INFO] [stderr] test tests/hypercube/ui/foreign_bare.rs ... ok
[INFO] [stderr] test tests/hypercube/ui/foreign_double.rs ... ok
[INFO] [stderr] test tests/hypercube/ui/foreign_in_tuple_in_vec.rs ... ok
[INFO] [stderr] test tests/hypercube/ui/foreign_non_block.rs ... ok
[INFO] [stderr] test tests/hypercube/ui/foreign_to_array.rs ... ok
[INFO] [stderr] test tests/hypercube/ui/foreign_to_vec.rs ... ok
[INFO] [stderr] test tests/hypercube/ui/from_range_needs_unsafe.rs ... ok
[INFO] [stderr] test tests/hypercube/ui/generic_enum.rs ... ok
[INFO] [stderr] test tests/hypercube/ui/generic_explicit_tag.rs ... ok
[INFO] [stderr] test tests/hypercube/ui/mut_enum_variant.rs ... ok
[INFO] [stderr] test tests/hypercube/ui/mut_foreign_container.rs ... ok
[INFO] [stderr] test tests/hypercube/ui/mut_on_embed.rs ... ok
[INFO] [stderr] test tests/hypercube/ui/mut_rc_enum.rs ... ok
[INFO] [stderr] test tests/hypercube/ui/non_pod_field.rs ... mismatch
[INFO] [stderr] 
[INFO] [stderr] EXPECTED:
[INFO] [stderr] ┈┈┈┈┈┈┈┈┈┈┈┈┈┈┈┈┈┈┈┈┈┈┈┈┈┈┈┈┈┈┈┈┈┈┈┈┈┈┈┈┈┈┈┈┈┈┈┈┈┈┈┈┈┈┈┈┈┈┈┈
[INFO] [stderr] error[E0204]: the trait `Copy` cannot be implemented for this type
[INFO] [stderr]  --> tests/hypercube/ui/non_pod_field.rs:5:8
[INFO] [stderr]   |
[INFO] [stderr] 4 | #[bstack_block]
[INFO] [stderr]   | --------------- in this attribute macro expansion
[INFO] [stderr] 5 | struct X {
[INFO] [stderr]   |        ^
[INFO] [stderr] 6 |     f: NotPod,
[INFO] [stderr]   |     --------- this field does not implement `Copy`
[INFO] [stderr]   |
[INFO] [stderr]   = note: this error originates in the derive macro `::core::marker::Copy` which comes from the expansion of the attribute macro `bstack_block` (in Nightly builds, run with -Z macro-backtrace for more info)
[INFO] [stderr] 
[INFO] [stderr] error[E0277]: the trait bound `NotPod: std::clone::Clone` is not satisfied
[INFO] [stderr]  --> tests/hypercube/ui/non_pod_field.rs:6:5
[INFO] [stderr]   |
[INFO] [stderr] 4 | #[bstack_block]
[INFO] [stderr]   | --------------- in this attribute macro expansion
[INFO] [stderr] 5 | struct X {
[INFO] [stderr] 6 |     f: NotPod,
[INFO] [stderr]   |     ^^^^^^^^^ the trait `std::clone::Clone` is not implemented for `NotPod`
[INFO] [stderr]   |
[INFO] [stderr] note: required by a bound in `std::clone::AssertParamIsClone`
[INFO] [stderr]  --> $RUST/core/src/clone.rs
[INFO] [stderr]   |
[INFO] [stderr]   | pub struct AssertParamIsClone<T: Clone + PointeeSized> {
[INFO] [stderr]   |                                  ^^^^^ required by this bound in `AssertParamIsClone`
[INFO] [stderr]   = note: this error originates in the derive macro `::core::clone::Clone` which comes from the expansion of the attribute macro `bstack_block` (in Nightly builds, run with -Z macro-backtrace for more info)
[INFO] [stderr] help: consider annotating `NotPod` with `#[derive(Clone)]`
[INFO] [stderr]   |
[INFO] [stderr] 3 + #[derive(Clone)]
[INFO] [stderr] 4 | struct NotPod(String);
[INFO] [stderr]   |
[INFO] [stderr] 
[INFO] [stderr] error[E0277]: the trait bound `NotPod: bstack_raii::Pod` is not satisfied
[INFO] [stderr]  --> tests/hypercube/ui/non_pod_field.rs:6:8
[INFO] [stderr]   |
[INFO] [stderr] 6 |     f: NotPod,
[INFO] [stderr]   |        ^^^^^^ unsatisfied trait bound
[INFO] [stderr]   |
[INFO] [stderr] help: the trait `bstack_raii::Pod` is not implemented for `NotPod`
[INFO] [stderr]  --> tests/hypercube/ui/non_pod_field.rs:3:1
[INFO] [stderr]   |
[INFO] [stderr] 3 | struct NotPod(String);
[INFO] [stderr]   | ^^^^^^^^^^^^^
[INFO] [stderr]   = help: the following other types implement trait `bstack_raii::Pod`:
[INFO] [stderr]             ()
[INFO] [stderr]             BlockHeader
[INFO] [stderr]             BloomOnDisk
[INFO] [stderr]             BoxOnDisk<T>
[INFO] [stderr]             DequeOnDisk
[INFO] [stderr]             EightCC
[INFO] [stderr]             FileId
[INFO] [stderr]             HashSetOnDisk
[INFO] [stderr]           and $N others
[INFO] [stderr] note: required by a bound in `__assert_pod`
[INFO] [stderr]  --> tests/hypercube/ui/non_pod_field.rs:4:1
[INFO] [stderr]   |
[INFO] [stderr] 4 | #[bstack_block]
[INFO] [stderr]   | ^^^^^^^^^^^^^^^ required by this bound in `__assert_pod`
[INFO] [stderr]   = note: this error originates in the attribute macro `bstack_block` (in Nightly builds, run with -Z macro-backtrace for more info)
[INFO] [stderr] ┈┈┈┈┈┈┈┈┈┈┈┈┈┈┈┈┈┈┈┈┈┈┈┈┈┈┈┈┈┈┈┈┈┈┈┈┈┈┈┈┈┈┈┈┈┈┈┈┈┈┈┈┈┈┈┈┈┈┈┈
[INFO] [stderr] 
[INFO] [stderr] ACTUAL OUTPUT:
[INFO] [stderr] ┈┈┈┈┈┈┈┈┈┈┈┈┈┈┈┈┈┈┈┈┈┈┈┈┈┈┈┈┈┈┈┈┈┈┈┈┈┈┈┈┈┈┈┈┈┈┈┈┈┈┈┈┈┈┈┈┈┈┈┈
[INFO] [stderr] error[E0204]: the trait `Copy` cannot be implemented for this type
[INFO] [stderr]  --> tests/hypercube/ui/non_pod_field.rs:5:8
[INFO] [stderr]   |
[INFO] [stderr] 4 | #[bstack_block]
[INFO] [stderr]   | --------------- in this attribute macro expansion
[INFO] [stderr] 5 | struct X {
[INFO] [stderr]   |        ^
[INFO] [stderr] 6 |     f: NotPod,
[INFO] [stderr]   |     --------- this field does not implement `Copy`
[INFO] [stderr]   |
[INFO] [stderr]   = note: this error originates in the derive macro `::core::marker::Copy` which comes from the expansion of the attribute macro `bstack_block` (in Nightly builds, run with -Z macro-backtrace for more info)
[INFO] [stderr] 
[INFO] [stderr] error[E0277]: the trait bound `NotPod: std::clone::Clone` is not satisfied
[INFO] [stderr]  --> tests/hypercube/ui/non_pod_field.rs:6:5
[INFO] [stderr]   |
[INFO] [stderr] 4 | #[bstack_block]
[INFO] [stderr]   | --------------- in this attribute macro expansion
[INFO] [stderr] 5 | struct X {
[INFO] [stderr] 6 |     f: NotPod,
[INFO] [stderr]   |     ^^^^^^^^^ the trait `std::clone::Clone` is not implemented for `NotPod`
[INFO] [stderr]   |
[INFO] [stderr] note: required by a bound in `std::clone::AssertParamIsClone`
[INFO] [stderr]  --> $RUST/core/src/clone.rs
[INFO] [stderr]   = note: this error originates in the derive macro `::core::clone::Clone` which comes from the expansion of the attribute macro `bstack_block` (in Nightly builds, run with -Z macro-backtrace for more info)
[INFO] [stderr] help: consider annotating `NotPod` with `#[derive(Clone)]`
[INFO] [stderr]   |
[INFO] [stderr] 3 + #[derive(Clone)]
[INFO] [stderr] 4 | struct NotPod(String);
[INFO] [stderr]   |
[INFO] [stderr] 
[INFO] [stderr] error[E0277]: the trait bound `NotPod: bstack_raii::Pod` is not satisfied
[INFO] [stderr]  --> tests/hypercube/ui/non_pod_field.rs:6:8
[INFO] [stderr]   |
[INFO] [stderr] 6 |     f: NotPod,
[INFO] [stderr]   |        ^^^^^^ unsatisfied trait bound
[INFO] [stderr]   |
[INFO] [stderr] help: the trait `bstack_raii::Pod` is not implemented for `NotPod`
[INFO] [stderr]  --> tests/hypercube/ui/non_pod_field.rs:3:1
[INFO] [stderr]   |
[INFO] [stderr] 3 | struct NotPod(String);
[INFO] [stderr]   | ^^^^^^^^^^^^^
[INFO] [stderr]   = help: the following other types implement trait `bstack_raii::Pod`:
[INFO] [stderr]             ()
[INFO] [stderr]             BlockHeader
[INFO] [stderr]             BloomOnDisk
[INFO] [stderr]             BoxOnDisk<T>
[INFO] [stderr]             DequeOnDisk
[INFO] [stderr]             EightCC
[INFO] [stderr]             FileId
[INFO] [stderr]             HashSetOnDisk
[INFO] [stderr]           and $N others
[INFO] [stderr] note: required by a bound in `__assert_pod`
[INFO] [stderr]  --> tests/hypercube/ui/non_pod_field.rs:4:1
[INFO] [stderr]   |
[INFO] [stderr] 4 | #[bstack_block]
[INFO] [stderr]   | ^^^^^^^^^^^^^^^ required by this bound in `__assert_pod`
[INFO] [stderr]   = note: this error originates in the attribute macro `bstack_block` (in Nightly builds, run with -Z macro-backtrace for more info)
[INFO] [stderr] ┈┈┈┈┈┈┈┈┈┈┈┈┈┈┈┈┈┈┈┈┈┈┈┈┈┈┈┈┈┈┈┈┈┈┈┈┈┈┈┈┈┈┈┈┈┈┈┈┈┈┈┈┈┈┈┈┈┈┈┈
[INFO] [stderr] note: If the actual output is the correct output you can bless it by rerunning
[INFO] [stderr]       your test with the environment variable TRYBUILD=overwrite
[INFO] [stderr] 
[INFO] [stderr] test tests/hypercube/ui/owned_on_non_block.rs ... mismatch
[INFO] [stderr] 
[INFO] [stderr] EXPECTED:
[INFO] [stderr] ┈┈┈┈┈┈┈┈┈┈┈┈┈┈┈┈┈┈┈┈┈┈┈┈┈┈┈┈┈┈┈┈┈┈┈┈┈┈┈┈┈┈┈┈┈┈┈┈┈┈┈┈┈┈┈┈┈┈┈┈
[INFO] [stderr] error[E0277]: `Wrapping<u32>` is not a `#[bstack_block]` / `#[bstack_enum]` type
[INFO] [stderr]  --> tests/hypercube/ui/owned_on_non_block.rs:4:1
[INFO] [stderr]   |
[INFO] [stderr] 4 | #[bstack_block]
[INFO] [stderr]   | ^^^^^^^^^^^^^^^ not a bstack block
[INFO] [stderr]   |
[INFO] [stderr]   = help: the trait `BStackBlock` is not implemented for `Wrapping<u32>`
[INFO] [stderr]   = note: `#[bstack_owned]` / `#[bstack_strong]` / `#[bstack_weak]` / `#[bstack_ref]` fields (and generic parameters used as them) require a block type. Primitives, `Vec`, `String`, tuples and `Option` are not blocks — a nested `Vec`/`Option` or a tuple needs its own named `#[bstack_block]` wrapper.
[INFO] [stderr]   = help: the following other types implement trait `BStackBlock`:
[INFO] [stderr]             BStackBTreeMap<K, V>
[INFO] [stderr]             BStackBTreeSet<K>
[INFO] [stderr]             BStackBinaryHeap<K, V>
[INFO] [stderr]             BStackBox<T>
[INFO] [stderr]             BStackCountingBloomFilter<K>
[INFO] [stderr]             BStackDeque<T>
[INFO] [stderr]             BStackHashMap<K, V>
[INFO] [stderr]             BStackHashSet<K>
[INFO] [stderr]           and $N others
[INFO] [stderr] note: required by a bound in `BStackOwned`
[INFO] [stderr]  --> src/types/compiled/owned.rs
[INFO] [stderr]   |
[INFO] [stderr]   | pub struct BStackOwned<T: BStackBlock>(T);
[INFO] [stderr]   |                           ^^^^^^^^^^^ required by this bound in `BStackOwned`
[INFO] [stderr]   = note: this error originates in the attribute macro `bstack_block` (in Nightly builds, run with -Z macro-backtrace for more info)
[INFO] [stderr] 
[INFO] [stderr] error[E0277]: `Wrapping<u32>` is not a `#[bstack_block]` / `#[bstack_enum]` type
[INFO] [stderr]  --> tests/hypercube/ui/owned_on_non_block.rs:7:8
[INFO] [stderr]   |
[INFO] [stderr] 7 |     f: core::num::Wrapping<u32>,
[INFO] [stderr]   |        ^^^^^^^^^^^^^^^^^^^^^^^^ not a bstack block
[INFO] [stderr]   |
[INFO] [stderr]   = help: the trait `BStackBlock` is not implemented for `Wrapping<u32>`
[INFO] [stderr]   = note: `#[bstack_owned]` / `#[bstack_strong]` / `#[bstack_weak]` / `#[bstack_ref]` fields (and generic parameters used as them) require a block type. Primitives, `Vec`, `String`, tuples and `Option` are not blocks — a nested `Vec`/`Option` or a tuple needs its own named `#[bstack_block]` wrapper.
[INFO] [stderr]   = help: the following other types implement trait `BStackBlock`:
[INFO] [stderr]             BStackBTreeMap<K, V>
[INFO] [stderr]             BStackBTreeSet<K>
[INFO] [stderr]             BStackBinaryHeap<K, V>
[INFO] [stderr]             BStackBox<T>
[INFO] [stderr]             BStackCountingBloomFilter<K>
[INFO] [stderr]             BStackDeque<T>
[INFO] [stderr]             BStackHashMap<K, V>
[INFO] [stderr]             BStackHashSet<K>
[INFO] [stderr]           and $N others
[INFO] [stderr] 
[INFO] [stderr] error[E0599]: no method named `__bstack_clone_into` found for struct `Wrapping<T>` in the current scope
[INFO] [stderr]  --> tests/hypercube/ui/owned_on_non_block.rs:4:1
[INFO] [stderr]   |
[INFO] [stderr] 4 | #[bstack_block]
[INFO] [stderr]   | ^^^^^^^^^^^^^^^
[INFO] [stderr]   |
[INFO] [stderr]   = note: this error originates in the attribute macro `bstack_block` (in Nightly builds, run with -Z macro-backtrace for more info)
[INFO] [stderr] 
[INFO] [stderr] error[E0599]: the method `bstack_drop` exists for struct `OwnedRef<Wrapping<u32>>`, but its trait bounds were not satisfied
[INFO] [stderr]  --> tests/hypercube/ui/owned_on_non_block.rs:4:1
[INFO] [stderr]   |
[INFO] [stderr] 4 | #[bstack_block]
[INFO] [stderr]   | ^^^^^^^^^^^^^^^ method cannot be called on `OwnedRef<Wrapping<u32>>` due to unsatisfied trait bounds
[INFO] [stderr]   |
[INFO] [stderr]  ::: src/types/compiled/owned.rs
[INFO] [stderr]   |
[INFO] [stderr]   | pub struct OwnedRef<T>(BStackRef<T>);
[INFO] [stderr]   | ---------------------- doesn't satisfy `OwnedRef<Wrapping<u32>>: BStackDrop`
[INFO] [stderr]   |
[INFO] [stderr]  ::: $RUST/core/src/num/wrapping.rs
[INFO] [stderr]   |
[INFO] [stderr]   | pub struct Wrapping<T>(#[stable(feature = "rust1", since = "1.0.0")] pub T);
[INFO] [stderr]   | ---------------------- doesn't satisfy `Wrapping<u32>: BStackBlock`
[INFO] [stderr]   |
[INFO] [stderr]   = note: the following trait bounds were not satisfied:
[INFO] [stderr]           `Wrapping<u32>: BStackBlock`
[INFO] [stderr]           which is required by `OwnedRef<Wrapping<u32>>: BStackDrop`
[INFO] [stderr]   = note: this error originates in the attribute macro `bstack_block` (in Nightly builds, run with -Z macro-backtrace for more info)
[INFO] [stderr] 
[INFO] [stderr] error[E0599]: the method `into_inner` exists for struct `BStackOwned<Wrapping<u32>>`, but its trait bounds were not satisfied
[INFO] [stderr]  --> tests/hypercube/ui/owned_on_non_block.rs:4:1
[INFO] [stderr]   |
[INFO] [stderr] 4 | #[bstack_block]
[INFO] [stderr]   | ^^^^^^^^^^^^^^^ method cannot be called on `BStackOwned<Wrapping<u32>>` due to unsatisfied trait bounds
[INFO] [stderr]   |
[INFO] [stderr]  ::: $RUST/core/src/num/wrapping.rs
[INFO] [stderr]   |
[INFO] [stderr]   | pub struct Wrapping<T>(#[stable(feature = "rust1", since = "1.0.0")] pub T);
[INFO] [stderr]   | ---------------------- doesn't satisfy `Wrapping<u32>: BStackBlock`
[INFO] [stderr]   |
[INFO] [stderr]   = note: the following trait bounds were not satisfied:
[INFO] [stderr]           `Wrapping<u32>: BStackBlock`
[INFO] [stderr]   = note: this error originates in the attribute macro `bstack_block` (in Nightly builds, run with -Z macro-backtrace for more info)
[INFO] [stderr] 
[INFO] [stderr] error[E0277]: `Wrapping<u32>` is not a `#[bstack_block]` / `#[bstack_enum]` type
[INFO] [stderr]  --> tests/hypercube/ui/owned_on_non_block.rs:4:1
[INFO] [stderr]   |
[INFO] [stderr] 4 | #[bstack_block]
[INFO] [stderr]   | ^^^^^^^^^^^^^^^ not a bstack block
[INFO] [stderr]   |
[INFO] [stderr]   = help: the trait `BStackBlock` is not implemented for `Wrapping<u32>`
[INFO] [stderr]   = note: `#[bstack_owned]` / `#[bstack_strong]` / `#[bstack_weak]` / `#[bstack_ref]` fields (and generic parameters used as them) require a block type. Primitives, `Vec`, `String`, tuples and `Option` are not blocks — a nested `Vec`/`Option` or a tuple needs its own named `#[bstack_block]` wrapper.
[INFO] [stderr]   = help: the following other types implement trait `BStackBlock`:
[INFO] [stderr]             BStackBTreeMap<K, V>
[INFO] [stderr]             BStackBTreeSet<K>
[INFO] [stderr]             BStackBinaryHeap<K, V>
[INFO] [stderr]             BStackBox<T>
[INFO] [stderr]             BStackCountingBloomFilter<K>
[INFO] [stderr]             BStackDeque<T>
[INFO] [stderr]             BStackHashMap<K, V>
[INFO] [stderr]             BStackHashSet<K>
[INFO] [stderr]           and $N others
[INFO] [stderr] note: required by a bound in `BStackOwned`
[INFO] [stderr]  --> src/types/compiled/owned.rs
[INFO] [stderr]   |
[INFO] [stderr]   | pub struct BStackOwned<T: BStackBlock>(T);
[INFO] [stderr]   |                           ^^^^^^^^^^^ required by this bound in `BStackOwned`
[INFO] [stderr] ┈┈┈┈┈┈┈┈┈┈┈┈┈┈┈┈┈┈┈┈┈┈┈┈┈┈┈┈┈┈┈┈┈┈┈┈┈┈┈┈┈┈┈┈┈┈┈┈┈┈┈┈┈┈┈┈┈┈┈┈
[INFO] [stderr] 
[INFO] [stderr] ACTUAL OUTPUT:
[INFO] [stderr] ┈┈┈┈┈┈┈┈┈┈┈┈┈┈┈┈┈┈┈┈┈┈┈┈┈┈┈┈┈┈┈┈┈┈┈┈┈┈┈┈┈┈┈┈┈┈┈┈┈┈┈┈┈┈┈┈┈┈┈┈
[INFO] [stderr] error[E0277]: `Wrapping<u32>` is not a `#[bstack_block]` / `#[bstack_enum]` type
[INFO] [stderr]  --> tests/hypercube/ui/owned_on_non_block.rs:4:1
[INFO] [stderr]   |
[INFO] [stderr] 4 | #[bstack_block]
[INFO] [stderr]   | ^^^^^^^^^^^^^^^ not a bstack block
[INFO] [stderr]   |
[INFO] [stderr]   = help: the trait `BStackBlock` is not implemented for `Wrapping<u32>`
[INFO] [stderr]   = note: `#[bstack_owned]` / `#[bstack_strong]` / `#[bstack_weak]` / `#[bstack_ref]` fields (and generic parameters used as them) require a block type. Primitives, `Vec`, `String`, tuples and `Option` are not blocks — a nested `Vec`/`Option` or a tuple needs its own named `#[bstack_block]` wrapper.
[INFO] [stderr]   = help: the following other types implement trait `BStackBlock`:
[INFO] [stderr]             BStackBTreeMap<K, V>
[INFO] [stderr]             BStackBTreeSet<K>
[INFO] [stderr]             BStackBinaryHeap<K, V>
[INFO] [stderr]             BStackBox<T>
[INFO] [stderr]             BStackCountingBloomFilter<K>
[INFO] [stderr]             BStackDeque<T>
[INFO] [stderr]             BStackHashMap<K, V>
[INFO] [stderr]             BStackHashSet<K>
[INFO] [stderr]           and $N others
[INFO] [stderr] note: required by a bound in `BStackOwned`
[INFO] [stderr]  --> src/types/compiled/owned.rs
[INFO] [stderr]   |
[INFO] [stderr]   | pub struct BStackOwned<T: BStackBlock>(T);
[INFO] [stderr]   |                           ^^^^^^^^^^^ required by this bound in `BStackOwned`
[INFO] [stderr]   = note: this error originates in the attribute macro `bstack_block` (in Nightly builds, run with -Z macro-backtrace for more info)
[INFO] [stderr] 
[INFO] [stderr] error[E0277]: `Wrapping<u32>` is not a `#[bstack_block]` / `#[bstack_enum]` type
[INFO] [stderr]  --> tests/hypercube/ui/owned_on_non_block.rs:7:8
[INFO] [stderr]   |
[INFO] [stderr] 7 |     f: core::num::Wrapping<u32>,
[INFO] [stderr]   |        ^^^^^^^^^^^^^^^^^^^^^^^^ not a bstack block
[INFO] [stderr]   |
[INFO] [stderr]   = help: the trait `BStackBlock` is not implemented for `Wrapping<u32>`
[INFO] [stderr]   = note: `#[bstack_owned]` / `#[bstack_strong]` / `#[bstack_weak]` / `#[bstack_ref]` fields (and generic parameters used as them) require a block type. Primitives, `Vec`, `String`, tuples and `Option` are not blocks — a nested `Vec`/`Option` or a tuple needs its own named `#[bstack_block]` wrapper.
[INFO] [stderr]   = help: the following other types implement trait `BStackBlock`:
[INFO] [stderr]             BStackBTreeMap<K, V>
[INFO] [stderr]             BStackBTreeSet<K>
[INFO] [stderr]             BStackBinaryHeap<K, V>
[INFO] [stderr]             BStackBox<T>
[INFO] [stderr]             BStackCountingBloomFilter<K>
[INFO] [stderr]             BStackDeque<T>
[INFO] [stderr]             BStackHashMap<K, V>
[INFO] [stderr]             BStackHashSet<K>
[INFO] [stderr]           and $N others
[INFO] [stderr] 
[INFO] [stderr] error[E0599]: no method named `__bstack_clone_into` found for struct `Wrapping<T>` in the current scope
[INFO] [stderr]  --> tests/hypercube/ui/owned_on_non_block.rs:4:1
[INFO] [stderr]   |
[INFO] [stderr] 4 | #[bstack_block]
[INFO] [stderr]   | ^^^^^^^^^^^^^^^
[INFO] [stderr]   |
[INFO] [stderr]   = note: this error originates in the attribute macro `bstack_block` (in Nightly builds, run with -Z macro-backtrace for more info)
[INFO] [stderr] 
[INFO] [stderr] error[E0599]: the method `bstack_drop` exists for struct `OwnedRef<Wrapping<u32>>`, but its trait bounds were not satisfied
[INFO] [stderr]  --> tests/hypercube/ui/owned_on_non_block.rs:4:1
[INFO] [stderr]   |
[INFO] [stderr] 4 | #[bstack_block]
[INFO] [stderr]   | ^^^^^^^^^^^^^^^ method cannot be called on `OwnedRef<Wrapping<u32>>` due to unsatisfied trait bounds
[INFO] [stderr]   |
[INFO] [stderr]  ::: src/types/compiled/owned.rs
[INFO] [stderr]   |
[INFO] [stderr]   | pub struct OwnedRef<T>(BStackRef<T>);
[INFO] [stderr]   | ---------------------- doesn't satisfy `OwnedRef<Wrapping<u32>>: BStackDrop`
[INFO] [stderr]   |
[INFO] [stderr]   = note: the following trait bounds were not satisfied:
[INFO] [stderr]           `Wrapping<u32>: BStackBlock`
[INFO] [stderr]           which is required by `OwnedRef<Wrapping<u32>>: BStackDrop`
[INFO] [stderr]   = note: this error originates in the attribute macro `bstack_block` (in Nightly builds, run with -Z macro-backtrace for more info)
[INFO] [stderr] 
[INFO] [stderr] error[E0599]: the method `into_inner` exists for struct `BStackOwned<Wrapping<u32>>`, but its trait bounds were not satisfied
[INFO] [stderr]  --> tests/hypercube/ui/owned_on_non_block.rs:4:1
[INFO] [stderr]   |
[INFO] [stderr] 4 | #[bstack_block]
[INFO] [stderr]   | ^^^^^^^^^^^^^^^ method cannot be called on `BStackOwned<Wrapping<u32>>` due to unsatisfied trait bounds
[INFO] [stderr]   |
[INFO] [stderr]   = note: the following trait bounds were not satisfied:
[INFO] [stderr]           `Wrapping<u32>: BStackBlock`
[INFO] [stderr]   = note: this error originates in the attribute macro `bstack_block` (in Nightly builds, run with -Z macro-backtrace for more info)
[INFO] [stderr] 
[INFO] [stderr] error[E0277]: `Wrapping<u32>` is not a `#[bstack_block]` / `#[bstack_enum]` type
[INFO] [stderr]  --> tests/hypercube/ui/owned_on_non_block.rs:4:1
[INFO] [stderr]   |
[INFO] [stderr] 4 | #[bstack_block]
[INFO] [stderr]   | ^^^^^^^^^^^^^^^ not a bstack block
[INFO] [stderr]   |
[INFO] [stderr]   = help: the trait `BStackBlock` is not implemented for `Wrapping<u32>`
[INFO] [stderr]   = note: `#[bstack_owned]` / `#[bstack_strong]` / `#[bstack_weak]` / `#[bstack_ref]` fields (and generic parameters used as them) require a block type. Primitives, `Vec`, `String`, tuples and `Option` are not blocks — a nested `Vec`/`Option` or a tuple needs its own named `#[bstack_block]` wrapper.
[INFO] [stderr]   = help: the following other types implement trait `BStackBlock`:
[INFO] [stderr]             BStackBTreeMap<K, V>
[INFO] [stderr]             BStackBTreeSet<K>
[INFO] [stderr]             BStackBinaryHeap<K, V>
[INFO] [stderr]             BStackBox<T>
[INFO] [stderr]             BStackCountingBloomFilter<K>
[INFO] [stderr]             BStackDeque<T>
[INFO] [stderr]             BStackHashMap<K, V>
[INFO] [stderr]             BStackHashSet<K>
[INFO] [stderr]           and $N others
[INFO] [stderr] note: required by a bound in `BStackOwned`
[INFO] [stderr]  --> src/types/compiled/owned.rs
[INFO] [stderr]   |
[INFO] [stderr]   | pub struct BStackOwned<T: BStackBlock>(T);
[INFO] [stderr]   |                           ^^^^^^^^^^^ required by this bound in `BStackOwned`
[INFO] [stderr] ┈┈┈┈┈┈┈┈┈┈┈┈┈┈┈┈┈┈┈┈┈┈┈┈┈┈┈┈┈┈┈┈┈┈┈┈┈┈┈┈┈┈┈┈┈┈┈┈┈┈┈┈┈┈┈┈┈┈┈┈
[INFO] [stderr] note: If the actual output is the correct output you can bless it by rerunning
[INFO] [stderr]       your test with the environment variable TRYBUILD=overwrite
[INFO] [stderr] 
[INFO] [stderr] test tests/hypercube/ui/rc_no_bstack_drop.rs ... ok
[INFO] [stderr] test tests/hypercube/ui/repr_usize.rs ... ok
[INFO] [stderr] test tests/hypercube/ui/shared_no_try_clone_in.rs ... ok
[INFO] [stderr] test tests/hypercube/ui/unknown_field_attr.rs ... ok
[INFO] [stderr] test tests/hypercube/ui/vec_in_vec.rs ... ok
[INFO] [stderr] test tests/hypercube/ui/view_no_bstack_drop.rs ... ok
[INFO] [stderr] test tests/hypercube/ui/weak_field_non_weakable.rs ... ok
[INFO] [stderr] test tests/hypercube/ui/weak_without_rc.rs ... ok
[INFO] [stderr] 
[INFO] [stderr] 
[INFO] [stdout] test compile_fail::ui ... FAILED
[INFO] [stdout] 
[INFO] [stdout] failures:
[INFO] [stdout] 
[INFO] [stdout] ---- compile_fail::ui stdout ----
[INFO] [stdout] 
[INFO] [stdout] thread 'compile_fail::ui' (2114) panicked at /opt/rustwide/cargo-home/registry/src/index.crates.io-1949cf8c6b5b557f/trybuild-1.0.120/src/run.rs:103:13:
[INFO] [stdout] 2 of 39 tests failed
[INFO] [stdout] stack backtrace:
[INFO] [stdout]    0:     0x5928ff96c861 - <<std[104cf6e2632825ea]::sys::backtrace::BacktraceLock>::print::DisplayBacktrace as core[7c831bd917ebf35f]::fmt::Display>::fmt
[INFO] [stdout]    1:     0x5928ff98344a - core[7c831bd917ebf35f]::fmt::write
[INFO] [stdout]    2:     0x5928ff9713fc - <alloc[2fdc3f7464fcf288]::vec::Vec<u8> as core[7c831bd917ebf35f]::io::write::Write>::write_fmt
[INFO] [stdout]    3:     0x5928ff9456b6 - std[104cf6e2632825ea]::panicking::default_hook::{closure#0}
[INFO] [stdout]    4:     0x5928ff963b29 - std[104cf6e2632825ea]::panicking::default_hook
[INFO] [stdout]    5:     0x5928ff8e4ad0 - test[73009c9f9aebf890]::test_main_inner::<test[73009c9f9aebf890]::test_main_static::{closure#0}>::{closure#0}
[INFO] [stdout]    6:     0x5928ff963e52 - std[104cf6e2632825ea]::panicking::panic_with_hook
[INFO] [stdout]    7:     0x5928ff945762 - std[104cf6e2632825ea]::panicking::panic_handler::{closure#0}
[INFO] [stdout]    8:     0x5928ff93d889 - std[104cf6e2632825ea]::sys::backtrace::__rust_end_short_backtrace::<std[104cf6e2632825ea]::panicking::panic_handler::{closure#0}, !>
[INFO] [stdout]    9:     0x5928ff94635d - __rustc[b0d56fa5b193ad05]::rust_begin_unwind
[INFO] [stdout]   10:     0x5928ff983bec - core[7c831bd917ebf35f]::panicking::panic_fmt
[INFO] [stdout]   11:     0x5928ff839308 - <trybuild[f1f9f1aadae90ebb]::Runner>::run
[INFO] [stdout]   12:     0x5928ff83c6f0 - <trybuild[f1f9f1aadae90ebb]::TestCases as core[7c831bd917ebf35f]::ops::drop::Drop>::drop
[INFO] [stdout]   13:     0x5928ff80feef - hypercube[636e92fd08dd5fbe]::compile_fail::ui
[INFO] [stdout]   14:     0x5928ff7f4849 - <hypercube[636e92fd08dd5fbe]::compile_fail::ui::{closure#0} as core[7c831bd917ebf35f]::ops::function::FnOnce<()>>::call_once
[INFO] [stdout]   15:     0x5928ff8d7dbb - test[73009c9f9aebf890]::__rust_begin_short_backtrace::<core[7c831bd917ebf35f]::result::Result<(), alloc[2fdc3f7464fcf288]::string::String>, fn() -> core[7c831bd917ebf35f]::result::Result<(), alloc[2fdc3f7464fcf288]::string::String>>
[INFO] [stdout]   16:     0x5928ff8e5425 - test[73009c9f9aebf890]::run_test::{closure#0}
[INFO] [stdout]   17:     0x5928ff8de7e4 - std[104cf6e2632825ea]::sys::backtrace::__rust_begin_short_backtrace::<test[73009c9f9aebf890]::run_test::{closure#1}, ()>
[INFO] [stdout]   18:     0x5928ff8e8582 - <std[104cf6e2632825ea]::thread::lifecycle::spawn_unchecked<test[73009c9f9aebf890]::run_test::{closure#1}, ()>::{closure#1} as core[7c831bd917ebf35f]::ops::function::FnOnce<()>>::call_once::{shim:vtable#0}
[INFO] [stdout]   19:     0x5928ff96ba99 - <std[104cf6e2632825ea]::sys::thread::unix::Thread>::new::thread_start
[INFO] [stdout]   20:     0x7c566cf4107a - <unknown>
[INFO] [stdout]   21:     0x7c566cfd4534 - clone
[INFO] [stdout]   22:                0x0 - <unknown>
[INFO] [stdout] 
[INFO] [stdout] 
[INFO] [stdout] failures:
[INFO] [stdout]     compile_fail::ui
[INFO] [stdout] 
[INFO] [stdout] test result: FAILED. 114 passed; 1 failed; 0 ignored; 0 measured; 0 filtered out; finished in 41.82s
[INFO] [stderr] error: test failed, to rerun pass `--test hypercube`
[INFO] [stdout] 
[INFO] running `Command { std: "docker" "inspect" "35951f56fd4a9522b78b8191ab85d26a2ef14f50637c280ecb9efc16d5157cb0", kill_on_drop: false }`
[INFO] running `Command { std: "docker" "rm" "-f" "35951f56fd4a9522b78b8191ab85d26a2ef14f50637c280ecb9efc16d5157cb0", kill_on_drop: false }`
[INFO] [stdout] 35951f56fd4a9522b78b8191ab85d26a2ef14f50637c280ecb9efc16d5157cb0
