[INFO] cloning repository https://github.com/mgiagante/meeting-summarizer
[INFO] running `Command { std: "git" "-c" "credential.helper=" "-c" "credential.helper=/workspace/cargo-home/bin/git-credential-null" "clone" "--bare" "https://github.com/mgiagante/meeting-summarizer" "/workspace/cache/git-repos/https%3A%2F%2Fgithub.com%2Fmgiagante%2Fmeeting-summarizer", kill_on_drop: false }`
[INFO] [stderr] Cloning into bare repository '/workspace/cache/git-repos/https%3A%2F%2Fgithub.com%2Fmgiagante%2Fmeeting-summarizer'...
[INFO] running `Command { std: "git" "rev-parse" "HEAD", kill_on_drop: false }`
[INFO] [stdout] fc56e4b31e3848b4851ce4e3de5f3fcccb0fa48b
[INFO] testing mgiagante/meeting-summarizer/fc56e4b31e3848b4851ce4e3de5f3fcccb0fa48b against 1.98.0-beta.8+cargoflags=--release for beta-release-1.99-2
[INFO] running `Command { std: "git" "clone" "/workspace/cache/git-repos/https%3A%2F%2Fgithub.com%2Fmgiagante%2Fmeeting-summarizer" "/workspace/builds/worker-2-tc1/source", kill_on_drop: false }`
[INFO] [stderr] Cloning into '/workspace/builds/worker-2-tc1/source'...
[INFO] [stderr] done.
[INFO] started tweaking git repo https://github.com/mgiagante/meeting-summarizer
[INFO] finished tweaking git repo https://github.com/mgiagante/meeting-summarizer
[INFO] tweaked toml for git repo https://github.com/mgiagante/meeting-summarizer written to /workspace/builds/worker-2-tc1/source/Cargo.toml
[INFO] validating manifest of git repo https://github.com/mgiagante/meeting-summarizer on toolchain 1.98.0-beta.8
[INFO] running `Command { std: CARGO_HOME="/workspace/cargo-home" RUSTUP_HOME="/workspace/rustup-home" "/workspace/cargo-home/bin/cargo" "+1.98.0-beta.8" "metadata" "--manifest-path" "Cargo.toml" "--no-deps", kill_on_drop: false }`
[INFO] crate git repo https://github.com/mgiagante/meeting-summarizer already has a lockfile, it will not be regenerated
[INFO] running `Command { std: CARGO_HOME="/workspace/cargo-home" RUSTUP_HOME="/workspace/rustup-home" "/workspace/cargo-home/bin/cargo" "+1.98.0-beta.8" "fetch" "--manifest-path" "Cargo.toml", kill_on_drop: false }`
[INFO] [stderr]     Blocking waiting for file lock on package cache
[INFO] [stderr]     Updating crates.io index
[INFO] [stderr]     Blocking waiting for file lock on package cache
[INFO] [stderr]  Downloading crates ...
[INFO] [stderr]   Downloaded whisper-rs v0.15.1
[INFO] [stderr]   Downloaded cc v1.2.37
[INFO] [stderr]   Downloaded find-msvc-tools v0.1.1
[INFO] [stderr]   Downloaded cmake v0.1.54
[INFO] [stderr]   Downloaded cfg-if v1.0.3
[INFO] [stderr]   Downloaded wasm-bindgen-macro v0.2.101
[INFO] [stderr]   Downloaded windows-link v0.2.0
[INFO] [stderr]   Downloaded windows-registry v0.5.3
[INFO] [stderr]   Downloaded windows-targets v0.53.3
[INFO] [stderr]   Downloaded wasm-bindgen-futures v0.4.51
[INFO] [stderr]   Downloaded wasm-bindgen-shared v0.2.101
[INFO] [stderr]   Downloaded wasm-bindgen-macro-support v0.2.101
[INFO] [stderr]   Downloaded libloading v0.8.8
[INFO] [stderr]   Downloaded lock_api v0.4.13
[INFO] [stderr]   Downloaded system-configuration v0.6.1
[INFO] [stderr]   Downloaded rustc-demangle v0.1.26
[INFO] [stderr]   Downloaded tokio-rustls v0.26.2
[INFO] [stderr]   Downloaded parking_lot_core v0.9.11
[INFO] [stderr]   Downloaded wasm-bindgen v0.2.101
[INFO] [stderr]   Downloaded wasi v0.14.5+wasi-0.2.4
[INFO] [stderr]   Downloaded parking_lot v0.12.4
[INFO] [stderr]   Downloaded redox_syscall v0.5.17
[INFO] [stderr]   Downloaded tempfile v3.22.0
[INFO] [stderr]   Downloaded bitflags v2.9.4
[INFO] [stderr]   Downloaded unicode-ident v1.0.19
[INFO] [stderr]   Downloaded wasm-bindgen-backend v0.2.101
[INFO] [stderr]   Downloaded socket2 v0.6.0
[INFO] [stderr]   Downloaded js-sys v0.3.78
[INFO] [stderr]   Downloaded rustls-pki-types v1.12.0
[INFO] [stderr]   Downloaded proc-macro2 v1.0.101
[INFO] [stderr]   Downloaded getrandom v0.3.3
[INFO] [stderr]   Downloaded wit-bindgen v0.45.1
[INFO] [stderr]   Downloaded anyhow v1.0.99
[INFO] [stderr]   Downloaded openssl-sys v0.9.109
[INFO] [stderr]   Downloaded backtrace v0.3.75
[INFO] [stderr]   Downloaded rustls-webpki v0.103.5
[INFO] [stderr]   Downloaded hyper-util v0.1.16
[INFO] [stderr]   Downloaded io-uring v0.7.10
[INFO] [stderr]   Downloaded indexmap v2.11.1
[INFO] [stderr]   Downloaded mio v1.0.4
[INFO] [stderr]   Downloaded tower-http v0.6.6
[INFO] [stderr]   Downloaded wasip2 v1.0.0+wasi-0.2.4
[INFO] [stderr]   Downloaded iri-string v0.7.8
[INFO] [stderr]   Downloaded serde_json v1.0.143
[INFO] [stderr]   Downloaded reqwest v0.12.23
[INFO] [stderr]   Downloaded regex v1.11.2
[INFO] [stderr]   Downloaded h2 v0.4.12
[INFO] [stderr]   Downloaded bindgen v0.71.1
[INFO] [stderr]   Downloaded openssl v0.10.73
[INFO] [stderr]   Downloaded syn v2.0.106
[INFO] [stderr]   Downloaded rustls v0.23.31
[INFO] [stderr]   Downloaded regex-syntax v0.8.6
[INFO] [stderr]   Downloaded regex-automata v0.4.10
[INFO] [stderr]   Downloaded web-sys v0.3.78
[INFO] [stderr]   Downloaded windows_aarch64_gnullvm v0.53.0
[INFO] [stderr]   Downloaded windows_x86_64_gnullvm v0.53.0
[INFO] [stderr]   Downloaded libc v0.2.175
[INFO] [stderr]   Downloaded windows_aarch64_msvc v0.53.0
[INFO] [stderr]   Downloaded windows_x86_64_msvc v0.53.0
[INFO] [stderr]   Downloaded windows_i686_msvc v0.53.0
[INFO] [stderr]   Downloaded windows_i686_gnullvm v0.53.0
[INFO] [stderr]   Downloaded windows_x86_64_gnu v0.53.0
[INFO] [stderr]   Downloaded windows_i686_gnu v0.53.0
[INFO] [stderr]   Downloaded whisper-rs-sys v0.14.1
[INFO] [stderr]   Downloaded windows-sys v0.61.0
[INFO] running `Command { std: "docker" "create" "-v" "/var/lib/crater-agent-workspace/builds/worker-2-tc1/source:/opt/rustwide/workdir:ro,Z" "-v" "/var/lib/crater-agent-workspace/builds/worker-2-tc1/target:/opt/rustwide/target:rw,Z" "-v" "/var/lib/crater-agent-workspace/cargo-home:/opt/rustwide/cargo-home:ro,Z" "-v" "/var/lib/crater-agent-workspace/rustup-home:/opt/rustwide/rustup-home:ro,Z" "-m" "1610612736" "--network" "none" "ghcr.io/rust-lang/crates-build-env/linux@sha256:8683fc1fc2eb5c9ac98e0d076ab094b2ffac7f99da555d2b6a2e27f346de2ec7" "sleep" "infinity", kill_on_drop: false }`
[INFO] [stdout] 17315fed1d3f6758b9aeb2b91366e81e881d4d3b113a5f03b41f305dc6f3946f
[INFO] running `Command { std: "docker" "start" "17315fed1d3f6758b9aeb2b91366e81e881d4d3b113a5f03b41f305dc6f3946f", kill_on_drop: false }`
[INFO] running `Command { std: "docker" "inspect" "17315fed1d3f6758b9aeb2b91366e81e881d4d3b113a5f03b41f305dc6f3946f", kill_on_drop: false }`
[INFO] running `Command { std: "docker" "exec" "-e" "SOURCE_DIR=/opt/rustwide/workdir" "-e" "CARGO_HOME=/opt/rustwide/cargo-home" "-e" "RUSTUP_HOME=/opt/rustwide/rustup-home" "-e" "CARGO_TARGET_DIR=/opt/rustwide/target" "-w" "/opt/rustwide/workdir" "--user" "0:0" "17315fed1d3f6758b9aeb2b91366e81e881d4d3b113a5f03b41f305dc6f3946f" "/opt/rustwide/cargo-home/bin/cargo" "+1.98.0-beta.8" "metadata" "--no-deps" "--format-version=1", kill_on_drop: false }`
[INFO] running `Command { std: "docker" "inspect" "17315fed1d3f6758b9aeb2b91366e81e881d4d3b113a5f03b41f305dc6f3946f", kill_on_drop: false }`
[INFO] running `Command { std: "docker" "exec" "-e" "SOURCE_DIR=/opt/rustwide/workdir" "-e" "CARGO_HOME=/opt/rustwide/cargo-home" "-e" "RUSTUP_HOME=/opt/rustwide/rustup-home" "-e" "CARGO_TARGET_DIR=/opt/rustwide/target" "-e" "CARGO_INCREMENTAL=0" "-e" "RUST_BACKTRACE=full" "-e" "RUSTFLAGS=--cap-lints=warn" "-e" "RUSTDOCFLAGS=--cap-lints=warn" "-w" "/opt/rustwide/workdir" "--user" "0:0" "17315fed1d3f6758b9aeb2b91366e81e881d4d3b113a5f03b41f305dc6f3946f" "/opt/rustwide/cargo-home/bin/cargo" "+1.98.0-beta.8" "build" "--frozen" "--message-format=json" "--release", kill_on_drop: false }`
[INFO] [stderr]    Compiling proc-macro2 v1.0.101
[INFO] [stderr]    Compiling unicode-ident v1.0.19
[INFO] [stderr]    Compiling libc v0.2.175
[INFO] [stderr]    Compiling find-msvc-tools v0.1.1
[INFO] [stderr]    Compiling cfg-if v1.0.3
[INFO] [stderr]    Compiling stable_deref_trait v1.2.0
[INFO] [stderr]    Compiling bytes v1.10.1
[INFO] [stderr]    Compiling parking_lot_core v0.9.11
[INFO] [stderr]    Compiling futures-core v0.3.31
[INFO] [stderr]    Compiling lock_api v0.4.13
[INFO] [stderr]    Compiling pkg-config v0.3.32
[INFO] [stderr]    Compiling prettyplease v0.2.37
[INFO] [stderr]    Compiling fnv v1.0.7
[INFO] [stderr]    Compiling clang-sys v1.8.1
[INFO] [stderr]    Compiling minimal-lexical v0.2.1
[INFO] [stderr]    Compiling memchr v2.7.5
[INFO] [stderr]    Compiling litemap v0.8.0
[INFO] [stderr]    Compiling regex-syntax v0.8.6
[INFO] [stderr]    Compiling writeable v0.6.1
[INFO] [stderr]    Compiling libloading v0.8.8
[INFO] [stderr]    Compiling cc v1.2.37
[INFO] [stderr]    Compiling icu_normalizer_data v2.0.0
[INFO] [stderr]    Compiling bindgen v0.71.1
[INFO] [stderr]    Compiling either v1.15.0
[INFO] [stderr]    Compiling pin-utils v0.1.0
[INFO] [stderr]    Compiling icu_properties_data v2.0.1
[INFO] [stderr]    Compiling tracing-core v0.1.34
[INFO] [stderr]    Compiling openssl v0.10.73
[INFO] [stderr]    Compiling rustc-hash v2.1.1
[INFO] [stderr]    Compiling equivalent v1.0.2
[INFO] [stderr]    Compiling futures-task v0.3.31
[INFO] [stderr]    Compiling hashbrown v0.15.5
[INFO] [stderr]    Compiling futures-sink v0.3.31
[INFO] [stderr]    Compiling bitflags v2.9.4
[INFO] [stderr]    Compiling itertools v0.13.0
[INFO] [stderr]    Compiling log v0.4.28
[INFO] [stderr]    Compiling futures-util v0.3.31
[INFO] [stderr]    Compiling native-tls v0.2.14
[INFO] [stderr]    Compiling fs_extra v1.3.0
[INFO] [stderr]    Compiling slab v0.4.11
[INFO] [stderr]    Compiling nom v7.1.3
[INFO] [stderr]    Compiling futures-channel v0.3.31
[INFO] [stderr]    Compiling tracing v0.1.41
[INFO] [stderr]    Compiling openssl-probe v0.1.6
[INFO] [stderr]    Compiling sync_wrapper v1.0.2
[INFO] [stderr]    Compiling http v1.3.1
[INFO] [stderr]    Compiling socket2 v0.6.0
[INFO] [stderr]    Compiling mio v1.0.4
[INFO] [stderr]    Compiling signal-hook-registry v1.4.6
[INFO] [stderr]    Compiling quote v1.0.40
[INFO] [stderr]    Compiling parking_lot v0.12.4
[INFO] [stderr]    Compiling syn v2.0.106
[INFO] [stderr]    Compiling serde_json v1.0.143
[INFO] [stderr]    Compiling ipnet v2.11.0
[INFO] [stderr]    Compiling iri-string v0.7.8
[INFO] [stderr]    Compiling indexmap v2.11.1
[INFO] [stderr]    Compiling anyhow v1.0.99
[INFO] [stderr]    Compiling zeroize v1.8.1
[INFO] [stderr]    Compiling cmake v0.1.54
[INFO] [stderr]    Compiling whisper-rs v0.15.1
[INFO] [stderr]    Compiling rustls-pki-types v1.12.0
[INFO] [stderr]    Compiling encoding_rs v0.8.35
[INFO] [stderr]    Compiling mime v0.3.17
[INFO] [stderr]    Compiling hound v3.5.1
[INFO] [stderr]    Compiling openssl-sys v0.9.109
[INFO] [stderr]    Compiling regex-automata v0.4.10
[INFO] [stderr]    Compiling http-body v1.0.1
[INFO] [stderr]    Compiling http-body-util v0.1.3
[INFO] [stderr]    Compiling cexpr v0.6.0
[INFO] [stderr]    Compiling regex v1.11.2
[INFO] [stderr]    Compiling synstructure v0.13.2
[INFO] [stderr]    Compiling zerofrom-derive v0.1.6
[INFO] [stderr]    Compiling yoke-derive v0.8.0
[INFO] [stderr]    Compiling zerovec-derive v0.11.1
[INFO] [stderr]    Compiling tokio-macros v2.5.0
[INFO] [stderr]    Compiling displaydoc v0.2.5
[INFO] [stderr]    Compiling openssl-macros v0.1.1
[INFO] [stderr]    Compiling serde_derive v1.0.219
[INFO] [stderr]    Compiling zerofrom v0.1.6
[INFO] [stderr]    Compiling tokio v1.47.1
[INFO] [stderr]    Compiling yoke v0.8.0
[INFO] [stderr]    Compiling zerovec v0.11.4
[INFO] [stderr]    Compiling zerotrie v0.2.2
[INFO] [stderr]    Compiling tinystr v0.8.1
[INFO] [stderr]    Compiling potential_utf v0.1.3
[INFO] [stderr]    Compiling icu_collections v2.0.0
[INFO] [stderr]    Compiling icu_locale_core v2.0.0
[INFO] [stderr]    Compiling icu_provider v2.0.0
[INFO] [stderr]    Compiling serde v1.0.219
[INFO] [stderr]    Compiling icu_properties v2.0.1
[INFO] [stderr]    Compiling icu_normalizer v2.0.0
[INFO] [stderr]    Compiling idna_adapter v1.2.1
[INFO] [stderr]    Compiling idna v1.1.0
[INFO] [stderr]    Compiling whisper-rs-sys v0.14.1
[INFO] [stderr]    Compiling url v2.5.7
[INFO] [stderr]    Compiling serde_urlencoded v0.7.1
[INFO] [stderr]    Compiling tokio-util v0.7.16
[INFO] [stderr]    Compiling tower v0.5.2
[INFO] [stderr]    Compiling tokio-native-tls v0.3.1
[INFO] [stderr]    Compiling tokio-stream v0.1.17
[INFO] [stderr]    Compiling h2 v0.4.12
[INFO] [stderr]    Compiling tower-http v0.6.6
[INFO] [stderr]    Compiling hyper v1.7.0
[INFO] [stderr]    Compiling hyper-util v0.1.16
[INFO] [stderr]    Compiling hyper-tls v0.6.0
[INFO] [stderr]    Compiling reqwest v0.12.23
[INFO] [stderr] error: failed to run custom build command for `whisper-rs-sys v0.14.1`
[INFO] [stderr] note: To improve backtraces for build dependencies, set the CARGO_PROFILE_RELEASE_BUILD_OVERRIDE_DEBUG=true environment variable to enable debug information generation.
[INFO] [stderr] 
[INFO] [stderr] Caused by:
[INFO] [stderr]   process didn't exit successfully: `/opt/rustwide/target/release/build/whisper-rs-sys-05d3abf25f9037df/build-script-build` (exit status: 101)
[INFO] [stderr]   --- stdout
[INFO] [stderr]   cargo:rustc-link-lib=dylib=stdc++
[INFO] [stderr]   cargo:rerun-if-changed=wrapper.h
[INFO] [stderr]   cargo:rerun-if-env-changed=TARGET
[INFO] [stderr]   cargo:rerun-if-env-changed=BINDGEN_EXTRA_CLANG_ARGS_x86_64-unknown-linux-gnu
[INFO] [stderr]   cargo:rerun-if-env-changed=BINDGEN_EXTRA_CLANG_ARGS_x86_64_unknown_linux_gnu
[INFO] [stderr]   cargo:rerun-if-env-changed=BINDGEN_EXTRA_CLANG_ARGS
[INFO] [stderr]   cargo:rerun-if-changed=wrapper.h
[INFO] [stderr]   cargo:rerun-if-changed=./whisper.cpp/include/whisper.h
[INFO] [stderr]   cargo:rerun-if-changed=./whisper.cpp/ggml/include/ggml.h
[INFO] [stderr]   cargo:rerun-if-changed=/usr/lib/llvm-21/lib/clang/21/include/stdbool.h
[INFO] [stderr]   cargo:rerun-if-changed=/usr/lib/llvm-21/lib/clang/21/include/stddef.h
[INFO] [stderr]   cargo:rerun-if-changed=/usr/lib/llvm-21/lib/clang/21/include/__stddef_header_macro.h
[INFO] [stderr]   cargo:rerun-if-changed=/usr/lib/llvm-21/lib/clang/21/include/__stddef_ptrdiff_t.h
[INFO] [stderr]   cargo:rerun-if-changed=/usr/lib/llvm-21/lib/clang/21/include/__stddef_size_t.h
[INFO] [stderr]   cargo:rerun-if-changed=/usr/lib/llvm-21/lib/clang/21/include/__stddef_wchar_t.h
[INFO] [stderr]   cargo:rerun-if-changed=/usr/lib/llvm-21/lib/clang/21/include/__stddef_null.h
[INFO] [stderr]   cargo:rerun-if-changed=/usr/lib/llvm-21/lib/clang/21/include/__stddef_max_align_t.h
[INFO] [stderr]   cargo:rerun-if-changed=/usr/lib/llvm-21/lib/clang/21/include/__stddef_offsetof.h
[INFO] [stderr]   cargo:rerun-if-changed=/usr/lib/llvm-21/lib/clang/21/include/stdint.h
[INFO] [stderr]   cargo:rerun-if-changed=/usr/include/stdint.h
[INFO] [stderr]   cargo:rerun-if-changed=/usr/include/x86_64-linux-gnu/bits/libc-header-start.h
[INFO] [stderr]   cargo:rerun-if-changed=/usr/include/features.h
[INFO] [stderr]   cargo:rerun-if-changed=/usr/include/features-time64.h
[INFO] [stderr]   cargo:rerun-if-changed=/usr/include/x86_64-linux-gnu/bits/wordsize.h
[INFO] [stderr]   cargo:rerun-if-changed=/usr/include/x86_64-linux-gnu/bits/timesize.h
[INFO] [stderr]   cargo:rerun-if-changed=/usr/include/x86_64-linux-gnu/bits/wordsize.h
[INFO] [stderr]   cargo:rerun-if-changed=/usr/include/stdc-predef.h
[INFO] [stderr]   cargo:rerun-if-changed=/usr/include/x86_64-linux-gnu/sys/cdefs.h
[INFO] [stderr]   cargo:rerun-if-changed=/usr/include/x86_64-linux-gnu/bits/wordsize.h
[INFO] [stderr]   cargo:rerun-if-changed=/usr/include/x86_64-linux-gnu/bits/long-double.h
[INFO] [stderr]   cargo:rerun-if-changed=/usr/include/x86_64-linux-gnu/gnu/stubs.h
[INFO] [stderr]   cargo:rerun-if-changed=/usr/include/x86_64-linux-gnu/gnu/stubs-64.h
[INFO] [stderr]   cargo:rerun-if-changed=/usr/include/x86_64-linux-gnu/bits/types.h
[INFO] [stderr]   cargo:rerun-if-changed=/usr/include/features.h
[INFO] [stderr]   cargo:rerun-if-changed=/usr/include/x86_64-linux-gnu/bits/wordsize.h
[INFO] [stderr]   cargo:rerun-if-changed=/usr/include/x86_64-linux-gnu/bits/timesize.h
[INFO] [stderr]   cargo:rerun-if-changed=/usr/include/x86_64-linux-gnu/bits/wordsize.h
[INFO] [stderr]   cargo:rerun-if-changed=/usr/include/x86_64-linux-gnu/bits/typesizes.h
[INFO] [stderr]   cargo:rerun-if-changed=/usr/include/x86_64-linux-gnu/bits/time64.h
[INFO] [stderr]   cargo:rerun-if-changed=/usr/include/x86_64-linux-gnu/bits/wchar.h
[INFO] [stderr]   cargo:rerun-if-changed=/usr/include/x86_64-linux-gnu/bits/wordsize.h
[INFO] [stderr]   cargo:rerun-if-changed=/usr/include/x86_64-linux-gnu/bits/stdint-intn.h
[INFO] [stderr]   cargo:rerun-if-changed=/usr/include/x86_64-linux-gnu/bits/types.h
[INFO] [stderr]   cargo:rerun-if-changed=/usr/include/x86_64-linux-gnu/bits/stdint-uintn.h
[INFO] [stderr]   cargo:rerun-if-changed=/usr/include/x86_64-linux-gnu/bits/types.h
[INFO] [stderr]   cargo:rerun-if-changed=/usr/include/x86_64-linux-gnu/bits/stdint-least.h
[INFO] [stderr]   cargo:rerun-if-changed=/usr/include/x86_64-linux-gnu/bits/types.h
[INFO] [stderr]   cargo:rerun-if-changed=/usr/include/stdio.h
[INFO] [stderr]   cargo:rerun-if-changed=/usr/include/x86_64-linux-gnu/bits/libc-header-start.h
[INFO] [stderr]   cargo:rerun-if-changed=/usr/include/features.h
[INFO] [stderr]   cargo:rerun-if-changed=/usr/lib/llvm-21/lib/clang/21/include/stddef.h
[INFO] [stderr]   cargo:rerun-if-changed=/usr/lib/llvm-21/lib/clang/21/include/__stddef_size_t.h
[INFO] [stderr]   cargo:rerun-if-changed=/usr/lib/llvm-21/lib/clang/21/include/__stddef_null.h
[INFO] [stderr]   cargo:rerun-if-changed=/usr/lib/llvm-21/lib/clang/21/include/stdarg.h
[INFO] [stderr]   cargo:rerun-if-changed=/usr/lib/llvm-21/lib/clang/21/include/__stdarg___gnuc_va_list.h
[INFO] [stderr]   cargo:rerun-if-changed=/usr/include/x86_64-linux-gnu/bits/types.h
[INFO] [stderr]   cargo:rerun-if-changed=/usr/include/x86_64-linux-gnu/bits/types/__fpos_t.h
[INFO] [stderr]   cargo:rerun-if-changed=/usr/include/x86_64-linux-gnu/bits/types.h
[INFO] [stderr]   cargo:rerun-if-changed=/usr/include/x86_64-linux-gnu/bits/types/__mbstate_t.h
[INFO] [stderr]   cargo:rerun-if-changed=/usr/include/x86_64-linux-gnu/bits/types/__fpos64_t.h
[INFO] [stderr]   cargo:rerun-if-changed=/usr/include/x86_64-linux-gnu/bits/types.h
[INFO] [stderr]   cargo:rerun-if-changed=/usr/include/x86_64-linux-gnu/bits/types/__mbstate_t.h
[INFO] [stderr]   cargo:rerun-if-changed=/usr/include/x86_64-linux-gnu/bits/types/__FILE.h
[INFO] [stderr]   cargo:rerun-if-changed=/usr/include/x86_64-linux-gnu/bits/types/FILE.h
[INFO] [stderr]   cargo:rerun-if-changed=/usr/include/x86_64-linux-gnu/bits/types/struct_FILE.h
[INFO] [stderr]   cargo:rerun-if-changed=/usr/include/x86_64-linux-gnu/bits/types.h
[INFO] [stderr]   cargo:rerun-if-changed=/usr/include/x86_64-linux-gnu/bits/wordsize.h
[INFO] [stderr]   cargo:rerun-if-changed=/usr/include/x86_64-linux-gnu/bits/types/cookie_io_functions_t.h
[INFO] [stderr]   cargo:rerun-if-changed=/usr/include/x86_64-linux-gnu/bits/types.h
[INFO] [stderr]   cargo:rerun-if-changed=/usr/include/x86_64-linux-gnu/bits/stdio_lim.h
[INFO] [stderr]   cargo:rerun-if-changed=/usr/include/x86_64-linux-gnu/bits/floatn.h
[INFO] [stderr]   cargo:rerun-if-changed=/usr/include/features.h
[INFO] [stderr]   cargo:rerun-if-changed=/usr/include/x86_64-linux-gnu/bits/floatn-common.h
[INFO] [stderr]   cargo:rerun-if-changed=/usr/include/features.h
[INFO] [stderr]   cargo:rerun-if-changed=/usr/include/x86_64-linux-gnu/bits/long-double.h
[INFO] [stderr]   cargo:rerun-if-changed=./whisper.cpp/ggml/include/ggml-cpu.h
[INFO] [stderr]   cargo:rerun-if-changed=./whisper.cpp/ggml/include/ggml.h
[INFO] [stderr]   cargo:rerun-if-changed=./whisper.cpp/ggml/include/ggml-backend.h
[INFO] [stderr]   cargo:rerun-if-changed=./whisper.cpp/ggml/include/ggml.h
[INFO] [stderr]   cargo:rerun-if-changed=./whisper.cpp/ggml/include/ggml-alloc.h
[INFO] [stderr]   cargo:rerun-if-changed=./whisper.cpp/ggml/include/ggml.h
[INFO] [stderr]   cargo:rerun-if-changed=/usr/lib/llvm-21/lib/clang/21/include/stddef.h
[INFO] [stderr]   cargo:rerun-if-changed=/usr/lib/llvm-21/lib/clang/21/include/__stddef_header_macro.h
[INFO] [stderr]   cargo:rerun-if-changed=/usr/lib/llvm-21/lib/clang/21/include/__stddef_ptrdiff_t.h
[INFO] [stderr]   cargo:rerun-if-changed=/usr/lib/llvm-21/lib/clang/21/include/__stddef_size_t.h
[INFO] [stderr]   cargo:rerun-if-changed=/usr/lib/llvm-21/lib/clang/21/include/__stddef_wchar_t.h
[INFO] [stderr]   cargo:rerun-if-changed=/usr/lib/llvm-21/lib/clang/21/include/__stddef_max_align_t.h
[INFO] [stderr]   cargo:rerun-if-changed=/usr/lib/llvm-21/lib/clang/21/include/__stddef_offsetof.h
[INFO] [stderr]   cargo:rerun-if-changed=/usr/lib/llvm-21/lib/clang/21/include/stdint.h
[INFO] [stderr]   cargo:rerun-if-changed=/usr/lib/llvm-21/lib/clang/21/include/stdbool.h
[INFO] [stderr]   cargo:rerun-if-changed=./whisper.cpp/ggml/include/ggml.h
[INFO] [stderr]   CMAKE_TOOLCHAIN_FILE_x86_64-unknown-linux-gnu = None
[INFO] [stderr]   CMAKE_TOOLCHAIN_FILE_x86_64_unknown_linux_gnu = None
[INFO] [stderr]   HOST_CMAKE_TOOLCHAIN_FILE = None
[INFO] [stderr]   CMAKE_TOOLCHAIN_FILE = None
[INFO] [stderr]   CMAKE_GENERATOR_x86_64-unknown-linux-gnu = None
[INFO] [stderr]   CMAKE_GENERATOR_x86_64_unknown_linux_gnu = None
[INFO] [stderr]   HOST_CMAKE_GENERATOR = None
[INFO] [stderr]   CMAKE_GENERATOR = None
[INFO] [stderr]   CMAKE_PREFIX_PATH_x86_64-unknown-linux-gnu = None
[INFO] [stderr]   CMAKE_PREFIX_PATH_x86_64_unknown_linux_gnu = None
[INFO] [stderr]   HOST_CMAKE_PREFIX_PATH = None
[INFO] [stderr]   CMAKE_PREFIX_PATH = None
[INFO] [stderr]   CMAKE_x86_64-unknown-linux-gnu = None
[INFO] [stderr]   CMAKE_x86_64_unknown_linux_gnu = None
[INFO] [stderr]   HOST_CMAKE = None
[INFO] [stderr]   CMAKE = None
[INFO] [stderr]   running: cd "/opt/rustwide/target/release/build/whisper-rs-sys-fb3f0082c793b0eb/out/build" && CMAKE_PREFIX_PATH="" LC_ALL="C" "cmake" "-Wdev" "--debug-output" "/opt/rustwide/target/release/build/whisper-rs-sys-fb3f0082c793b0eb/out/whisper.cpp/" "-DBUILD_SHARED_LIBS=OFF" "-DWHISPER_ALL_WARNINGS=OFF" "-DWHISPER_ALL_WARNINGS_3RD_PARTY=OFF" "-DWHISPER_BUILD_TESTS=OFF" "-DWHISPER_BUILD_EXAMPLES=OFF" "-DGGML_METAL=OFF" "-DCMAKE_BUILD_TYPE=Release" "-DGGML_OPENMP=OFF" "-DCMAKE_INSTALL_PREFIX=/opt/rustwide/target/release/build/whisper-rs-sys-fb3f0082c793b0eb/out" "-DCMAKE_C_FLAGS= -ffunction-sections -fdata-sections -fPIC -m64" "-DCMAKE_C_COMPILER=/usr/bin/cc" "-DCMAKE_CXX_FLAGS= -ffunction-sections -fdata-sections -fPIC -m64" "-DCMAKE_CXX_COMPILER=/usr/bin/c++" "-DCMAKE_ASM_FLAGS= -ffunction-sections -fdata-sections -fPIC -m64" "-DCMAKE_ASM_COMPILER=/usr/bin/cc" "-DCMAKE_VERBOSE_MAKEFILE:BOOL=ON"
[INFO] [stderr]   Running with debug output on.
[INFO] [stderr]   -- The C compiler identification is GNU 15.2.0
[INFO] [stderr]      Called from: [3]	/opt/rustwide/target/release/build/whisper-rs-sys-fb3f0082c793b0eb/out/whisper.cpp/CMakeLists.txt
[INFO] [stderr]                   [2]	/usr/share/cmake-4.2/Modules/CMakeDetermineCCompiler.cmake
[INFO] [stderr]                   [1]	/usr/share/cmake-4.2/Modules/CMakeDetermineCompilerId.cmake
[INFO] [stderr]   -- The CXX compiler identification is GNU 15.2.0
[INFO] [stderr]      Called from: [3]	/opt/rustwide/target/release/build/whisper-rs-sys-fb3f0082c793b0eb/out/whisper.cpp/CMakeLists.txt
[INFO] [stderr]                   [2]	/usr/share/cmake-4.2/Modules/CMakeDetermineCXXCompiler.cmake
[INFO] [stderr]                   [1]	/usr/share/cmake-4.2/Modules/CMakeDetermineCompilerId.cmake
[INFO] [stderr]   -- Detecting C compiler ABI info
[INFO] [stderr]      Called from: [3]	/opt/rustwide/target/release/build/whisper-rs-sys-fb3f0082c793b0eb/out/whisper.cpp/CMakeLists.txt
[INFO] [stderr]                   [2]	/usr/share/cmake-4.2/Modules/CMakeTestCCompiler.cmake
[INFO] [stderr]                   [1]	/usr/share/cmake-4.2/Modules/CMakeDetermineCompilerABI.cmake
[INFO] [stderr]   -- Detecting C compiler ABI info - done
[INFO] [stderr]      Called from: [3]	/opt/rustwide/target/release/build/whisper-rs-sys-fb3f0082c793b0eb/out/whisper.cpp/CMakeLists.txt
[INFO] [stderr]                   [2]	/usr/share/cmake-4.2/Modules/CMakeTestCCompiler.cmake
[INFO] [stderr]                   [1]	/usr/share/cmake-4.2/Modules/CMakeDetermineCompilerABI.cmake
[INFO] [stderr]   -- Check for working C compiler: /usr/bin/cc - skipped
[INFO] [stderr]      Called from: [2]	/opt/rustwide/target/release/build/whisper-rs-sys-fb3f0082c793b0eb/out/whisper.cpp/CMakeLists.txt
[INFO] [stderr]                   [1]	/usr/share/cmake-4.2/Modules/CMakeTestCCompiler.cmake
[INFO] [stderr]   -- Detecting C compile features
[INFO] [stderr]      Called from: [3]	/opt/rustwide/target/release/build/whisper-rs-sys-fb3f0082c793b0eb/out/whisper.cpp/CMakeLists.txt
[INFO] [stderr]                   [2]	/usr/share/cmake-4.2/Modules/CMakeTestCCompiler.cmake
[INFO] [stderr]                   [1]	/usr/share/cmake-4.2/Modules/CMakeDetermineCompilerSupport.cmake
[INFO] [stderr]   -- Detecting C compile features - done
[INFO] [stderr]      Called from: [3]	/opt/rustwide/target/release/build/whisper-rs-sys-fb3f0082c793b0eb/out/whisper.cpp/CMakeLists.txt
[INFO] [stderr]                   [2]	/usr/share/cmake-4.2/Modules/CMakeTestCCompiler.cmake
[INFO] [stderr]                   [1]	/usr/share/cmake-4.2/Modules/CMakeDetermineCompilerSupport.cmake
[INFO] [stderr]   -- Detecting CXX compiler ABI info
[INFO] [stderr]      Called from: [3]	/opt/rustwide/target/release/build/whisper-rs-sys-fb3f0082c793b0eb/out/whisper.cpp/CMakeLists.txt
[INFO] [stderr]                   [2]	/usr/share/cmake-4.2/Modules/CMakeTestCXXCompiler.cmake
[INFO] [stderr]                   [1]	/usr/share/cmake-4.2/Modules/CMakeDetermineCompilerABI.cmake
[INFO] [stderr]   -- Detecting CXX compiler ABI info - done
[INFO] [stderr]      Called from: [3]	/opt/rustwide/target/release/build/whisper-rs-sys-fb3f0082c793b0eb/out/whisper.cpp/CMakeLists.txt
[INFO] [stderr]                   [2]	/usr/share/cmake-4.2/Modules/CMakeTestCXXCompiler.cmake
[INFO] [stderr]                   [1]	/usr/share/cmake-4.2/Modules/CMakeDetermineCompilerABI.cmake
[INFO] [stderr]   -- Check for working CXX compiler: /usr/bin/c++ - skipped
[INFO] [stderr]      Called from: [2]	/opt/rustwide/target/release/build/whisper-rs-sys-fb3f0082c793b0eb/out/whisper.cpp/CMakeLists.txt
[INFO] [stderr]                   [1]	/usr/share/cmake-4.2/Modules/CMakeTestCXXCompiler.cmake
[INFO] [stderr]   -- Detecting CXX compile features
[INFO] [stderr]      Called from: [3]	/opt/rustwide/target/release/build/whisper-rs-sys-fb3f0082c793b0eb/out/whisper.cpp/CMakeLists.txt
[INFO] [stderr]                   [2]	/usr/share/cmake-4.2/Modules/CMakeTestCXXCompiler.cmake
[INFO] [stderr]                   [1]	/usr/share/cmake-4.2/Modules/CMakeDetermineCompilerSupport.cmake
[INFO] [stderr]   -- Detecting CXX compile features - done
[INFO] [stderr]      Called from: [3]	/opt/rustwide/target/release/build/whisper-rs-sys-fb3f0082c793b0eb/out/whisper.cpp/CMakeLists.txt
[INFO] [stderr]                   [2]	/usr/share/cmake-4.2/Modules/CMakeTestCXXCompiler.cmake
[INFO] [stderr]                   [1]	/usr/share/cmake-4.2/Modules/CMakeDetermineCompilerSupport.cmake
[INFO] [stderr]   -- Found Git: /usr/bin/git (found version "2.53.0")
[INFO] [stderr]      Called from: [5]	/opt/rustwide/target/release/build/whisper-rs-sys-fb3f0082c793b0eb/out/whisper.cpp/CMakeLists.txt
[INFO] [stderr]                   [4]	/opt/rustwide/target/release/build/whisper-rs-sys-fb3f0082c793b0eb/out/whisper.cpp/cmake/git-vars.cmake
[INFO] [stderr]                   [3]	/usr/share/cmake-4.2/Modules/FindGit.cmake
[INFO] [stderr]                   [2]	/usr/share/cmake-4.2/Modules/FindPackageHandleStandardArgs.cmake
[INFO] [stderr]                   [1]	/usr/share/cmake-4.2/Modules/FindPackageMessage.cmake
[INFO] [stderr]   -- Performing Test CMAKE_HAVE_LIBC_PTHREAD
[INFO] [stderr]      Called from: [5]	/opt/rustwide/target/release/build/whisper-rs-sys-fb3f0082c793b0eb/out/whisper.cpp/ggml/CMakeLists.txt
[INFO] [stderr]                   [4]	/usr/share/cmake-4.2/Modules/FindThreads.cmake
[INFO] [stderr]                   [3]	/usr/share/cmake-4.2/Modules/FindThreads.cmake
[INFO] [stderr]                   [2]	/usr/share/cmake-4.2/Modules/CheckCSourceCompiles.cmake
[INFO] [stderr]                   [1]	/usr/share/cmake-4.2/Modules/Internal/CheckSourceCompiles.cmake
[INFO] [stderr]   -- Performing Test CMAKE_HAVE_LIBC_PTHREAD - Success
[INFO] [stderr]      Called from: [5]	/opt/rustwide/target/release/build/whisper-rs-sys-fb3f0082c793b0eb/out/whisper.cpp/ggml/CMakeLists.txt
[INFO] [stderr]                   [4]	/usr/share/cmake-4.2/Modules/FindThreads.cmake
[INFO] [stderr]                   [3]	/usr/share/cmake-4.2/Modules/FindThreads.cmake
[INFO] [stderr]                   [2]	/usr/share/cmake-4.2/Modules/CheckCSourceCompiles.cmake
[INFO] [stderr]                   [1]	/usr/share/cmake-4.2/Modules/Internal/CheckSourceCompiles.cmake
[INFO] [stderr]   -- Found Threads: TRUE
[INFO] [stderr]      Called from: [4]	/opt/rustwide/target/release/build/whisper-rs-sys-fb3f0082c793b0eb/out/whisper.cpp/ggml/CMakeLists.txt
[INFO] [stderr]                   [3]	/usr/share/cmake-4.2/Modules/FindThreads.cmake
[INFO] [stderr]                   [2]	/usr/share/cmake-4.2/Modules/FindPackageHandleStandardArgs.cmake
[INFO] [stderr]                   [1]	/usr/share/cmake-4.2/Modules/FindPackageMessage.cmake
[INFO] [stderr]   -- Warning: ccache not found - consider installing it for faster compilation or disable this warning with GGML_CCACHE=OFF
[INFO] [stderr]      Called from: [1]	/opt/rustwide/target/release/build/whisper-rs-sys-fb3f0082c793b0eb/out/whisper.cpp/ggml/src/CMakeLists.txt
[INFO] [stderr]   -- CMAKE_SYSTEM_PROCESSOR: x86_64
[INFO] [stderr]      Called from: [1]	/opt/rustwide/target/release/build/whisper-rs-sys-fb3f0082c793b0eb/out/whisper.cpp/ggml/src/CMakeLists.txt
[INFO] [stderr]   -- GGML_SYSTEM_ARCH: x86
[INFO] [stderr]      Called from: [1]	/opt/rustwide/target/release/build/whisper-rs-sys-fb3f0082c793b0eb/out/whisper.cpp/ggml/src/CMakeLists.txt
[INFO] [stderr]   -- Including CPU backend
[INFO] [stderr]      Called from: [2]	/opt/rustwide/target/release/build/whisper-rs-sys-fb3f0082c793b0eb/out/whisper.cpp/ggml/src/CMakeLists.txt
[INFO] [stderr]                   [1]	/opt/rustwide/target/release/build/whisper-rs-sys-fb3f0082c793b0eb/out/whisper.cpp/ggml/src/CMakeLists.txt
[INFO] [stderr]   -- x86 detected
[INFO] [stderr]      Called from: [2]	/opt/rustwide/target/release/build/whisper-rs-sys-fb3f0082c793b0eb/out/whisper.cpp/ggml/src/CMakeLists.txt
[INFO] [stderr]                   [1]	/opt/rustwide/target/release/build/whisper-rs-sys-fb3f0082c793b0eb/out/whisper.cpp/ggml/src/ggml-cpu/CMakeLists.txt
[INFO] [stderr]   -- Adding CPU backend variant ggml-cpu: -march=native 
[INFO] [stderr]      Called from: [2]	/opt/rustwide/target/release/build/whisper-rs-sys-fb3f0082c793b0eb/out/whisper.cpp/ggml/src/CMakeLists.txt
[INFO] [stderr]                   [1]	/opt/rustwide/target/release/build/whisper-rs-sys-fb3f0082c793b0eb/out/whisper.cpp/ggml/src/ggml-cpu/CMakeLists.txt
[INFO] [stderr]   -- ggml version: 0.0.
[INFO] [stderr]      Called from: [1]	/opt/rustwide/target/release/build/whisper-rs-sys-fb3f0082c793b0eb/out/whisper.cpp/ggml/CMakeLists.txt
[INFO] [stderr]   -- ggml commit:  
[INFO] [stderr]      Called from: [1]	/opt/rustwide/target/release/build/whisper-rs-sys-fb3f0082c793b0eb/out/whisper.cpp/ggml/CMakeLists.txt
[INFO] [stderr]   -- Configuring done (4.6s)
[INFO] [stderr]   -- Generating /opt/rustwide/target/release/build/whisper-rs-sys-fb3f0082c793b0eb/out/build
[INFO] [stderr]      Called from: [1]	/opt/rustwide/target/release/build/whisper-rs-sys-fb3f0082c793b0eb/out/whisper.cpp/CMakeLists.txt
[INFO] [stderr]   -- Generating /opt/rustwide/target/release/build/whisper-rs-sys-fb3f0082c793b0eb/out/build/ggml
[INFO] [stderr]      Called from: [1]	/opt/rustwide/target/release/build/whisper-rs-sys-fb3f0082c793b0eb/out/whisper.cpp/ggml/CMakeLists.txt
[INFO] [stderr]   -- Generating /opt/rustwide/target/release/build/whisper-rs-sys-fb3f0082c793b0eb/out/build/ggml/src
[INFO] [stderr]      Called from: [1]	/opt/rustwide/target/release/build/whisper-rs-sys-fb3f0082c793b0eb/out/whisper.cpp/ggml/src/CMakeLists.txt
[INFO] [stderr]   -- Generating /opt/rustwide/target/release/build/whisper-rs-sys-fb3f0082c793b0eb/out/build/ggml/src/ggml-cpu
[INFO] [stderr]      Called from: [1]	/opt/rustwide/target/release/build/whisper-rs-sys-fb3f0082c793b0eb/out/whisper.cpp/ggml/src/ggml-cpu/CMakeLists.txt
[INFO] [stderr]   -- Generating /opt/rustwide/target/release/build/whisper-rs-sys-fb3f0082c793b0eb/out/build/src
[INFO] [stderr]      Called from: [1]	/opt/rustwide/target/release/build/whisper-rs-sys-fb3f0082c793b0eb/out/whisper.cpp/src/CMakeLists.txt
[INFO] [stderr]   -- Generating done (0.0s)
[INFO] [stderr]   -- Build files have been written to: /opt/rustwide/target/release/build/whisper-rs-sys-fb3f0082c793b0eb/out/build
[INFO] [stderr]   running: cd "/opt/rustwide/target/release/build/whisper-rs-sys-fb3f0082c793b0eb/out/build" && LC_ALL="C" MAKEFLAGS="-j --jobserver-fds=4,5 --jobserver-auth=4,5" "cmake" "--build" "/opt/rustwide/target/release/build/whisper-rs-sys-fb3f0082c793b0eb/out/build" "--target" "install" "--config" "Release"
[INFO] [stderr]   Change Dir: '/opt/rustwide/target/release/build/whisper-rs-sys-fb3f0082c793b0eb/out/build'
[INFO] [stderr] 
[INFO] [stderr]   Run Build Command(s): /usr/bin/cmake -E env VERBOSE=1 /usr/bin/gmake -f Makefile install
[INFO] [stderr]   /usr/bin/cmake -S/opt/rustwide/target/release/build/whisper-rs-sys-fb3f0082c793b0eb/out/whisper.cpp -B/opt/rustwide/target/release/build/whisper-rs-sys-fb3f0082c793b0eb/out/build --check-build-system CMakeFiles/Makefile.cmake 0
[INFO] [stderr]   /usr/bin/cmake -E cmake_progress_start /opt/rustwide/target/release/build/whisper-rs-sys-fb3f0082c793b0eb/out/build/CMakeFiles /opt/rustwide/target/release/build/whisper-rs-sys-fb3f0082c793b0eb/out/build//CMakeFiles/progress.marks
[INFO] [stderr]   /usr/bin/gmake  -f CMakeFiles/Makefile2 all
[INFO] [stderr]   gmake[1]: Entering directory '/opt/rustwide/target/release/build/whisper-rs-sys-fb3f0082c793b0eb/out/build'
[INFO] [stderr]   /usr/bin/gmake  -f ggml/src/CMakeFiles/ggml-base.dir/build.make ggml/src/CMakeFiles/ggml-base.dir/depend
[INFO] [stderr]   gmake[2]: Entering directory '/opt/rustwide/target/release/build/whisper-rs-sys-fb3f0082c793b0eb/out/build'
[INFO] [stderr]   cd /opt/rustwide/target/release/build/whisper-rs-sys-fb3f0082c793b0eb/out/build && /usr/bin/cmake -E cmake_depends "Unix Makefiles" /opt/rustwide/target/release/build/whisper-rs-sys-fb3f0082c793b0eb/out/whisper.cpp /opt/rustwide/target/release/build/whisper-rs-sys-fb3f0082c793b0eb/out/whisper.cpp/ggml/src /opt/rustwide/target/release/build/whisper-rs-sys-fb3f0082c793b0eb/out/build /opt/rustwide/target/release/build/whisper-rs-sys-fb3f0082c793b0eb/out/build/ggml/src /opt/rustwide/target/release/build/whisper-rs-sys-fb3f0082c793b0eb/out/build/ggml/src/CMakeFiles/ggml-base.dir/DependInfo.cmake "--color=" ggml-base
[INFO] [stderr]   gmake[2]: Leaving directory '/opt/rustwide/target/release/build/whisper-rs-sys-fb3f0082c793b0eb/out/build'
[INFO] [stderr]   /usr/bin/gmake  -f ggml/src/CMakeFiles/ggml-base.dir/build.make ggml/src/CMakeFiles/ggml-base.dir/build
[INFO] [stderr]   gmake[2]: Entering directory '/opt/rustwide/target/release/build/whisper-rs-sys-fb3f0082c793b0eb/out/build'
[INFO] [stderr]   [  3%] Building CXX object ggml/src/CMakeFiles/ggml-base.dir/ggml-backend.cpp.o
[INFO] [stderr]   [  7%] Building CXX object ggml/src/CMakeFiles/ggml-base.dir/ggml-opt.cpp.o
[INFO] [stderr]   [ 10%] Building C object ggml/src/CMakeFiles/ggml-base.dir/ggml-quants.c.o
[INFO] [stderr]   cd /opt/rustwide/target/release/build/whisper-rs-sys-fb3f0082c793b0eb/out/build/ggml/src && /usr/bin/c++ -DGGML_COMMIT=\"\" -DGGML_SCHED_MAX_COPIES=4 -DGGML_VERSION=\"0.0.\" -D_GNU_SOURCE -D_XOPEN_SOURCE=600 -I/opt/rustwide/target/release/build/whisper-rs-sys-fb3f0082c793b0eb/out/whisper.cpp/ggml/src/. -I/opt/rustwide/target/release/build/whisper-rs-sys-fb3f0082c793b0eb/out/whisper.cpp/ggml/src/../include -ffunction-sections -fdata-sections -fPIC -m64 -O3 -DNDEBUG -std=gnu++17 -MD -MT ggml/src/CMakeFiles/ggml-base.dir/ggml-opt.cpp.o -MF CMakeFiles/ggml-base.dir/ggml-opt.cpp.o.d -o CMakeFiles/ggml-base.dir/ggml-opt.cpp.o -c /opt/rustwide/target/release/build/whisper-rs-sys-fb3f0082c793b0eb/out/whisper.cpp/ggml/src/ggml-opt.cpp
[INFO] [stderr]   cd /opt/rustwide/target/release/build/whisper-rs-sys-fb3f0082c793b0eb/out/build/ggml/src && /usr/bin/c++ -DGGML_COMMIT=\"\" -DGGML_SCHED_MAX_COPIES=4 -DGGML_VERSION=\"0.0.\" -D_GNU_SOURCE -D_XOPEN_SOURCE=600 -I/opt/rustwide/target/release/build/whisper-rs-sys-fb3f0082c793b0eb/out/whisper.cpp/ggml/src/. -I/opt/rustwide/target/release/build/whisper-rs-sys-fb3f0082c793b0eb/out/whisper.cpp/ggml/src/../include -ffunction-sections -fdata-sections -fPIC -m64 -O3 -DNDEBUG -std=gnu++17 -MD -MT ggml/src/CMakeFiles/ggml-base.dir/ggml-backend.cpp.o -MF CMakeFiles/ggml-base.dir/ggml-backend.cpp.o.d -o CMakeFiles/ggml-base.dir/ggml-backend.cpp.o -c /opt/rustwide/target/release/build/whisper-rs-sys-fb3f0082c793b0eb/out/whisper.cpp/ggml/src/ggml-backend.cpp
[INFO] [stderr]   cd /opt/rustwide/target/release/build/whisper-rs-sys-fb3f0082c793b0eb/out/build/ggml/src && /usr/bin/cc -DGGML_COMMIT=\"\" -DGGML_SCHED_MAX_COPIES=4 -DGGML_VERSION=\"0.0.\" -D_GNU_SOURCE -D_XOPEN_SOURCE=600 -I/opt/rustwide/target/release/build/whisper-rs-sys-fb3f0082c793b0eb/out/whisper.cpp/ggml/src/. -I/opt/rustwide/target/release/build/whisper-rs-sys-fb3f0082c793b0eb/out/whisper.cpp/ggml/src/../include -ffunction-sections -fdata-sections -fPIC -m64 -O3 -DNDEBUG -std=gnu11 -MD -MT ggml/src/CMakeFiles/ggml-base.dir/ggml-quants.c.o -MF CMakeFiles/ggml-base.dir/ggml-quants.c.o.d -o CMakeFiles/ggml-base.dir/ggml-quants.c.o -c /opt/rustwide/target/release/build/whisper-rs-sys-fb3f0082c793b0eb/out/whisper.cpp/ggml/src/ggml-quants.c
[INFO] [stderr]   [ 14%] Building CXX object ggml/src/CMakeFiles/ggml-base.dir/gguf.cpp.o
[INFO] [stderr]   cd /opt/rustwide/target/release/build/whisper-rs-sys-fb3f0082c793b0eb/out/build/ggml/src && /usr/bin/c++ -DGGML_COMMIT=\"\" -DGGML_SCHED_MAX_COPIES=4 -DGGML_VERSION=\"0.0.\" -D_GNU_SOURCE -D_XOPEN_SOURCE=600 -I/opt/rustwide/target/release/build/whisper-rs-sys-fb3f0082c793b0eb/out/whisper.cpp/ggml/src/. -I/opt/rustwide/target/release/build/whisper-rs-sys-fb3f0082c793b0eb/out/whisper.cpp/ggml/src/../include -ffunction-sections -fdata-sections -fPIC -m64 -O3 -DNDEBUG -std=gnu++17 -MD -MT ggml/src/CMakeFiles/ggml-base.dir/gguf.cpp.o -MF CMakeFiles/ggml-base.dir/gguf.cpp.o.d -o CMakeFiles/ggml-base.dir/gguf.cpp.o -c /opt/rustwide/target/release/build/whisper-rs-sys-fb3f0082c793b0eb/out/whisper.cpp/ggml/src/gguf.cpp
[INFO] [stderr]   [ 17%] Building CXX object ggml/src/CMakeFiles/ggml-base.dir/ggml.cpp.o
[INFO] [stderr]   [ 21%] Building C object ggml/src/CMakeFiles/ggml-base.dir/ggml.c.o
[INFO] [stderr]   cd /opt/rustwide/target/release/build/whisper-rs-sys-fb3f0082c793b0eb/out/build/ggml/src && /usr/bin/c++ -DGGML_COMMIT=\"\" -DGGML_SCHED_MAX_COPIES=4 -DGGML_VERSION=\"0.0.\" -D_GNU_SOURCE -D_XOPEN_SOURCE=600 -I/opt/rustwide/target/release/build/whisper-rs-sys-fb3f0082c793b0eb/out/whisper.cpp/ggml/src/. -I/opt/rustwide/target/release/build/whisper-rs-sys-fb3f0082c793b0eb/out/whisper.cpp/ggml/src/../include -ffunction-sections -fdata-sections -fPIC -m64 -O3 -DNDEBUG -std=gnu++17 -MD -MT ggml/src/CMakeFiles/ggml-base.dir/ggml.cpp.o -MF CMakeFiles/ggml-base.dir/ggml.cpp.o.d -o CMakeFiles/ggml-base.dir/ggml.cpp.o -c /opt/rustwide/target/release/build/whisper-rs-sys-fb3f0082c793b0eb/out/whisper.cpp/ggml/src/ggml.cpp
[INFO] [stderr]   cd /opt/rustwide/target/release/build/whisper-rs-sys-fb3f0082c793b0eb/out/build/ggml/src && /usr/bin/cc -DGGML_COMMIT=\"\" -DGGML_SCHED_MAX_COPIES=4 -DGGML_VERSION=\"0.0.\" -D_GNU_SOURCE -D_XOPEN_SOURCE=600 -I/opt/rustwide/target/release/build/whisper-rs-sys-fb3f0082c793b0eb/out/whisper.cpp/ggml/src/. -I/opt/rustwide/target/release/build/whisper-rs-sys-fb3f0082c793b0eb/out/whisper.cpp/ggml/src/../include -ffunction-sections -fdata-sections -fPIC -m64 -O3 -DNDEBUG -std=gnu11 -MD -MT ggml/src/CMakeFiles/ggml-base.dir/ggml.c.o -MF CMakeFiles/ggml-base.dir/ggml.c.o.d -o CMakeFiles/ggml-base.dir/ggml.c.o -c /opt/rustwide/target/release/build/whisper-rs-sys-fb3f0082c793b0eb/out/whisper.cpp/ggml/src/ggml.c
[INFO] [stderr]   [ 25%] Building CXX object ggml/src/CMakeFiles/ggml-base.dir/ggml-threading.cpp.o
[INFO] [stderr]   [ 28%] Building C object ggml/src/CMakeFiles/ggml-base.dir/ggml-alloc.c.o
[INFO] [stderr]   cd /opt/rustwide/target/release/build/whisper-rs-sys-fb3f0082c793b0eb/out/build/ggml/src && /usr/bin/c++ -DGGML_COMMIT=\"\" -DGGML_SCHED_MAX_COPIES=4 -DGGML_VERSION=\"0.0.\" -D_GNU_SOURCE -D_XOPEN_SOURCE=600 -I/opt/rustwide/target/release/build/whisper-rs-sys-fb3f0082c793b0eb/out/whisper.cpp/ggml/src/. -I/opt/rustwide/target/release/build/whisper-rs-sys-fb3f0082c793b0eb/out/whisper.cpp/ggml/src/../include -ffunction-sections -fdata-sections -fPIC -m64 -O3 -DNDEBUG -std=gnu++17 -MD -MT ggml/src/CMakeFiles/ggml-base.dir/ggml-threading.cpp.o -MF CMakeFiles/ggml-base.dir/ggml-threading.cpp.o.d -o CMakeFiles/ggml-base.dir/ggml-threading.cpp.o -c /opt/rustwide/target/release/build/whisper-rs-sys-fb3f0082c793b0eb/out/whisper.cpp/ggml/src/ggml-threading.cpp
[INFO] [stderr]   cd /opt/rustwide/target/release/build/whisper-rs-sys-fb3f0082c793b0eb/out/build/ggml/src && /usr/bin/cc -DGGML_COMMIT=\"\" -DGGML_SCHED_MAX_COPIES=4 -DGGML_VERSION=\"0.0.\" -D_GNU_SOURCE -D_XOPEN_SOURCE=600 -I/opt/rustwide/target/release/build/whisper-rs-sys-fb3f0082c793b0eb/out/whisper.cpp/ggml/src/. -I/opt/rustwide/target/release/build/whisper-rs-sys-fb3f0082c793b0eb/out/whisper.cpp/ggml/src/../include -ffunction-sections -fdata-sections -fPIC -m64 -O3 -DNDEBUG -std=gnu11 -MD -MT ggml/src/CMakeFiles/ggml-base.dir/ggml-alloc.c.o -MF CMakeFiles/ggml-base.dir/ggml-alloc.c.o.d -o CMakeFiles/ggml-base.dir/ggml-alloc.c.o -c /opt/rustwide/target/release/build/whisper-rs-sys-fb3f0082c793b0eb/out/whisper.cpp/ggml/src/ggml-alloc.c
[INFO] [stderr]   [ 32%] Linking CXX static library libggml-base.a
[INFO] [stderr]   cd /opt/rustwide/target/release/build/whisper-rs-sys-fb3f0082c793b0eb/out/build/ggml/src && /usr/bin/cmake -P CMakeFiles/ggml-base.dir/cmake_clean_target.cmake
[INFO] [stderr]   cd /opt/rustwide/target/release/build/whisper-rs-sys-fb3f0082c793b0eb/out/build/ggml/src && /usr/bin/cmake -E cmake_link_script CMakeFiles/ggml-base.dir/link.txt --verbose=1
[INFO] [stderr]   /usr/bin/ar qc libggml-base.a "CMakeFiles/ggml-base.dir/ggml.c.o" "CMakeFiles/ggml-base.dir/ggml.cpp.o" "CMakeFiles/ggml-base.dir/ggml-alloc.c.o" "CMakeFiles/ggml-base.dir/ggml-backend.cpp.o" "CMakeFiles/ggml-base.dir/ggml-opt.cpp.o" "CMakeFiles/ggml-base.dir/ggml-threading.cpp.o" "CMakeFiles/ggml-base.dir/ggml-quants.c.o" "CMakeFiles/ggml-base.dir/gguf.cpp.o"
[INFO] [stderr]   /usr/bin/ranlib libggml-base.a
[INFO] [stderr]   gmake[2]: Leaving directory '/opt/rustwide/target/release/build/whisper-rs-sys-fb3f0082c793b0eb/out/build'
[INFO] [stderr]   [ 32%] Built target ggml-base
[INFO] [stderr]   /usr/bin/gmake  -f ggml/src/CMakeFiles/ggml-cpu.dir/build.make ggml/src/CMakeFiles/ggml-cpu.dir/depend
[INFO] [stderr]   gmake[2]: Entering directory '/opt/rustwide/target/release/build/whisper-rs-sys-fb3f0082c793b0eb/out/build'
[INFO] [stderr]   cd /opt/rustwide/target/release/build/whisper-rs-sys-fb3f0082c793b0eb/out/build && /usr/bin/cmake -E cmake_depends "Unix Makefiles" /opt/rustwide/target/release/build/whisper-rs-sys-fb3f0082c793b0eb/out/whisper.cpp /opt/rustwide/target/release/build/whisper-rs-sys-fb3f0082c793b0eb/out/whisper.cpp/ggml/src /opt/rustwide/target/release/build/whisper-rs-sys-fb3f0082c793b0eb/out/build /opt/rustwide/target/release/build/whisper-rs-sys-fb3f0082c793b0eb/out/build/ggml/src /opt/rustwide/target/release/build/whisper-rs-sys-fb3f0082c793b0eb/out/build/ggml/src/CMakeFiles/ggml-cpu.dir/DependInfo.cmake "--color=" ggml-cpu
[INFO] [stderr]   gmake[2]: Leaving directory '/opt/rustwide/target/release/build/whisper-rs-sys-fb3f0082c793b0eb/out/build'
[INFO] [stderr]   /usr/bin/gmake  -f ggml/src/CMakeFiles/ggml-cpu.dir/build.make ggml/src/CMakeFiles/ggml-cpu.dir/build
[INFO] [stderr]   gmake[2]: Entering directory '/opt/rustwide/target/release/build/whisper-rs-sys-fb3f0082c793b0eb/out/build'
[INFO] [stderr]   [ 35%] Building C object ggml/src/CMakeFiles/ggml-cpu.dir/ggml-cpu/quants.c.o
[INFO] [stderr]   cd /opt/rustwide/target/release/build/whisper-rs-sys-fb3f0082c793b0eb/out/build/ggml/src && /usr/bin/cc -DGGML_SCHED_MAX_COPIES=4 -DGGML_USE_CPU_REPACK -D_GNU_SOURCE -D_XOPEN_SOURCE=600 -I/opt/rustwide/target/release/build/whisper-rs-sys-fb3f0082c793b0eb/out/whisper.cpp/ggml/src/.. -I/opt/rustwide/target/release/build/whisper-rs-sys-fb3f0082c793b0eb/out/whisper.cpp/ggml/src/. -I/opt/rustwide/target/release/build/whisper-rs-sys-fb3f0082c793b0eb/out/whisper.cpp/ggml/src/ggml-cpu -I/opt/rustwide/target/release/build/whisper-rs-sys-fb3f0082c793b0eb/out/whisper.cpp/ggml/src/../include -ffunction-sections -fdata-sections -fPIC -m64 -O3 -DNDEBUG -std=gnu11 -march=native -MD -MT ggml/src/CMakeFiles/ggml-cpu.dir/ggml-cpu/quants.c.o -MF CMakeFiles/ggml-cpu.dir/ggml-cpu/quants.c.o.d -o CMakeFiles/ggml-cpu.dir/ggml-cpu/quants.c.o -c /opt/rustwide/target/release/build/whisper-rs-sys-fb3f0082c793b0eb/out/whisper.cpp/ggml/src/ggml-cpu/quants.c
[INFO] [stderr]   [ 39%] Building CXX object ggml/src/CMakeFiles/ggml-cpu.dir/ggml-cpu/traits.cpp.o
[INFO] [stderr]   cd /opt/rustwide/target/release/build/whisper-rs-sys-fb3f0082c793b0eb/out/build/ggml/src && /usr/bin/c++ -DGGML_SCHED_MAX_COPIES=4 -DGGML_USE_CPU_REPACK -D_GNU_SOURCE -D_XOPEN_SOURCE=600 -I/opt/rustwide/target/release/build/whisper-rs-sys-fb3f0082c793b0eb/out/whisper.cpp/ggml/src/.. -I/opt/rustwide/target/release/build/whisper-rs-sys-fb3f0082c793b0eb/out/whisper.cpp/ggml/src/. -I/opt/rustwide/target/release/build/whisper-rs-sys-fb3f0082c793b0eb/out/whisper.cpp/ggml/src/ggml-cpu -I/opt/rustwide/target/release/build/whisper-rs-sys-fb3f0082c793b0eb/out/whisper.cpp/ggml/src/../include -ffunction-sections -fdata-sections -fPIC -m64 -O3 -DNDEBUG -std=gnu++17 -march=native -MD -MT ggml/src/CMakeFiles/ggml-cpu.dir/ggml-cpu/traits.cpp.o -MF CMakeFiles/ggml-cpu.dir/ggml-cpu/traits.cpp.o.d -o CMakeFiles/ggml-cpu.dir/ggml-cpu/traits.cpp.o -c /opt/rustwide/target/release/build/whisper-rs-sys-fb3f0082c793b0eb/out/whisper.cpp/ggml/src/ggml-cpu/traits.cpp
[INFO] [stderr]   [ 46%] Building CXX object ggml/src/CMakeFiles/ggml-cpu.dir/ggml-cpu/repack.cpp.o
[INFO] [stderr]   [ 50%] Building CXX object ggml/src/CMakeFiles/ggml-cpu.dir/ggml-cpu/hbm.cpp.o
[INFO] [stderr]   [ 50%] Building C object ggml/src/CMakeFiles/ggml-cpu.dir/ggml-cpu/ggml-cpu.c.o
[INFO] [stderr]   cd /opt/rustwide/target/release/build/whisper-rs-sys-fb3f0082c793b0eb/out/build/ggml/src && /usr/bin/c++ -DGGML_SCHED_MAX_COPIES=4 -DGGML_USE_CPU_REPACK -D_GNU_SOURCE -D_XOPEN_SOURCE=600 -I/opt/rustwide/target/release/build/whisper-rs-sys-fb3f0082c793b0eb/out/whisper.cpp/ggml/src/.. -I/opt/rustwide/target/release/build/whisper-rs-sys-fb3f0082c793b0eb/out/whisper.cpp/ggml/src/. -I/opt/rustwide/target/release/build/whisper-rs-sys-fb3f0082c793b0eb/out/whisper.cpp/ggml/src/ggml-cpu -I/opt/rustwide/target/release/build/whisper-rs-sys-fb3f0082c793b0eb/out/whisper.cpp/ggml/src/../include -ffunction-sections -fdata-sections -fPIC -m64 -O3 -DNDEBUG -std=gnu++17 -march=native -MD -MT ggml/src/CMakeFiles/ggml-cpu.dir/ggml-cpu/hbm.cpp.o -MF CMakeFiles/ggml-cpu.dir/ggml-cpu/hbm.cpp.o.d -o CMakeFiles/ggml-cpu.dir/ggml-cpu/hbm.cpp.o -c /opt/rustwide/target/release/build/whisper-rs-sys-fb3f0082c793b0eb/out/whisper.cpp/ggml/src/ggml-cpu/hbm.cpp
[INFO] [stderr]   [ 53%] Building CXX object ggml/src/CMakeFiles/ggml-cpu.dir/ggml-cpu/vec.cpp.o
[INFO] [stderr]   cd /opt/rustwide/target/release/build/whisper-rs-sys-fb3f0082c793b0eb/out/build/ggml/src && /usr/bin/c++ -DGGML_SCHED_MAX_COPIES=4 -DGGML_USE_CPU_REPACK -D_GNU_SOURCE -D_XOPEN_SOURCE=600 -I/opt/rustwide/target/release/build/whisper-rs-sys-fb3f0082c793b0eb/out/whisper.cpp/ggml/src/.. -I/opt/rustwide/target/release/build/whisper-rs-sys-fb3f0082c793b0eb/out/whisper.cpp/ggml/src/. -I/opt/rustwide/target/release/build/whisper-rs-sys-fb3f0082c793b0eb/out/whisper.cpp/ggml/src/ggml-cpu -I/opt/rustwide/target/release/build/whisper-rs-sys-fb3f0082c793b0eb/out/whisper.cpp/ggml/src/../include -ffunction-sections -fdata-sections -fPIC -m64 -O3 -DNDEBUG -std=gnu++17 -march=native -MD -MT ggml/src/CMakeFiles/ggml-cpu.dir/ggml-cpu/vec.cpp.o -MF CMakeFiles/ggml-cpu.dir/ggml-cpu/vec.cpp.o.d -o CMakeFiles/ggml-cpu.dir/ggml-cpu/vec.cpp.o -c /opt/rustwide/target/release/build/whisper-rs-sys-fb3f0082c793b0eb/out/whisper.cpp/ggml/src/ggml-cpu/vec.cpp
[INFO] [stderr]   [ 57%] Building CXX object ggml/src/CMakeFiles/ggml-cpu.dir/ggml-cpu/binary-ops.cpp.o
[INFO] [stderr]   cd /opt/rustwide/target/release/build/whisper-rs-sys-fb3f0082c793b0eb/out/build/ggml/src && /usr/bin/c++ -DGGML_SCHED_MAX_COPIES=4 -DGGML_USE_CPU_REPACK -D_GNU_SOURCE -D_XOPEN_SOURCE=600 -I/opt/rustwide/target/release/build/whisper-rs-sys-fb3f0082c793b0eb/out/whisper.cpp/ggml/src/.. -I/opt/rustwide/target/release/build/whisper-rs-sys-fb3f0082c793b0eb/out/whisper.cpp/ggml/src/. -I/opt/rustwide/target/release/build/whisper-rs-sys-fb3f0082c793b0eb/out/whisper.cpp/ggml/src/ggml-cpu -I/opt/rustwide/target/release/build/whisper-rs-sys-fb3f0082c793b0eb/out/whisper.cpp/ggml/src/../include -ffunction-sections -fdata-sections -fPIC -m64 -O3 -DNDEBUG -std=gnu++17 -march=native -MD -MT ggml/src/CMakeFiles/ggml-cpu.dir/ggml-cpu/repack.cpp.o -MF CMakeFiles/ggml-cpu.dir/ggml-cpu/repack.cpp.o.d -o CMakeFiles/ggml-cpu.dir/ggml-cpu/repack.cpp.o -c /opt/rustwide/target/release/build/whisper-rs-sys-fb3f0082c793b0eb/out/whisper.cpp/ggml/src/ggml-cpu/repack.cpp
[INFO] [stderr]   [ 60%] Building CXX object ggml/src/CMakeFiles/ggml-cpu.dir/ggml-cpu/unary-ops.cpp.o
[INFO] [stderr]   [ 64%] Building CXX object ggml/src/CMakeFiles/ggml-cpu.dir/ggml-cpu/ops.cpp.o
[INFO] [stderr]   cd /opt/rustwide/target/release/build/whisper-rs-sys-fb3f0082c793b0eb/out/build/ggml/src && /usr/bin/cc -DGGML_SCHED_MAX_COPIES=4 -DGGML_USE_CPU_REPACK -D_GNU_SOURCE -D_XOPEN_SOURCE=600 -I/opt/rustwide/target/release/build/whisper-rs-sys-fb3f0082c793b0eb/out/whisper.cpp/ggml/src/.. -I/opt/rustwide/target/release/build/whisper-rs-sys-fb3f0082c793b0eb/out/whisper.cpp/ggml/src/. -I/opt/rustwide/target/release/build/whisper-rs-sys-fb3f0082c793b0eb/out/whisper.cpp/ggml/src/ggml-cpu -I/opt/rustwide/target/release/build/whisper-rs-sys-fb3f0082c793b0eb/out/whisper.cpp/ggml/src/../include -ffunction-sections -fdata-sections -fPIC -m64 -O3 -DNDEBUG -std=gnu11 -march=native -MD -MT ggml/src/CMakeFiles/ggml-cpu.dir/ggml-cpu/ggml-cpu.c.o -MF CMakeFiles/ggml-cpu.dir/ggml-cpu/ggml-cpu.c.o.d -o CMakeFiles/ggml-cpu.dir/ggml-cpu/ggml-cpu.c.o -c /opt/rustwide/target/release/build/whisper-rs-sys-fb3f0082c793b0eb/out/whisper.cpp/ggml/src/ggml-cpu/ggml-cpu.c
[INFO] [stderr]   [ 67%] Building C object ggml/src/CMakeFiles/ggml-cpu.dir/ggml-cpu/arch/x86/quants.c.o
[INFO] [stderr]   cd /opt/rustwide/target/release/build/whisper-rs-sys-fb3f0082c793b0eb/out/build/ggml/src && /usr/bin/c++ -DGGML_SCHED_MAX_COPIES=4 -DGGML_USE_CPU_REPACK -D_GNU_SOURCE -D_XOPEN_SOURCE=600 -I/opt/rustwide/target/release/build/whisper-rs-sys-fb3f0082c793b0eb/out/whisper.cpp/ggml/src/.. -I/opt/rustwide/target/release/build/whisper-rs-sys-fb3f0082c793b0eb/out/whisper.cpp/ggml/src/. -I/opt/rustwide/target/release/build/whisper-rs-sys-fb3f0082c793b0eb/out/whisper.cpp/ggml/src/ggml-cpu -I/opt/rustwide/target/release/build/whisper-rs-sys-fb3f0082c793b0eb/out/whisper.cpp/ggml/src/../include -ffunction-sections -fdata-sections -fPIC -m64 -O3 -DNDEBUG -std=gnu++17 -march=native -MD -MT ggml/src/CMakeFiles/ggml-cpu.dir/ggml-cpu/binary-ops.cpp.o -MF CMakeFiles/ggml-cpu.dir/ggml-cpu/binary-ops.cpp.o.d -o CMakeFiles/ggml-cpu.dir/ggml-cpu/binary-ops.cpp.o -c /opt/rustwide/target/release/build/whisper-rs-sys-fb3f0082c793b0eb/out/whisper.cpp/ggml/src/ggml-cpu/binary-ops.cpp
[INFO] [stderr]   cd /opt/rustwide/target/release/build/whisper-rs-sys-fb3f0082c793b0eb/out/build/ggml/src && /usr/bin/c++ -DGGML_SCHED_MAX_COPIES=4 -DGGML_USE_CPU_REPACK -D_GNU_SOURCE -D_XOPEN_SOURCE=600 -I/opt/rustwide/target/release/build/whisper-rs-sys-fb3f0082c793b0eb/out/whisper.cpp/ggml/src/.. -I/opt/rustwide/target/release/build/whisper-rs-sys-fb3f0082c793b0eb/out/whisper.cpp/ggml/src/. -I/opt/rustwide/target/release/build/whisper-rs-sys-fb3f0082c793b0eb/out/whisper.cpp/ggml/src/ggml-cpu -I/opt/rustwide/target/release/build/whisper-rs-sys-fb3f0082c793b0eb/out/whisper.cpp/ggml/src/../include -ffunction-sections -fdata-sections -fPIC -m64 -O3 -DNDEBUG -std=gnu++17 -march=native -MD -MT ggml/src/CMakeFiles/ggml-cpu.dir/ggml-cpu/unary-ops.cpp.o -MF CMakeFiles/ggml-cpu.dir/ggml-cpu/unary-ops.cpp.o.d -o CMakeFiles/ggml-cpu.dir/ggml-cpu/unary-ops.cpp.o -c /opt/rustwide/target/release/build/whisper-rs-sys-fb3f0082c793b0eb/out/whisper.cpp/ggml/src/ggml-cpu/unary-ops.cpp
[INFO] [stderr]   cd /opt/rustwide/target/release/build/whisper-rs-sys-fb3f0082c793b0eb/out/build/ggml/src && /usr/bin/c++ -DGGML_SCHED_MAX_COPIES=4 -DGGML_USE_CPU_REPACK -D_GNU_SOURCE -D_XOPEN_SOURCE=600 -I/opt/rustwide/target/release/build/whisper-rs-sys-fb3f0082c793b0eb/out/whisper.cpp/ggml/src/.. -I/opt/rustwide/target/release/build/whisper-rs-sys-fb3f0082c793b0eb/out/whisper.cpp/ggml/src/. -I/opt/rustwide/target/release/build/whisper-rs-sys-fb3f0082c793b0eb/out/whisper.cpp/ggml/src/ggml-cpu -I/opt/rustwide/target/release/build/whisper-rs-sys-fb3f0082c793b0eb/out/whisper.cpp/ggml/src/../include -ffunction-sections -fdata-sections -fPIC -m64 -O3 -DNDEBUG -std=gnu++17 -march=native -MD -MT ggml/src/CMakeFiles/ggml-cpu.dir/ggml-cpu/ops.cpp.o -MF CMakeFiles/ggml-cpu.dir/ggml-cpu/ops.cpp.o.d -o CMakeFiles/ggml-cpu.dir/ggml-cpu/ops.cpp.o -c /opt/rustwide/target/release/build/whisper-rs-sys-fb3f0082c793b0eb/out/whisper.cpp/ggml/src/ggml-cpu/ops.cpp
[INFO] [stderr]   cd /opt/rustwide/target/release/build/whisper-rs-sys-fb3f0082c793b0eb/out/build/ggml/src && /usr/bin/cc -DGGML_SCHED_MAX_COPIES=4 -DGGML_USE_CPU_REPACK -D_GNU_SOURCE -D_XOPEN_SOURCE=600 -I/opt/rustwide/target/release/build/whisper-rs-sys-fb3f0082c793b0eb/out/whisper.cpp/ggml/src/.. -I/opt/rustwide/target/release/build/whisper-rs-sys-fb3f0082c793b0eb/out/whisper.cpp/ggml/src/. -I/opt/rustwide/target/release/build/whisper-rs-sys-fb3f0082c793b0eb/out/whisper.cpp/ggml/src/ggml-cpu -I/opt/rustwide/target/release/build/whisper-rs-sys-fb3f0082c793b0eb/out/whisper.cpp/ggml/src/../include -ffunction-sections -fdata-sections -fPIC -m64 -O3 -DNDEBUG -std=gnu11 -march=native -MD -MT ggml/src/CMakeFiles/ggml-cpu.dir/ggml-cpu/arch/x86/quants.c.o -MF CMakeFiles/ggml-cpu.dir/ggml-cpu/arch/x86/quants.c.o.d -o CMakeFiles/ggml-cpu.dir/ggml-cpu/arch/x86/quants.c.o -c /opt/rustwide/target/release/build/whisper-rs-sys-fb3f0082c793b0eb/out/whisper.cpp/ggml/src/ggml-cpu/arch/x86/quants.c
[INFO] [stderr]   [ 75%] Building CXX object ggml/src/CMakeFiles/ggml-cpu.dir/ggml-cpu/amx/mmq.cpp.o
[INFO] [stderr]   cd /opt/rustwide/target/release/build/whisper-rs-sys-fb3f0082c793b0eb/out/build/ggml/src && /usr/bin/c++ -DGGML_SCHED_MAX_COPIES=4 -DGGML_USE_CPU_REPACK -D_GNU_SOURCE -D_XOPEN_SOURCE=600 -I/opt/rustwide/target/release/build/whisper-rs-sys-fb3f0082c793b0eb/out/whisper.cpp/ggml/src/.. -I/opt/rustwide/target/release/build/whisper-rs-sys-fb3f0082c793b0eb/out/whisper.cpp/ggml/src/. -I/opt/rustwide/target/release/build/whisper-rs-sys-fb3f0082c793b0eb/out/whisper.cpp/ggml/src/ggml-cpu -I/opt/rustwide/target/release/build/whisper-rs-sys-fb3f0082c793b0eb/out/whisper.cpp/ggml/src/../include -ffunction-sections -fdata-sections -fPIC -m64 -O3 -DNDEBUG -std=gnu++17 -march=native -MD -MT ggml/src/CMakeFiles/ggml-cpu.dir/ggml-cpu/amx/mmq.cpp.o -MF CMakeFiles/ggml-cpu.dir/ggml-cpu/amx/mmq.cpp.o.d -o CMakeFiles/ggml-cpu.dir/ggml-cpu/amx/mmq.cpp.o -c /opt/rustwide/target/release/build/whisper-rs-sys-fb3f0082c793b0eb/out/whisper.cpp/ggml/src/ggml-cpu/amx/mmq.cpp
[INFO] [stderr]   [ 75%] Building CXX object ggml/src/CMakeFiles/ggml-cpu.dir/ggml-cpu/amx/amx.cpp.o
[INFO] [stderr]   [ 78%] Building CXX object ggml/src/CMakeFiles/ggml-cpu.dir/ggml-cpu/arch/x86/repack.cpp.o
[INFO] [stderr]   cd /opt/rustwide/target/release/build/whisper-rs-sys-fb3f0082c793b0eb/out/build/ggml/src && /usr/bin/c++ -DGGML_SCHED_MAX_COPIES=4 -DGGML_USE_CPU_REPACK -D_GNU_SOURCE -D_XOPEN_SOURCE=600 -I/opt/rustwide/target/release/build/whisper-rs-sys-fb3f0082c793b0eb/out/whisper.cpp/ggml/src/.. -I/opt/rustwide/target/release/build/whisper-rs-sys-fb3f0082c793b0eb/out/whisper.cpp/ggml/src/. -I/opt/rustwide/target/release/build/whisper-rs-sys-fb3f0082c793b0eb/out/whisper.cpp/ggml/src/ggml-cpu -I/opt/rustwide/target/release/build/whisper-rs-sys-fb3f0082c793b0eb/out/whisper.cpp/ggml/src/../include -ffunction-sections -fdata-sections -fPIC -m64 -O3 -DNDEBUG -std=gnu++17 -march=native -MD -MT ggml/src/CMakeFiles/ggml-cpu.dir/ggml-cpu/amx/amx.cpp.o -MF CMakeFiles/ggml-cpu.dir/ggml-cpu/amx/amx.cpp.o.d -o CMakeFiles/ggml-cpu.dir/ggml-cpu/amx/amx.cpp.o -c /opt/rustwide/target/release/build/whisper-rs-sys-fb3f0082c793b0eb/out/whisper.cpp/ggml/src/ggml-cpu/amx/amx.cpp
[INFO] [stderr]   cd /opt/rustwide/target/release/build/whisper-rs-sys-fb3f0082c793b0eb/out/build/ggml/src && /usr/bin/c++ -DGGML_SCHED_MAX_COPIES=4 -DGGML_USE_CPU_REPACK -D_GNU_SOURCE -D_XOPEN_SOURCE=600 -I/opt/rustwide/target/release/build/whisper-rs-sys-fb3f0082c793b0eb/out/whisper.cpp/ggml/src/.. -I/opt/rustwide/target/release/build/whisper-rs-sys-fb3f0082c793b0eb/out/whisper.cpp/ggml/src/. -I/opt/rustwide/target/release/build/whisper-rs-sys-fb3f0082c793b0eb/out/whisper.cpp/ggml/src/ggml-cpu -I/opt/rustwide/target/release/build/whisper-rs-sys-fb3f0082c793b0eb/out/whisper.cpp/ggml/src/../include -ffunction-sections -fdata-sections -fPIC -m64 -O3 -DNDEBUG -std=gnu++17 -march=native -MD -MT ggml/src/CMakeFiles/ggml-cpu.dir/ggml-cpu/arch/x86/repack.cpp.o -MF CMakeFiles/ggml-cpu.dir/ggml-cpu/arch/x86/repack.cpp.o.d -o CMakeFiles/ggml-cpu.dir/ggml-cpu/arch/x86/repack.cpp.o -c /opt/rustwide/target/release/build/whisper-rs-sys-fb3f0082c793b0eb/out/whisper.cpp/ggml/src/ggml-cpu/arch/x86/repack.cpp
[INFO] [stderr]   [ 82%] Building CXX object ggml/src/CMakeFiles/ggml-cpu.dir/ggml-cpu/ggml-cpu.cpp.o
[INFO] [stderr]   cd /opt/rustwide/target/release/build/whisper-rs-sys-fb3f0082c793b0eb/out/build/ggml/src && /usr/bin/c++ -DGGML_SCHED_MAX_COPIES=4 -DGGML_USE_CPU_REPACK -D_GNU_SOURCE -D_XOPEN_SOURCE=600 -I/opt/rustwide/target/release/build/whisper-rs-sys-fb3f0082c793b0eb/out/whisper.cpp/ggml/src/.. -I/opt/rustwide/target/release/build/whisper-rs-sys-fb3f0082c793b0eb/out/whisper.cpp/ggml/src/. -I/opt/rustwide/target/release/build/whisper-rs-sys-fb3f0082c793b0eb/out/whisper.cpp/ggml/src/ggml-cpu -I/opt/rustwide/target/release/build/whisper-rs-sys-fb3f0082c793b0eb/out/whisper.cpp/ggml/src/../include -ffunction-sections -fdata-sections -fPIC -m64 -O3 -DNDEBUG -std=gnu++17 -march=native -MD -MT ggml/src/CMakeFiles/ggml-cpu.dir/ggml-cpu/ggml-cpu.cpp.o -MF CMakeFiles/ggml-cpu.dir/ggml-cpu/ggml-cpu.cpp.o.d -o CMakeFiles/ggml-cpu.dir/ggml-cpu/ggml-cpu.cpp.o -c /opt/rustwide/target/release/build/whisper-rs-sys-fb3f0082c793b0eb/out/whisper.cpp/ggml/src/ggml-cpu/ggml-cpu.cpp
[INFO] [stderr]   gmake[2]: Leaving directory '/opt/rustwide/target/release/build/whisper-rs-sys-fb3f0082c793b0eb/out/build'
[INFO] [stderr]   gmake[1]: Leaving directory '/opt/rustwide/target/release/build/whisper-rs-sys-fb3f0082c793b0eb/out/build'
[INFO] [stderr] 
[INFO] [stderr] 
[INFO] [stderr]   --- stderr
[INFO] [stderr]   error: 'rustfmt' is not installed for the toolchain '1.98.0-beta.8-x86_64-unknown-linux-gnu'.
[INFO] [stderr]   help: run `rustup component add --toolchain 1.98.0-beta.8-x86_64-unknown-linux-gnu rustfmt` to install it
[INFO] [stderr]   Failed to run rustfmt: Internal rustfmt error (non-fatal, continuing)
[INFO] [stderr]   CMake Deprecation Warning at CMakeLists.txt:1 (cmake_minimum_required):
[INFO] [stderr]     Compatibility with CMake < 3.10 will be removed from a future version of
[INFO] [stderr]     CMake.
[INFO] [stderr] 
[INFO] [stderr]     Update the VERSION argument <min> value.  Or, use the <min>...<max> syntax
[INFO] [stderr]     to tell CMake that the project requires at least <min> but has been updated
[INFO] [stderr]     to work with policies introduced by <max> or earlier.
[INFO] [stderr] 
[INFO] [stderr] 
[INFO] [stderr]      Called from: [1]	/opt/rustwide/target/release/build/whisper-rs-sys-fb3f0082c793b0eb/out/whisper.cpp/CMakeLists.txt
[INFO] [stderr]   CMake Warning (dev) at /usr/share/cmake-4.2/Modules/CMakeDetermineCompiler.cmake:128 (set):
[INFO] [stderr]     Policy CMP0126 is not set: set(CACHE) does not remove a normal variable of
[INFO] [stderr]     the same name.  Run "cmake --help-policy CMP0126" for policy details.  Use
[INFO] [stderr]     the cmake_policy command to set the policy and suppress this warning.
[INFO] [stderr] 
[INFO] [stderr]     For compatibility with older versions of CMake, normal variable
[INFO] [stderr]     "CMAKE_C_COMPILER" will be removed from the current scope.
[INFO] [stderr]   Call Stack (most recent call first):
[INFO] [stderr]     /usr/share/cmake-4.2/Modules/CMakeDetermineCCompiler.cmake:67 (_cmake_find_compiler_path)
[INFO] [stderr]     CMakeLists.txt:2 (project)
[INFO] [stderr]   This warning is for project developers.  Use -Wno-dev to suppress it.
[INFO] [stderr] 
[INFO] [stderr]      Called from: [3]	/opt/rustwide/target/release/build/whisper-rs-sys-fb3f0082c793b0eb/out/whisper.cpp/CMakeLists.txt
[INFO] [stderr]                   [2]	/usr/share/cmake-4.2/Modules/CMakeDetermineCCompiler.cmake
[INFO] [stderr]                   [1]	/usr/share/cmake-4.2/Modules/CMakeDetermineCompiler.cmake
[INFO] [stderr]   CMake Warning (dev) at /usr/share/cmake-4.2/Modules/CMakeDetermineCompiler.cmake:128 (set):
[INFO] [stderr]     Policy CMP0126 is not set: set(CACHE) does not remove a normal variable of
[INFO] [stderr]     the same name.  Run "cmake --help-policy CMP0126" for policy details.  Use
[INFO] [stderr]     the cmake_policy command to set the policy and suppress this warning.
[INFO] [stderr] 
[INFO] [stderr]     For compatibility with older versions of CMake, normal variable
[INFO] [stderr]     "CMAKE_CXX_COMPILER" will be removed from the current scope.
[INFO] [stderr]   Call Stack (most recent call first):
[INFO] [stderr]     /usr/share/cmake-4.2/Modules/CMakeDetermineCXXCompiler.cmake:71 (_cmake_find_compiler_path)
[INFO] [stderr]     CMakeLists.txt:2 (project)
[INFO] [stderr]   This warning is for project developers.  Use -Wno-dev to suppress it.
[INFO] [stderr] 
[INFO] [stderr]      Called from: [3]	/opt/rustwide/target/release/build/whisper-rs-sys-fb3f0082c793b0eb/out/whisper.cpp/CMakeLists.txt
[INFO] [stderr]                   [2]	/usr/share/cmake-4.2/Modules/CMakeDetermineCXXCompiler.cmake
[INFO] [stderr]                   [1]	/usr/share/cmake-4.2/Modules/CMakeDetermineCompiler.cmake
[INFO] [stderr]   CMake Warning (dev) at /usr/share/cmake-4.2/Modules/CMakeFindBinUtils.cmake:243 (find_program):
[INFO] [stderr]     Policy CMP0126 is not set: set(CACHE) does not remove a normal variable of
[INFO] [stderr]     the same name.  Run "cmake --help-policy CMP0126" for policy details.  Use
[INFO] [stderr]     the cmake_policy command to set the policy and suppress this warning.
[INFO] [stderr] 
[INFO] [stderr]     For compatibility with older versions of CMake, normal variable
[INFO] [stderr]     "CMAKE_TAPI" will be removed from the current scope.
[INFO] [stderr]   Call Stack (most recent call first):
[INFO] [stderr]     /usr/share/cmake-4.2/Modules/CMakeDetermineCXXCompiler.cmake:206 (include)
[INFO] [stderr]     CMakeLists.txt:2 (project)
[INFO] [stderr]   This warning is for project developers.  Use -Wno-dev to suppress it.
[INFO] [stderr] 
[INFO] [stderr]      Called from: [3]	/opt/rustwide/target/release/build/whisper-rs-sys-fb3f0082c793b0eb/out/whisper.cpp/CMakeLists.txt
[INFO] [stderr]                   [2]	/usr/share/cmake-4.2/Modules/CMakeDetermineCXXCompiler.cmake
[INFO] [stderr]                   [1]	/usr/share/cmake-4.2/Modules/CMakeFindBinUtils.cmake
[INFO] [stderr]   CMake Warning (dev) at /usr/share/cmake-4.2/Modules/CMakeDetermineCompilerABI.cmake:83 (try_compile):
[INFO] [stderr]     Policy CMP0066 is not set: Honor per-config flags in try_compile()
[INFO] [stderr]     source-file signature.  Run "cmake --help-policy CMP0066" for policy
[INFO] [stderr]     details.  Use the cmake_policy command to set the policy and suppress this
[INFO] [stderr]     warning.
[INFO] [stderr] 
[INFO] [stderr]     For compatibility with older versions of CMake, try_compile is not honoring
[INFO] [stderr]     caller config-specific compiler flags (e.g.  CMAKE_C_FLAGS_DEBUG) in the
[INFO] [stderr]     test project.
[INFO] [stderr]   Call Stack (most recent call first):
[INFO] [stderr]     /usr/share/cmake-4.2/Modules/CMakeTestCCompiler.cmake:26 (CMAKE_DETERMINE_COMPILER_ABI)
[INFO] [stderr]     CMakeLists.txt:2 (project)
[INFO] [stderr]   This warning is for project developers.  Use -Wno-dev to suppress it.
[INFO] [stderr] 
[INFO] [stderr]      Called from: [3]	/opt/rustwide/target/release/build/whisper-rs-sys-fb3f0082c793b0eb/out/whisper.cpp/CMakeLists.txt
[INFO] [stderr]                   [2]	/usr/share/cmake-4.2/Modules/CMakeTestCCompiler.cmake
[INFO] [stderr]                   [1]	/usr/share/cmake-4.2/Modules/CMakeDetermineCompilerABI.cmake
[INFO] [stderr]   CMake Warning (dev) at /usr/share/cmake-4.2/Modules/CMakeDetermineCompilerABI.cmake:83 (try_compile):
[INFO] [stderr]     Policy CMP0066 is not set: Honor per-config flags in try_compile()
[INFO] [stderr]     source-file signature.  Run "cmake --help-policy CMP0066" for policy
[INFO] [stderr]     details.  Use the cmake_policy command to set the policy and suppress this
[INFO] [stderr]     warning.
[INFO] [stderr] 
[INFO] [stderr]     For compatibility with older versions of CMake, try_compile is not honoring
[INFO] [stderr]     caller config-specific compiler flags (e.g.  CMAKE_C_FLAGS_DEBUG) in the
[INFO] [stderr]     test project.
[INFO] [stderr]   Call Stack (most recent call first):
[INFO] [stderr]     /usr/share/cmake-4.2/Modules/CMakeTestCXXCompiler.cmake:26 (CMAKE_DETERMINE_COMPILER_ABI)
[INFO] [stderr]     CMakeLists.txt:2 (project)
[INFO] [stderr]   This warning is for project developers.  Use -Wno-dev to suppress it.
[INFO] [stderr] 
[INFO] [stderr]      Called from: [3]	/opt/rustwide/target/release/build/whisper-rs-sys-fb3f0082c793b0eb/out/whisper.cpp/CMakeLists.txt
[INFO] [stderr]                   [2]	/usr/share/cmake-4.2/Modules/CMakeTestCXXCompiler.cmake
[INFO] [stderr]                   [1]	/usr/share/cmake-4.2/Modules/CMakeDetermineCompilerABI.cmake
[INFO] [stderr]   fatal: not a git repository (or any parent up to mount point /opt/rustwide)
[INFO] [stderr]   Stopping at filesystem boundary (GIT_DISCOVERY_ACROSS_FILESYSTEM not set).
[INFO] [stderr]   fatal: not a git repository (or any parent up to mount point /opt/rustwide)
[INFO] [stderr]   Stopping at filesystem boundary (GIT_DISCOVERY_ACROSS_FILESYSTEM not set).
[INFO] [stderr]      Entering             /opt/rustwide/target/release/build/whisper-rs-sys-fb3f0082c793b0eb/out/whisper.cpp/ggml
[INFO] [stderr]      Called from: [1]	/opt/rustwide/target/release/build/whisper-rs-sys-fb3f0082c793b0eb/out/whisper.cpp/CMakeLists.txt
[INFO] [stderr]      Entering             /opt/rustwide/target/release/build/whisper-rs-sys-fb3f0082c793b0eb/out/whisper.cpp/ggml/src
[INFO] [stderr]      Called from: [1]	/opt/rustwide/target/release/build/whisper-rs-sys-fb3f0082c793b0eb/out/whisper.cpp/ggml/CMakeLists.txt
[INFO] [stderr]      Entering             /opt/rustwide/target/release/build/whisper-rs-sys-fb3f0082c793b0eb/out/whisper.cpp/ggml/src/ggml-cpu
[INFO] [stderr]      Called from: [2]	/opt/rustwide/target/release/build/whisper-rs-sys-fb3f0082c793b0eb/out/whisper.cpp/ggml/src/CMakeLists.txt
[INFO] [stderr]                   [1]	/opt/rustwide/target/release/build/whisper-rs-sys-fb3f0082c793b0eb/out/whisper.cpp/ggml/src/CMakeLists.txt
[INFO] [stderr]      Returning to         /opt/rustwide/target/release/build/whisper-rs-sys-fb3f0082c793b0eb/out/whisper.cpp/ggml/src
[INFO] [stderr]      Called from: [2]	/opt/rustwide/target/release/build/whisper-rs-sys-fb3f0082c793b0eb/out/whisper.cpp/ggml/src/CMakeLists.txt
[INFO] [stderr]                   [1]	/opt/rustwide/target/release/build/whisper-rs-sys-fb3f0082c793b0eb/out/whisper.cpp/ggml/src/CMakeLists.txt
[INFO] [stderr]      Returning to         /opt/rustwide/target/release/build/whisper-rs-sys-fb3f0082c793b0eb/out/whisper.cpp/ggml
[INFO] [stderr]      Called from: [1]	/opt/rustwide/target/release/build/whisper-rs-sys-fb3f0082c793b0eb/out/whisper.cpp/ggml/CMakeLists.txt
[INFO] [stderr]   fatal: not a git repository (or any parent up to mount point /opt/rustwide)
[INFO] [stderr]   Stopping at filesystem boundary (GIT_DISCOVERY_ACROSS_FILESYSTEM not set).
[INFO] [stderr]   fatal: not a git repository (or any parent up to mount point /opt/rustwide)
[INFO] [stderr]   Stopping at filesystem boundary (GIT_DISCOVERY_ACROSS_FILESYSTEM not set).
[INFO] [stderr]      Returning to         /opt/rustwide/target/release/build/whisper-rs-sys-fb3f0082c793b0eb/out/whisper.cpp
[INFO] [stderr]      Called from: [1]	/opt/rustwide/target/release/build/whisper-rs-sys-fb3f0082c793b0eb/out/whisper.cpp/CMakeLists.txt
[INFO] [stderr]      Entering             /opt/rustwide/target/release/build/whisper-rs-sys-fb3f0082c793b0eb/out/whisper.cpp/src
[INFO] [stderr]      Called from: [1]	/opt/rustwide/target/release/build/whisper-rs-sys-fb3f0082c793b0eb/out/whisper.cpp/CMakeLists.txt
[INFO] [stderr]      Returning to         /opt/rustwide/target/release/build/whisper-rs-sys-fb3f0082c793b0eb/out/whisper.cpp
[INFO] [stderr]      Called from: [1]	/opt/rustwide/target/release/build/whisper-rs-sys-fb3f0082c793b0eb/out/whisper.cpp/CMakeLists.txt
[INFO] [stderr]   CMake Warning (dev) in ggml/CMakeLists.txt:
[INFO] [stderr]     Policy CMP0200 is not set: Location and configuration selection for
[INFO] [stderr]     imported targets is more consistent.  Run "cmake --help-policy CMP0200" for
[INFO] [stderr]     policy details.  Use the cmake_policy command to set the policy and
[INFO] [stderr]     suppress this warning.
[INFO] [stderr] 
[INFO] [stderr]     Configuration selection for imported target "Threads::Threads" selected
[INFO] [stderr]     configuration "(none)", but would select configuration "RELEASE" under the
[INFO] [stderr]     NEW policy.
[INFO] [stderr] 
[INFO] [stderr]   This warning is for project developers.  Use -Wno-dev to suppress it.
[INFO] [stderr] 
[INFO] [stderr]   CMake Warning (dev) in CMakeLists.txt:
[INFO] [stderr]     Policy CMP0082 is not set: Install rules from add_subdirectory() are
[INFO] [stderr]     interleaved with those in caller.  Run "cmake --help-policy CMP0082" for
[INFO] [stderr]     policy details.  Use the cmake_policy command to set the policy and
[INFO] [stderr]     suppress this warning.
[INFO] [stderr] 
[INFO] [stderr]   This warning is for project developers.  Use -Wno-dev to suppress it.
[INFO] [stderr] 
[INFO] [stderr]      Called from: [1]	/opt/rustwide/target/release/build/whisper-rs-sys-fb3f0082c793b0eb/out/whisper.cpp/CMakeLists.txt
[INFO] [stderr]   CMake Warning (dev) at ggml/src/CMakeLists.txt:190 (add_library):
[INFO] [stderr]     Policy CMP0156 is not set: De-duplicate libraries on link lines based on
[INFO] [stderr]     linker capabilities.  Run "cmake --help-policy CMP0156" for policy details.
[INFO] [stderr]     Use the cmake_policy command to set the policy and suppress this warning.
[INFO] [stderr] 
[INFO] [stderr]     Since the policy is not set, legacy libraries de-duplication strategy will
[INFO] [stderr]     be applied.
[INFO] [stderr]   This warning is for project developers.  Use -Wno-dev to suppress it.
[INFO] [stderr] 
[INFO] [stderr]      Called from: [1]	/opt/rustwide/target/release/build/whisper-rs-sys-fb3f0082c793b0eb/out/whisper.cpp/ggml/src/CMakeLists.txt
[INFO] [stderr]   CMake Warning (dev) at ggml/src/CMakeLists.txt:243 (add_library):
[INFO] [stderr]     Policy CMP0156 is not set: De-duplicate libraries on link lines based on
[INFO] [stderr]     linker capabilities.  Run "cmake --help-policy CMP0156" for policy details.
[INFO] [stderr]     Use the cmake_policy command to set the policy and suppress this warning.
[INFO] [stderr] 
[INFO] [stderr]     Since the policy is not set, legacy libraries de-duplication strategy will
[INFO] [stderr]     be applied.
[INFO] [stderr]   Call Stack (most recent call first):
[INFO] [stderr]     ggml/src/ggml-cpu/CMakeLists.txt:22 (ggml_add_backend_library)
[INFO] [stderr]     ggml/src/CMakeLists.txt:372 (ggml_add_cpu_backend_variant_impl)
[INFO] [stderr]   This warning is for project developers.  Use -Wno-dev to suppress it.
[INFO] [stderr] 
[INFO] [stderr]      Called from: [1]	/opt/rustwide/target/release/build/whisper-rs-sys-fb3f0082c793b0eb/out/whisper.cpp/ggml/src/CMakeLists.txt
[INFO] [stderr]   CMake Warning (dev) at ggml/src/CMakeLists.txt:213 (add_library):
[INFO] [stderr]     Policy CMP0156 is not set: De-duplicate libraries on link lines based on
[INFO] [stderr]     linker capabilities.  Run "cmake --help-policy CMP0156" for policy details.
[INFO] [stderr]     Use the cmake_policy command to set the policy and suppress this warning.
[INFO] [stderr] 
[INFO] [stderr]     Since the policy is not set, legacy libraries de-duplication strategy will
[INFO] [stderr]     be applied.
[INFO] [stderr]   This warning is for project developers.  Use -Wno-dev to suppress it.
[INFO] [stderr] 
[INFO] [stderr]      Called from: [1]	/opt/rustwide/target/release/build/whisper-rs-sys-fb3f0082c793b0eb/out/whisper.cpp/ggml/src/CMakeLists.txt
[INFO] [stderr]   CMake Warning (dev) at src/CMakeLists.txt:105 (add_library):
[INFO] [stderr]     Policy CMP0156 is not set: De-duplicate libraries on link lines based on
[INFO] [stderr]     linker capabilities.  Run "cmake --help-policy CMP0156" for policy details.
[INFO] [stderr]     Use the cmake_policy command to set the policy and suppress this warning.
[INFO] [stderr] 
[INFO] [stderr]     Since the policy is not set, legacy libraries de-duplication strategy will
[INFO] [stderr]     be applied.
[INFO] [stderr]   This warning is for project developers.  Use -Wno-dev to suppress it.
[INFO] [stderr] 
[INFO] [stderr]      Called from: [1]	/opt/rustwide/target/release/build/whisper-rs-sys-fb3f0082c793b0eb/out/whisper.cpp/src/CMakeLists.txt
[INFO] [stderr]   CMake Warning:
[INFO] [stderr]     Manually-specified variables were not used by the project:
[INFO] [stderr] 
[INFO] [stderr]       CMAKE_ASM_COMPILER
[INFO] [stderr]       CMAKE_ASM_FLAGS
[INFO] [stderr] 
[INFO] [stderr] 
[INFO] [stderr]   c++: fatal error: Killed signal terminated program cc1plus
[INFO] [stderr]   compilation terminated.
[INFO] [stderr]   gmake[2]: *** [ggml/src/CMakeFiles/ggml-cpu.dir/build.make:236: ggml/src/CMakeFiles/ggml-cpu.dir/ggml-cpu/ops.cpp.o] Error 1
[INFO] [stderr]   gmake[2]: *** Waiting for unfinished jobs....
[INFO] [stderr]   c++: fatal error: Killed signal terminated program cc1plus
[INFO] [stderr]   compilation terminated.
[INFO] [stderr]   gmake[2]: *** [ggml/src/CMakeFiles/ggml-cpu.dir/build.make:166: ggml/src/CMakeFiles/ggml-cpu.dir/ggml-cpu/amx/amx.cpp.o] Error 1
[INFO] [stderr]   c++: fatal error: Killed signal terminated program cc1plus
[INFO] [stderr]   compilation terminated.
[INFO] [stderr]   gmake[2]: *** [ggml/src/CMakeFiles/ggml-cpu.dir/build.make:208: ggml/src/CMakeFiles/ggml-cpu.dir/ggml-cpu/unary-ops.cpp.o] Error 1
[INFO] [stderr]   gmake[1]: *** [CMakeFiles/Makefile2:244: ggml/src/CMakeFiles/ggml-cpu.dir/all] Error 2
[INFO] [stderr]   gmake: *** [Makefile:139: all] Error 2
[INFO] [stderr] 
[INFO] [stderr]   thread 'main' (1882) panicked at /opt/rustwide/cargo-home/registry/src/index.crates.io-1949cf8c6b5b557f/cmake-0.1.54/src/lib.rs:1119:5:
[INFO] [stderr] 
[INFO] [stderr]   command did not execute successfully, got: exit status: 2
[INFO] [stderr] 
[INFO] [stderr]   build script failed, must exit now
[INFO] [stderr]   stack backtrace:
[INFO] [stderr]      0:     0x5a30fe426651 - <<std[97b98282bc616a66]::sys::backtrace::BacktraceLock>::print::DisplayBacktrace as core[832e9a552fc17241]::fmt::Display>::fmt
[INFO] [stderr]      1:     0x5a30fe43e18a - core[832e9a552fc17241]::fmt::write
[INFO] [stderr]      2:     0x5a30fe42cb8c - <std[97b98282bc616a66]::sys::stdio::unix::Stderr as std[97b98282bc616a66]::io::Write>::write_fmt
[INFO] [stderr]      3:     0x5a30fe404cf6 - std[97b98282bc616a66]::panicking::default_hook::{closure#0}
[INFO] [stderr]      4:     0x5a30fe41f361 - std[97b98282bc616a66]::panicking::default_hook
[INFO] [stderr]      5:     0x5a30fe41f68b - std[97b98282bc616a66]::panicking::panic_with_hook
[INFO] [stderr]      6:     0x5a30fe404da2 - std[97b98282bc616a66]::panicking::panic_handler::{closure#0}
[INFO] [stderr]      7:     0x5a30fe3fc509 - std[97b98282bc616a66]::sys::backtrace::__rust_end_short_backtrace::<std[97b98282bc616a66]::panicking::panic_handler::{closure#0}, !>
[INFO] [stderr]      8:     0x5a30fe40559d - __rustc[e3d8617bb01b7f69]::rust_begin_unwind
[INFO] [stderr]      9:     0x5a30fe43e9ac - core[832e9a552fc17241]::panicking::panic_fmt
[INFO] [stderr]     10:     0x5a30fde8b9e7 - cmake[51abf49a66f8c6ae]::fail
[INFO] [stderr]     11:     0x5a30fde8b673 - cmake[51abf49a66f8c6ae]::run
[INFO] [stderr]     12:     0x5a30fde9154b - <cmake[51abf49a66f8c6ae]::Config>::build
[INFO] [stderr]     13:     0x5a30fde79cd8 - build_script_build[f8cb4a7e26e2a0d5]::main
[INFO] [stderr]     14:     0x5a30fde7cb23 - <fn() as core[832e9a552fc17241]::ops::function::FnOnce<()>>::call_once
[INFO] [stderr]     15:     0x5a30fde77d46 - std[97b98282bc616a66]::sys::backtrace::__rust_begin_short_backtrace::<fn(), ()>
[INFO] [stderr]     16:     0x5a30fde77f89 - std[97b98282bc616a66]::rt::lang_start::<()>::{closure#0}
[INFO] [stderr]     17:     0x5a30fe41e557 - std[97b98282bc616a66]::rt::lang_start_internal
[INFO] [stderr]     18:     0x5a30fde77d31 - std[97b98282bc616a66]::rt::lang_start::<()>
[INFO] [stderr]     19:     0x5a30fde7cef5 - main
[INFO] [stderr]     20:     0x7e8a6158a601 - <unknown>
[INFO] [stderr]     21:     0x7e8a6158a718 - __libc_start_main
[INFO] [stderr]     22:     0x5a30fde715b5 - _start
[INFO] [stderr]     23:                0x0 - <unknown>
[INFO] running `Command { std: "docker" "inspect" "17315fed1d3f6758b9aeb2b91366e81e881d4d3b113a5f03b41f305dc6f3946f", kill_on_drop: false }`
[INFO] running `Command { std: "docker" "rm" "-f" "17315fed1d3f6758b9aeb2b91366e81e881d4d3b113a5f03b41f305dc6f3946f", kill_on_drop: false }`
[INFO] [stdout] 17315fed1d3f6758b9aeb2b91366e81e881d4d3b113a5f03b41f305dc6f3946f
