[INFO] cloning repository https://github.com/mcmah309/llama_link
[INFO] running `Command { std: "git" "-c" "credential.helper=" "-c" "credential.helper=/workspace/cargo-home/bin/git-credential-null" "clone" "--bare" "https://github.com/mcmah309/llama_link" "/workspace/cache/git-repos/https%3A%2F%2Fgithub.com%2Fmcmah309%2Fllama_link", kill_on_drop: false }`
[INFO] [stderr] Cloning into bare repository '/workspace/cache/git-repos/https%3A%2F%2Fgithub.com%2Fmcmah309%2Fllama_link'...
[INFO] running `Command { std: "git" "rev-parse" "HEAD", kill_on_drop: false }`
[INFO] [stdout] dc5b62a8c319f064cdc7677eee4ff48bb6a690a8
[INFO] testing mcmah309/llama_link/dc5b62a8c319f064cdc7677eee4ff48bb6a690a8 against 1.98.0-beta.8+cargoflags=--release for beta-release-1.99-2
[INFO] running `Command { std: "git" "clone" "/workspace/cache/git-repos/https%3A%2F%2Fgithub.com%2Fmcmah309%2Fllama_link" "/workspace/builds/worker-6-tc1/source", kill_on_drop: false }`
[INFO] [stderr] Cloning into '/workspace/builds/worker-6-tc1/source'...
[INFO] [stderr] done.
[INFO] started tweaking git repo https://github.com/mcmah309/llama_link
[INFO] finished tweaking git repo https://github.com/mcmah309/llama_link
[INFO] tweaked toml for git repo https://github.com/mcmah309/llama_link written to /workspace/builds/worker-6-tc1/source/Cargo.toml
[INFO] validating manifest of git repo https://github.com/mcmah309/llama_link on toolchain 1.98.0-beta.8
[INFO] running `Command { std: CARGO_HOME="/workspace/cargo-home" RUSTUP_HOME="/workspace/rustup-home" "/workspace/cargo-home/bin/cargo" "+1.98.0-beta.8" "metadata" "--manifest-path" "Cargo.toml" "--no-deps", kill_on_drop: false }`
[INFO] crate git repo https://github.com/mcmah309/llama_link already has a lockfile, it will not be regenerated
[INFO] running `Command { std: CARGO_HOME="/workspace/cargo-home" RUSTUP_HOME="/workspace/rustup-home" "/workspace/cargo-home/bin/cargo" "+1.98.0-beta.8" "fetch" "--manifest-path" "Cargo.toml", kill_on_drop: false }`
[INFO] [stderr]     Updating crates.io index
[INFO] [stderr]  Downloading crates ...
[INFO] [stderr]   Downloaded tokio-macros v2.4.0
[INFO] [stderr]   Downloaded proc-macro2 v1.0.92
[INFO] [stderr]   Downloaded pin-project-lite v0.2.15
[INFO] [stderr]   Downloaded dyn-clone v1.0.17
[INFO] [stderr]   Downloaded wasm-bindgen-macro v0.2.99
[INFO] [stderr]   Downloaded llmtoolbox v0.3.1
[INFO] [stderr]   Downloaded windows-registry v0.2.0
[INFO] [stderr]   Downloaded wasm-bindgen-futures v0.4.49
[INFO] [stderr]   Downloaded zerofrom v0.1.5
[INFO] [stderr]   Downloaded wasm-bindgen-shared v0.2.99
[INFO] [stderr]   Downloaded ref-cast v1.0.23
[INFO] [stderr]   Downloaded zerofrom-derive v0.1.5
[INFO] [stderr]   Downloaded itoa v1.0.14
[INFO] [stderr]   Downloaded ref-cast-impl v1.0.23
[INFO] [stderr]   Downloaded indices v0.3.6
[INFO] [stderr]   Downloaded litemap v0.7.4
[INFO] [stderr]   Downloaded wasm-bindgen-backend v0.2.99
[INFO] [stderr]   Downloaded llmtool v0.3.1
[INFO] [stderr]   Downloaded error_set v0.8.2
[INFO] [stderr]   Downloaded rustversion v1.0.18
[INFO] [stderr]   Downloaded redox_syscall v0.5.8
[INFO] [stderr]   Downloaded reqwest-eventsource v0.6.0
[INFO] [stderr]   Downloaded wasm-bindgen-macro-support v0.2.99
[INFO] [stderr]   Downloaded security-framework-sys v2.12.1
[INFO] [stderr]   Downloaded tokio-rustls v0.26.1
[INFO] [stderr]   Downloaded schemars_derive v1.0.0-alpha.17
[INFO] [stderr]   Downloaded error_set_impl v0.8.2
[INFO] [stderr]   Downloaded hyper-rustls v0.27.3
[INFO] [stderr]   Downloaded tempfile v3.14.0
[INFO] [stderr]   Downloaded ipnet v2.10.1
[INFO] [stderr]   Downloaded wasm-bindgen v0.2.99
[INFO] [stderr]   Downloaded bon v3.3.0
[INFO] [stderr]   Downloaded socket2 v0.5.8
[INFO] [stderr]   Downloaded js-sys v0.3.76
[INFO] [stderr]   Downloaded prettyplease v0.2.25
[INFO] [stderr]   Downloaded rustls-pki-types v1.10.1
[INFO] [stderr]   Downloaded bon-macros v3.3.0
[INFO] [stderr]   Downloaded bytes v1.9.0
[INFO] [stderr]   Downloaded serde_derive v1.0.216
[INFO] [stderr]   Downloaded serde v1.0.216
[INFO] [stderr]   Downloaded schemars v1.0.0-alpha.17
[INFO] [stderr]   Downloaded hyper-util v0.1.10
[INFO] [stderr]   Downloaded indexmap v2.7.0
[INFO] [stderr]   Downloaded cc v1.2.4
[INFO] [stderr]   Downloaded tokio-util v0.7.13
[INFO] [stderr]   Downloaded http v1.2.0
[INFO] [stderr]   Downloaded serde_json v1.0.133
[INFO] [stderr]   Downloaded hyper v1.5.1
[INFO] [stderr]   Downloaded h2 v0.4.7
[INFO] [stderr]   Downloaded syn v2.0.90
[INFO] [stderr]   Downloaded reqwest v0.12.9
[INFO] [stderr]   Downloaded rustls-webpki v0.102.8
[INFO] [stderr]   Downloaded rustls v0.23.20
[INFO] [stderr]   Downloaded rustix v0.38.42
[INFO] [stderr]   Downloaded web-sys v0.3.76
[INFO] [stderr]   Downloaded tokio v1.42.0
[INFO] [stderr]   Downloaded libc v0.2.168
[INFO] [stderr]   Downloaded ring v0.17.8
[INFO] running `Command { std: "docker" "create" "-v" "/var/lib/crater-agent-workspace/builds/worker-6-tc1/source:/opt/rustwide/workdir:ro,Z" "-v" "/var/lib/crater-agent-workspace/builds/worker-6-tc1/target:/opt/rustwide/target:rw,Z" "-v" "/var/lib/crater-agent-workspace/cargo-home:/opt/rustwide/cargo-home:ro,Z" "-v" "/var/lib/crater-agent-workspace/rustup-home:/opt/rustwide/rustup-home:ro,Z" "-m" "1610612736" "--network" "none" "ghcr.io/rust-lang/crates-build-env/linux@sha256:8683fc1fc2eb5c9ac98e0d076ab094b2ffac7f99da555d2b6a2e27f346de2ec7" "sleep" "infinity", kill_on_drop: false }`
[INFO] [stdout] 9796b1359f931438174b7d58cc13899a89faf480577488165b747ba93cfad02d
[INFO] running `Command { std: "docker" "start" "9796b1359f931438174b7d58cc13899a89faf480577488165b747ba93cfad02d", kill_on_drop: false }`
[INFO] running `Command { std: "docker" "inspect" "9796b1359f931438174b7d58cc13899a89faf480577488165b747ba93cfad02d", kill_on_drop: false }`
[INFO] running `Command { std: "docker" "exec" "-e" "SOURCE_DIR=/opt/rustwide/workdir" "-e" "CARGO_HOME=/opt/rustwide/cargo-home" "-e" "RUSTUP_HOME=/opt/rustwide/rustup-home" "-e" "CARGO_TARGET_DIR=/opt/rustwide/target" "-w" "/opt/rustwide/workdir" "--user" "0:0" "9796b1359f931438174b7d58cc13899a89faf480577488165b747ba93cfad02d" "/opt/rustwide/cargo-home/bin/cargo" "+1.98.0-beta.8" "metadata" "--no-deps" "--format-version=1", kill_on_drop: false }`
[INFO] running `Command { std: "docker" "inspect" "9796b1359f931438174b7d58cc13899a89faf480577488165b747ba93cfad02d", kill_on_drop: false }`
[INFO] running `Command { std: "docker" "exec" "-e" "SOURCE_DIR=/opt/rustwide/workdir" "-e" "CARGO_HOME=/opt/rustwide/cargo-home" "-e" "RUSTUP_HOME=/opt/rustwide/rustup-home" "-e" "CARGO_TARGET_DIR=/opt/rustwide/target" "-e" "CARGO_INCREMENTAL=0" "-e" "RUST_BACKTRACE=full" "-e" "RUSTFLAGS=--cap-lints=warn" "-e" "RUSTDOCFLAGS=--cap-lints=warn" "-w" "/opt/rustwide/workdir" "--user" "0:0" "9796b1359f931438174b7d58cc13899a89faf480577488165b747ba93cfad02d" "/opt/rustwide/cargo-home/bin/cargo" "+1.98.0-beta.8" "build" "--frozen" "--message-format=json" "--release", kill_on_drop: false }`
[INFO] [stderr]    Compiling proc-macro2 v1.0.92
[INFO] [stderr]    Compiling unicode-ident v1.0.14
[INFO] [stderr]    Compiling libc v0.2.168
[INFO] [stderr]    Compiling smallvec v1.13.2
[INFO] [stderr]    Compiling pin-project-lite v0.2.15
[INFO] [stderr]    Compiling itoa v1.0.14
[INFO] [stderr]    Compiling parking_lot_core v0.9.10
[INFO] [stderr]    Compiling once_cell v1.20.2
[INFO] [stderr]    Compiling bytes v1.9.0
[INFO] [stderr]    Compiling futures-core v0.3.31
[INFO] [stderr]    Compiling vcpkg v0.2.15
[INFO] [stderr]    Compiling lock_api v0.4.12
[INFO] [stderr]    Compiling cc v1.2.4
[INFO] [stderr]    Compiling pkg-config v0.3.31
[INFO] [stderr]    Compiling litemap v0.7.4
[INFO] [stderr]    Compiling writeable v0.5.5
[INFO] [stderr]    Compiling slab v0.4.9
[INFO] [stderr]    Compiling icu_locid_transform_data v1.5.0
[INFO] [stderr]    Compiling serde v1.0.216
[INFO] [stderr]    Compiling hashbrown v0.15.2
[INFO] [stderr]    Compiling foreign-types-shared v0.1.1
[INFO] [stderr]    Compiling futures-sink v0.3.31
[INFO] [stderr]    Compiling httparse v1.9.5
[INFO] [stderr]    Compiling openssl v0.10.68
[INFO] [stderr]    Compiling tracing-core v0.1.33
[INFO] [stderr]    Compiling memchr v2.7.4
[INFO] [stderr]    Compiling icu_properties_data v1.5.0
[INFO] [stderr]    Compiling futures-task v0.3.31
[INFO] [stderr]    Compiling equivalent v1.0.1
[INFO] [stderr]    Compiling futures-util v0.3.31
[INFO] [stderr]    Compiling foreign-types v0.3.2
[INFO] [stderr]    Compiling utf16_iter v1.0.5
[INFO] [stderr]    Compiling serde_json v1.0.133
[INFO] [stderr]    Compiling write16 v1.0.0
[INFO] [stderr]    Compiling native-tls v0.2.12
[INFO] [stderr]    Compiling ryu v1.0.18
[INFO] [stderr]    Compiling atomic-waker v1.1.2
[INFO] [stderr]    Compiling icu_normalizer_data v1.5.0
[INFO] [stderr]    Compiling bitflags v2.6.0
[INFO] [stderr]    Compiling try-lock v0.2.5
[INFO] [stderr]    Compiling futures-channel v0.3.31
[INFO] [stderr]    Compiling log v0.4.22
[INFO] [stderr]    Compiling want v0.3.1
[INFO] [stderr]    Compiling quote v1.0.37
[INFO] [stderr]    Compiling openssl-probe v0.1.5
[INFO] [stderr]    Compiling percent-encoding v2.3.1
[INFO] [stderr]    Compiling tower-service v0.3.3
[INFO] [stderr]    Compiling prettyplease v0.2.25
[INFO] [stderr]    Compiling signal-hook-registry v1.4.2
[INFO] [stderr]    Compiling syn v2.0.90
[INFO] [stderr]    Compiling socket2 v0.5.8
[INFO] [stderr]    Compiling mio v1.0.3
[INFO] [stderr]    Compiling indexmap v2.7.0
[INFO] [stderr]    Compiling form_urlencoded v1.2.1
[INFO] [stderr]    Compiling parking_lot v0.12.3
[INFO] [stderr]    Compiling http v1.2.0
[INFO] [stderr]    Compiling rustversion v1.0.18
[INFO] [stderr]    Compiling regex-syntax v0.8.5
[INFO] [stderr]    Compiling rustls-pki-types v1.10.1
[INFO] [stderr]    Compiling aho-corasick v1.1.3
[INFO] [stderr]    Compiling ref-cast v1.0.23
[INFO] [stderr]    Compiling indices v0.3.6
[INFO] [stderr]    Compiling openssl-sys v0.9.104
[INFO] [stderr]    Compiling minimal-lexical v0.2.1
[INFO] [stderr]    Compiling sync_wrapper v1.0.2
[INFO] [stderr]    Compiling encoding_rs v0.8.35
[INFO] [stderr]    Compiling mime v0.3.17
[INFO] [stderr]    Compiling rustls-pemfile v2.2.0
[INFO] [stderr]    Compiling ipnet v2.10.1
[INFO] [stderr]    Compiling nom v7.1.3
[INFO] [stderr]    Compiling dyn-clone v1.0.17
[INFO] [stderr]    Compiling futures-timer v3.0.3
[INFO] [stderr]    Compiling http-body v1.0.1
[INFO] [stderr]    Compiling http-body-util v0.1.2
[INFO] [stderr]    Compiling regex-automata v0.4.9
[INFO] [stderr]    Compiling eventsource-stream v0.2.3
[INFO] [stderr]    Compiling regex v1.11.1
[INFO] [stderr]    Compiling synstructure v0.13.1
[INFO] [stderr]    Compiling darling_core v0.20.10
[INFO] [stderr]    Compiling serde_derive_internals v0.29.1
[INFO] [stderr]    Compiling zerofrom-derive v0.1.5
[INFO] [stderr]    Compiling yoke-derive v0.7.5
[INFO] [stderr]    Compiling zerovec-derive v0.10.3
[INFO] [stderr]    Compiling displaydoc v0.2.5
[INFO] [stderr]    Compiling tokio-macros v2.4.0
[INFO] [stderr]    Compiling tracing-attributes v0.1.28
[INFO] [stderr]    Compiling icu_provider_macros v1.5.0
[INFO] [stderr]    Compiling serde_derive v1.0.216
[INFO] [stderr]    Compiling openssl-macros v0.1.1
[INFO] [stderr]    Compiling error_set_impl v0.8.2
[INFO] [stderr]    Compiling thiserror-impl v1.0.69
[INFO] [stderr]    Compiling ref-cast-impl v1.0.23
[INFO] [stderr]    Compiling llmtool v0.3.1
[INFO] [stderr]    Compiling tokio v1.42.0
[INFO] [stderr]    Compiling schemars_derive v1.0.0-alpha.17
[INFO] [stderr]    Compiling zerofrom v0.1.5
[INFO] [stderr]    Compiling yoke v0.7.5
[INFO] [stderr]    Compiling tracing v0.1.41
[INFO] [stderr]    Compiling thiserror v1.0.69
[INFO] [stderr]    Compiling zerovec v0.10.4
[INFO] [stderr]    Compiling error_set v0.8.2
[INFO] [stderr]    Compiling darling_macro v0.20.10
[INFO] [stderr]    Compiling darling v0.20.10
[INFO] [stderr]    Compiling bon-macros v3.3.0
[INFO] [stderr]    Compiling tinystr v0.7.6
[INFO] [stderr]    Compiling icu_collections v1.5.0
[INFO] [stderr]    Compiling icu_locid v1.5.0
[INFO] [stderr]    Compiling icu_provider v1.5.0
[INFO] [stderr]    Compiling icu_locid_transform v1.5.0
[INFO] [stderr]    Compiling icu_properties v1.5.1
[INFO] [stderr]    Compiling bon v3.3.0
[INFO] [stderr]    Compiling serde_urlencoded v0.7.1
[INFO] [stderr]    Compiling tokio-util v0.7.13
[INFO] [stderr]    Compiling tokio-native-tls v0.3.1
[INFO] [stderr]    Compiling tokio-stream v0.1.17
[INFO] [stderr]    Compiling icu_normalizer v1.5.0
[INFO] [stderr]    Compiling h2 v0.4.7
[INFO] [stderr]    Compiling llmtoolbox v0.3.1
[INFO] [stderr]    Compiling schemars v1.0.0-alpha.17
[INFO] [stderr]    Compiling idna_adapter v1.2.0
[INFO] [stderr]    Compiling idna v1.0.3
[INFO] [stderr]    Compiling url v2.5.4
[INFO] [stderr]    Compiling hyper v1.5.1
[INFO] [stderr]    Compiling hyper-util v0.1.10
[INFO] [stderr]    Compiling hyper-tls v0.6.0
[INFO] [stderr]    Compiling reqwest v0.12.9
[INFO] [stderr]    Compiling reqwest-eventsource v0.6.0
[INFO] [stderr]    Compiling llama_link v0.2.1 (/opt/rustwide/workdir)
[INFO] [stderr]     Finished `release` profile [optimized] target(s) in 39.76s
[INFO] running `Command { std: "docker" "inspect" "9796b1359f931438174b7d58cc13899a89faf480577488165b747ba93cfad02d", kill_on_drop: false }`
[INFO] running `Command { std: "docker" "exec" "-e" "SOURCE_DIR=/opt/rustwide/workdir" "-e" "CARGO_HOME=/opt/rustwide/cargo-home" "-e" "RUSTUP_HOME=/opt/rustwide/rustup-home" "-e" "CARGO_TARGET_DIR=/opt/rustwide/target" "-e" "CARGO_INCREMENTAL=0" "-e" "RUST_BACKTRACE=full" "-e" "RUSTFLAGS=--cap-lints=warn" "-e" "RUSTDOCFLAGS=--cap-lints=warn" "-w" "/opt/rustwide/workdir" "--user" "0:0" "9796b1359f931438174b7d58cc13899a89faf480577488165b747ba93cfad02d" "/opt/rustwide/cargo-home/bin/cargo" "+1.98.0-beta.8" "test" "--frozen" "--no-run" "--message-format=json" "--release", kill_on_drop: false }`
[INFO] [stderr]    Compiling llama_link v0.2.1 (/opt/rustwide/workdir)
[INFO] [stderr]     Finished `release` profile [optimized] target(s) in 4.79s
[INFO] running `Command { std: "docker" "inspect" "9796b1359f931438174b7d58cc13899a89faf480577488165b747ba93cfad02d", kill_on_drop: false }`
[INFO] running `Command { std: "docker" "exec" "-e" "SOURCE_DIR=/opt/rustwide/workdir" "-e" "CARGO_HOME=/opt/rustwide/cargo-home" "-e" "RUSTUP_HOME=/opt/rustwide/rustup-home" "-e" "CARGO_TARGET_DIR=/opt/rustwide/target" "-e" "CARGO_INCREMENTAL=0" "-e" "RUST_BACKTRACE=full" "-e" "RUSTFLAGS=--cap-lints=warn" "-e" "RUSTDOCFLAGS=--cap-lints=warn" "-w" "/opt/rustwide/workdir" "--user" "0:0" "9796b1359f931438174b7d58cc13899a89faf480577488165b747ba93cfad02d" "/opt/rustwide/cargo-home/bin/cargo" "+1.98.0-beta.8" "test" "--frozen" "--release", kill_on_drop: false }`
[INFO] [stderr]     Finished `release` profile [optimized] target(s) in 0.21s
[INFO] [stderr]      Running unittests src/lib.rs (/opt/rustwide/target/release/deps/llama_link-2a3b29bc229d7fe6)
[INFO] [stdout] 
[INFO] [stdout] running 0 tests
[INFO] [stdout] 
[INFO] [stdout] test result: ok. 0 passed; 0 failed; 0 ignored; 0 measured; 0 filtered out; finished in 0.00s
[INFO] [stdout] 
[INFO] [stderr]      Running tests/mod.rs (/opt/rustwide/target/release/deps/mod-292c677a4b27618a)
[INFO] [stdout] 
[INFO] [stdout] running 3 tests
[INFO] [stdout] test toolbox::function_call ... FAILED
[INFO] [stdout] test normal::completion_stream ... FAILED
[INFO] [stdout] test normal::completion ... FAILED
[INFO] [stdout] 
[INFO] [stdout] failures:
[INFO] [stdout] 
[INFO] [stdout] ---- toolbox::function_call stdout ----
[INFO] [stdout] Schema: {
[INFO] [stdout]   "$schema": "http://json-schema.org/draft-07/schema#",
[INFO] [stdout]   "oneOf": [
[INFO] [stdout]     {
[INFO] [stdout]       "description": "\"This\"",
[INFO] [stdout]       "properties": {
[INFO] [stdout]         "function_name": {
[INFO] [stdout]           "const": "greet"
[INFO] [stdout]         },
[INFO] [stdout]         "parameters": {
[INFO] [stdout]           "properties": {
[INFO] [stdout]             "greeting": {
[INFO] [stdout]               "description": "descr",
[INFO] [stdout]               "type": "string"
[INFO] [stdout]             }
[INFO] [stdout]           },
[INFO] [stdout]           "required": [
[INFO] [stdout]             "greeting"
[INFO] [stdout]           ],
[INFO] [stdout]           "type": "object"
[INFO] [stdout]         }
[INFO] [stdout]       },
[INFO] [stdout]       "required": [
[INFO] [stdout]         "function_name",
[INFO] [stdout]         "parameters"
[INFO] [stdout]       ],
[INFO] [stdout]       "type": "object"
[INFO] [stdout]     },
[INFO] [stdout]     {
[INFO] [stdout]       "description": "\"func descrip\"",
[INFO] [stdout]       "properties": {
[INFO] [stdout]         "function_name": {
[INFO] [stdout]           "const": "talk"
[INFO] [stdout]         },
[INFO] [stdout]         "parameters": {
[INFO] [stdout]           "properties": {
[INFO] [stdout]             "topic": {
[INFO] [stdout]               "description": "field description",
[INFO] [stdout]               "properties": {
[INFO] [stdout]                 "opinion": {
[INFO] [stdout]                   "type": "string"
[INFO] [stdout]                 },
[INFO] [stdout]                 "topic": {
[INFO] [stdout]                   "type": "string"
[INFO] [stdout]                 }
[INFO] [stdout]               },
[INFO] [stdout]               "required": [
[INFO] [stdout]                 "topic",
[INFO] [stdout]                 "opinion"
[INFO] [stdout]               ],
[INFO] [stdout]               "type": "object"
[INFO] [stdout]             }
[INFO] [stdout]           },
[INFO] [stdout]           "required": [
[INFO] [stdout]             "topic"
[INFO] [stdout]           ],
[INFO] [stdout]           "type": "object"
[INFO] [stdout]         }
[INFO] [stdout]       },
[INFO] [stdout]       "required": [
[INFO] [stdout]         "function_name",
[INFO] [stdout]         "parameters"
[INFO] [stdout]       ],
[INFO] [stdout]       "type": "object"
[INFO] [stdout]     }
[INFO] [stdout]   ]
[INFO] [stdout] }
[INFO] [stdout] 
[INFO] [stdout] thread 'toolbox::function_call' (2838) panicked at tests/mod.rs:106:27:
[INFO] [stdout] ApiError: An error occurred related to calling llama.cpp: error sending request for url (http://127.0.0.1:3756/completion)
[INFO] [stdout] stack backtrace:
[INFO] [stdout]    0:     0x5eeed230d8f1 - <<std[97b98282bc616a66]::sys::backtrace::BacktraceLock>::print::DisplayBacktrace as core[832e9a552fc17241]::fmt::Display>::fmt
[INFO] [stdout]    1:     0x5eeed232329a - core[832e9a552fc17241]::fmt::write
[INFO] [stdout]    2:     0x5eeed231246c - <alloc[3ecab9f82c41dc7d]::vec::Vec<u8> as std[97b98282bc616a66]::io::Write>::write_fmt
[INFO] [stdout]    3:     0x5eeed22eaa76 - std[97b98282bc616a66]::panicking::default_hook::{closure#0}
[INFO] [stdout]    4:     0x5eeed2305169 - std[97b98282bc616a66]::panicking::default_hook
[INFO] [stdout]    5:     0x5eeed214aeb0 - test[39766f3d73431624]::test_main_inner::<test[39766f3d73431624]::test_main_static::{closure#0}>::{closure#0}
[INFO] [stdout]    6:     0x5eeed2305492 - std[97b98282bc616a66]::panicking::panic_with_hook
[INFO] [stdout]    7:     0x5eeed22eab22 - std[97b98282bc616a66]::panicking::panic_handler::{closure#0}
[INFO] [stdout]    8:     0x5eeed22e2159 - std[97b98282bc616a66]::sys::backtrace::__rust_end_short_backtrace::<std[97b98282bc616a66]::panicking::panic_handler::{closure#0}, !>
[INFO] [stdout]    9:     0x5eeed22eb9ad - __rustc[e3d8617bb01b7f69]::rust_begin_unwind
[INFO] [stdout]   10:     0x5eeed23239fc - core[832e9a552fc17241]::panicking::panic_fmt
[INFO] [stdout]   11:     0x5eeed211361e - core[832e9a552fc17241]::panicking::panic_display::<llama_link[173f9b11e434337]::errors::FunctionCallError>
[INFO] [stdout]   12:     0x5eeed211514d - mod[b63a691bdee9f6bb]::toolbox::function_call::{closure#0}
[INFO] [stdout]   13:     0x5eeed2121d33 - <tokio[82349ee926a34f7d]::runtime::scheduler::current_thread::Context>::enter::<core[832e9a552fc17241]::task::poll::Poll<()>, <tokio[82349ee926a34f7d]::runtime::scheduler::current_thread::CoreGuard>::block_on<core[832e9a552fc17241]::pin::Pin<&mut core[832e9a552fc17241]::pin::Pin<&mut dyn core[832e9a552fc17241]::future::future::Future<Output = ()>>>>::{closure#0}::{closure#0}>
[INFO] [stdout]   14:     0x5eeed2126b9f - <std[97b98282bc616a66]::thread::local::LocalKey<tokio[82349ee926a34f7d]::runtime::context::Context>>::with::<tokio[82349ee926a34f7d]::runtime::context::set_scheduler<(alloc[3ecab9f82c41dc7d]::boxed::Box<tokio[82349ee926a34f7d]::runtime::scheduler::current_thread::Core>, core[832e9a552fc17241]::option::Option<()>), <tokio[82349ee926a34f7d]::runtime::scheduler::current_thread::CoreGuard>::enter<<tokio[82349ee926a34f7d]::runtime::scheduler::current_thread::CoreGuard>::block_on<core[832e9a552fc17241]::pin::Pin<&mut core[832e9a552fc17241]::pin::Pin<&mut dyn core[832e9a552fc17241]::future::future::Future<Output = ()>>>>::{closure#0}, core[832e9a552fc17241]::option::Option<()>>::{closure#0}>::{closure#0}, (alloc[3ecab9f82c41dc7d]::boxed::Box<tokio[82349ee926a34f7d]::runtime::scheduler::current_thread::Core>, core[832e9a552fc17241]::option::Option<()>)>
[INFO] [stdout]   15:     0x5eeed2122067 - <tokio[82349ee926a34f7d]::runtime::scheduler::current_thread::CoreGuard>::block_on::<core[832e9a552fc17241]::pin::Pin<&mut core[832e9a552fc17241]::pin::Pin<&mut dyn core[832e9a552fc17241]::future::future::Future<Output = ()>>>>
[INFO] [stdout]   16:     0x5eeed2125712 - tokio[82349ee926a34f7d]::runtime::context::runtime::enter_runtime::<<tokio[82349ee926a34f7d]::runtime::scheduler::current_thread::CurrentThread>::block_on<core[832e9a552fc17241]::pin::Pin<&mut dyn core[832e9a552fc17241]::future::future::Future<Output = ()>>>::{closure#0}, ()>
[INFO] [stdout]   17:     0x5eeed2126845 - <tokio[82349ee926a34f7d]::runtime::runtime::Runtime>::block_on::<core[832e9a552fc17241]::pin::Pin<&mut dyn core[832e9a552fc17241]::future::future::Future<Output = ()>>>
[INFO] [stdout]   18:     0x5eeed21160cb - mod[b63a691bdee9f6bb]::toolbox::function_call
[INFO] [stdout]   19:     0x5eeed21286d9 - <mod[b63a691bdee9f6bb]::toolbox::function_call::{closure#0} as core[832e9a552fc17241]::ops::function::FnOnce<()>>::call_once
[INFO] [stdout]   20:     0x5eeed213e1eb - test[39766f3d73431624]::__rust_begin_short_backtrace::<core[832e9a552fc17241]::result::Result<(), alloc[3ecab9f82c41dc7d]::string::String>, fn() -> core[832e9a552fc17241]::result::Result<(), alloc[3ecab9f82c41dc7d]::string::String>>
[INFO] [stdout]   21:     0x5eeed214b835 - test[39766f3d73431624]::run_test::{closure#0}
[INFO] [stdout]   22:     0x5eeed21462e4 - std[97b98282bc616a66]::sys::backtrace::__rust_begin_short_backtrace::<test[39766f3d73431624]::run_test::{closure#1}, ()>
[INFO] [stdout]   23:     0x5eeed214e982 - <std[97b98282bc616a66]::thread::lifecycle::spawn_unchecked<test[39766f3d73431624]::run_test::{closure#1}, ()>::{closure#1} as core[832e9a552fc17241]::ops::function::FnOnce<()>>::call_once::{shim:vtable#0}
[INFO] [stdout]   24:     0x5eeed230cdcf - <std[97b98282bc616a66]::sys::thread::unix::Thread>::new::thread_start
[INFO] [stdout]   25:     0x7c34900c807a - <unknown>
[INFO] [stdout]   26:     0x7c349015b534 - clone
[INFO] [stdout]   27:                0x0 - <unknown>
[INFO] [stdout] 
[INFO] [stdout] ---- normal::completion_stream stdout ----
[INFO] [stdout] 
[INFO] [stdout] thread 'normal::completion_stream' (2837) panicked at tests/mod.rs:34:31:
[INFO] [stdout] error sending request for url (http://127.0.0.1:3756/completion)
[INFO] [stdout] stack backtrace:
[INFO] [stdout]    0:     0x5eeed230d8f1 - <<std[97b98282bc616a66]::sys::backtrace::BacktraceLock>::print::DisplayBacktrace as core[832e9a552fc17241]::fmt::Display>::fmt
[INFO] [stdout]    1:     0x5eeed232329a - core[832e9a552fc17241]::fmt::write
[INFO] [stdout]    2:     0x5eeed231246c - <alloc[3ecab9f82c41dc7d]::vec::Vec<u8> as std[97b98282bc616a66]::io::Write>::write_fmt
[INFO] [stdout]    3:     0x5eeed22eaa76 - std[97b98282bc616a66]::panicking::default_hook::{closure#0}
[INFO] [stdout]    4:     0x5eeed2305169 - std[97b98282bc616a66]::panicking::default_hook
[INFO] [stdout]    5:     0x5eeed214aeb0 - test[39766f3d73431624]::test_main_inner::<test[39766f3d73431624]::test_main_static::{closure#0}>::{closure#0}
[INFO] [stdout]    6:     0x5eeed2305492 - std[97b98282bc616a66]::panicking::panic_with_hook
[INFO] [stdout]    7:     0x5eeed22eab22 - std[97b98282bc616a66]::panicking::panic_handler::{closure#0}
[INFO] [stdout]    8:     0x5eeed22e2159 - std[97b98282bc616a66]::sys::backtrace::__rust_end_short_backtrace::<std[97b98282bc616a66]::panicking::panic_handler::{closure#0}, !>
[INFO] [stdout]    9:     0x5eeed22eb9ad - __rustc[e3d8617bb01b7f69]::rust_begin_unwind
[INFO] [stdout]   10:     0x5eeed23239fc - core[832e9a552fc17241]::panicking::panic_fmt
[INFO] [stdout]   11:     0x5eeed212d3de - core[832e9a552fc17241]::panicking::panic_display::<llama_link[173f9b11e434337]::errors::CompletionStreamError>
[INFO] [stdout]   12:     0x5eeed212e494 - mod[b63a691bdee9f6bb]::normal::completion_stream::{closure#0}
[INFO] [stdout]   13:     0x5eeed2121d33 - <tokio[82349ee926a34f7d]::runtime::scheduler::current_thread::Context>::enter::<core[832e9a552fc17241]::task::poll::Poll<()>, <tokio[82349ee926a34f7d]::runtime::scheduler::current_thread::CoreGuard>::block_on<core[832e9a552fc17241]::pin::Pin<&mut core[832e9a552fc17241]::pin::Pin<&mut dyn core[832e9a552fc17241]::future::future::Future<Output = ()>>>>::{closure#0}::{closure#0}>
[INFO] [stdout]   14:     0x5eeed2126b9f - <std[97b98282bc616a66]::thread::local::LocalKey<tokio[82349ee926a34f7d]::runtime::context::Context>>::with::<tokio[82349ee926a34f7d]::runtime::context::set_scheduler<(alloc[3ecab9f82c41dc7d]::boxed::Box<tokio[82349ee926a34f7d]::runtime::scheduler::current_thread::Core>, core[832e9a552fc17241]::option::Option<()>), <tokio[82349ee926a34f7d]::runtime::scheduler::current_thread::CoreGuard>::enter<<tokio[82349ee926a34f7d]::runtime::scheduler::current_thread::CoreGuard>::block_on<core[832e9a552fc17241]::pin::Pin<&mut core[832e9a552fc17241]::pin::Pin<&mut dyn core[832e9a552fc17241]::future::future::Future<Output = ()>>>>::{closure#0}, core[832e9a552fc17241]::option::Option<()>>::{closure#0}>::{closure#0}, (alloc[3ecab9f82c41dc7d]::boxed::Box<tokio[82349ee926a34f7d]::runtime::scheduler::current_thread::Core>, core[832e9a552fc17241]::option::Option<()>)>
[INFO] [stdout]   15:     0x5eeed2122067 - <tokio[82349ee926a34f7d]::runtime::scheduler::current_thread::CoreGuard>::block_on::<core[832e9a552fc17241]::pin::Pin<&mut core[832e9a552fc17241]::pin::Pin<&mut dyn core[832e9a552fc17241]::future::future::Future<Output = ()>>>>
[INFO] [stdout]   16:     0x5eeed2125712 - tokio[82349ee926a34f7d]::runtime::context::runtime::enter_runtime::<<tokio[82349ee926a34f7d]::runtime::scheduler::current_thread::CurrentThread>::block_on<core[832e9a552fc17241]::pin::Pin<&mut dyn core[832e9a552fc17241]::future::future::Future<Output = ()>>>::{closure#0}, ()>
[INFO] [stdout]   17:     0x5eeed2126845 - <tokio[82349ee926a34f7d]::runtime::runtime::Runtime>::block_on::<core[832e9a552fc17241]::pin::Pin<&mut dyn core[832e9a552fc17241]::future::future::Future<Output = ()>>>
[INFO] [stdout]   18:     0x5eeed212e70b - mod[b63a691bdee9f6bb]::normal::completion_stream
[INFO] [stdout]   19:     0x5eeed21286b9 - <mod[b63a691bdee9f6bb]::normal::completion_stream::{closure#0} as core[832e9a552fc17241]::ops::function::FnOnce<()>>::call_once
[INFO] [stdout]   20:     0x5eeed213e1eb - test[39766f3d73431624]::__rust_begin_short_backtrace::<core[832e9a552fc17241]::result::Result<(), alloc[3ecab9f82c41dc7d]::string::String>, fn() -> core[832e9a552fc17241]::result::Result<(), alloc[3ecab9f82c41dc7d]::string::String>>
[INFO] [stdout]   21:     0x5eeed214b835 - test[39766f3d73431624]::run_test::{closure#0}
[INFO] [stdout]   22:     0x5eeed21462e4 - std[97b98282bc616a66]::sys::backtrace::__rust_begin_short_backtrace::<test[39766f3d73431624]::run_test::{closure#1}, ()>
[INFO] [stdout]   23:     0x5eeed214e982 - <std[97b98282bc616a66]::thread::lifecycle::spawn_unchecked<test[39766f3d73431624]::run_test::{closure#1}, ()>::{closure#1} as core[832e9a552fc17241]::ops::function::FnOnce<()>>::call_once::{shim:vtable#0}
[INFO] [stdout]   24:     0x5eeed230cdcf - <std[97b98282bc616a66]::sys::thread::unix::Thread>::new::thread_start
[INFO] [stdout]   25:     0x7c34900c807a - <unknown>
[INFO] [stdout]   26:     0x7c349015b534 - clone
[INFO] [stdout]   27:                0x0 - <unknown>
[INFO] [stdout] 
[INFO] [stdout] ---- normal::completion stdout ----
[INFO] [stdout] 
[INFO] [stdout] thread 'normal::completion' (2836) panicked at tests/mod.rs:13:14:
[INFO] [stdout] called `Result::unwrap()` on an `Err` value: Api { issue: "error sending request for url (http://127.0.0.1:3756/completion)" }
[INFO] [stdout] stack backtrace:
[INFO] [stdout]    0:     0x5eeed230d8f1 - <<std[97b98282bc616a66]::sys::backtrace::BacktraceLock>::print::DisplayBacktrace as core[832e9a552fc17241]::fmt::Display>::fmt
[INFO] [stdout]    1:     0x5eeed232329a - core[832e9a552fc17241]::fmt::write
[INFO] [stdout]    2:     0x5eeed231246c - <alloc[3ecab9f82c41dc7d]::vec::Vec<u8> as std[97b98282bc616a66]::io::Write>::write_fmt
[INFO] [stdout]    3:     0x5eeed22eaa76 - std[97b98282bc616a66]::panicking::default_hook::{closure#0}
[INFO] [stdout]    4:     0x5eeed2305169 - std[97b98282bc616a66]::panicking::default_hook
[INFO] [stdout]    5:     0x5eeed214aeb0 - test[39766f3d73431624]::test_main_inner::<test[39766f3d73431624]::test_main_static::{closure#0}>::{closure#0}
[INFO] [stdout]    6:     0x5eeed2305492 - std[97b98282bc616a66]::panicking::panic_with_hook
[INFO] [stdout]    7:     0x5eeed22eab22 - std[97b98282bc616a66]::panicking::panic_handler::{closure#0}
[INFO] [stdout]    8:     0x5eeed22e2159 - std[97b98282bc616a66]::sys::backtrace::__rust_end_short_backtrace::<std[97b98282bc616a66]::panicking::panic_handler::{closure#0}, !>
[INFO] [stdout]    9:     0x5eeed22eb9ad - __rustc[e3d8617bb01b7f69]::rust_begin_unwind
[INFO] [stdout]   10:     0x5eeed23239fc - core[832e9a552fc17241]::panicking::panic_fmt
[INFO] [stdout]   11:     0x5eeed23237d2 - core[832e9a552fc17241]::result::unwrap_failed
[INFO] [stdout]   12:     0x5eeed212de7e - mod[b63a691bdee9f6bb]::normal::completion::{closure#0}
[INFO] [stdout]   13:     0x5eeed2121d33 - <tokio[82349ee926a34f7d]::runtime::scheduler::current_thread::Context>::enter::<core[832e9a552fc17241]::task::poll::Poll<()>, <tokio[82349ee926a34f7d]::runtime::scheduler::current_thread::CoreGuard>::block_on<core[832e9a552fc17241]::pin::Pin<&mut core[832e9a552fc17241]::pin::Pin<&mut dyn core[832e9a552fc17241]::future::future::Future<Output = ()>>>>::{closure#0}::{closure#0}>
[INFO] [stdout]   14:     0x5eeed2126b9f - <std[97b98282bc616a66]::thread::local::LocalKey<tokio[82349ee926a34f7d]::runtime::context::Context>>::with::<tokio[82349ee926a34f7d]::runtime::context::set_scheduler<(alloc[3ecab9f82c41dc7d]::boxed::Box<tokio[82349ee926a34f7d]::runtime::scheduler::current_thread::Core>, core[832e9a552fc17241]::option::Option<()>), <tokio[82349ee926a34f7d]::runtime::scheduler::current_thread::CoreGuard>::enter<<tokio[82349ee926a34f7d]::runtime::scheduler::current_thread::CoreGuard>::block_on<core[832e9a552fc17241]::pin::Pin<&mut core[832e9a552fc17241]::pin::Pin<&mut dyn core[832e9a552fc17241]::future::future::Future<Output = ()>>>>::{closure#0}, core[832e9a552fc17241]::option::Option<()>>::{closure#0}>::{closure#0}, (alloc[3ecab9f82c41dc7d]::boxed::Box<tokio[82349ee926a34f7d]::runtime::scheduler::current_thread::Core>, core[832e9a552fc17241]::option::Option<()>)>
[INFO] [stdout]   15:     0x5eeed2122067 - <tokio[82349ee926a34f7d]::runtime::scheduler::current_thread::CoreGuard>::block_on::<core[832e9a552fc17241]::pin::Pin<&mut core[832e9a552fc17241]::pin::Pin<&mut dyn core[832e9a552fc17241]::future::future::Future<Output = ()>>>>
[INFO] [stdout]   16:     0x5eeed2125712 - tokio[82349ee926a34f7d]::runtime::context::runtime::enter_runtime::<<tokio[82349ee926a34f7d]::runtime::scheduler::current_thread::CurrentThread>::block_on<core[832e9a552fc17241]::pin::Pin<&mut dyn core[832e9a552fc17241]::future::future::Future<Output = ()>>>::{closure#0}, ()>
[INFO] [stdout]   17:     0x5eeed2126845 - <tokio[82349ee926a34f7d]::runtime::runtime::Runtime>::block_on::<core[832e9a552fc17241]::pin::Pin<&mut dyn core[832e9a552fc17241]::future::future::Future<Output = ()>>>
[INFO] [stdout]   18:     0x5eeed212e58b - mod[b63a691bdee9f6bb]::normal::completion
[INFO] [stdout]   19:     0x5eeed2128699 - <mod[b63a691bdee9f6bb]::normal::completion::{closure#0} as core[832e9a552fc17241]::ops::function::FnOnce<()>>::call_once
[INFO] [stdout]   20:     0x5eeed213e1eb - test[39766f3d73431624]::__rust_begin_short_backtrace::<core[832e9a552fc17241]::result::Result<(), alloc[3ecab9f82c41dc7d]::string::String>, fn() -> core[832e9a552fc17241]::result::Result<(), alloc[3ecab9f82c41dc7d]::string::String>>
[INFO] [stdout]   21:     0x5eeed214b835 - test[39766f3d73431624]::run_test::{closure#0}
[INFO] [stdout]   22:     0x5eeed21462e4 - std[97b98282bc616a66]::sys::backtrace::__rust_begin_short_backtrace::<test[39766f3d73431624]::run_test::{closure#1}, ()>
[INFO] [stdout]   23:     0x5eeed214e982 - <std[97b98282bc616a66]::thread::lifecycle::spawn_unchecked<test[39766f3d73431624]::run_test::{closure#1}, ()>::{closure#1} as core[832e9a552fc17241]::ops::function::FnOnce<()>>::call_once::{shim:vtable#0}
[INFO] [stdout]   24:     0x5eeed230cdcf - <std[97b98282bc616a66]::sys::thread::unix::Thread>::new::thread_start
[INFO] [stdout]   25:     0x7c34900c807a - <unknown>
[INFO] [stdout]   26:     0x7c349015b534 - clone
[INFO] [stdout]   27:                0x0 - <unknown>
[INFO] [stdout] 
[INFO] [stdout] 
[INFO] [stdout] failures:
[INFO] [stdout]     normal::completion
[INFO] [stdout]     normal::completion_stream
[INFO] [stdout]     toolbox::function_call
[INFO] [stdout] 
[INFO] [stdout] test result: FAILED. 0 passed; 3 failed; 0 ignored; 0 measured; 0 filtered out; finished in 0.06s
[INFO] [stdout] 
[INFO] [stderr] error: test failed, to rerun pass `--test mod`
[INFO] running `Command { std: "docker" "inspect" "9796b1359f931438174b7d58cc13899a89faf480577488165b747ba93cfad02d", kill_on_drop: false }`
[INFO] running `Command { std: "docker" "rm" "-f" "9796b1359f931438174b7d58cc13899a89faf480577488165b747ba93cfad02d", kill_on_drop: false }`
[INFO] [stdout] 9796b1359f931438174b7d58cc13899a89faf480577488165b747ba93cfad02d
