[INFO] cloning repository https://github.com/mayorovyf/FlowtileWM
[INFO] running `Command { std: "git" "-c" "credential.helper=" "-c" "credential.helper=/workspace/cargo-home/bin/git-credential-null" "clone" "--bare" "https://github.com/mayorovyf/FlowtileWM" "/workspace/cache/git-repos/https%3A%2F%2Fgithub.com%2Fmayorovyf%2FFlowtileWM", kill_on_drop: false }`
[INFO] [stderr] Cloning into bare repository '/workspace/cache/git-repos/https%3A%2F%2Fgithub.com%2Fmayorovyf%2FFlowtileWM'...
[INFO] running `Command { std: "git" "rev-parse" "HEAD", kill_on_drop: false }`
[INFO] [stdout] 5090563893444148f8af4a16841a46532fde715a
[INFO] testing mayorovyf/FlowtileWM against 1.99.0-beta.1+cargoflags=--release for beta-release-1.99-2
[INFO] running `Command { std: "git" "clone" "/workspace/cache/git-repos/https%3A%2F%2Fgithub.com%2Fmayorovyf%2FFlowtileWM" "/workspace/builds/worker-4-tc2/source", kill_on_drop: false }`
[INFO] [stderr] Cloning into '/workspace/builds/worker-4-tc2/source'...
[INFO] [stderr] done.
[INFO] started tweaking git repo https://github.com/mayorovyf/FlowtileWM
[INFO] finished tweaking git repo https://github.com/mayorovyf/FlowtileWM
[INFO] tweaked toml for git repo https://github.com/mayorovyf/FlowtileWM written to /workspace/builds/worker-4-tc2/source/Cargo.toml
[INFO] validating manifest of git repo https://github.com/mayorovyf/FlowtileWM on toolchain 1.99.0-beta.1
[INFO] running `Command { std: CARGO_HOME="/workspace/cargo-home" RUSTUP_HOME="/workspace/rustup-home" "/workspace/cargo-home/bin/cargo" "+1.99.0-beta.1" "metadata" "--manifest-path" "Cargo.toml" "--no-deps", kill_on_drop: false }`
[INFO] crate git repo https://github.com/mayorovyf/FlowtileWM already has a lockfile, it will not be regenerated
[INFO] running `Command { std: CARGO_HOME="/workspace/cargo-home" RUSTUP_HOME="/workspace/rustup-home" "/workspace/cargo-home/bin/cargo" "+1.99.0-beta.1" "fetch" "--manifest-path" "Cargo.toml", kill_on_drop: false }`
[INFO] [stderr]     Blocking waiting for file lock on package cache
[ERROR] error running command: no output for 300 seconds
[INFO] testing mayorovyf/FlowtileWM against 1.99.0-beta.1+cargoflags=--release for beta-release-1.99-2
[INFO] running `Command { std: "git" "clone" "/workspace/cache/git-repos/https%3A%2F%2Fgithub.com%2Fmayorovyf%2FFlowtileWM" "/workspace/builds/worker-4-tc2/source", kill_on_drop: false }`
[INFO] [stderr] Cloning into '/workspace/builds/worker-4-tc2/source'...
[INFO] [stderr] done.
[INFO] started tweaking git repo https://github.com/mayorovyf/FlowtileWM
[INFO] finished tweaking git repo https://github.com/mayorovyf/FlowtileWM
[INFO] tweaked toml for git repo https://github.com/mayorovyf/FlowtileWM written to /workspace/builds/worker-4-tc2/source/Cargo.toml
[INFO] validating manifest of git repo https://github.com/mayorovyf/FlowtileWM on toolchain 1.99.0-beta.1
[INFO] running `Command { std: CARGO_HOME="/workspace/cargo-home" RUSTUP_HOME="/workspace/rustup-home" "/workspace/cargo-home/bin/cargo" "+1.99.0-beta.1" "metadata" "--manifest-path" "Cargo.toml" "--no-deps", kill_on_drop: false }`
[INFO] crate git repo https://github.com/mayorovyf/FlowtileWM already has a lockfile, it will not be regenerated
[INFO] running `Command { std: CARGO_HOME="/workspace/cargo-home" RUSTUP_HOME="/workspace/rustup-home" "/workspace/cargo-home/bin/cargo" "+1.99.0-beta.1" "fetch" "--manifest-path" "Cargo.toml", kill_on_drop: false }`
[INFO] [stderr]     Blocking waiting for file lock on package cache
[INFO] [stderr]     Updating crates.io index
[INFO] [stderr]     Blocking waiting for file lock on package cache
[INFO] [stderr]  Downloading crates ...
[INFO] [stderr]   Downloaded kdl v6.5.0
[INFO] running `Command { std: "docker" "create" "-v" "/var/lib/crater-agent-workspace/builds/worker-4-tc2/source:/opt/rustwide/workdir:ro,Z" "-v" "/var/lib/crater-agent-workspace/builds/worker-4-tc2/target:/opt/rustwide/target:rw,Z" "-v" "/var/lib/crater-agent-workspace/cargo-home:/opt/rustwide/cargo-home:ro,Z" "-v" "/var/lib/crater-agent-workspace/rustup-home:/opt/rustwide/rustup-home:ro,Z" "-m" "1610612736" "--network" "none" "ghcr.io/rust-lang/crates-build-env/linux@sha256:8683fc1fc2eb5c9ac98e0d076ab094b2ffac7f99da555d2b6a2e27f346de2ec7" "sleep" "infinity", kill_on_drop: false }`
[INFO] [stdout] 06d0388b251124c16cac8d733576c4426e0169215caf027355e59ee6cc94151a
[INFO] running `Command { std: "docker" "start" "06d0388b251124c16cac8d733576c4426e0169215caf027355e59ee6cc94151a", kill_on_drop: false }`
[INFO] running `Command { std: "docker" "inspect" "06d0388b251124c16cac8d733576c4426e0169215caf027355e59ee6cc94151a", kill_on_drop: false }`
[INFO] running `Command { std: "docker" "exec" "-e" "SOURCE_DIR=/opt/rustwide/workdir" "-e" "CARGO_HOME=/opt/rustwide/cargo-home" "-e" "RUSTUP_HOME=/opt/rustwide/rustup-home" "-e" "CARGO_TARGET_DIR=/opt/rustwide/target" "-w" "/opt/rustwide/workdir" "--user" "0:0" "06d0388b251124c16cac8d733576c4426e0169215caf027355e59ee6cc94151a" "/opt/rustwide/cargo-home/bin/cargo" "+1.99.0-beta.1" "metadata" "--no-deps" "--format-version=1", kill_on_drop: false }`
[INFO] running `Command { std: "docker" "inspect" "06d0388b251124c16cac8d733576c4426e0169215caf027355e59ee6cc94151a", kill_on_drop: false }`
[INFO] running `Command { std: "docker" "exec" "-e" "SOURCE_DIR=/opt/rustwide/workdir" "-e" "CARGO_HOME=/opt/rustwide/cargo-home" "-e" "RUSTUP_HOME=/opt/rustwide/rustup-home" "-e" "CARGO_TARGET_DIR=/opt/rustwide/target" "-e" "CARGO_INCREMENTAL=0" "-e" "RUST_BACKTRACE=full" "-e" "RUSTFLAGS=--cap-lints=warn" "-e" "RUSTDOCFLAGS=--cap-lints=warn" "-w" "/opt/rustwide/workdir" "--user" "0:0" "06d0388b251124c16cac8d733576c4426e0169215caf027355e59ee6cc94151a" "/opt/rustwide/cargo-home/bin/cargo" "+1.99.0-beta.1" "build" "--frozen" "--message-format=json" "--release", kill_on_drop: false }`
[INFO] [stderr]    Compiling proc-macro2 v1.0.106
[INFO] [stderr]    Compiling quote v1.0.45
[INFO] [stderr]    Compiling windows_x86_64_gnu v0.52.6
[INFO] [stderr]    Compiling serde_json v1.0.149
[INFO] [stderr]    Compiling memchr v2.8.0
[INFO] [stderr]    Compiling unicode-width v0.1.14
[INFO] [stderr]    Compiling winnow v0.6.24
[INFO] [stderr]    Compiling flowtile-core-daemon v1.0.0 (/opt/rustwide/workdir/apps/core-daemon)
[INFO] [stderr]    Compiling num v0.4.3
[INFO] [stderr]    Compiling miette v7.6.0
[INFO] [stderr]    Compiling windows-targets v0.52.6
[INFO] [stderr]    Compiling windows-sys v0.59.0
[INFO] [stderr]    Compiling syn v2.0.117
[INFO] [stderr]    Compiling kdl v6.5.0
[INFO] [stderr]    Compiling serde_derive v1.0.228
[INFO] [stderr]    Compiling serde v1.0.228
[INFO] [stderr]    Compiling flowtile-domain v1.0.0 (/opt/rustwide/workdir/crates/domain)
[INFO] [stderr]    Compiling flowtile-diagnostics v1.0.0 (/opt/rustwide/workdir/crates/diagnostics)
[INFO] [stderr]    Compiling flowtile-layout-engine v1.0.0 (/opt/rustwide/workdir/crates/layout-engine)
[INFO] [stderr]    Compiling flowtile-config-rules v1.0.0 (/opt/rustwide/workdir/crates/config-rules)
[INFO] [stdout] warning: use of deprecated method `std::sync::atomic::Atomic::<u64>::fetch_update`: renamed to `try_update` for consistency
[INFO] [stdout]    --> crates/diagnostics/src/lib.rs:186:20
[INFO] [stdout]     |
[INFO] [stdout] 186 |     let _ = target.fetch_update(Ordering::Relaxed, Ordering::Relaxed, |current| {
[INFO] [stdout]     |                    ^^^^^^^^^^^^
[INFO] [stdout]     |
[INFO] [stdout]     = note: `#[warn(deprecated)]` on by default
[INFO] [stdout] help: replace the use of the deprecated method
[INFO] [stdout]     |
[INFO] [stdout] 186 -     let _ = target.fetch_update(Ordering::Relaxed, Ordering::Relaxed, |current| {
[INFO] [stdout] 186 +     let _ = target.try_update(Ordering::Relaxed, Ordering::Relaxed, |current| {
[INFO] [stdout]     |
[INFO] [stdout] 
[INFO] [stdout] 
[INFO] [stderr]    Compiling flowtile-ipc v1.0.0 (/opt/rustwide/workdir/crates/ipc)
[INFO] [stderr]    Compiling flowtile-windows-adapter v1.0.0 (/opt/rustwide/workdir/crates/windows-adapter)
[INFO] [stdout] error: flowtile-windows-adapter currently supports only Windows builds.
[INFO] [stdout]  --> crates/windows-adapter/src/lib.rs:4:1
[INFO] [stdout]   |
[INFO] [stdout] 4 | compile_error!("flowtile-windows-adapter currently supports only Windows builds.");
[INFO] [stdout]   | ^^^^^^^^^^^^^^^^^^^^^^^^^^^^^^^^^^^^^^^^^^^^^^^^^^^^^^^^^^^^^^^^^^^^^^^^^^^^^^^^^^
[INFO] [stdout] 
[INFO] [stdout] 
[INFO] [stdout] error[E0433]: cannot find `windows` in `os`
[INFO] [stdout]  --> crates/ipc/src/transport.rs:4:9
[INFO] [stdout]   |
[INFO] [stdout] 4 |     os::windows::ffi::OsStrExt,
[INFO] [stdout]   |         ^^^^^^^ could not find `windows` in `os`
[INFO] [stdout] 
[INFO] [stdout] 
[INFO] [stdout] warning: unused imports: `FrameInsets`, `TranslatedRect`, `frame_insets`, `normalized_window_bounds`, `query_outer_window_rect`, `query_visible_frame_rect`, `translate_visible_rect_to_outer`, and `visible_frame_is_compatible`
[INFO] [stdout]  --> crates/windows-adapter/src/window_foundation.rs:7:5
[INFO] [stdout]   |
[INFO] [stdout] 7 |     FrameInsets, TranslatedRect, frame_insets, normalized_window_bounds, query_outer_window_rect,
[INFO] [stdout]   |     ^^^^^^^^^^^  ^^^^^^^^^^^^^^  ^^^^^^^^^^^^  ^^^^^^^^^^^^^^^^^^^^^^^^  ^^^^^^^^^^^^^^^^^^^^^^^
[INFO] [stdout] 8 |     query_visible_frame_rect, translate_visible_rect_to_outer, visible_frame_is_compatible,
[INFO] [stdout]   |     ^^^^^^^^^^^^^^^^^^^^^^^^  ^^^^^^^^^^^^^^^^^^^^^^^^^^^^^^^  ^^^^^^^^^^^^^^^^^^^^^^^^^^^
[INFO] [stdout]   |
[INFO] [stdout]   = note: `#[warn(unused_imports)]` (part of `#[warn(unused)]`) on by default
[INFO] [stdout] 
[INFO] [stdout] 
[INFO] [stdout] warning: unused import: `adapter_facade::AdapterPerfTelemetry`
[INFO] [stdout]   --> crates/windows-adapter/src/lib.rs:35:16
[INFO] [stdout]    |
[INFO] [stdout] 35 | pub(crate) use adapter_facade::AdapterPerfTelemetry;
[INFO] [stdout]    |                ^^^^^^^^^^^^^^^^^^^^^^^^^^^^^^^^^^^^
[INFO] [stdout] 
[INFO] [stdout] 
[INFO] [stdout] error[E0599]: no method named `encode_wide` found for reference `&OsStr` in the current scope
[INFO] [stdout]    --> crates/ipc/src/transport.rs:309:10
[INFO] [stdout]     |
[INFO] [stdout] 308 | /     OsStr::new(&format!(r"\\.\pipe\{pipe_name}"))
[INFO] [stdout] 309 | |         .encode_wide()
[INFO] [stdout]     | |         -^^^^^^^^^^^ method not found in `&OsStr`
[INFO] [stdout]     | |_________|
[INFO] [stdout]     |
[INFO] [stdout] 
[INFO] [stdout] 
[INFO] [stdout] error[E0599]: no associated function or constant named `native` found for struct `ObservationStream` in the current scope
[INFO] [stdout]   --> crates/windows-adapter/src/adapter_facade.rs:86:31
[INFO] [stdout]    |
[INFO] [stdout] 86 |         Ok(ObservationStream::native(runtime, receiver))
[INFO] [stdout]    |                               ^^^^^^ associated function or constant not found in `ObservationStream`
[INFO] [stdout]    |
[INFO] [stdout]   ::: crates/windows-adapter/src/observation_stream.rs:54:1
[INFO] [stdout]    |
[INFO] [stdout] 54 | pub struct ObservationStream {
[INFO] [stdout]    | ---------------------------- associated function or constant `native` not found for this struct
[INFO] [stdout] 
[INFO] [stdout] 
[INFO] [stdout] Some errors have detailed explanations: E0433, E0599.
[INFO] [stdout] 
[INFO] [stdout] For more information about an error, try `rustc --explain E0433`.
[INFO] [stdout] 
[INFO] [stderr] error: could not compile `flowtile-ipc` (lib) due to 2 previous errors
[INFO] [stderr] warning: build failed, waiting for other jobs to finish...
[INFO] [stdout] error[E0004]: non-exhaustive patterns: type `&mut ObservationBackend` is non-empty
[INFO] [stdout]   --> crates/windows-adapter/src/observation_stream.rs:97:15
[INFO] [stdout]    |
[INFO] [stdout] 97 |         match &mut self.backend {
[INFO] [stdout]    |               ^^^^^^^^^^^^^^^^^
[INFO] [stdout]    |
[INFO] [stdout] note: `ObservationBackend` defined here
[INFO] [stdout]   --> crates/windows-adapter/src/observation_stream.rs:49:6
[INFO] [stdout]    |
[INFO] [stdout] 49 | enum ObservationBackend {
[INFO] [stdout]    |      ^^^^^^^^^^^^^^^^^^
[INFO] [stdout]    = note: the matched value is of type `&mut ObservationBackend`
[INFO] [stdout]    = note: references are always considered inhabited
[INFO] [stdout] help: ensure that all possible cases are being handled by adding a match arm with a wildcard pattern as shown
[INFO] [stdout]    |
[INFO] [stdout] 97 ~         match &mut self.backend {
[INFO] [stdout] 98 +             _ => todo!(),
[INFO] [stdout] 99 +         }
[INFO] [stdout]    |
[INFO] [stdout] 
[INFO] [stdout] 
[INFO] [stdout] error[E0004]: non-exhaustive patterns: type `&mut ObservationBackend` is non-empty
[INFO] [stdout]    --> crates/windows-adapter/src/observation_stream.rs:115:15
[INFO] [stdout]     |
[INFO] [stdout] 115 |         match &mut self.backend {
[INFO] [stdout]     |               ^^^^^^^^^^^^^^^^^
[INFO] [stdout]     |
[INFO] [stdout] note: `ObservationBackend` defined here
[INFO] [stdout]    --> crates/windows-adapter/src/observation_stream.rs:49:6
[INFO] [stdout]     |
[INFO] [stdout]  49 | enum ObservationBackend {
[INFO] [stdout]     |      ^^^^^^^^^^^^^^^^^^
[INFO] [stdout]     = note: the matched value is of type `&mut ObservationBackend`
[INFO] [stdout]     = note: references are always considered inhabited
[INFO] [stdout] help: ensure that all possible cases are being handled by adding a match arm with a wildcard pattern as shown
[INFO] [stdout]     |
[INFO] [stdout] 115 ~         match &mut self.backend {
[INFO] [stdout] 116 +             _ => todo!(),
[INFO] [stdout] 117 +         }
[INFO] [stdout]     |
[INFO] [stdout] 
[INFO] [stdout] 
[INFO] [stdout] Some errors have detailed explanations: E0004, E0599.
[INFO] [stdout] 
[INFO] [stdout] For more information about an error, try `rustc --explain E0004`.
[INFO] [stdout] 
[INFO] [stderr] error: could not compile `flowtile-windows-adapter` (lib) due to 4 previous errors; 2 warnings emitted
[INFO] running `Command { std: "docker" "inspect" "06d0388b251124c16cac8d733576c4426e0169215caf027355e59ee6cc94151a", kill_on_drop: false }`
[INFO] running `Command { std: "docker" "rm" "-f" "06d0388b251124c16cac8d733576c4426e0169215caf027355e59ee6cc94151a", kill_on_drop: false }`
[INFO] [stdout] 06d0388b251124c16cac8d733576c4426e0169215caf027355e59ee6cc94151a
