[INFO] cloning repository https://github.com/lemonadern/thompson-construction
[INFO] running `Command { std: "git" "-c" "credential.helper=" "-c" "credential.helper=/workspace/cargo-home/bin/git-credential-null" "clone" "--bare" "https://github.com/lemonadern/thompson-construction" "/workspace/cache/git-repos/https%3A%2F%2Fgithub.com%2Flemonadern%2Fthompson-construction", kill_on_drop: false }`
[INFO] [stderr] Cloning into bare repository '/workspace/cache/git-repos/https%3A%2F%2Fgithub.com%2Flemonadern%2Fthompson-construction'...
[INFO] running `Command { std: "git" "rev-parse" "HEAD", kill_on_drop: false }`
[INFO] [stdout] b13ce87eb0a665571b8e91fa88c5ba15b39de756
[INFO] testing lemonadern/thompson-construction against 1.99.0-beta.1+cargoflags=--release for beta-release-1.99-2
[INFO] running `Command { std: "git" "clone" "/workspace/cache/git-repos/https%3A%2F%2Fgithub.com%2Flemonadern%2Fthompson-construction" "/workspace/builds/worker-0-tc2/source", kill_on_drop: false }`
[INFO] [stderr] Cloning into '/workspace/builds/worker-0-tc2/source'...
[INFO] [stderr] done.
[INFO] started tweaking git repo https://github.com/lemonadern/thompson-construction
[INFO] finished tweaking git repo https://github.com/lemonadern/thompson-construction
[INFO] tweaked toml for git repo https://github.com/lemonadern/thompson-construction written to /workspace/builds/worker-0-tc2/source/Cargo.toml
[INFO] validating manifest of git repo https://github.com/lemonadern/thompson-construction on toolchain 1.99.0-beta.1
[INFO] running `Command { std: CARGO_HOME="/workspace/cargo-home" RUSTUP_HOME="/workspace/rustup-home" "/workspace/cargo-home/bin/cargo" "+1.99.0-beta.1" "metadata" "--manifest-path" "Cargo.toml" "--no-deps", kill_on_drop: false }`
[INFO] crate git repo https://github.com/lemonadern/thompson-construction already has a lockfile, it will not be regenerated
[INFO] running `Command { std: CARGO_HOME="/workspace/cargo-home" RUSTUP_HOME="/workspace/rustup-home" "/workspace/cargo-home/bin/cargo" "+1.99.0-beta.1" "fetch" "--manifest-path" "Cargo.toml", kill_on_drop: false }`
[INFO] [stderr]     Blocking waiting for file lock on package cache
[INFO] [stderr]     Blocking waiting for file lock on package cache
[ERROR] error running command: no output for 300 seconds
[INFO] testing lemonadern/thompson-construction against 1.99.0-beta.1+cargoflags=--release for beta-release-1.99-2
[INFO] running `Command { std: "git" "clone" "/workspace/cache/git-repos/https%3A%2F%2Fgithub.com%2Flemonadern%2Fthompson-construction" "/workspace/builds/worker-0-tc2/source", kill_on_drop: false }`
[INFO] [stderr] Cloning into '/workspace/builds/worker-0-tc2/source'...
[INFO] [stderr] done.
[INFO] started tweaking git repo https://github.com/lemonadern/thompson-construction
[INFO] finished tweaking git repo https://github.com/lemonadern/thompson-construction
[INFO] tweaked toml for git repo https://github.com/lemonadern/thompson-construction written to /workspace/builds/worker-0-tc2/source/Cargo.toml
[INFO] validating manifest of git repo https://github.com/lemonadern/thompson-construction on toolchain 1.99.0-beta.1
[INFO] running `Command { std: CARGO_HOME="/workspace/cargo-home" RUSTUP_HOME="/workspace/rustup-home" "/workspace/cargo-home/bin/cargo" "+1.99.0-beta.1" "metadata" "--manifest-path" "Cargo.toml" "--no-deps", kill_on_drop: false }`
[INFO] crate git repo https://github.com/lemonadern/thompson-construction already has a lockfile, it will not be regenerated
[INFO] running `Command { std: CARGO_HOME="/workspace/cargo-home" RUSTUP_HOME="/workspace/rustup-home" "/workspace/cargo-home/bin/cargo" "+1.99.0-beta.1" "fetch" "--manifest-path" "Cargo.toml", kill_on_drop: false }`
[INFO] [stderr]     Blocking waiting for file lock on package cache
[INFO] [stderr]     Blocking waiting for file lock on package cache
[ERROR] error running command: no output for 300 seconds
[INFO] testing lemonadern/thompson-construction against 1.99.0-beta.1+cargoflags=--release for beta-release-1.99-2
[INFO] running `Command { std: "git" "clone" "/workspace/cache/git-repos/https%3A%2F%2Fgithub.com%2Flemonadern%2Fthompson-construction" "/workspace/builds/worker-0-tc2/source", kill_on_drop: false }`
[INFO] [stderr] Cloning into '/workspace/builds/worker-0-tc2/source'...
[INFO] [stderr] done.
[INFO] started tweaking git repo https://github.com/lemonadern/thompson-construction
[INFO] finished tweaking git repo https://github.com/lemonadern/thompson-construction
[INFO] tweaked toml for git repo https://github.com/lemonadern/thompson-construction written to /workspace/builds/worker-0-tc2/source/Cargo.toml
[INFO] validating manifest of git repo https://github.com/lemonadern/thompson-construction on toolchain 1.99.0-beta.1
[INFO] running `Command { std: CARGO_HOME="/workspace/cargo-home" RUSTUP_HOME="/workspace/rustup-home" "/workspace/cargo-home/bin/cargo" "+1.99.0-beta.1" "metadata" "--manifest-path" "Cargo.toml" "--no-deps", kill_on_drop: false }`
[INFO] crate git repo https://github.com/lemonadern/thompson-construction already has a lockfile, it will not be regenerated
[INFO] running `Command { std: CARGO_HOME="/workspace/cargo-home" RUSTUP_HOME="/workspace/rustup-home" "/workspace/cargo-home/bin/cargo" "+1.99.0-beta.1" "fetch" "--manifest-path" "Cargo.toml", kill_on_drop: false }`
[INFO] [stderr]     Blocking waiting for file lock on package cache
[INFO] [stderr]     Blocking waiting for file lock on package cache
[INFO] running `Command { std: "docker" "create" "-v" "/var/lib/crater-agent-workspace/builds/worker-0-tc2/source:/opt/rustwide/workdir:ro,Z" "-v" "/var/lib/crater-agent-workspace/builds/worker-0-tc2/target:/opt/rustwide/target:rw,Z" "-v" "/var/lib/crater-agent-workspace/cargo-home:/opt/rustwide/cargo-home:ro,Z" "-v" "/var/lib/crater-agent-workspace/rustup-home:/opt/rustwide/rustup-home:ro,Z" "-m" "1610612736" "--network" "none" "ghcr.io/rust-lang/crates-build-env/linux@sha256:8683fc1fc2eb5c9ac98e0d076ab094b2ffac7f99da555d2b6a2e27f346de2ec7" "sleep" "infinity", kill_on_drop: false }`
[INFO] [stdout] 0082cce125b321dc6ec6dbf80ddd35e4e6543351ebe1e54d7f7cdae5bea0e75d
[INFO] running `Command { std: "docker" "start" "0082cce125b321dc6ec6dbf80ddd35e4e6543351ebe1e54d7f7cdae5bea0e75d", kill_on_drop: false }`
[INFO] running `Command { std: "docker" "inspect" "0082cce125b321dc6ec6dbf80ddd35e4e6543351ebe1e54d7f7cdae5bea0e75d", kill_on_drop: false }`
[INFO] running `Command { std: "docker" "exec" "-e" "SOURCE_DIR=/opt/rustwide/workdir" "-e" "CARGO_HOME=/opt/rustwide/cargo-home" "-e" "RUSTUP_HOME=/opt/rustwide/rustup-home" "-e" "CARGO_TARGET_DIR=/opt/rustwide/target" "-w" "/opt/rustwide/workdir" "--user" "0:0" "0082cce125b321dc6ec6dbf80ddd35e4e6543351ebe1e54d7f7cdae5bea0e75d" "/opt/rustwide/cargo-home/bin/cargo" "+1.99.0-beta.1" "metadata" "--no-deps" "--format-version=1", kill_on_drop: false }`
[INFO] running `Command { std: "docker" "inspect" "0082cce125b321dc6ec6dbf80ddd35e4e6543351ebe1e54d7f7cdae5bea0e75d", kill_on_drop: false }`
[INFO] running `Command { std: "docker" "exec" "-e" "SOURCE_DIR=/opt/rustwide/workdir" "-e" "CARGO_HOME=/opt/rustwide/cargo-home" "-e" "RUSTUP_HOME=/opt/rustwide/rustup-home" "-e" "CARGO_TARGET_DIR=/opt/rustwide/target" "-e" "CARGO_INCREMENTAL=0" "-e" "RUST_BACKTRACE=full" "-e" "RUSTFLAGS=--cap-lints=warn" "-e" "RUSTDOCFLAGS=--cap-lints=warn" "-w" "/opt/rustwide/workdir" "--user" "0:0" "0082cce125b321dc6ec6dbf80ddd35e4e6543351ebe1e54d7f7cdae5bea0e75d" "/opt/rustwide/cargo-home/bin/cargo" "+1.99.0-beta.1" "build" "--frozen" "--message-format=json" "--release", kill_on_drop: false }`
[INFO] [stderr]    Compiling thompson_construction v0.1.0 (/opt/rustwide/workdir)
[INFO] [stdout] error[E0282]: type annotations needed for `Stack<_>`
[INFO] [stdout]   --> src/nfa.rs:22:9
[INFO] [stdout]    |
[INFO] [stdout] 22 |     let mut stack = Stack::new();
[INFO] [stdout]    |         ^^^^^^^^^   ------------ type must be known at this point
[INFO] [stdout]    |
[INFO] [stdout] help: consider giving `stack` an explicit type, where the type for type parameter `T` is specified
[INFO] [stdout]    |
[INFO] [stdout] 22 |     let mut stack: Stack<T> = Stack::new();
[INFO] [stdout]    |                  ++++++++++
[INFO] [stdout] 
[INFO] [stdout] 
[INFO] [stdout] For more information about this error, try `rustc --explain E0282`.
[INFO] [stdout] 
[INFO] [stderr] error: could not compile `thompson_construction` (lib) due to 1 previous error
[INFO] running `Command { std: "docker" "inspect" "0082cce125b321dc6ec6dbf80ddd35e4e6543351ebe1e54d7f7cdae5bea0e75d", kill_on_drop: false }`
[INFO] running `Command { std: "docker" "rm" "-f" "0082cce125b321dc6ec6dbf80ddd35e4e6543351ebe1e54d7f7cdae5bea0e75d", kill_on_drop: false }`
[INFO] [stdout] 0082cce125b321dc6ec6dbf80ddd35e4e6543351ebe1e54d7f7cdae5bea0e75d
