[INFO] cloning repository https://github.com/lcnr/wgpu_err
[INFO] running `Command { std: "git" "-c" "credential.helper=" "-c" "credential.helper=/workspace/cargo-home/bin/git-credential-null" "clone" "--bare" "https://github.com/lcnr/wgpu_err" "/workspace/cache/git-repos/https%3A%2F%2Fgithub.com%2Flcnr%2Fwgpu_err", kill_on_drop: false }`
[INFO] [stderr] Cloning into bare repository '/workspace/cache/git-repos/https%3A%2F%2Fgithub.com%2Flcnr%2Fwgpu_err'...
[INFO] running `Command { std: "git" "rev-parse" "HEAD", kill_on_drop: false }`
[INFO] [stdout] 562211d862eddb521d2ead66eab4a8632153197c
[INFO] testing lcnr/wgpu_err/562211d862eddb521d2ead66eab4a8632153197c against 1.98.0-beta.8+cargoflags=--release for beta-release-1.99-2
[INFO] running `Command { std: "git" "clone" "/workspace/cache/git-repos/https%3A%2F%2Fgithub.com%2Flcnr%2Fwgpu_err" "/workspace/builds/worker-0-tc1/source", kill_on_drop: false }`
[INFO] [stderr] Cloning into '/workspace/builds/worker-0-tc1/source'...
[INFO] [stderr] done.
[INFO] started tweaking git repo https://github.com/lcnr/wgpu_err
[INFO] finished tweaking git repo https://github.com/lcnr/wgpu_err
[INFO] tweaked toml for git repo https://github.com/lcnr/wgpu_err written to /workspace/builds/worker-0-tc1/source/Cargo.toml
[INFO] validating manifest of git repo https://github.com/lcnr/wgpu_err on toolchain 1.98.0-beta.8
[INFO] running `Command { std: CARGO_HOME="/workspace/cargo-home" RUSTUP_HOME="/workspace/rustup-home" "/workspace/cargo-home/bin/cargo" "+1.98.0-beta.8" "metadata" "--manifest-path" "Cargo.toml" "--no-deps", kill_on_drop: false }`
[INFO] crate git repo https://github.com/lcnr/wgpu_err already has a lockfile, it will not be regenerated
[INFO] running `Command { std: CARGO_HOME="/workspace/cargo-home" RUSTUP_HOME="/workspace/rustup-home" "/workspace/cargo-home/bin/cargo" "+1.98.0-beta.8" "fetch" "--manifest-path" "Cargo.toml", kill_on_drop: false }`
[INFO] [stderr]     Updating crates.io index
[INFO] [stderr]     Blocking waiting for file lock on package cache
[INFO] [stderr]  Downloading crates ...
[INFO] [stderr]   Downloaded wgpu-native v0.2.7
[INFO] [stderr]   Downloaded x11-dl v2.18.3
[INFO] [stderr]   Downloaded wgpu v0.2.3
[INFO] [stderr]   Downloaded same-file v1.0.4
[INFO] [stderr]   Downloaded bitflags v1.1.0
[INFO] [stderr]   Downloaded downcast-rs v1.0.4
[INFO] [stderr]   Downloaded void v1.0.2
[INFO] [stderr]   Downloaded memmap v0.7.0
[INFO] [stderr]   Downloaded andrew v0.2.1
[INFO] [stderr]   Downloaded xdg v2.2.0
[INFO] [stderr]   Downloaded wayland-sys v0.21.13
[INFO] [stderr]   Downloaded wayland-commons v0.21.13
[INFO] [stderr]   Downloaded dlib v0.4.1
[INFO] [stderr]   Downloaded cfg-if v0.1.9
[INFO] [stderr]   Downloaded wayland-scanner v0.21.13
[INFO] [stderr]   Downloaded winapi-util v0.1.2
[INFO] [stderr]   Downloaded android_glue v0.2.3
[INFO] [stderr]   Downloaded termcolor v1.0.5
[INFO] [stderr]   Downloaded thread_local v0.3.6
[INFO] [stderr]   Downloaded semver-parser v0.7.0
[INFO] [stderr]   Downloaded failure_derive v0.1.5
[INFO] [stderr]   Downloaded fake-simd v0.1.2
[INFO] [stderr]   Downloaded generic-array v0.9.0
[INFO] [stderr]   Downloaded block-buffer v0.3.3
[INFO] [stderr]   Downloaded byte-tools v0.2.0
[INFO] [stderr]   Downloaded wincolor v1.0.1
[INFO] [stderr]   Downloaded digest v0.7.6
[INFO] [stderr]   Downloaded quick-error v1.2.2
[INFO] [stderr]   Downloaded cmake v0.1.40
[INFO] [stderr]   Downloaded percent-encoding v1.0.1
[INFO] [stderr]   Downloaded arrayref v0.3.5
[INFO] [stderr]   Downloaded utf8-ranges v1.0.3
[INFO] [stderr]   Downloaded ordered-float v1.0.2
[INFO] [stderr]   Downloaded autocfg v0.1.4
[INFO] [stderr]   Downloaded line_drawing v0.7.0
[INFO] [stderr]   Downloaded rustc_version v0.2.3
[INFO] [stderr]   Downloaded owning_ref v0.4.0
[INFO] [stderr]   Downloaded core-foundation-sys v0.6.2
[INFO] [stderr]   Downloaded remove_dir_all v0.5.2
[INFO] [stderr]   Downloaded approx v0.3.2
[INFO] [stderr]   Downloaded libloading v0.5.1
[INFO] [stderr]   Downloaded stb_truetype v0.2.6
[INFO] [stderr]   Downloaded byteorder v1.3.2
[INFO] [stderr]   Downloaded core-graphics v0.17.3
[INFO] [stderr]   Downloaded rustc-demangle v0.1.15
[INFO] [stderr]   Downloaded gfx-backend-empty v0.1.1
[INFO] [stderr]   Downloaded typenum v1.10.0
[INFO] [stderr]   Downloaded memchr v2.2.0
[INFO] [stderr]   Downloaded parking_lot_core v0.4.0
[INFO] [stderr]   Downloaded smallvec v0.6.10
[INFO] [stderr]   Downloaded lock_api v0.1.5
[INFO] [stderr]   Downloaded stable_deref_trait v1.1.1
[INFO] [stderr]   Downloaded objc v0.2.6
[INFO] [stderr]   Downloaded synstructure v0.10.2
[INFO] [stderr]   Downloaded tempfile v3.0.8
[INFO] [stderr]   Downloaded sha2 v0.7.1
[INFO] [stderr]   Downloaded env_logger v0.6.1
[INFO] [stderr]   Downloaded ucd-util v0.1.3
[INFO] [stderr]   Downloaded humantime v1.2.0
[INFO] [stderr]   Downloaded termion v1.5.3
[INFO] [stderr]   Downloaded walkdir v2.2.8
[INFO] [stderr]   Downloaded cc v1.0.37
[INFO] [stderr]   Downloaded parking_lot v0.7.1
[INFO] [stderr]   Downloaded semver v0.9.0
[INFO] [stderr]   Downloaded cocoa v0.18.4
[INFO] [stderr]   Downloaded failure v0.1.5
[INFO] [stderr]   Downloaded wayland-client v0.21.13
[INFO] [stderr]   Downloaded xml-rs v0.8.0
[INFO] [stderr]   Downloaded proc-macro2 v0.4.30
[INFO] [stderr]   Downloaded core-foundation v0.6.4
[INFO] [stderr]   Downloaded gfx-hal v0.1.0
[INFO] [stderr]   Downloaded num-traits v0.2.8
[INFO] [stderr]   Downloaded aho-corasick v0.7.3
[INFO] [stderr]   Downloaded cgmath v0.17.0
[INFO] [stderr]   Downloaded rusttype v0.7.7
[INFO] [stderr]   Downloaded backtrace v0.3.30
[INFO] [stderr]   Downloaded winit v0.18.1
[INFO] [stderr]   Downloaded smithay-client-toolkit v0.4.6
[INFO] [stderr]   Downloaded wayland-protocols v0.21.13
[INFO] [stderr]   Downloaded syn v0.15.36
[INFO] [stderr]   Downloaded nix v0.14.1
[INFO] [stderr]   Downloaded regex v1.1.7
[INFO] [stderr]   Downloaded regex-syntax v0.6.7
[INFO] [stderr]   Downloaded libc v0.2.58
[INFO] [stderr]   Downloaded glsl-to-spirv v0.1.7
[INFO] running `Command { std: "docker" "create" "-v" "/var/lib/crater-agent-workspace/builds/worker-0-tc1/source:/opt/rustwide/workdir:ro,Z" "-v" "/var/lib/crater-agent-workspace/builds/worker-0-tc1/target:/opt/rustwide/target:rw,Z" "-v" "/var/lib/crater-agent-workspace/cargo-home:/opt/rustwide/cargo-home:ro,Z" "-v" "/var/lib/crater-agent-workspace/rustup-home:/opt/rustwide/rustup-home:ro,Z" "-m" "1610612736" "--network" "none" "ghcr.io/rust-lang/crates-build-env/linux@sha256:8683fc1fc2eb5c9ac98e0d076ab094b2ffac7f99da555d2b6a2e27f346de2ec7" "sleep" "infinity", kill_on_drop: false }`
[INFO] [stdout] b5f21e3d41a0570ffb88dca50f0e60c19094ee9162046a93554bf1929a138f4c
[INFO] running `Command { std: "docker" "start" "b5f21e3d41a0570ffb88dca50f0e60c19094ee9162046a93554bf1929a138f4c", kill_on_drop: false }`
[INFO] running `Command { std: "docker" "inspect" "b5f21e3d41a0570ffb88dca50f0e60c19094ee9162046a93554bf1929a138f4c", kill_on_drop: false }`
[INFO] running `Command { std: "docker" "exec" "-e" "SOURCE_DIR=/opt/rustwide/workdir" "-e" "CARGO_HOME=/opt/rustwide/cargo-home" "-e" "RUSTUP_HOME=/opt/rustwide/rustup-home" "-e" "CARGO_TARGET_DIR=/opt/rustwide/target" "-w" "/opt/rustwide/workdir" "--user" "0:0" "b5f21e3d41a0570ffb88dca50f0e60c19094ee9162046a93554bf1929a138f4c" "/opt/rustwide/cargo-home/bin/cargo" "+1.98.0-beta.8" "metadata" "--no-deps" "--format-version=1", kill_on_drop: false }`
[INFO] running `Command { std: "docker" "inspect" "b5f21e3d41a0570ffb88dca50f0e60c19094ee9162046a93554bf1929a138f4c", kill_on_drop: false }`
[INFO] running `Command { std: "docker" "exec" "-e" "SOURCE_DIR=/opt/rustwide/workdir" "-e" "CARGO_HOME=/opt/rustwide/cargo-home" "-e" "RUSTUP_HOME=/opt/rustwide/rustup-home" "-e" "CARGO_TARGET_DIR=/opt/rustwide/target" "-e" "CARGO_INCREMENTAL=0" "-e" "RUST_BACKTRACE=full" "-e" "RUSTFLAGS=--cap-lints=warn" "-e" "RUSTDOCFLAGS=--cap-lints=warn" "-w" "/opt/rustwide/workdir" "--user" "0:0" "b5f21e3d41a0570ffb88dca50f0e60c19094ee9162046a93554bf1929a138f4c" "/opt/rustwide/cargo-home/bin/cargo" "+1.98.0-beta.8" "build" "--frozen" "--message-format=json" "--release", kill_on_drop: false }`
[INFO] [stderr]    Compiling autocfg v0.1.4
[INFO] [stderr]    Compiling libc v0.2.58
[INFO] [stderr]    Compiling cc v1.0.37
[INFO] [stderr]    Compiling proc-macro2 v0.4.30
[INFO] [stderr]    Compiling unicode-xid v0.1.0
[INFO] [stderr]    Compiling rand_core v0.4.0
[INFO] [stderr]    Compiling cfg-if v0.1.9
[INFO] [stderr]    Compiling bitflags v1.1.0
[INFO] [stderr]    Compiling lazy_static v1.3.0
[INFO] [stderr]    Compiling byteorder v1.3.2
[INFO] [stderr]    Compiling xml-rs v0.8.0
[INFO] [stderr]    Compiling rand_core v0.3.1
[INFO] [stderr]    Compiling rand_xorshift v0.1.1
[INFO] [stderr]    Compiling num-traits v0.2.8
[INFO] [stderr]    Compiling rand_chacha v0.1.1
[INFO] [stderr]    Compiling rand_pcg v0.1.2
[INFO] [stderr]    Compiling rand v0.6.5
[INFO] [stderr]    Compiling rand_hc v0.1.0
[INFO] [stderr]    Compiling rand_isaac v0.1.1
[INFO] [stderr]    Compiling rand_os v0.1.3
[INFO] [stderr]    Compiling quote v0.6.12
[INFO] [stderr]    Compiling rand_jitter v0.1.4
[INFO] [stderr]    Compiling semver-parser v0.7.0
[INFO] [stderr]    Compiling nix v0.14.1
[INFO] [stderr]    Compiling libloading v0.5.1
[INFO] [stderr]    Compiling wayland-scanner v0.21.13
[INFO] [stderr]    Compiling arrayvec v0.4.10
[INFO] [stderr]    Compiling syn v0.15.36
[INFO] [stderr]    Compiling void v1.0.2
[INFO] [stderr]    Compiling semver v0.9.0
[INFO] [stderr]    Compiling backtrace-sys v0.1.28
[INFO] [stderr]    Compiling rustc_version v0.2.3
[INFO] [stderr]    Compiling nodrop v0.1.13
[INFO] [stderr]    Compiling typenum v1.10.0
[INFO] [stderr]    Compiling dlib v0.4.1
[INFO] [stderr]    Compiling wayland-sys v0.21.13
[INFO] [stderr]    Compiling approx v0.3.2
[INFO] [stderr]    Compiling parking_lot_core v0.4.0
[INFO] [stderr]    Compiling ordered-float v1.0.2
[INFO] [stderr]    Compiling stb_truetype v0.2.6
[INFO] [stderr]    Compiling backtrace v0.3.30
[INFO] [stderr]    Compiling pkg-config v0.3.14
[INFO] [stderr]    Compiling stable_deref_trait v1.1.1
[INFO] [stderr]    Compiling failure_derive v0.1.5
[INFO] [stderr]    Compiling same-file v1.0.4
[INFO] [stderr]    Compiling wayland-client v0.21.13
[INFO] [stderr]    Compiling wayland-protocols v0.21.13
[INFO] [stderr]    Compiling downcast-rs v1.0.4
[INFO] [stderr]    Compiling x11-dl v2.18.3
[INFO] [stderr]    Compiling walkdir v2.2.8
[INFO] [stderr]    Compiling owning_ref v0.4.0
[INFO] [stderr]    Compiling rusttype v0.7.7
[INFO] [stderr]    Compiling line_drawing v0.7.0
[INFO] [stderr]    Compiling scopeguard v0.3.3
[INFO] [stderr]    Compiling xdg v2.2.0
[INFO] [stderr]    Compiling rustc-demangle v0.1.15
[INFO] [stderr]    Compiling smallvec v0.6.10
[INFO] [stderr]    Compiling wayland-commons v0.21.13
[INFO] [stderr]    Compiling synstructure v0.10.2
[INFO] [stderr]    Compiling andrew v0.2.1
[INFO] [stderr]    Compiling lock_api v0.1.5
[INFO] [stderr]    Compiling generic-array v0.9.0
[INFO] [stderr]    Compiling memmap v0.7.0
[INFO] [stderr]    Compiling log v0.4.6
[INFO] [stderr]    Compiling memchr v2.2.0
[INFO] [stderr]    Compiling byte-tools v0.2.0
[INFO] [stderr]    Compiling arrayref v0.3.5
[INFO] [stderr]    Compiling block-buffer v0.3.3
[INFO] [stderr]    Compiling digest v0.7.6
[INFO] [stderr]    Compiling parking_lot v0.7.1
[INFO] [stderr]    Compiling fxhash v0.2.1
[INFO] [stderr]    Compiling failure v0.1.5
[INFO] [stderr]    Compiling percent-encoding v1.0.1
[INFO] [stderr]    Compiling fake-simd v0.1.2
[INFO] [stderr]    Compiling sha2 v0.7.1
[INFO] [stderr]    Compiling gfx-hal v0.1.0
[INFO] [stderr]    Compiling cmake v0.1.40
[INFO] [stderr]    Compiling ucd-util v0.1.3
[INFO] [stderr]    Compiling regex v1.1.7
[INFO] [stderr]    Compiling glsl-to-spirv v0.1.7
[INFO] [stderr]    Compiling aho-corasick v0.7.3
[INFO] [stderr]    Compiling regex-syntax v0.6.7
[INFO] [stderr]    Compiling thread_local v0.3.6
[INFO] [stderr]    Compiling cgmath v0.17.0
[INFO] [stderr]    Compiling utf8-ranges v1.0.3
[INFO] [stderr]    Compiling remove_dir_all v0.5.2
[INFO] [stderr]    Compiling quick-error v1.2.2
[INFO] [stderr]    Compiling vec_map v0.8.1
[INFO] [stderr]    Compiling humantime v1.2.0
[INFO] [stderr]    Compiling tempfile v3.0.8
[INFO] [stdout] error[E0713]: borrow may still be in use when destructor runs
[INFO] [stdout]    --> /opt/rustwide/cargo-home/registry/src/index.crates.io-1949cf8c6b5b557f/gfx-hal-0.1.0/src/command/render_pass.rs:232:36
[INFO] [stdout]     |
[INFO] [stdout] 189 | impl<'a, B: Backend> RenderPassInlineEncoder<'a, B> {
[INFO] [stdout]     |      -- lifetime `'a` defined here
[INFO] [stdout] ...
[INFO] [stdout] 232 |         RenderPassSecondaryEncoder(self.0.cmb)
[INFO] [stdout]     |         ---------------------------^^^^^^^^^^- returning this value requires that `*self.0.cmb` is borrowed for `'a`
[INFO] [stdout] 233 |     }
[INFO] [stdout]     |     - here, drop of `self` needs exclusive access to `*self.0.cmb`, because the type `render_pass::RenderPassInlineEncoder<'_, B>` implements the `Drop` trait
[INFO] [stdout] 
[INFO] [stdout] 
[INFO] [stdout] error[E0713]: borrow may still be in use when destructor runs
[INFO] [stdout]    --> /opt/rustwide/cargo-home/registry/src/index.crates.io-1949cf8c6b5b557f/gfx-hal-0.1.0/src/command/render_pass.rs:308:62
[INFO] [stdout]     |
[INFO] [stdout] 262 | impl<'a, B: Backend> RenderPassSecondaryEncoder<'a, B> {
[INFO] [stdout]     |      -- lifetime `'a` defined here
[INFO] [stdout] ...
[INFO] [stdout] 308 |             RenderPassInlineEncoder(RenderSubpassCommon::new(self.0))
[INFO] [stdout]     |             -------------------------------------------------^^^^^^-- returning this value requires that `*self.0` is borrowed for `'a`
[INFO] [stdout] 309 |         }
[INFO] [stdout] 310 |     }
[INFO] [stdout]     |     - here, drop of `self` needs exclusive access to `*self.0`, because the type `render_pass::RenderPassSecondaryEncoder<'_, B>` implements the `Drop` trait
[INFO] [stdout] 
[INFO] [stdout] 
[INFO] [stderr]    Compiling atty v0.2.11
[INFO] [stderr] error: failed to run custom build command for `glsl-to-spirv v0.1.7`
[INFO] [stderr] note: To improve backtraces for build dependencies, set the CARGO_PROFILE_RELEASE_BUILD_OVERRIDE_DEBUG=true environment variable to enable debug information generation.
[INFO] [stderr] 
[INFO] [stderr] Caused by:
[INFO] [stderr]   process didn't exit successfully: `/opt/rustwide/target/release/build/glsl-to-spirv-e31a2368b31b7843/build-script-build` (exit status: 101)
[INFO] [stderr]   --- stdout
[INFO] [stderr]   cargo:rerun-if-changed=build/glslangValidator.exe
[INFO] [stderr]   running: cd "/opt/rustwide/target/release/build/glsl-to-spirv-c295ac0f9d35757f/out/build" && CMAKE_PREFIX_PATH="" "cmake" "/opt/rustwide/cargo-home/registry/src/index.crates.io-1949cf8c6b5b557f/glsl-to-spirv-0.1.7/glslang" "-DCMAKE_INSTALL_PREFIX=/opt/rustwide/target/release/build/glsl-to-spirv-c295ac0f9d35757f/out" "-DCMAKE_C_FLAGS= -ffunction-sections -fdata-sections -fPIC -m64" "-DCMAKE_C_COMPILER=/usr/bin/cc" "-DCMAKE_CXX_FLAGS= -ffunction-sections -fdata-sections -fPIC -m64" "-DCMAKE_CXX_COMPILER=/usr/bin/c++" "-DCMAKE_BUILD_TYPE=Release"
[INFO] [stderr]   -- Configuring incomplete, errors occurred!
[INFO] [stderr] 
[INFO] [stderr]   --- stderr
[INFO] [stderr]   fatal: not a git repository (or any parent up to mount point /opt/rustwide)
[INFO] [stderr]   Stopping at filesystem boundary (GIT_DISCOVERY_ACROSS_FILESYSTEM not set).
[INFO] [stderr]   CMake Error at CMakeLists.txt:3 (cmake_minimum_required):
[INFO] [stderr]     Compatibility with CMake < 3.5 has been removed from CMake.
[INFO] [stderr] 
[INFO] [stderr]     Update the VERSION argument <min> value.  Or, use the <min>...<max> syntax
[INFO] [stderr]     to tell CMake that the project requires at least <min> but has been updated
[INFO] [stderr]     to work with policies introduced by <max> or earlier.
[INFO] [stderr] 
[INFO] [stderr]     Or, add -DCMAKE_POLICY_VERSION_MINIMUM=3.5 to try configuring anyway.
[INFO] [stderr] 
[INFO] [stderr] 
[INFO] [stderr] 
[INFO] [stderr]   thread 'main' (4822) panicked at /opt/rustwide/cargo-home/registry/src/index.crates.io-1949cf8c6b5b557f/cmake-0.1.40/src/lib.rs:832:5:
[INFO] [stderr] 
[INFO] [stderr]   command did not execute successfully, got: exit status: 1
[INFO] [stderr] 
[INFO] [stderr]   build script failed, must exit now
[INFO] [stderr]   stack backtrace:
[INFO] [stderr]      0:     0x654490559fb1 - <<std[97b98282bc616a66]::sys::backtrace::BacktraceLock>::print::DisplayBacktrace as core[832e9a552fc17241]::fmt::Display>::fmt
[INFO] [stderr]      1:     0x65449056defa - core[832e9a552fc17241]::fmt::write
[INFO] [stderr]      2:     0x65449055fd1c - <std[97b98282bc616a66]::sys::stdio::unix::Stderr as std[97b98282bc616a66]::io::Write>::write_fmt
[INFO] [stderr]      3:     0x65449053a8a6 - std[97b98282bc616a66]::panicking::default_hook::{closure#0}
[INFO] [stderr]      4:     0x654490553a61 - std[97b98282bc616a66]::panicking::default_hook
[INFO] [stderr]      5:     0x654490553c1b - std[97b98282bc616a66]::panicking::panic_with_hook
[INFO] [stderr]      6:     0x65449053a952 - std[97b98282bc616a66]::panicking::panic_handler::{closure#0}
[INFO] [stderr]      7:     0x654490532029 - std[97b98282bc616a66]::sys::backtrace::__rust_end_short_backtrace::<std[97b98282bc616a66]::panicking::panic_handler::{closure#0}, !>
[INFO] [stderr]      8:     0x65449053b14d - __rustc[e3d8617bb01b7f69]::rust_begin_unwind
[INFO] [stderr]      9:     0x65449056e62c - core[832e9a552fc17241]::panicking::panic_fmt
[INFO] [stderr]     10:     0x6544904f4087 - cmake[126fdfb0da076b4b]::fail
[INFO] [stderr]     11:     0x6544904f3d41 - cmake[126fdfb0da076b4b]::run
[INFO] [stderr]     12:     0x6544904f7507 - <cmake[126fdfb0da076b4b]::Config>::build
[INFO] [stderr]     13:     0x6544904e6ac1 - cmake[126fdfb0da076b4b]::build::<&str>
[INFO] [stderr]     14:     0x6544904e7abf - build_script_build[2662398a6fc026c5]::main
[INFO] [stderr]     15:     0x6544904e92a3 - <fn() as core[832e9a552fc17241]::ops::function::FnOnce<()>>::call_once
[INFO] [stderr]     16:     0x6544904e75b6 - std[97b98282bc616a66]::sys::backtrace::__rust_begin_short_backtrace::<fn(), ()>
[INFO] [stderr]     17:     0x6544904e75c9 - std[97b98282bc616a66]::rt::lang_start::<()>::{closure#0}
[INFO] [stderr]     18:     0x654490552d87 - std[97b98282bc616a66]::rt::lang_start_internal
[INFO] [stderr]     19:     0x6544904e7581 - std[97b98282bc616a66]::rt::lang_start::<()>
[INFO] [stderr]     20:     0x6544904e93b5 - main
[INFO] [stderr]     21:     0x7417b4dc3601 - <unknown>
[INFO] [stderr]     22:     0x7417b4dc3718 - __libc_start_main
[INFO] [stderr]     23:     0x6544904e6975 - _start
[INFO] [stderr]     24:                0x0 - <unknown>
[INFO] [stderr] warning: build failed, waiting for other jobs to finish...
[INFO] [stdout] For more information about this error, try `rustc --explain E0713`.
[INFO] [stdout] 
[INFO] [stderr] error: could not compile `gfx-hal` (lib) due to 2 previous errors
[INFO] running `Command { std: "docker" "inspect" "b5f21e3d41a0570ffb88dca50f0e60c19094ee9162046a93554bf1929a138f4c", kill_on_drop: false }`
[INFO] running `Command { std: "docker" "rm" "-f" "b5f21e3d41a0570ffb88dca50f0e60c19094ee9162046a93554bf1929a138f4c", kill_on_drop: false }`
[INFO] [stdout] b5f21e3d41a0570ffb88dca50f0e60c19094ee9162046a93554bf1929a138f4c
