[INFO] cloning repository https://github.com/kostya9/wterm-sessionizer
[INFO] running `Command { std: "git" "-c" "credential.helper=" "-c" "credential.helper=/workspace/cargo-home/bin/git-credential-null" "clone" "--bare" "https://github.com/kostya9/wterm-sessionizer" "/workspace/cache/git-repos/https%3A%2F%2Fgithub.com%2Fkostya9%2Fwterm-sessionizer", kill_on_drop: false }`
[INFO] [stderr] Cloning into bare repository '/workspace/cache/git-repos/https%3A%2F%2Fgithub.com%2Fkostya9%2Fwterm-sessionizer'...
[INFO] running `Command { std: "git" "rev-parse" "HEAD", kill_on_drop: false }`
[INFO] [stdout] 3dd3d5da79db176cfae86a31ecb1571b83c687f8
[INFO] testing kostya9/wterm-sessionizer against 1.99.0-beta.1+cargoflags=--release for beta-release-1.99-2
[INFO] running `Command { std: "git" "clone" "/workspace/cache/git-repos/https%3A%2F%2Fgithub.com%2Fkostya9%2Fwterm-sessionizer" "/workspace/builds/worker-7-tc2/source", kill_on_drop: false }`
[INFO] [stderr] Cloning into '/workspace/builds/worker-7-tc2/source'...
[INFO] [stderr] done.
[INFO] started tweaking git repo https://github.com/kostya9/wterm-sessionizer
[INFO] finished tweaking git repo https://github.com/kostya9/wterm-sessionizer
[INFO] tweaked toml for git repo https://github.com/kostya9/wterm-sessionizer written to /workspace/builds/worker-7-tc2/source/Cargo.toml
[INFO] validating manifest of git repo https://github.com/kostya9/wterm-sessionizer on toolchain 1.99.0-beta.1
[INFO] running `Command { std: CARGO_HOME="/workspace/cargo-home" RUSTUP_HOME="/workspace/rustup-home" "/workspace/cargo-home/bin/cargo" "+1.99.0-beta.1" "metadata" "--manifest-path" "Cargo.toml" "--no-deps", kill_on_drop: false }`
[INFO] crate git repo https://github.com/kostya9/wterm-sessionizer already has a lockfile, it will not be regenerated
[INFO] running `Command { std: CARGO_HOME="/workspace/cargo-home" RUSTUP_HOME="/workspace/rustup-home" "/workspace/cargo-home/bin/cargo" "+1.99.0-beta.1" "fetch" "--manifest-path" "Cargo.toml", kill_on_drop: false }`
[INFO] [stderr]     Blocking waiting for file lock on package cache
[ERROR] error running command: no output for 300 seconds
[INFO] testing kostya9/wterm-sessionizer against 1.99.0-beta.1+cargoflags=--release for beta-release-1.99-2
[INFO] running `Command { std: "git" "clone" "/workspace/cache/git-repos/https%3A%2F%2Fgithub.com%2Fkostya9%2Fwterm-sessionizer" "/workspace/builds/worker-7-tc2/source", kill_on_drop: false }`
[INFO] [stderr] Cloning into '/workspace/builds/worker-7-tc2/source'...
[INFO] [stderr] done.
[INFO] started tweaking git repo https://github.com/kostya9/wterm-sessionizer
[INFO] finished tweaking git repo https://github.com/kostya9/wterm-sessionizer
[INFO] tweaked toml for git repo https://github.com/kostya9/wterm-sessionizer written to /workspace/builds/worker-7-tc2/source/Cargo.toml
[INFO] validating manifest of git repo https://github.com/kostya9/wterm-sessionizer on toolchain 1.99.0-beta.1
[INFO] running `Command { std: CARGO_HOME="/workspace/cargo-home" RUSTUP_HOME="/workspace/rustup-home" "/workspace/cargo-home/bin/cargo" "+1.99.0-beta.1" "metadata" "--manifest-path" "Cargo.toml" "--no-deps", kill_on_drop: false }`
[INFO] crate git repo https://github.com/kostya9/wterm-sessionizer already has a lockfile, it will not be regenerated
[INFO] running `Command { std: CARGO_HOME="/workspace/cargo-home" RUSTUP_HOME="/workspace/rustup-home" "/workspace/cargo-home/bin/cargo" "+1.99.0-beta.1" "fetch" "--manifest-path" "Cargo.toml", kill_on_drop: false }`
[INFO] [stderr]     Blocking waiting for file lock on package cache
[INFO] [stderr]     Updating crates.io index
[INFO] [stderr]     Blocking waiting for file lock on package cache
[INFO] [stderr]  Downloading crates ...
[INFO] [stderr]   Downloaded dirs v5.0.1
[INFO] [stderr]   Downloaded redox_users v0.4.5
[INFO] [stderr]   Downloaded thiserror v1.0.59
[INFO] [stderr]   Downloaded shellexpand v3.1.0
[INFO] [stderr]   Downloaded thiserror-impl v1.0.59
[INFO] [stderr]   Downloaded dirs v3.0.2
[INFO] [stderr]   Downloaded path-dedot v3.1.1
[INFO] [stderr]   Downloaded console v0.15.8
[INFO] [stderr]   Downloaded thread_local v1.1.8
[INFO] [stderr]   Downloaded shell-words v1.1.0
[INFO] [stderr]   Downloaded number_prefix v0.4.0
[INFO] [stderr]   Downloaded dirs-sys v0.3.7
[INFO] [stderr]   Downloaded fuzzy-matcher v0.3.7
[INFO] [stderr]   Downloaded path-absolutize v3.1.1
[INFO] [stderr]   Downloaded zeroize v1.7.0
[INFO] [stderr]   Downloaded ctrlc v3.4.4
[INFO] [stderr]   Downloaded getrandom v0.2.14
[INFO] [stderr]   Downloaded dialoguer v0.11.0
[INFO] [stderr]   Downloaded encode_unicode v0.3.6
[INFO] [stderr]   Downloaded indicatif v0.17.8
[INFO] [stderr]   Downloaded portable-atomic v1.6.0
[INFO] [stderr]   Downloaded serde_json v1.0.133
[INFO] running `Command { std: "docker" "create" "-v" "/var/lib/crater-agent-workspace/builds/worker-7-tc2/source:/opt/rustwide/workdir:ro,Z" "-v" "/var/lib/crater-agent-workspace/builds/worker-7-tc2/target:/opt/rustwide/target:rw,Z" "-v" "/var/lib/crater-agent-workspace/cargo-home:/opt/rustwide/cargo-home:ro,Z" "-v" "/var/lib/crater-agent-workspace/rustup-home:/opt/rustwide/rustup-home:ro,Z" "-m" "1610612736" "--network" "none" "ghcr.io/rust-lang/crates-build-env/linux@sha256:8683fc1fc2eb5c9ac98e0d076ab094b2ffac7f99da555d2b6a2e27f346de2ec7" "sleep" "infinity", kill_on_drop: false }`
[INFO] [stdout] 6eeecbdb0645408774fa894705b39417c203e6672550cb02dfb4d7f387f4393a
[INFO] running `Command { std: "docker" "start" "6eeecbdb0645408774fa894705b39417c203e6672550cb02dfb4d7f387f4393a", kill_on_drop: false }`
[INFO] running `Command { std: "docker" "inspect" "6eeecbdb0645408774fa894705b39417c203e6672550cb02dfb4d7f387f4393a", kill_on_drop: false }`
[INFO] running `Command { std: "docker" "exec" "-e" "SOURCE_DIR=/opt/rustwide/workdir" "-e" "CARGO_HOME=/opt/rustwide/cargo-home" "-e" "RUSTUP_HOME=/opt/rustwide/rustup-home" "-e" "CARGO_TARGET_DIR=/opt/rustwide/target" "-w" "/opt/rustwide/workdir" "--user" "0:0" "6eeecbdb0645408774fa894705b39417c203e6672550cb02dfb4d7f387f4393a" "/opt/rustwide/cargo-home/bin/cargo" "+1.99.0-beta.1" "metadata" "--no-deps" "--format-version=1", kill_on_drop: false }`
[INFO] running `Command { std: "docker" "inspect" "6eeecbdb0645408774fa894705b39417c203e6672550cb02dfb4d7f387f4393a", kill_on_drop: false }`
[INFO] running `Command { std: "docker" "exec" "-e" "SOURCE_DIR=/opt/rustwide/workdir" "-e" "CARGO_HOME=/opt/rustwide/cargo-home" "-e" "RUSTUP_HOME=/opt/rustwide/rustup-home" "-e" "CARGO_TARGET_DIR=/opt/rustwide/target" "-e" "CARGO_INCREMENTAL=0" "-e" "RUST_BACKTRACE=full" "-e" "RUSTFLAGS=--cap-lints=warn" "-e" "RUSTDOCFLAGS=--cap-lints=warn" "-w" "/opt/rustwide/workdir" "--user" "0:0" "6eeecbdb0645408774fa894705b39417c203e6672550cb02dfb4d7f387f4393a" "/opt/rustwide/cargo-home/bin/cargo" "+1.99.0-beta.1" "build" "--frozen" "--message-format=json" "--release", kill_on_drop: false }`
[INFO] [stderr]    Compiling libc v0.2.153
[INFO] [stderr]    Compiling once_cell v1.19.0
[INFO] [stderr]    Compiling bitflags v2.5.0
[INFO] [stderr]    Compiling rustix v0.38.32
[INFO] [stderr]    Compiling cfg_aliases v0.1.1
[INFO] [stderr]    Compiling windows_x86_64_gnu v0.52.5
[INFO] [stderr]    Compiling lazy_static v1.4.0
[INFO] [stderr]    Compiling thiserror v1.0.59
[INFO] [stderr]    Compiling linux-raw-sys v0.4.13
[INFO] [stderr]    Compiling serde v1.0.210
[INFO] [stderr]    Compiling unicode-width v0.1.11
[INFO] [stderr]    Compiling option-ext v0.2.0
[INFO] [stderr]    Compiling portable-atomic v1.6.0
[INFO] [stderr]    Compiling fastrand v2.0.2
[INFO] [stderr]    Compiling serde_json v1.0.133
[INFO] [stderr]    Compiling thiserror-impl v1.0.59
[INFO] [stderr]    Compiling serde_derive v1.0.210
[INFO] [stderr]    Compiling nix v0.28.0
[INFO] [stderr]    Compiling shell-words v1.1.0
[INFO] [stderr]    Compiling number_prefix v0.4.0
[INFO] [stderr]    Compiling ryu v1.0.18
[INFO] [stderr]    Compiling memchr v2.7.4
[INFO] [stderr]    Compiling itoa v1.0.14
[INFO] [stderr]    Compiling thread_local v1.1.8
[INFO] [stderr]    Compiling windows-targets v0.52.5
[INFO] [stderr]    Compiling path-dedot v3.1.1
[INFO] [stderr]    Compiling zeroize v1.7.0
[INFO] [stderr]    Compiling windows-sys v0.52.0
[INFO] [stderr]    Compiling path-absolutize v3.1.1
[INFO] [stderr]    Compiling encode_unicode v1.0.0
[INFO] [stderr]    Compiling fuzzy-matcher v0.3.7
[INFO] [stderr]    Compiling console v0.15.8
[INFO] [stderr]    Compiling dirs-sys v0.4.1
[INFO] [stderr]    Compiling dirs-sys v0.3.7
[INFO] [stderr]    Compiling dirs v3.0.2
[INFO] [stderr]    Compiling dirs v5.0.1
[INFO] [stderr]    Compiling shellexpand v3.1.0
[INFO] [stderr]    Compiling indicatif v0.17.8
[INFO] [stderr]    Compiling tempfile v3.10.1
[INFO] [stderr]    Compiling dialoguer v0.11.0
[INFO] [stderr]    Compiling ctrlc v3.4.4
[INFO] [stderr]    Compiling wterm-sessionizer v0.0.29-alpha (/opt/rustwide/workdir)
[INFO] [stdout] error[E0433]: cannot find `windows` in `os`
[INFO] [stdout]  --> src/repos.rs:3:14
[INFO] [stdout]   |
[INFO] [stdout] 3 | use std::os::windows::prelude::*;
[INFO] [stdout]   |              ^^^^^^^ could not find `windows` in `os`
[INFO] [stdout] 
[INFO] [stdout] 
[INFO] [stdout] error[E0599]: no method named `file_attributes` found for struct `Metadata` in the current scope
[INFO] [stdout]   --> src/repos.rs:87:45
[INFO] [stdout]    |
[INFO] [stdout] 87 |             let has_banned_attrs = metadata.file_attributes() & BANNED_ATTRS > 0;
[INFO] [stdout]    |                                             ^^^^^^^^^^^^^^^
[INFO] [stdout]    |
[INFO] [stdout] help: there is a method `file_type` with a similar name
[INFO] [stdout]    |
[INFO] [stdout] 87 -             let has_banned_attrs = metadata.file_attributes() & BANNED_ATTRS > 0;
[INFO] [stdout] 87 +             let has_banned_attrs = metadata.file_type() & BANNED_ATTRS > 0;
[INFO] [stdout]    |
[INFO] [stdout] 
[INFO] [stdout] 
[INFO] [stdout] warning: variable does not need to be mutable
[INFO] [stdout]   --> src/bin/../dialogue/windows_input.rs:91:9
[INFO] [stdout]    |
[INFO] [stdout] 91 |     let mut key_event: KEY_EVENT_RECORD;
[INFO] [stdout]    |         ----^^^^^^^^^
[INFO] [stdout]    |         |
[INFO] [stdout]    |         help: remove this `mut`
[INFO] [stdout]    |
[INFO] [stdout]    = note: `#[warn(unused_mut)]` (part of `#[warn(unused)]`) on by default
[INFO] [stdout] 
[INFO] [stdout] 
[INFO] [stdout] warning: variant `ForceShutdown` is never constructed
[INFO] [stdout]   --> src/bin/../dialogue/dialogue_ui.rs:23:5
[INFO] [stdout]    |
[INFO] [stdout] 19 | pub enum DialogueMessage<T> {
[INFO] [stdout]    |          --------------- variant in this enum
[INFO] [stdout] ...
[INFO] [stdout] 23 |     ForceShutdown,
[INFO] [stdout]    |     ^^^^^^^^^^^^^
[INFO] [stdout]    |
[INFO] [stdout]    = note: `#[warn(dead_code)]` (part of `#[warn(unused)]`) on by default
[INFO] [stdout] 
[INFO] [stdout] 
[INFO] [stdout] warning: method `prompt` is never used
[INFO] [stdout]   --> src/bin/../dialogue/dialogue_ui.rs:39:12
[INFO] [stdout]    |
[INFO] [stdout] 34 | impl<T> Dialogue<T> where T: Display, T: Eq, T: Clone {
[INFO] [stdout]    | ----------------------------------------------------- method in this implementation
[INFO] [stdout] ...
[INFO] [stdout] 39 |     pub fn prompt(&mut self, str: &str) -> &mut Dialogue<T> {
[INFO] [stdout]    |            ^^^^^^
[INFO] [stdout] 
[INFO] [stdout] 
[INFO] [stdout] warning: method `with_y` is never used
[INFO] [stdout]    --> src/bin/../dialogue/dialogue_ui.rs:466:8
[INFO] [stdout]     |
[INFO] [stdout] 451 | impl RendererPosition {
[INFO] [stdout]     | --------------------- method in this implementation
[INFO] [stdout] ...
[INFO] [stdout] 466 |     fn with_y(&self, y: usize) -> RendererPosition {
[INFO] [stdout]     |        ^^^^^^
[INFO] [stdout] 
[INFO] [stdout] 
[INFO] [stdout] warning: variable does not need to be mutable
[INFO] [stdout]   --> src/dialogue/windows_input.rs:91:9
[INFO] [stdout]    |
[INFO] [stdout] 91 |     let mut key_event: KEY_EVENT_RECORD;
[INFO] [stdout]    |         ----^^^^^^^^^
[INFO] [stdout]    |         |
[INFO] [stdout]    |         help: remove this `mut`
[INFO] [stdout]    |
[INFO] [stdout]    = note: `#[warn(unused_mut)]` (part of `#[warn(unused)]`) on by default
[INFO] [stdout] 
[INFO] [stdout] 
[INFO] [stdout] warning: variable does not need to be mutable
[INFO] [stdout]   --> src/repos.rs:33:9
[INFO] [stdout]    |
[INFO] [stdout] 33 |     let mut selection = Dialogue::new(rx).prompt("Select repository").interact();
[INFO] [stdout]    |         ----^^^^^^^^^
[INFO] [stdout]    |         |
[INFO] [stdout]    |         help: remove this `mut`
[INFO] [stdout] 
[INFO] [stdout] 
[INFO] [stdout] warning: unused variable: `e`
[INFO] [stdout]    --> src/repos.rs:159:17
[INFO] [stdout]     |
[INFO] [stdout] 159 |             Err(e) => { 
[INFO] [stdout]     |                 ^ help: if this is intentional, prefix it with an underscore: `_e`
[INFO] [stdout]     |
[INFO] [stdout]     = note: `#[warn(unused_variables)]` (part of `#[warn(unused)]`) on by default
[INFO] [stdout] 
[INFO] [stdout] 
[INFO] [stdout] warning: unreachable pattern
[INFO] [stdout]   --> src/main.rs:62:9
[INFO] [stdout]    |
[INFO] [stdout] 62 |         _ => Ok(()),
[INFO] [stdout]    |         ^ no value can reach this
[INFO] [stdout]    |
[INFO] [stdout] note: multiple earlier patterns match some of the same values
[INFO] [stdout]   --> src/main.rs:62:9
[INFO] [stdout]    |
[INFO] [stdout] 46 |         Commands::FindProject(FindProjectArgs { path, new_tab }) => {
[INFO] [stdout]    |         -------------------------------------------------------- matches some of the same values
[INFO] [stdout] ...
[INFO] [stdout] 49 |         Commands::OnChangedDirectory { path } => {
[INFO] [stdout]    |         ------------------------------------- matches some of the same values
[INFO] [stdout] ...
[INFO] [stdout] 53 |         Commands::ExpandCd { path } => {
[INFO] [stdout]    |         --------------------------- matches some of the same values
[INFO] [stdout] ...
[INFO] [stdout] 56 |         Commands::Init {} => {
[INFO] [stdout]    |         ----------------- matches some of the same values
[INFO] [stdout] ...
[INFO] [stdout] 62 |         _ => Ok(()),
[INFO] [stdout]    |         ^ collectively making this unreachable
[INFO] [stdout]    = note: `#[warn(unreachable_patterns)]` (part of `#[warn(unused)]`) on by default
[INFO] [stdout] 
[INFO] [stdout] 
[INFO] [stderr] error: could not compile `wterm-sessionizer` (bin "wts") due to 2 previous errors; 4 warnings emitted
[INFO] [stdout] Some errors have detailed explanations: E0433, E0599.
[INFO] [stdout] 
[INFO] [stderr] warning: build failed, waiting for other jobs to finish...
[INFO] [stdout] For more information about an error, try `rustc --explain E0433`.
[INFO] [stdout] 
[INFO] [stdout] error: linking with `cc` failed: exit status: 1
[INFO] [stdout]   |
[INFO] [stdout]   = note:  "cc" "-m64" "/opt/rustwide/target/release/deps/rustctbRRCS/symbols.o" "<9 object files omitted>" "-Wl,--as-needed" "-Wl,-Bstatic" "/opt/rustwide/target/release/deps/{libwindows_sys-58851ce2c33b6c85,libwindows_targets-5ced73415dd19125,libencode_unicode-e6dfd0513a4ab2f9,libindicatif-afebdd8c84ffed33,libportable_atomic-05b2d58123510171,libnumber_prefix-520baea0c9391e63,libdialoguer-108f7550244a5ac9,libshell_words-01143d9292545303,libtempfile-8c3293bb9ec7f7e4,libfastrand-60f961473ccca162,librustix-d2c089658f80ba84,libbitflags-8654d5dee5eed0e7,liblinux_raw_sys-dae2f7ba915cf6f7,libzeroize-f612ba039725a621,libfuzzy_matcher-5189ce9a5fa267b0,libthread_local-dd11318cc0b7590f,libcfg_if-193575a6b29a3ab9,libonce_cell-0ec5af3754429b30,libthiserror-771f1c237e31be75,libconsole-2533f3d20e47a137,liblibc-717c86224c7e20f6,libunicode_width-ea791f740d5f4cd5,liblazy_static-480433dca0d17907}.rlib" "<sysroot>/lib/rustlib/x86_64-unknown-linux-gnu/lib/{libstd-*,libpanic_unwind-*,libobject-*,libmemchr-*,libaddr2line-*,libgimli-*,libcfg_if-*,librustc_demangle-*,libstd_detect-*,libhashbrown-*,librustc_std_workspace_alloc-*,libminiz_oxide-*,libadler2-*,libunwind-*,liblibc-*,librustc_std_workspace_core-*,liballoc-*,libcore-*,libcompiler_builtins-*}.rlib" "-Wl,-Bdynamic" "-lgcc_s" "-lutil" "-lrt" "-lpthread" "-lm" "-ldl" "-lc" "-L" "/opt/rustwide/target/release/deps/rustctbRRCS/raw-dylibs" "-B<sysroot>/lib/rustlib/x86_64-unknown-linux-gnu/bin/gcc-ld" "-fuse-ld=lld" "-Wl,--eh-frame-hdr" "-Wl,-z,noexecstack" "-L" "/opt/rustwide/cargo-home/registry/src/index.crates.io-1949cf8c6b5b557f/windows_x86_64_gnu-0.52.5/lib" "-L" "<sysroot>/lib/rustlib/x86_64-unknown-linux-gnu/lib" "-o" "/opt/rustwide/target/release/deps/test_dialogue-926f25b697827878" "-Wl,--gc-sections" "-pie" "-Wl,-z,relro,-z,now" "-Wl,-O1" "-Wl,--strip-debug" "-nodefaultlibs"
[INFO] [stdout]   = note: some arguments are omitted. use `--verbose` to show all linker arguments
[INFO] [stdout]   = note: rust-lld: error: undefined symbol: GetStdHandle
[INFO] [stdout]           >>> referenced by test_dialogue.2119fd4ce4cd414e-cgu.0
[INFO] [stdout]           >>>               /opt/rustwide/target/release/deps/test_dialogue-926f25b697827878.test_dialogue.2119fd4ce4cd414e-cgu.0.rcgu.o:(test_dialogue::dialogue::windows_input::try_read_key_event)
[INFO] [stdout]           >>> referenced by test_dialogue.2119fd4ce4cd414e-cgu.0
[INFO] [stdout]           >>>               /opt/rustwide/target/release/deps/test_dialogue-926f25b697827878.test_dialogue.2119fd4ce4cd414e-cgu.0.rcgu.o:(test_dialogue::dialogue::windows_input::get_key_event_count)
[INFO] [stdout]           
[INFO] [stdout]           rust-lld: error: undefined symbol: ReadConsoleInputW
[INFO] [stdout]           >>> referenced by test_dialogue.2119fd4ce4cd414e-cgu.0
[INFO] [stdout]           >>>               /opt/rustwide/target/release/deps/test_dialogue-926f25b697827878.test_dialogue.2119fd4ce4cd414e-cgu.0.rcgu.o:(test_dialogue::dialogue::windows_input::try_read_key_event)
[INFO] [stdout]           
[INFO] [stdout]           rust-lld: error: undefined symbol: GetNumberOfConsoleInputEvents
[INFO] [stdout]           >>> referenced by test_dialogue.2119fd4ce4cd414e-cgu.0
[INFO] [stdout]           >>>               /opt/rustwide/target/release/deps/test_dialogue-926f25b697827878.test_dialogue.2119fd4ce4cd414e-cgu.0.rcgu.o:(test_dialogue::dialogue::windows_input::get_key_event_count)
[INFO] [stdout]           collect2: error: ld returned 1 exit status
[INFO] [stdout]           
[INFO] [stdout] 
[INFO] [stdout] 
[INFO] [stderr] error: could not compile `wterm-sessionizer` (bin "test_dialogue") due to 1 previous error; 4 warnings emitted
[INFO] running `Command { std: "docker" "inspect" "6eeecbdb0645408774fa894705b39417c203e6672550cb02dfb4d7f387f4393a", kill_on_drop: false }`
[INFO] running `Command { std: "docker" "rm" "-f" "6eeecbdb0645408774fa894705b39417c203e6672550cb02dfb4d7f387f4393a", kill_on_drop: false }`
[INFO] [stdout] 6eeecbdb0645408774fa894705b39417c203e6672550cb02dfb4d7f387f4393a
