[INFO] cloning repository https://github.com/kishimotonico/baloma
[INFO] running `Command { std: "git" "-c" "credential.helper=" "-c" "credential.helper=/workspace/cargo-home/bin/git-credential-null" "clone" "--bare" "https://github.com/kishimotonico/baloma" "/workspace/cache/git-repos/https%3A%2F%2Fgithub.com%2Fkishimotonico%2Fbaloma", kill_on_drop: false }`
[INFO] [stderr] Cloning into bare repository '/workspace/cache/git-repos/https%3A%2F%2Fgithub.com%2Fkishimotonico%2Fbaloma'...
[INFO] running `Command { std: "git" "rev-parse" "HEAD", kill_on_drop: false }`
[INFO] [stdout] cd422bf38173920b40979ffc588ebd18b02229d8
[INFO] testing kishimotonico/baloma/cd422bf38173920b40979ffc588ebd18b02229d8 against 1.98.0-beta.8+cargoflags=--release for beta-release-1.99-2
[INFO] running `Command { std: "git" "clone" "/workspace/cache/git-repos/https%3A%2F%2Fgithub.com%2Fkishimotonico%2Fbaloma" "/workspace/builds/worker-2-tc1/source", kill_on_drop: false }`
[INFO] [stderr] Cloning into '/workspace/builds/worker-2-tc1/source'...
[INFO] [stderr] done.
[INFO] started tweaking git repo https://github.com/kishimotonico/baloma
[INFO] finished tweaking git repo https://github.com/kishimotonico/baloma
[INFO] tweaked toml for git repo https://github.com/kishimotonico/baloma written to /workspace/builds/worker-2-tc1/source/Cargo.toml
[INFO] validating manifest of git repo https://github.com/kishimotonico/baloma on toolchain 1.98.0-beta.8
[INFO] running `Command { std: CARGO_HOME="/workspace/cargo-home" RUSTUP_HOME="/workspace/rustup-home" "/workspace/cargo-home/bin/cargo" "+1.98.0-beta.8" "metadata" "--manifest-path" "Cargo.toml" "--no-deps", kill_on_drop: false }`
[INFO] crate git repo https://github.com/kishimotonico/baloma already has a lockfile, it will not be regenerated
[INFO] running `Command { std: CARGO_HOME="/workspace/cargo-home" RUSTUP_HOME="/workspace/rustup-home" "/workspace/cargo-home/bin/cargo" "+1.98.0-beta.8" "fetch" "--manifest-path" "Cargo.toml", kill_on_drop: false }`
[INFO] [stderr]     Updating crates.io index
[INFO] [stderr]  Downloading crates ...
[INFO] [stderr]   Downloaded toml_writer v1.1.2+spec-1.1.0
[INFO] [stderr]   Downloaded toml_parser v1.1.3+spec-1.1.0
[INFO] [stderr]   Downloaded rtoolbox v0.0.5
[INFO] [stderr]   Downloaded jiff-static v0.2.35
[INFO] [stderr]   Downloaded tabwriter v1.4.1
[INFO] [stderr]   Downloaded tokio-macros v2.7.2
[INFO] [stderr]   Downloaded serde_regex v1.2.0
[INFO] [stderr]   Downloaded content_disposition v0.4.0
[INFO] [stderr]   Downloaded charset v0.1.5
[INFO] [stderr]   Downloaded libredox v0.1.19
[INFO] [stderr]   Downloaded toml v1.1.4+spec-1.1.0
[INFO] [stderr]   Downloaded rpassword v7.5.4
[INFO] [stderr]   Downloaded stringmetrics v2.2.2
[INFO] [stderr]   Downloaded path-tree v0.8.3
[INFO] [stderr]   Downloaded aho-corasick v1.1.5
[INFO] [stderr]   Downloaded async-object-pool v0.2.0
[INFO] [stderr]   Downloaded jiff-tzdb v0.1.8
[INFO] [stderr]   Downloaded clap v4.6.5
[INFO] [stderr]   Downloaded serde_yaml_ng v0.10.0
[INFO] [stderr]   Downloaded jiff-core v0.1.0
[INFO] [stderr]   Downloaded h2 v0.4.15
[INFO] [stderr]   Downloaded clap_builder v4.6.5
[INFO] [stderr]   Downloaded hyper v1.11.0
[INFO] [stderr]   Downloaded aws-lc-rs v1.17.3
[INFO] [stderr]   Downloaded regex-automata v0.4.18
[INFO] [stderr]   Downloaded jiff v0.2.35
[INFO] [stderr]   Downloaded httpmock v0.8.3
[INFO] [stderr]   Downloaded aws-lc-sys v0.43.0
[INFO] running `Command { std: "docker" "create" "-v" "/var/lib/crater-agent-workspace/builds/worker-2-tc1/source:/opt/rustwide/workdir:ro,Z" "-v" "/var/lib/crater-agent-workspace/builds/worker-2-tc1/target:/opt/rustwide/target:rw,Z" "-v" "/var/lib/crater-agent-workspace/cargo-home:/opt/rustwide/cargo-home:ro,Z" "-v" "/var/lib/crater-agent-workspace/rustup-home:/opt/rustwide/rustup-home:ro,Z" "-m" "1610612736" "--network" "none" "ghcr.io/rust-lang/crates-build-env/linux@sha256:8683fc1fc2eb5c9ac98e0d076ab094b2ffac7f99da555d2b6a2e27f346de2ec7" "sleep" "infinity", kill_on_drop: false }`
[INFO] [stdout] c0d5a3dc70616f7d464aec3875b97e600015a9724428e6c57ec6a04133046323
[INFO] running `Command { std: "docker" "start" "c0d5a3dc70616f7d464aec3875b97e600015a9724428e6c57ec6a04133046323", kill_on_drop: false }`
[INFO] running `Command { std: "docker" "inspect" "c0d5a3dc70616f7d464aec3875b97e600015a9724428e6c57ec6a04133046323", kill_on_drop: false }`
[INFO] running `Command { std: "docker" "exec" "-e" "SOURCE_DIR=/opt/rustwide/workdir" "-e" "CARGO_HOME=/opt/rustwide/cargo-home" "-e" "RUSTUP_HOME=/opt/rustwide/rustup-home" "-e" "CARGO_TARGET_DIR=/opt/rustwide/target" "-w" "/opt/rustwide/workdir" "--user" "0:0" "c0d5a3dc70616f7d464aec3875b97e600015a9724428e6c57ec6a04133046323" "/opt/rustwide/cargo-home/bin/cargo" "+1.98.0-beta.8" "metadata" "--no-deps" "--format-version=1", kill_on_drop: false }`
[INFO] running `Command { std: "docker" "inspect" "c0d5a3dc70616f7d464aec3875b97e600015a9724428e6c57ec6a04133046323", kill_on_drop: false }`
[INFO] running `Command { std: "docker" "exec" "-e" "SOURCE_DIR=/opt/rustwide/workdir" "-e" "CARGO_HOME=/opt/rustwide/cargo-home" "-e" "RUSTUP_HOME=/opt/rustwide/rustup-home" "-e" "CARGO_TARGET_DIR=/opt/rustwide/target" "-e" "CARGO_INCREMENTAL=0" "-e" "RUST_BACKTRACE=full" "-e" "RUSTFLAGS=--cap-lints=warn" "-e" "RUSTDOCFLAGS=--cap-lints=warn" "-w" "/opt/rustwide/workdir" "--user" "0:0" "c0d5a3dc70616f7d464aec3875b97e600015a9724428e6c57ec6a04133046323" "/opt/rustwide/cargo-home/bin/cargo" "+1.98.0-beta.8" "build" "--frozen" "--message-format=json" "--release", kill_on_drop: false }`
[INFO] [stderr]    Compiling proc-macro2 v1.0.107
[INFO] [stderr]    Compiling quote v1.0.47
[INFO] [stderr]    Compiling libc v0.2.189
[INFO] [stderr]    Compiling shlex v2.0.1
[INFO] [stderr]    Compiling fs_extra v1.3.0
[INFO] [stderr]    Compiling dunce v1.0.5
[INFO] [stderr]    Compiling serde_core v1.0.229
[INFO] [stderr]    Compiling futures-core v0.3.33
[INFO] [stderr]    Compiling bytes v1.12.1
[INFO] [stderr]    Compiling memchr v2.8.3
[INFO] [stderr]    Compiling smallvec v1.15.2
[INFO] [stderr]    Compiling futures-sink v0.3.33
[INFO] [stderr]    Compiling aws-lc-rs v1.17.3
[INFO] [stderr]    Compiling zeroize v1.9.0
[INFO] [stderr]    Compiling futures-task v0.3.33
[INFO] [stderr]    Compiling futures-io v0.3.33
[INFO] [stderr]    Compiling serde v1.0.229
[INFO] [stderr]    Compiling rustls v0.23.43
[INFO] [stderr]    Compiling try-lock v0.2.5
[INFO] [stderr]    Compiling zmij v1.0.23
[INFO] [stderr]    Compiling want v0.3.1
[INFO] [stderr]    Compiling futures-channel v0.3.33
[INFO] [stderr]    Compiling utf8parse v0.2.2
[INFO] [stderr]    Compiling unicase v2.9.0
[INFO] [stderr]    Compiling log v0.4.33
[INFO] [stderr]    Compiling serde_json v1.0.151
[INFO] [stderr]    Compiling rustls-pki-types v1.15.1
[INFO] [stderr]    Compiling bitflags v2.13.1
[INFO] [stderr]    Compiling anstyle-parse v1.0.0
[INFO] [stderr]    Compiling sync_wrapper v1.0.2
[INFO] [stderr]    Compiling colorchoice v1.0.5
[INFO] [stderr]    Compiling ipnet v2.12.1
[INFO] [stderr]    Compiling is_terminal_polyfill v1.70.2
[INFO] [stderr]    Compiling mime_guess v2.0.5
[INFO] [stderr]    Compiling regex-syntax v0.8.11
[INFO] [stderr]    Compiling rustix v1.1.4
[INFO] [stderr]    Compiling anstyle-query v1.1.5
[INFO] [stderr]    Compiling anstyle v1.0.14
[INFO] [stderr]    Compiling getrandom v0.4.3
[INFO] [stderr]    Compiling openssl-probe v0.2.1
[INFO] [stderr]    Compiling encoding_rs v0.8.35
[INFO] [stderr]    Compiling anstream v1.0.0
[INFO] [stderr]    Compiling option-ext v0.2.0
[INFO] [stderr]    Compiling rustls-native-certs v0.8.4
[INFO] [stderr]    Compiling http v1.5.0
[INFO] [stderr]    Compiling clap_lex v1.1.0
[INFO] [stderr]    Compiling hashbrown v0.17.1
[INFO] [stderr]    Compiling winnow v1.0.4
[INFO] [stderr]    Compiling strsim v0.11.1
[INFO] [stderr]    Compiling jobserver v0.1.35
[INFO] [stderr]    Compiling syn v3.0.3
[INFO] [stderr]    Compiling syn v2.0.119
[INFO] [stderr]    Compiling linux-raw-sys v0.12.1
[INFO] [stderr]    Compiling thiserror v2.0.19
[INFO] [stderr]    Compiling cc v1.4.0
[INFO] [stderr]    Compiling mio v1.2.2
[INFO] [stderr]    Compiling socket2 v0.6.5
[INFO] [stderr]    Compiling rtoolbox v0.0.5
[INFO] [stderr]    Compiling dirs-sys v0.5.0
[INFO] [stderr]    Compiling clap_builder v4.6.5
[INFO] [stderr]    Compiling toml_parser v1.1.3+spec-1.1.0
[INFO] [stderr]    Compiling http-body v1.1.0
[INFO] [stderr]    Compiling charset v0.1.5
[INFO] [stderr]    Compiling http-body-util v0.1.4
[INFO] [stderr]    Compiling indexmap v2.14.0
[INFO] [stderr]    Compiling tracing-log v0.2.0
[INFO] [stderr]    Compiling thread_local v1.1.10
[INFO] [stderr]    Compiling regex-automata v0.4.18
[INFO] [stderr]    Compiling toml_writer v1.1.2+spec-1.1.0
[INFO] [stderr]    Compiling unsafe-libyaml v0.2.11
[INFO] [stderr]    Compiling fastrand v2.5.0
[INFO] [stderr]    Compiling jiff-core v0.1.0
[INFO] [stderr]    Compiling cmake v0.1.58
[INFO] [stderr]    Compiling content_disposition v0.4.0
[INFO] [stderr]    Compiling directories v6.0.0
[INFO] [stderr]    Compiling aws-lc-sys v0.43.0
[INFO] [stderr]    Compiling toml_datetime v1.1.1+spec-1.1.0
[INFO] [stderr]    Compiling serde_spanned v1.1.1
[INFO] [stderr]    Compiling rpassword v7.5.4
[INFO] [stderr]    Compiling jiff v0.2.35
[INFO] [stderr]    Compiling toml v1.1.4+spec-1.1.0
[INFO] [stderr]    Compiling tempfile v3.27.0
[INFO] [stderr]    Compiling matchers v0.2.0
[INFO] [stderr]    Compiling displaydoc v0.2.7
[INFO] [stderr]    Compiling tokio-macros v2.7.2
[INFO] [stderr]    Compiling serde_derive v1.0.229
[INFO] [stderr]    Compiling clap_derive v4.6.4
[INFO] [stderr]    Compiling thiserror-impl v2.0.19
[INFO] [stderr]    Compiling synstructure v0.13.2
[INFO] [stderr]    Compiling tokio v1.53.1
[INFO] [stderr]    Compiling clap v4.6.5
[INFO] [stderr]    Compiling zerofrom-derive v0.1.7
[INFO] [stderr]    Compiling yoke-derive v0.8.2
[INFO] [stderr]    Compiling zerovec-derive v0.11.3
[INFO] [stderr]    Compiling futures-macro v0.3.33
[INFO] [stderr]    Compiling zerofrom v0.1.8
[INFO] [stderr]    Compiling tracing-attributes v0.1.31
[INFO] [stderr]    Compiling yoke v0.8.3
[INFO] [stderr]    Compiling futures-util v0.3.33
[INFO] [stderr]    Compiling zerotrie v0.2.4
[INFO] [stderr]    Compiling zerovec v0.11.6
[INFO] [stderr]    Compiling tracing v0.1.44
[INFO] [stderr]    Compiling serde_urlencoded v0.7.1
[INFO] [stderr]    Compiling tracing-serde v0.2.0
[INFO] [stderr]    Compiling serde_yaml_ng v0.10.0
[INFO] [stderr]    Compiling tinystr v0.8.3
[INFO] [stderr]    Compiling potential_utf v0.1.5
[INFO] [stderr]    Compiling icu_collections v2.2.0
[INFO] [stderr]    Compiling tracing-subscriber v0.3.23
[INFO] [stderr]    Compiling icu_locale_core v2.2.0
[INFO] [stderr]    Compiling icu_provider v2.2.0
[INFO] [stderr]    Compiling icu_properties v2.2.0
[INFO] [stderr]    Compiling icu_normalizer v2.2.0
[INFO] [stderr]    Compiling hyper v1.11.0
[INFO] [stderr]    Compiling tower v0.5.3
[INFO] [stderr]    Compiling idna_adapter v1.2.2
[INFO] [stderr]    Compiling idna v1.1.0
[INFO] [stderr]    Compiling futures-executor v0.3.33
[INFO] [stderr]    Compiling futures v0.3.33
[INFO] [stderr]    Compiling url v2.5.8
[INFO] [stderr]    Compiling hyper-util v0.1.20
[INFO] [stderr]    Compiling tower-http v0.6.11
[INFO] [stderr]    Compiling rustls-webpki v0.103.13
[INFO] [stderr]    Compiling tokio-rustls v0.26.4
[INFO] [stderr]    Compiling rustls-platform-verifier v0.7.0
[INFO] [stderr]    Compiling hyper-rustls v0.27.9
[INFO] [stderr]    Compiling reqwest v0.13.4
[INFO] [stderr]    Compiling baloma v0.1.0 (/opt/rustwide/workdir)
[INFO] [stderr]     Finished `release` profile [optimized] target(s) in 3m 33s
[INFO] running `Command { std: "docker" "inspect" "c0d5a3dc70616f7d464aec3875b97e600015a9724428e6c57ec6a04133046323", kill_on_drop: false }`
[INFO] running `Command { std: "docker" "exec" "-e" "SOURCE_DIR=/opt/rustwide/workdir" "-e" "CARGO_HOME=/opt/rustwide/cargo-home" "-e" "RUSTUP_HOME=/opt/rustwide/rustup-home" "-e" "CARGO_TARGET_DIR=/opt/rustwide/target" "-e" "CARGO_INCREMENTAL=0" "-e" "RUST_BACKTRACE=full" "-e" "RUSTFLAGS=--cap-lints=warn" "-e" "RUSTDOCFLAGS=--cap-lints=warn" "-w" "/opt/rustwide/workdir" "--user" "0:0" "c0d5a3dc70616f7d464aec3875b97e600015a9724428e6c57ec6a04133046323" "/opt/rustwide/cargo-home/bin/cargo" "+1.98.0-beta.8" "test" "--frozen" "--no-run" "--message-format=json" "--release", kill_on_drop: false }`
[INFO] [stderr]    Compiling serde v1.0.229
[INFO] [stderr]    Compiling futures-sink v0.3.33
[INFO] [stderr]    Compiling slab v0.4.12
[INFO] [stderr]    Compiling syn v3.0.3
[INFO] [stderr]    Compiling errno v0.3.14
[INFO] [stderr]    Compiling tracing v0.1.44
[INFO] [stderr]    Compiling aho-corasick v1.1.5
[INFO] [stderr]    Compiling fnv v1.0.7
[INFO] [stderr]    Compiling regex-syntax v0.8.11
[INFO] [stderr]    Compiling typenum v1.20.1
[INFO] [stderr]    Compiling event-listener v5.4.2
[INFO] [stderr]    Compiling signal-hook-registry v1.4.8
[INFO] [stderr]    Compiling crossbeam-utils v0.8.22
[INFO] [stderr]    Compiling unicode-width v0.2.2
[INFO] [stderr]    Compiling path-tree v0.8.3
[INFO] [stderr]    Compiling similar v2.7.0
[INFO] [stderr]    Compiling stringmetrics v2.2.2
[INFO] [stderr]    Compiling futures-channel v0.3.33
[INFO] [stderr]    Compiling futures-timer v3.0.4
[INFO] [stderr]    Compiling tabwriter v1.4.1
[INFO] [stderr]    Compiling futures-util v0.3.33
[INFO] [stderr]    Compiling event-listener-strategy v0.5.4
[INFO] [stderr]    Compiling async-lock v3.4.2
[INFO] [stderr]    Compiling async-object-pool v0.2.0
[INFO] [stderr]    Compiling generic-array v0.14.7
[INFO] [stderr]    Compiling crypto-common v0.1.7
[INFO] [stderr]    Compiling block-buffer v0.10.4
[INFO] [stderr]    Compiling digest v0.10.7
[INFO] [stderr]    Compiling sha1 v0.10.7
[INFO] [stderr]    Compiling regex-automata v0.4.18
[INFO] [stderr]    Compiling futures-executor v0.3.33
[INFO] [stderr]    Compiling futures v0.3.33
[INFO] [stderr]    Compiling serde_derive v1.0.229
[INFO] [stderr]    Compiling displaydoc v0.2.7
[INFO] [stderr]    Compiling tokio-macros v2.7.2
[INFO] [stderr]    Compiling thiserror-impl v2.0.19
[INFO] [stderr]    Compiling clap_derive v4.6.4
[INFO] [stderr]    Compiling async-trait v0.1.91
[INFO] [stderr]    Compiling tinystr v0.8.3
[INFO] [stderr]    Compiling zerotrie v0.2.4
[INFO] [stderr]    Compiling icu_collections v2.2.0
[INFO] [stderr]    Compiling icu_locale_core v2.2.0
[INFO] [stderr]    Compiling thiserror v2.0.19
[INFO] [stderr]    Compiling clap v4.6.5
[INFO] [stderr]    Compiling icu_provider v2.2.0
[INFO] [stderr]    Compiling icu_normalizer v2.2.0
[INFO] [stderr]    Compiling icu_properties v2.2.0
[INFO] [stderr]    Compiling matchers v0.2.0
[INFO] [stderr]    Compiling regex v1.13.1
[INFO] [stderr]    Compiling idna_adapter v1.2.2
[INFO] [stderr]    Compiling bytes v1.12.1
[INFO] [stderr]    Compiling tracing-serde v0.2.0
[INFO] [stderr]    Compiling idna v1.1.0
[INFO] [stderr]    Compiling serde_urlencoded v0.7.1
[INFO] [stderr]    Compiling serde_yaml_ng v0.10.0
[INFO] [stderr]    Compiling serde_regex v1.2.0
[INFO] [stderr]    Compiling tracing-subscriber v0.3.23
[INFO] [stderr]    Compiling assert-json-diff v2.0.2
[INFO] [stderr]    Compiling http v1.5.0
[INFO] [stderr]    Compiling tokio v1.53.1
[INFO] [stderr]    Compiling url v2.5.8
[INFO] [stderr]    Compiling http-body v1.1.0
[INFO] [stderr]    Compiling headers-core v0.3.0
[INFO] [stderr]    Compiling headers v0.4.1
[INFO] [stderr]    Compiling http-body-util v0.1.4
[INFO] [stderr]    Compiling tokio-util v0.7.19
[INFO] [stderr]    Compiling tokio-rustls v0.26.4
[INFO] [stderr]    Compiling tower v0.5.3
[INFO] [stderr]    Compiling tower-http v0.6.11
[INFO] [stderr]    Compiling h2 v0.4.15
[INFO] [stderr]    Compiling hyper v1.11.0
[INFO] [stderr]    Compiling hyper-util v0.1.20
[INFO] [stderr]    Compiling hyper-rustls v0.27.9
[INFO] [stderr]    Compiling httpmock v0.8.3
[INFO] [stderr]    Compiling reqwest v0.13.4
[INFO] [stderr]    Compiling baloma v0.1.0 (/opt/rustwide/workdir)
[INFO] [stderr]     Finished `release` profile [optimized] target(s) in 3m 39s
[INFO] running `Command { std: "docker" "inspect" "c0d5a3dc70616f7d464aec3875b97e600015a9724428e6c57ec6a04133046323", kill_on_drop: false }`
[INFO] running `Command { std: "docker" "exec" "-e" "SOURCE_DIR=/opt/rustwide/workdir" "-e" "CARGO_HOME=/opt/rustwide/cargo-home" "-e" "RUSTUP_HOME=/opt/rustwide/rustup-home" "-e" "CARGO_TARGET_DIR=/opt/rustwide/target" "-e" "CARGO_INCREMENTAL=0" "-e" "RUST_BACKTRACE=full" "-e" "RUSTFLAGS=--cap-lints=warn" "-e" "RUSTDOCFLAGS=--cap-lints=warn" "-w" "/opt/rustwide/workdir" "--user" "0:0" "c0d5a3dc70616f7d464aec3875b97e600015a9724428e6c57ec6a04133046323" "/opt/rustwide/cargo-home/bin/cargo" "+1.98.0-beta.8" "test" "--frozen" "--release", kill_on_drop: false }`
[INFO] [stderr]     Finished `release` profile [optimized] target(s) in 0.33s
[INFO] [stderr]      Running unittests src/lib.rs (/opt/rustwide/target/release/deps/baloma-c8ff612f3121fe1f)
[INFO] [stdout] 
[INFO] [stdout] running 173 tests
[INFO] [stdout] test cli::api::tests::rejects_unknown_method ... ok
[INFO] [stdout] test cli::api::tests::rejects_param_without_equals ... ok
[INFO] [stdout] test cli::auth::tests::login_save_config_omits_done_statuses_when_not_in_file ... ok
[INFO] [stdout] test cli::issue::tests::attach_download_accepts_id_and_name_together ... ok
[INFO] [stdout] test cli::issue::tests::body_and_body_file_are_exclusive_on_comment_add ... ok
[INFO] [stdout] test cli::auth::tests::login_save_config_preserves_done_statuses_from_file ... ok
[INFO] [stdout] test cli::issue::tests::attach_download_rejects_all_with_id ... ok
[INFO] [stdout] test cli::api::tests::accepts_repeated_params ... ok
[INFO] [stdout] test cli::issue::tests::attach_download_requires_selector ... ok
[INFO] [stdout] test cli::api::tests::accepts_lowercase_method ... ok
[INFO] [stdout] test cli::issue::tests::custom_field_without_equals_keeps_existing_error ... ok
[INFO] [stdout] test cli::issue::tests::custom_fields_preserve_first_name_and_value_order ... ok
[INFO] [stdout] test cli::issue::tests::include_done_conflicts_with_status ... ok
[INFO] [stdout] test cli::issue::tests::update_without_changes_is_rejected_at_runtime ... ok
[INFO] [stdout] test cli::stats::tests::parse_since_rejects_non_positive_spans ... ok
[INFO] [stdout] test cli::tests::cli_lists_issue_subcommand ... ok
[INFO] [stdout] test cli::issue::tests::body_and_body_file_are_exclusive_on_create ... ok
[INFO] [stdout] test client::tests::filename_from_content_disposition_parses_rfc5987 ... ok
[INFO] [stdout] test cli::stats::tests::parse_since_accepts_documented_formats ... ok
[INFO] [stdout] test cli::api::tests::accepts_empty_param_value ... ok
[INFO] [stdout] test client::tests::handles_multiple_api_errors ... ok
[INFO] [stdout] test client::tests::sanitize_download_filename_rejects_dot_dot ... ok
[INFO] [stdout] test client::tests::sanitize_download_filename_rejects_empty ... ok
[INFO] [stdout] test client::tests::sanitize_download_filename_uses_final_component ... ok
[INFO] [stdout] test client::tests::seconds_until_caps_at_least_one ... ok
[INFO] [stdout] test client::tests::get_issues_with_array_params ... ok
[INFO] [stdout] test client::tests::request_raw_post_sends_form_urlencoded_body ... ok
[INFO] [stdout] test config::tests::done_statuses_defaults_to_builtin ... ok
[INFO] [stdout] test config::tests::done_statuses_global_config_replaces_builtin ... ok
[INFO] [stdout] test config::tests::done_statuses_local_config_replaces_global ... ok
[INFO] [stdout] test config::tests::done_statuses_local_config_without_key_keeps_previous ... ok
[INFO] [stdout] test client::tests::request_raw_rejects_path_outside_api_v2 ... ok
[INFO] [stdout] test client::tests::request_raw_preserves_repeated_keys ... ok
[INFO] [stdout] test config::tests::file_values_used_when_env_missing ... ok
[INFO] [stdout] test config::tests::empty_env_does_not_override_file ... ok
[INFO] [stdout] test config::tests::env_overrides_file ... ok
[INFO] [stdout] test config::tests::global_config_rejects_unknown_fields ... ok
[INFO] [stdout] test config::tests::done_statuses_empty_local_config_keeps_previous ... ok
[INFO] [stdout] test client::tests::upload_attachment_sends_file_part_and_returns_id ... ok
[INFO] [stdout] test config::tests::normalizes_space_url ... ok
[INFO] [stdout] test config::tests::normalizes_space_url_with_port ... ok
[INFO] [stdout] test client::tests::network_error_does_not_leak_api_key ... ok
[INFO] [stdout] test config::tests::injected_write_failure_keeps_existing_file_and_removes_temp_file ... ok
[INFO] [stdout] test config::tests::rejects_invalid_space_url ... ok
[INFO] [stdout] test error::tests::http_status_puts_body_summary_in_errors ... ok
[INFO] [stdout] test error::tests::includes_errors_array_for_single_api_error ... ok
[INFO] [stdout] test config::tests::save_failure_keeps_existing_path ... ok
[INFO] [stdout] test error::tests::maps_backlog_error_codes_to_japanese_messages ... ok
[INFO] [stdout] test error::tests::includes_multiple_errors_in_array ... ok
[INFO] [stdout] test error::tests::maps_http_status_when_code_unknown ... ok
[INFO] [stdout] test error::tests::resolver_ambiguous_assignee_hint_uses_login_ids ... ok
[INFO] [stdout] test error::tests::resolver_hint_truncates_many_candidates ... ok
[INFO] [stdout] test error::tests::resolver_not_found_omits_candidate_section_when_empty ... ok
[INFO] [stdout] test error::tests::resolver_not_found_project_has_fixed_hint_without_candidates ... ok
[INFO] [stdout] test error::tests::resolver_not_found_puts_candidates_in_hint ... ok
[INFO] [stdout] test config::tests::partial_env_override ... ok
[INFO] [stdout] test config::tests::read_optional_config_distinguishes_missing_and_invalid_utf8 ... ok
[INFO] [stdout] test export::tests::comment_marker_includes_index_and_attachments ... ok
[INFO] [stdout] test export::tests::format_comment_created_converts_to_local_minute_precision ... ok
[INFO] [stdout] test export::tests::format_due_date_extracts_date_part ... ok
[INFO] [stdout] test export::tests::front_matter_escapes_special_characters_in_summary ... ok
[INFO] [stdout] test export::tests::front_matter_omits_assignee_and_due_when_absent ... ok
[INFO] [stdout] test export::tests::front_matter_shows_attachments_excluded ... ok
[INFO] [stdout] test export::tests::full_mode_formats_change_log_for_empty_content ... ok
[INFO] [stdout] test export::tests::should_include_comment_respects_full_flag ... ok
[INFO] [stdout] test logging::tests::create_log_dir_creates_with_mode_0700 ... ok
[INFO] [stdout] test logging::tests::create_log_dir_fixes_existing_permissions ... ok
[INFO] [stdout] test logging::tests::json_file_log_includes_invocation_span_and_flattened_http_fields ... ok
[INFO] [stdout] test logging::tests::log_file_name_matches_expected_format ... ok
[INFO] [stdout] test logging::tests::open_log_file_creates_with_mode_0600 ... ok
[INFO] [stdout] test logging::tests::open_log_file_fixes_existing_permissions ... ok
[INFO] [stdout] test logging::tests::parse_log_date_accepts_expected_format ... ok
[INFO] [stdout] test logging::tests::prune_old_logs_removes_only_files_older_than_retention ... ok
[INFO] [stdout] test export::tests::dedupe_keys_ignores_case_and_keeps_order ... ok
[INFO] [stdout] test models::tests::comment_item_maps_fields_without_change_log ... ok
[INFO] [stdout] test models::tests::issue_detail_maps_fields_and_empty_collections_to_none ... ok
[INFO] [stdout] test models::tests::issue_detail_omits_absent_optional_fields ... ok
[INFO] [stdout] test models::tests::issue_list_item_assignee_none ... ok
[INFO] [stdout] test models::tests::issue_list_item_maps_fields_and_url ... ok
[INFO] [stdout] test models::tests::user_deserializes_with_null_user_id_and_nulab_account ... ok
[INFO] [stdout] test models::tests::issue_url_strips_trailing_slash_from_space_url ... ok
[INFO] [stdout] test models::tests::user_display_id_prefers_user_id_then_unique_id_then_numeric ... ok
[INFO] [stdout] test output::tests::comment_list_text_numbers_and_keeps_empty_content ... ok
[INFO] [stdout] test output::tests::issue_list_line_is_tab_separated ... ok
[INFO] [stdout] test output::tests::issue_list_line_shows_hyphen_for_missing_assignee ... ok
[INFO] [stdout] test output::tests::issue_view_text_includes_attributes_and_body ... ok
[INFO] [stdout] test output::tests::issue_view_text_omits_absent_attributes ... ok
[INFO] [stdout] test output::tests::sanitize_single_line_keeps_other_characters_as_is ... ok
[INFO] [stdout] test output::tests::sanitize_single_line_replaces_tab_and_newline ... ok
[INFO] [stdout] test resolver::tests::cache_ttl_is_independent_per_project_metadata_kind ... ok
[INFO] [stdout] test resolver::tests::cache_with_version_mismatch_is_discarded ... ok
[INFO] [stdout] test resolver::tests::corrupt_cache_file_is_treated_as_empty ... ok
[INFO] [stdout] test error::tests::maps_unknown_backlog_code_to_generic_message ... ok
[INFO] [stdout] test resolver::tests::duplicate_user_names_produce_multiple_matches ... ok
[INFO] [stdout] test client::tests::maps_401_to_authentication_error ... ok
[INFO] [stdout] test client::tests::request_raw_accepts_percent_encoded_path_within_base ... ok
[INFO] [stdout] test client::tests::get_myself_success ... ok
[INFO] [stdout] test client::tests::parse_response_error_does_not_leak_api_key ... ok
[INFO] [stdout] test client::tests::request_raw_does_not_reject_valid_path_before_network ... ok
[INFO] [stdout] test client::tests::maps_404_to_not_found ... ok
[INFO] [stdout] test client::tests::request_raw_delete_sends_form_urlencoded_body ... ok
[INFO] [stdout] test resolver::tests::custom_field_caches_are_isolated_per_project ... ok
[INFO] [stdout] test resolver::tests::project_caches_are_isolated ... ok
[INFO] [stdout] test secrets::tests::api_key_debug_does_not_expose_value ... ok
[INFO] [stdout] test secrets::tests::api_key_deserializes_from_json ... ok
[INFO] [stdout] test secrets::tests::mask_secrets_case_insensitive ... ok
[INFO] [stdout] test resolver::tests::status_names_lists_candidates ... ok
[INFO] [stdout] test resolver::tests::user_matches_by_name_login_id_or_unique_id ... ok
[INFO] [stdout] test secrets::tests::mask_secrets_empty_value ... ok
[INFO] [stdout] test secrets::tests::mask_secrets_percent_encoded_value ... ok
[INFO] [stdout] test secrets::tests::mask_secrets_preserves_japanese_prefix ... ok
[INFO] [stdout] test secrets::tests::mask_secrets_reqwest_error_format ... ok
[INFO] [stdout] test secrets::tests::mask_secrets_trailing_param ... ok
[INFO] [stdout] test config::tests::injected_persist_failure_keeps_existing_file_and_removes_temp_file ... ok
[INFO] [stdout] test config::tests::local_config_rejects_unknown_fields ... ok
[INFO] [stdout] test logging::tests::invocation_id_is_8_hex_chars ... ok
[INFO] [stdout] test secrets::tests::mask_secrets_does_not_match_embedded_apikey ... ok
[INFO] [stdout] test client::tests::request_raw_get_puts_params_in_query ... ok
[INFO] [stdout] test client::tests::create_issue_sends_form_urlencoded_with_repeated_keys ... ok
[INFO] [stdout] test resolver::tests::cache_ttl_expires_after_24_hours ... ok
[INFO] [stdout] test secrets::tests::mask_secrets_normal_value ... ok
[INFO] [stdout] test resolver::tests::resolve_custom_field_and_item_id ... ok
[INFO] [stdout] test resolver::tests::resolve_priority_id_hits_cache_and_reports_candidates ... ok
[INFO] [stdout] test resolver::tests::resolve_resolution_id_hits_cache_and_reports_candidates ... ok
[INFO] [stdout] test service::tests::add_attachments_ignores_concurrently_added_attachment ... ok
[INFO] [stdout] test service::tests::fetch_all_comments_min_id_inclusive_no_duplicate ... ok
[INFO] [stdout] test service::tests::fetch_all_comments_stops_on_empty_page ... ok
[INFO] [stdout] test resolver::tests::resolve_issue_type_id_hits_cache_and_reports_candidates ... ok
[INFO] [stdout] test service::tests::list_comments_count_100_is_not_more_at_exact_boundary ... ok
[INFO] [stdout] test resolver::tests::status_ids_excluding_ignores_unknown_done_statuses ... ok
[INFO] [stdout] test service::tests::fetch_all_comments_min_id_exclusive_no_gap ... ok
[INFO] [stdout] test service::tests::fetch_all_comments_stops_when_boundary_does_not_advance ... ok
[INFO] [stdout] test service::tests::add_attachments_rejects_silent_attachment_failure ... ok
[INFO] [stdout] test service::tests::fetch_all_comments_stops_when_second_page_under_page_size ... ok
[INFO] [stdout] test service::tests::list_comments_has_more_false_when_within_count ... ok
[INFO] [stdout] test service::tests::list_comments_has_more_when_extra_item_returned ... ok
[INFO] [stdout] test service::tests::list_comments_count_100_probes_boundary_and_detects_more ... ok
[INFO] [stdout] test service::tests::add_attachments_detects_drop_masked_by_concurrent_addition ... ok
[INFO] [stdout] test service::tests::add_comment_rejects_silent_attachment_failure ... ok
[INFO] [stdout] test service::tests::select_attachments_all_returns_every_attachment ... ok
[INFO] [stdout] test service::tests::select_attachments_by_id ... ok
[INFO] [stdout] test service::tests::select_attachments_by_id_deduplicates ... ok
[INFO] [stdout] test service::tests::select_attachments_by_id_not_found ... ok
[INFO] [stdout] test service::tests::select_attachments_by_name ... ok
[INFO] [stdout] test service::tests::select_attachments_by_name_ambiguous ... ok
[INFO] [stdout] test service::tests::select_attachments_by_name_not_found ... ok
[INFO] [stdout] test service::tests::select_attachments_id_and_name_merged_without_duplicate ... ok
[INFO] [stdout] test service::tests::create_issue_clears_parent_and_dates_with_empty_string ... ok
[INFO] [stdout] test service::tests::create_issue_rejects_multiple_values_for_single_field ... ok
[INFO] [stdout] test service::tests::create_issue_defaults_priority_to_medium ... ok
[INFO] [stdout] test service::tests::upload_rejects_empty_file ... ok
[INFO] [stdout] test service::tests::create_issue_rejects_invalid_due_date ... ok
[INFO] [stdout] test service::tests::validate_api_path_rejects_empty ... ok
[INFO] [stdout] test stats::tests::aggregate_counts_requests_by_command_and_status ... ok
[INFO] [stdout] test stats::tests::aggregate_filters_by_timestamp ... ok
[INFO] [stdout] test stats::tests::aggregate_returns_empty_when_no_logs ... ok
[INFO] [stdout] test stats::tests::aggregate_skips_non_http_lines ... ok
[INFO] [stdout] test stats::tests::aggregate_skips_unparseable_lines ... ok
[INFO] [stdout] test service::tests::create_issue_resolves_type_priority_and_assignee ... ok
[INFO] [stdout] test service::tests::create_issue_sends_custom_fields_by_type ... ok
[INFO] [stdout] test service::tests::upload_rejects_oversized_file ... ok
[INFO] [stdout] test service::tests::create_issue_sends_parent_and_dates ... ok
[INFO] [stdout] test service::tests::list_issues_count_100_is_not_more_at_exact_boundary ... ok
[INFO] [stdout] test service::tests::list_issues_count_100_probes_next_page_and_detects_more ... ok
[INFO] [stdout] test service::tests::list_issues_explicit_status_ignores_done_filter ... ok
[INFO] [stdout] test service::tests::list_issues_has_more_false_when_within_count ... ok
[INFO] [stdout] test service::tests::list_issues_has_more_when_extra_item_returned ... ok
[INFO] [stdout] test service::tests::list_issues_include_done_does_not_filter_by_status ... ok
[INFO] [stdout] test service::tests::list_issues_returns_empty_when_all_statuses_are_done ... ok
[INFO] [stdout] test service::tests::update_issue_clears_resolution_with_empty_string ... ok
[INFO] [stdout] test client::tests::retries_on_rate_limit ... ok
[INFO] [stdout] test service::tests::update_issue_resolution_not_found_lists_candidates ... ok
[INFO] [stdout] test service::tests::update_issue_resolves_resolution_and_sends_id_zero ... ok
[INFO] [stdout] 
[INFO] [stdout] test result: ok. 173 passed; 0 failed; 0 ignored; 0 measured; 0 filtered out; finished in 1.18s
[INFO] [stdout] 
[INFO] [stderr]      Running unittests src/main.rs (/opt/rustwide/target/release/deps/baloma-1fde823a87827c97)
[INFO] [stdout] 
[INFO] [stdout] running 0 tests
[INFO] [stdout] 
[INFO] [stdout] test result: ok. 0 passed; 0 failed; 0 ignored; 0 measured; 0 filtered out; finished in 0.00s
[INFO] [stdout] 
[INFO] [stderr]      Running tests/api_command.rs (/opt/rustwide/target/release/deps/api_command-33c8570e3952305c)
[INFO] [stdout] 
[INFO] [stdout] running 7 tests
[INFO] [stdout] test api_non_json_response_writes_raw_bytes ... ok
[INFO] [stdout] test api_get_pretty_prints_json ... ok
[INFO] [stdout] test api_get_output_unchanged_with_json_flag ... ok
[INFO] [stdout] test api_not_found_returns_exit_code_4 ... ok
[INFO] [stdout] test api_get_repeats_array_params_in_query ... ok
[INFO] [stdout] test api_rejects_path_outside_api_v2_without_sending_request ... ok
[INFO] [stdout] test api_post_sends_form_body ... ok
[INFO] [stdout] 
[INFO] [stdout] test result: ok. 7 passed; 0 failed; 0 ignored; 0 measured; 0 filtered out; finished in 0.16s
[INFO] [stdout] 
[INFO] [stderr]      Running tests/issue_commands.rs (/opt/rustwide/target/release/deps/issue_commands-6e353a13674265ca)
[INFO] [stdout] 
[INFO] [stdout] running 28 tests
[INFO] [stdout] test comment_list_count_100_probes_boundary_and_reports_more ... ok
[INFO] [stdout] test issue_create_rejects_invalid_due_date ... ok
[INFO] [stdout] test issue_list_count_100_probes_next_page_and_reports_more ... ok
[INFO] [stdout] test issue_list_all_paginates ... ok
[INFO] [stdout] test comment_list_count_100_reports_no_more_at_exact_boundary ... ok
[INFO] [stdout] test issue_attach_add_text_and_json ... ok
[INFO] [stdout] test issue_create_sends_parent_and_dates ... ok
[INFO] [stdout] test attach_download_rfc5987_japanese_filename ... ok
[INFO] [stdout] test attach_download_rejects_existing_file ... ok
[INFO] [stdout] test issue_update_sends_resolution_parent_and_clears_due_date ... ok
[INFO] [stdout] test issue_update_resolution_not_found_lists_candidates ... ok
[INFO] [stdout] test issue_update_without_changes_errors ... ok
[INFO] [stdout] test attach_download_name_ambiguous_error ... ok
[INFO] [stdout] test issue_list_basic_text ... ok
[INFO] [stdout] test issue_view_not_found_shows_contextual_message ... ok
[INFO] [stdout] test issue_list_has_more_text_note ... ok
[INFO] [stdout] test issue_list_has_more_json ... ok
[INFO] [stdout] test issue_create_text_and_json ... ok
[INFO] [stdout] test attach_list_json_format ... ok
[INFO] [stdout] test issue_comment_add_text_and_json ... ok
[INFO] [stdout] test issue_update_text_and_json ... ok
[INFO] [stdout] test comment_list_has_more_and_all_pagination ... ok
[INFO] [stdout] test issue_list_include_done_only_fetches_project_metadata ... ok
[INFO] [stdout] test issue_list_count_100_reports_no_more_at_exact_boundary ... ok
[INFO] [stdout] test issue_view_text_and_json ... ok
[INFO] [stdout] test project_required_when_no_default ... ok
[INFO] [stdout] test issue_list_with_status_and_assignee_filters ... ok
[INFO] [stdout] test attach_download_cleans_up_after_interrupted_download_and_can_retry has been running for over 60 seconds
[INFO] [stdout] test attach_download_cleans_up_after_interrupted_download_and_can_retry ... ok
[INFO] [stdout] 
[INFO] [stdout] test result: ok. 28 passed; 0 failed; 0 ignored; 0 measured; 0 filtered out; finished in 60.11s
[INFO] [stdout] 
[INFO] [stderr]      Running tests/issue_export.rs (/opt/rustwide/target/release/deps/issue_export-9d7ba70e4973000d)
[INFO] [stdout] 
[INFO] [stdout] running 8 tests
[INFO] [stdout] test export_partial_replace_failure_reports_replaced_and_pending_keys ... FAILED
[INFO] [stdout] test export_replace_failure_preserves_previous_output ... FAILED
[INFO] [stdout] test export_download_failure_preserves_previous_output ... ok
[INFO] [stdout] test export_json_manifest_format ... ok
[INFO] [stdout] test export_replaces_existing_file_with_snapshot_directory ... ok
[INFO] [stdout] test export_full_issue_with_attachments ... ok
[INFO] [stdout] test export_no_attachments_skips_attachment_api ... ok
[INFO] [stdout] test export_replaces_previous_output_completely ... ok
[INFO] [stdout] 
[INFO] [stdout] failures:
[INFO] [stdout] 
[INFO] [stdout] ---- export_partial_replace_failure_reports_replaced_and_pending_keys stdout ----
[INFO] [stdout] 
[INFO] [stdout] thread 'export_partial_replace_failure_reports_replaced_and_pending_keys' (6634) panicked at tests/issue_export.rs:701:5:
[INFO] [stdout] assertion failed: !output.status.success()
[INFO] [stdout] stack backtrace:
[INFO] [stdout]    0:     0x604612185e51 - <<std[97b98282bc616a66]::sys::backtrace::BacktraceLock>::print::DisplayBacktrace as core[832e9a552fc17241]::fmt::Display>::fmt
[INFO] [stdout]    1:     0x60461219d8ba - core[832e9a552fc17241]::fmt::write
[INFO] [stdout]    2:     0x60461218aa1c - <alloc[3ecab9f82c41dc7d]::vec::Vec<u8> as std[97b98282bc616a66]::io::Write>::write_fmt
[INFO] [stdout]    3:     0x604612161406 - std[97b98282bc616a66]::panicking::default_hook::{closure#0}
[INFO] [stdout]    4:     0x60461217c9d9 - std[97b98282bc616a66]::panicking::default_hook
[INFO] [stdout]    5:     0x604611e61500 - test[39766f3d73431624]::test_main_inner::<test[39766f3d73431624]::test_main_static::{closure#0}>::{closure#0}
[INFO] [stdout]    6:     0x60461217cd02 - std[97b98282bc616a66]::panicking::panic_with_hook
[INFO] [stdout]    7:     0x6046121614e4 - std[97b98282bc616a66]::panicking::panic_handler::{closure#0}
[INFO] [stdout]    8:     0x604612158b29 - std[97b98282bc616a66]::sys::backtrace::__rust_end_short_backtrace::<std[97b98282bc616a66]::panicking::panic_handler::{closure#0}, !>
[INFO] [stdout]    9:     0x60461216216d - __rustc[e3d8617bb01b7f69]::rust_begin_unwind
[INFO] [stdout]   10:     0x60461219e09c - core[832e9a552fc17241]::panicking::panic_fmt
[INFO] [stdout]   11:     0x60461219e062 - core[832e9a552fc17241]::panicking::panic
[INFO] [stdout]   12:     0x604611e43c63 - <issue_export[1b919907c99fe2e1]::export_partial_replace_failure_reports_replaced_and_pending_keys::{closure#0} as core[832e9a552fc17241]::ops::function::FnOnce<()>>::call_once
[INFO] [stdout]   13:     0x604611e5483b - test[39766f3d73431624]::__rust_begin_short_backtrace::<core[832e9a552fc17241]::result::Result<(), alloc[3ecab9f82c41dc7d]::string::String>, fn() -> core[832e9a552fc17241]::result::Result<(), alloc[3ecab9f82c41dc7d]::string::String>>
[INFO] [stdout]   14:     0x604611e61e85 - test[39766f3d73431624]::run_test::{closure#0}
[INFO] [stdout]   15:     0x604611e5c934 - std[97b98282bc616a66]::sys::backtrace::__rust_begin_short_backtrace::<test[39766f3d73431624]::run_test::{closure#1}, ()>
[INFO] [stdout]   16:     0x604611e64fd2 - <std[97b98282bc616a66]::thread::lifecycle::spawn_unchecked<test[39766f3d73431624]::run_test::{closure#1}, ()>::{closure#1} as core[832e9a552fc17241]::ops::function::FnOnce<()>>::call_once::{shim:vtable#0}
[INFO] [stdout]   17:     0x604612184e0f - <std[97b98282bc616a66]::sys::thread::unix::Thread>::new::thread_start
[INFO] [stdout]   18:     0x75dc5326307a - <unknown>
[INFO] [stdout]   19:     0x75dc532f6534 - clone
[INFO] [stdout]   20:                0x0 - <unknown>
[INFO] [stdout] 
[INFO] [stdout] ---- export_replace_failure_preserves_previous_output stdout ----
[INFO] [stdout] 
[INFO] [stdout] thread 'export_replace_failure_preserves_previous_output' (6635) panicked at tests/issue_export.rs:659:5:
[INFO] [stdout] assertion failed: !output.status.success()
[INFO] [stdout] stack backtrace:
[INFO] [stdout]    0:     0x604612185e51 - <<std[97b98282bc616a66]::sys::backtrace::BacktraceLock>::print::DisplayBacktrace as core[832e9a552fc17241]::fmt::Display>::fmt
[INFO] [stdout]    1:     0x60461219d8ba - core[832e9a552fc17241]::fmt::write
[INFO] [stdout]    2:     0x60461218aa1c - <alloc[3ecab9f82c41dc7d]::vec::Vec<u8> as std[97b98282bc616a66]::io::Write>::write_fmt
[INFO] [stdout]    3:     0x604612161406 - std[97b98282bc616a66]::panicking::default_hook::{closure#0}
[INFO] [stdout]    4:     0x60461217c9d9 - std[97b98282bc616a66]::panicking::default_hook
[INFO] [stdout]    5:     0x604611e61500 - test[39766f3d73431624]::test_main_inner::<test[39766f3d73431624]::test_main_static::{closure#0}>::{closure#0}
[INFO] [stdout]    6:     0x60461217cd02 - std[97b98282bc616a66]::panicking::panic_with_hook
[INFO] [stdout]    7:     0x6046121614e4 - std[97b98282bc616a66]::panicking::panic_handler::{closure#0}
[INFO] [stdout]    8:     0x604612158b29 - std[97b98282bc616a66]::sys::backtrace::__rust_end_short_backtrace::<std[97b98282bc616a66]::panicking::panic_handler::{closure#0}, !>
[INFO] [stdout]    9:     0x60461216216d - __rustc[e3d8617bb01b7f69]::rust_begin_unwind
[INFO] [stdout]   10:     0x60461219e09c - core[832e9a552fc17241]::panicking::panic_fmt
[INFO] [stderr] error: test failed, to rerun pass `--test issue_export`
[INFO] [stdout]   11:     0x60461219e062 - core[832e9a552fc17241]::panicking::panic
[INFO] [stdout]   12:     0x604611e4193e - <issue_export[1b919907c99fe2e1]::export_replace_failure_preserves_previous_output::{closure#0} as core[832e9a552fc17241]::ops::function::FnOnce<()>>::call_once
[INFO] [stdout]   13:     0x604611e5483b - test[39766f3d73431624]::__rust_begin_short_backtrace::<core[832e9a552fc17241]::result::Result<(), alloc[3ecab9f82c41dc7d]::string::String>, fn() -> core[832e9a552fc17241]::result::Result<(), alloc[3ecab9f82c41dc7d]::string::String>>
[INFO] [stdout]   14:     0x604611e61e85 - test[39766f3d73431624]::run_test::{closure#0}
[INFO] [stdout]   15:     0x604611e5c934 - std[97b98282bc616a66]::sys::backtrace::__rust_begin_short_backtrace::<test[39766f3d73431624]::run_test::{closure#1}, ()>
[INFO] [stdout]   16:     0x604611e64fd2 - <std[97b98282bc616a66]::thread::lifecycle::spawn_unchecked<test[39766f3d73431624]::run_test::{closure#1}, ()>::{closure#1} as core[832e9a552fc17241]::ops::function::FnOnce<()>>::call_once::{shim:vtable#0}
[INFO] [stdout]   17:     0x604612184e0f - <std[97b98282bc616a66]::sys::thread::unix::Thread>::new::thread_start
[INFO] [stdout]   18:     0x75dc5326307a - <unknown>
[INFO] [stdout]   19:     0x75dc532f6534 - clone
[INFO] [stdout]   20:                0x0 - <unknown>
[INFO] [stdout] 
[INFO] [stdout] 
[INFO] [stdout] failures:
[INFO] [stdout]     export_partial_replace_failure_reports_replaced_and_pending_keys
[INFO] [stdout]     export_replace_failure_preserves_previous_output
[INFO] [stdout] 
[INFO] [stdout] test result: FAILED. 6 passed; 2 failed; 0 ignored; 0 measured; 0 filtered out; finished in 0.37s
[INFO] [stdout] 
[INFO] running `Command { std: "docker" "inspect" "c0d5a3dc70616f7d464aec3875b97e600015a9724428e6c57ec6a04133046323", kill_on_drop: false }`
[INFO] running `Command { std: "docker" "rm" "-f" "c0d5a3dc70616f7d464aec3875b97e600015a9724428e6c57ec6a04133046323", kill_on_drop: false }`
[INFO] [stdout] c0d5a3dc70616f7d464aec3875b97e600015a9724428e6c57ec6a04133046323
