[INFO] cloning repository https://github.com/gzalz/bamm
[INFO] running `Command { std: "git" "-c" "credential.helper=" "-c" "credential.helper=/workspace/cargo-home/bin/git-credential-null" "clone" "--bare" "https://github.com/gzalz/bamm" "/workspace/cache/git-repos/https%3A%2F%2Fgithub.com%2Fgzalz%2Fbamm", kill_on_drop: false }`
[INFO] [stderr] Cloning into bare repository '/workspace/cache/git-repos/https%3A%2F%2Fgithub.com%2Fgzalz%2Fbamm'...
[INFO] running `Command { std: "git" "rev-parse" "HEAD", kill_on_drop: false }`
[INFO] [stdout] fff8614d61cbcf93bb7de20caba318a0787b7100
[INFO] testing gzalz/bamm against 1.99.0-beta.1+cargoflags=--release for beta-release-1.99-2
[INFO] running `Command { std: "git" "clone" "/workspace/cache/git-repos/https%3A%2F%2Fgithub.com%2Fgzalz%2Fbamm" "/workspace/builds/worker-5-tc2/source", kill_on_drop: false }`
[INFO] [stderr] Cloning into '/workspace/builds/worker-5-tc2/source'...
[INFO] [stderr] done.
[INFO] started tweaking git repo https://github.com/gzalz/bamm
[INFO] finished tweaking git repo https://github.com/gzalz/bamm
[INFO] tweaked toml for git repo https://github.com/gzalz/bamm written to /workspace/builds/worker-5-tc2/source/Cargo.toml
[INFO] validating manifest of git repo https://github.com/gzalz/bamm on toolchain 1.99.0-beta.1
[INFO] running `Command { std: CARGO_HOME="/workspace/cargo-home" RUSTUP_HOME="/workspace/rustup-home" "/workspace/cargo-home/bin/cargo" "+1.99.0-beta.1" "metadata" "--manifest-path" "Cargo.toml" "--no-deps", kill_on_drop: false }`
[INFO] crate git repo https://github.com/gzalz/bamm already has a lockfile, it will not be regenerated
[INFO] running `Command { std: CARGO_HOME="/workspace/cargo-home" RUSTUP_HOME="/workspace/rustup-home" "/workspace/cargo-home/bin/cargo" "+1.99.0-beta.1" "fetch" "--manifest-path" "Cargo.toml", kill_on_drop: false }`
[INFO] [stderr]     Blocking waiting for file lock on package cache
[INFO] [stderr]     Blocking waiting for file lock on package cache
[INFO] [stderr]  Downloading crates ...
[INFO] [stderr]   Downloaded wincode-derive v0.2.3
[INFO] [stderr]   Downloaded eager v0.1.0
[INFO] [stderr]   Downloaded percentage v0.1.0
[INFO] [stderr]   Downloaded num v0.2.1
[INFO] [stderr]   Downloaded wincode v0.2.5
[INFO] [stderr]   Downloaded num-rational v0.2.4
[INFO] [stderr]   Downloaded quote v1.0.43
[INFO] [stderr]   Downloaded proc-macro2 v1.0.105
[INFO] [stderr]   Downloaded num-bigint v0.2.6
[INFO] [stderr]   Downloaded solana-sdk v3.0.0
[INFO] [stderr]   Downloaded num-complex v0.2.4
[INFO] [stderr]   Downloaded env_logger v0.11.8
[INFO] [stderr]   Downloaded solana-transaction-error v3.0.0
[INFO] [stderr]   Downloaded solana-instruction-error v2.1.0
[INFO] [stderr]   Downloaded solana-program-error v3.0.0
[INFO] [stderr]   Downloaded solana-signer v3.0.0
[INFO] [stderr]   Downloaded solana-signature v3.1.0
[INFO] [stderr]   Downloaded educe v0.6.0
[INFO] [stderr]   Downloaded solana-logger v3.0.0
[INFO] [stderr]   Downloaded jiff-static v0.2.18
[INFO] [stderr]   Downloaded zerocopy v0.8.33
[INFO] [stderr]   Downloaded zerocopy-derive v0.8.33
[INFO] [stderr]   Downloaded zeroize_derive v1.4.3
[INFO] [stderr]   Downloaded five8_core v0.1.2
[INFO] [stderr]   Downloaded solana-address v2.0.0
[INFO] [stderr]   Downloaded solana-hash v4.0.1
[INFO] [stderr]   Downloaded solana-atomic-u64 v3.0.0
[INFO] [stderr]   Downloaded solana-instruction v3.1.0
[INFO] [stderr]   Downloaded solana-hash v3.1.0
[INFO] [stderr]   Downloaded light-poseidon v0.4.0
[INFO] [stderr]   Downloaded ark-std v0.5.0
[INFO] [stderr]   Downloaded ark-serialize v0.5.0
[INFO] [stderr]   Downloaded ark-serialize-derive v0.5.0
[INFO] [stderr]   Downloaded cc v1.2.52
[INFO] [stderr]   Downloaded ark-bn254 v0.5.0
[INFO] [stderr]   Downloaded ark-ec v0.5.0
[INFO] [stderr]   Downloaded find-msvc-tools v0.1.7
[INFO] [stderr]   Downloaded solana-time-utils v3.0.0
[INFO] [stderr]   Downloaded solana-serde-varint v3.0.0
[INFO] [stderr]   Downloaded solana-sdk-macro v3.0.0
[INFO] [stderr]   Downloaded solana-slot-history v3.0.0
[INFO] [stderr]   Downloaded solana-program v3.0.0
[INFO] [stderr]   Downloaded solana-slot-hashes v3.0.0
[INFO] [stderr]   Downloaded solana-account-info v3.1.0
[INFO] [stderr]   Downloaded solana-last-restart-slot v3.0.0
[INFO] [stderr]   Downloaded solana-fee-calculator v3.0.0
[INFO] [stderr]   Downloaded solana-epoch-rewards v3.0.0
[INFO] [stderr]   Downloaded solana-clock v3.0.0
[INFO] [stderr]   Downloaded solana-stable-layout v3.0.0
[INFO] [stderr]   Downloaded solana-serialize-utils v3.1.0
[INFO] [stderr]   Downloaded solana-program-pack v3.0.0
[INFO] [stderr]   Downloaded solana-program-option v3.0.0
[INFO] [stderr]   Downloaded solana-native-token v3.0.0
[INFO] [stderr]   Downloaded keccak v0.1.5
[INFO] [stderr]   Downloaded solana-short-vec v3.1.0
[INFO] [stderr]   Downloaded solana-hard-forks v3.0.0
[INFO] [stderr]   Downloaded solana-keccak-hasher v3.1.0
[INFO] [stderr]   Downloaded solana-instructions-sysvar v3.0.0
[INFO] [stderr]   Downloaded solana-example-mocks v3.0.0
[INFO] [stderr]   Downloaded solana-nonce v3.0.0
[INFO] [stderr]   Downloaded solana-epoch-stake v3.0.0
[INFO] [stderr]   Downloaded solana-secp256k1-recover v3.1.0
[INFO] [stderr]   Downloaded solana-borsh v3.0.0
[INFO] [stderr]   Downloaded solana-address-lookup-table-interface v3.0.1
[INFO] [stderr]   Downloaded solana-big-mod-exp v3.0.0
[INFO] [stderr]   Downloaded enum-ordinalize v4.3.2
[INFO] [stderr]   Downloaded enum-ordinalize-derive v4.3.2
[INFO] [stderr]   Downloaded ark-ff-asm v0.5.0
[INFO] [stderr]   Downloaded solana-presigner v3.0.0
[INFO] [stderr]   Downloaded solana-packet v3.0.0
[INFO] [stderr]   Downloaded ed25519-dalek-bip32 v0.3.0
[INFO] [stderr]   Downloaded solana-inflation v3.0.0
[INFO] [stderr]   Downloaded solana-fee-structure v3.0.0
[INFO] [stderr]   Downloaded solana-epoch-rewards-hasher v3.1.0
[INFO] [stderr]   Downloaded solana-epoch-info v3.1.0
[INFO] [stderr]   Downloaded solana-account v3.3.0
[INFO] [stderr]   Downloaded pinocchio-pubkey v0.3.0
[INFO] [stderr]   Downloaded five8_const v0.1.4
[INFO] [stderr]   Downloaded pinocchio-log-macro v0.5.0
[INFO] [stderr]   Downloaded toml_parser v1.0.6+spec-1.1.0
[INFO] [stderr]   Downloaded solana-nonce-account v3.0.0
[INFO] [stderr]   Downloaded ark-ff v0.5.0
[INFO] [stderr]   Downloaded ark-ff-macros v0.5.0
[INFO] [stderr]   Downloaded ark-std v0.4.0
[INFO] [stderr]   Downloaded ark-serialize v0.4.2
[INFO] [stderr]   Downloaded solana-loader-v4-interface v3.1.0
[INFO] [stderr]   Downloaded ark-poly v0.5.0
[INFO] [stderr]   Downloaded libsecp256k1-gen-ecmult v0.2.1
[INFO] [stderr]   Downloaded solana-transaction v3.0.2
[INFO] [stderr]   Downloaded serde-big-array v0.5.1
[INFO] [stderr]   Downloaded sha2 v0.9.9
[INFO] [stderr]   Downloaded libsecp256k1-core v0.2.2
[INFO] [stderr]   Downloaded ark-poly v0.4.2
[INFO] [stderr]   Downloaded toml_edit v0.23.10+spec-1.0.0
[INFO] [stderr]   Downloaded unreachable v1.0.0
[INFO] [stderr]   Downloaded void v1.0.2
[INFO] [stderr]   Downloaded portable-atomic v1.13.0
[INFO] [stderr]   Downloaded qualifier_attr v0.2.2
[INFO] [stderr]   Downloaded hashbrown v0.13.2
[INFO] [stderr]   Downloaded solana-precompile-error v3.0.0
[INFO] [stderr]   Downloaded solana-loader-v3-interface v6.1.0
[INFO] [stderr]   Downloaded solana-bincode v3.1.0
[INFO] [stderr]   Downloaded solana-bpf-loader-program v3.1.6
[INFO] [stderr]   Downloaded solana-poseidon v3.1.6
[INFO] [stderr]   Downloaded ark-ff v0.4.2
[INFO] [stderr]   Downloaded ark-serialize-derive v0.4.2
[INFO] [stderr]   Downloaded ark-ff-macros v0.4.2
[INFO] [stderr]   Downloaded ark-bn254 v0.4.0
[INFO] [stderr]   Downloaded solana-define-syscall v5.0.0
[INFO] [stderr]   Downloaded libsecp256k1-gen-genmult v0.2.1
[INFO] [stderr]   Downloaded base64 v0.12.3
[INFO] [stderr]   Downloaded light-poseidon v0.2.0
[INFO] [stderr]   Downloaded ark-ff-asm v0.4.2
[INFO] [stderr]   Downloaded ark-ec v0.4.2
[INFO] [stderr]   Downloaded libsecp256k1 v0.6.0
[INFO] [stderr]   Downloaded agave-feature-set v3.1.6
[INFO] [stderr]   Downloaded solana-svm-measure v3.1.6
[INFO] [stderr]   Downloaded jiff v0.2.18
[INFO] [stderr]   Downloaded solana-message v3.0.1
[INFO] [stderr]   Downloaded blake3 v1.8.3
[INFO] [stderr]   Downloaded solana-serde v3.0.0
[INFO] [stderr]   Downloaded solana-epoch-schedule v3.0.0
[INFO] [stderr]   Downloaded solana-msg v3.0.0
[INFO] [stderr]   Downloaded solana-blake3-hasher v3.1.0
[INFO] [stderr]   Downloaded solana-offchain-message v3.0.0
[INFO] [stderr]   Downloaded solana-keypair v3.1.0
[INFO] [stderr]   Downloaded pinocchio-token v0.5.0
[INFO] [stderr]   Downloaded solana-instruction-view v1.0.0
[INFO] [stderr]   Downloaded solana-account-view v1.0.0
[INFO] [stderr]   Downloaded pinocchio-system v0.5.0
[INFO] [stderr]   Downloaded pinocchio v0.10.1
[INFO] [stderr]   Downloaded pinocchio-log v0.5.1
[INFO] [stderr]   Downloaded solana-sbpf v0.13.1
[INFO] [stderr]   Downloaded ascii v0.9.3
[INFO] [stderr]   Downloaded solana-system-program v3.1.6
[INFO] [stderr]   Downloaded solana-program-runtime v3.1.6
[INFO] [stderr]   Downloaded enum-iterator v1.5.0
[INFO] [stderr]   Downloaded enum-iterator-derive v1.5.0
[INFO] [stderr]   Downloaded solana-svm-feature-set v3.1.6
[INFO] [stderr]   Downloaded five8 v0.2.1
[INFO] [stderr]   Downloaded solana-pubkey v4.0.0
[INFO] [stderr]   Downloaded combine v3.8.1
[INFO] [stderr]   Downloaded solana-svm-type-overrides v3.1.6
[INFO] [stderr]   Downloaded solana-program-log v1.1.0
[INFO] [stderr]   Downloaded solana-svm-transaction v3.1.6
[INFO] [stderr]   Downloaded solana-svm-log-collector v3.1.6
[INFO] [stderr]   Downloaded solana-svm-timings v3.1.6
[INFO] [stderr]   Downloaded solana-bn254 v3.2.0
[INFO] [stderr]   Downloaded solana-svm-callback v3.1.6
[INFO] [stderr]   Downloaded mollusk-svm-error v0.10.0
[INFO] [stderr]   Downloaded solana-curve25519 v3.1.6
[INFO] [stderr]   Downloaded solana-compute-budget v3.1.6
[INFO] [stderr]   Downloaded solana-transaction-context v3.1.6
[INFO] [stderr]   Downloaded solana-program-log-macro v1.0.0
[INFO] [stderr]   Downloaded agave-syscalls v3.1.6
[INFO] [stderr]   Downloaded solana-shred-version v3.0.0
[INFO] [stderr]   Downloaded mollusk-svm-result v0.10.0
[INFO] [stderr]   Downloaded pinocchio v0.9.2
[INFO] [stderr]   Downloaded mollusk-svm v0.10.0
[INFO] running `Command { std: "docker" "create" "-v" "/var/lib/crater-agent-workspace/builds/worker-5-tc2/source:/opt/rustwide/workdir:ro,Z" "-v" "/var/lib/crater-agent-workspace/builds/worker-5-tc2/target:/opt/rustwide/target:rw,Z" "-v" "/var/lib/crater-agent-workspace/cargo-home:/opt/rustwide/cargo-home:ro,Z" "-v" "/var/lib/crater-agent-workspace/rustup-home:/opt/rustwide/rustup-home:ro,Z" "-m" "1610612736" "--network" "none" "ghcr.io/rust-lang/crates-build-env/linux@sha256:8683fc1fc2eb5c9ac98e0d076ab094b2ffac7f99da555d2b6a2e27f346de2ec7" "sleep" "infinity", kill_on_drop: false }`
[INFO] [stdout] 96ca7bd5ac5cb061e3f0cb7165aaf30e041a77762bdcc76d190f7e6c327eda80
[INFO] running `Command { std: "docker" "start" "96ca7bd5ac5cb061e3f0cb7165aaf30e041a77762bdcc76d190f7e6c327eda80", kill_on_drop: false }`
[INFO] running `Command { std: "docker" "inspect" "96ca7bd5ac5cb061e3f0cb7165aaf30e041a77762bdcc76d190f7e6c327eda80", kill_on_drop: false }`
[INFO] running `Command { std: "docker" "exec" "-e" "SOURCE_DIR=/opt/rustwide/workdir" "-e" "CARGO_HOME=/opt/rustwide/cargo-home" "-e" "RUSTUP_HOME=/opt/rustwide/rustup-home" "-e" "CARGO_TARGET_DIR=/opt/rustwide/target" "-w" "/opt/rustwide/workdir" "--user" "0:0" "96ca7bd5ac5cb061e3f0cb7165aaf30e041a77762bdcc76d190f7e6c327eda80" "/opt/rustwide/cargo-home/bin/cargo" "+1.99.0-beta.1" "metadata" "--no-deps" "--format-version=1", kill_on_drop: false }`
[INFO] running `Command { std: "docker" "inspect" "96ca7bd5ac5cb061e3f0cb7165aaf30e041a77762bdcc76d190f7e6c327eda80", kill_on_drop: false }`
[INFO] running `Command { std: "docker" "exec" "-e" "SOURCE_DIR=/opt/rustwide/workdir" "-e" "CARGO_HOME=/opt/rustwide/cargo-home" "-e" "RUSTUP_HOME=/opt/rustwide/rustup-home" "-e" "CARGO_TARGET_DIR=/opt/rustwide/target" "-e" "CARGO_INCREMENTAL=0" "-e" "RUST_BACKTRACE=full" "-e" "RUSTFLAGS=--cap-lints=warn" "-e" "RUSTDOCFLAGS=--cap-lints=warn" "-w" "/opt/rustwide/workdir" "--user" "0:0" "96ca7bd5ac5cb061e3f0cb7165aaf30e041a77762bdcc76d190f7e6c327eda80" "/opt/rustwide/cargo-home/bin/cargo" "+1.99.0-beta.1" "build" "--frozen" "--message-format=json" "--release", kill_on_drop: false }`
[INFO] [stderr]    Compiling proc-macro2 v1.0.105
[INFO] [stderr]    Compiling unicode-ident v1.0.22
[INFO] [stderr]    Compiling quote v1.0.43
[INFO] [stderr]    Compiling five8_core v1.0.0
[INFO] [stderr]    Compiling memchr v2.7.6
[INFO] [stderr]    Compiling solana-program-error v3.0.0
[INFO] [stderr]    Compiling regex-syntax v0.8.8
[INFO] [stderr]    Compiling strsim v0.11.1
[INFO] [stderr]    Compiling five8_const v1.0.0
[INFO] [stderr]    Compiling five8 v1.0.0
[INFO] [stderr]    Compiling ident_case v1.0.1
[INFO] [stderr]    Compiling syn v1.0.109
[INFO] [stderr]    Compiling solana-address v2.0.0
[INFO] [stderr]    Compiling thiserror v2.0.17
[INFO] [stderr]    Compiling five8_core v0.1.2
[INFO] [stderr]    Compiling solana-account-view v1.0.0
[INFO] [stderr]    Compiling five8_const v0.1.4
[INFO] [stderr]    Compiling pinocchio v0.9.2
[INFO] [stderr]    Compiling solana-instruction-view v1.0.0
[INFO] [stderr]    Compiling sha2-const-stable v0.1.0
[INFO] [stderr]    Compiling aho-corasick v1.1.4
[INFO] [stderr]    Compiling pinocchio v0.10.1
[INFO] [stderr]    Compiling pinocchio-system v0.5.0
[INFO] [stderr]    Compiling pinocchio-token v0.5.0
[INFO] [stderr]    Compiling pinocchio-pubkey v0.3.0
[INFO] [stderr]    Compiling syn v2.0.114
[INFO] [stderr]    Compiling wincode v0.2.5
[INFO] [stderr]    Compiling regex-automata v0.4.13
[INFO] [stderr]    Compiling regex v1.12.2
[INFO] [stderr]    Compiling pinocchio-log-macro v0.5.0
[INFO] [stderr]    Compiling pinocchio-log v0.5.1
[INFO] [stderr]    Compiling darling_core v0.21.3
[INFO] [stderr]    Compiling thiserror-impl v2.0.17
[INFO] [stderr]    Compiling solana-program-log-macro v1.0.0
[INFO] [stderr]    Compiling solana-program-log v1.1.0
[INFO] [stderr]    Compiling darling_macro v0.21.3
[INFO] [stderr]    Compiling darling v0.21.3
[INFO] [stderr]    Compiling wincode-derive v0.2.3
[INFO] [stderr]    Compiling bamm v0.1.0 (/opt/rustwide/workdir)
[INFO] [stdout] warning: unexpected `cfg` condition value: `solana`
[INFO] [stdout]   --> src/lib.rs:12:1
[INFO] [stdout]    |
[INFO] [stdout] 12 | entrypoint!(process_instruction);
[INFO] [stdout]    | ^^^^^^^^^^^^^^^^^^^^^^^^^^^^^^^^
[INFO] [stdout]    |
[INFO] [stdout]    = note: expected values for `target_os` are: `aix`, `amdhsa`, `android`, `cuda`, `cygwin`, `dragonfly`, `emscripten`, `espidf`, `freebsd`, `fuchsia`, `haiku`, `helenos`, `hermit`, `horizon`, `hurd`, `illumos`, `ios`, `l4re`, `linux`, `lynxos178`, `macos`, `managarm`, `motor`, `netbsd`, `none`, `nto`, `nuttx`, `openbsd`, `psp`, `psx`, `qnx`, `qurt`, `redox`, `rtems`, and `solaris` and 15 more
[INFO] [stdout]    = note: using a cfg inside a macro will use the cfgs from the destination crate and not the ones from the defining crate
[INFO] [stdout]    = help: try referring to `$crate::default_allocator` crate for guidance on how handle this unexpected cfg
[INFO] [stdout]    = note: see <https://doc.rust-lang.org/nightly/rustc/check-cfg/cargo-specifics.html> for more information about checking conditional configuration
[INFO] [stdout]    = note: `#[warn(unexpected_cfgs)]` on by default
[INFO] [stdout]    = note: this warning originates in the macro `$crate::default_allocator` which comes from the expansion of the macro `entrypoint` (in Nightly builds, run with -Z macro-backtrace for more info)
[INFO] [stdout] 
[INFO] [stdout] 
[INFO] [stdout] warning: unexpected `cfg` condition value: `solana`
[INFO] [stdout]   --> src/lib.rs:12:1
[INFO] [stdout]    |
[INFO] [stdout] 12 | entrypoint!(process_instruction);
[INFO] [stdout]    | ^^^^^^^^^^^^^^^^^^^^^^^^^^^^^^^^
[INFO] [stdout]    |
[INFO] [stdout]    = note: expected values for `target_os` are: `aix`, `amdhsa`, `android`, `cuda`, `cygwin`, `dragonfly`, `emscripten`, `espidf`, `freebsd`, `fuchsia`, `haiku`, `helenos`, `hermit`, `horizon`, `hurd`, `illumos`, `ios`, `l4re`, `linux`, `lynxos178`, `macos`, `managarm`, `motor`, `netbsd`, `none`, `nto`, `nuttx`, `openbsd`, `psp`, `psx`, `qnx`, `qurt`, `redox`, `rtems`, and `solaris` and 15 more
[INFO] [stdout]    = note: using a cfg inside a macro will use the cfgs from the destination crate and not the ones from the defining crate
[INFO] [stdout]    = help: try referring to `$crate::default_allocator` crate for guidance on how handle this unexpected cfg
[INFO] [stdout]    = note: see <https://doc.rust-lang.org/nightly/rustc/check-cfg/cargo-specifics.html> for more information about checking conditional configuration
[INFO] [stdout]    = note: this warning originates in the macro `$crate::default_allocator` which comes from the expansion of the macro `entrypoint` (in Nightly builds, run with -Z macro-backtrace for more info)
[INFO] [stdout] 
[INFO] [stdout] 
[INFO] [stdout] warning: unexpected `cfg` condition value: `solana`
[INFO] [stdout]   --> src/lib.rs:12:1
[INFO] [stdout]    |
[INFO] [stdout] 12 | entrypoint!(process_instruction);
[INFO] [stdout]    | ^^^^^^^^^^^^^^^^^^^^^^^^^^^^^^^^
[INFO] [stdout]    |
[INFO] [stdout]    = note: expected values for `target_os` are: `aix`, `amdhsa`, `android`, `cuda`, `cygwin`, `dragonfly`, `emscripten`, `espidf`, `freebsd`, `fuchsia`, `haiku`, `helenos`, `hermit`, `horizon`, `hurd`, `illumos`, `ios`, `l4re`, `linux`, `lynxos178`, `macos`, `managarm`, `motor`, `netbsd`, `none`, `nto`, `nuttx`, `openbsd`, `psp`, `psx`, `qnx`, `qurt`, `redox`, `rtems`, and `solaris` and 15 more
[INFO] [stdout]    = note: using a cfg inside a macro will use the cfgs from the destination crate and not the ones from the defining crate
[INFO] [stdout]    = help: try referring to `$crate::default_panic_handler` crate for guidance on how handle this unexpected cfg
[INFO] [stdout]    = note: see <https://doc.rust-lang.org/nightly/rustc/check-cfg/cargo-specifics.html> for more information about checking conditional configuration
[INFO] [stdout]    = note: this warning originates in the macro `$crate::default_panic_handler` which comes from the expansion of the macro `entrypoint` (in Nightly builds, run with -Z macro-backtrace for more info)
[INFO] [stdout] 
[INFO] [stdout] 
[INFO] [stderr]     Finished `release` profile [optimized] target(s) in 16.78s
[INFO] running `Command { std: "docker" "inspect" "96ca7bd5ac5cb061e3f0cb7165aaf30e041a77762bdcc76d190f7e6c327eda80", kill_on_drop: false }`
[INFO] running `Command { std: "docker" "exec" "-e" "SOURCE_DIR=/opt/rustwide/workdir" "-e" "CARGO_HOME=/opt/rustwide/cargo-home" "-e" "RUSTUP_HOME=/opt/rustwide/rustup-home" "-e" "CARGO_TARGET_DIR=/opt/rustwide/target" "-e" "CARGO_INCREMENTAL=0" "-e" "RUST_BACKTRACE=full" "-e" "RUSTFLAGS=--cap-lints=warn" "-e" "RUSTDOCFLAGS=--cap-lints=warn" "-w" "/opt/rustwide/workdir" "--user" "0:0" "96ca7bd5ac5cb061e3f0cb7165aaf30e041a77762bdcc76d190f7e6c327eda80" "/opt/rustwide/cargo-home/bin/cargo" "+1.99.0-beta.1" "test" "--frozen" "--no-run" "--message-format=json" "--release", kill_on_drop: false }`
[INFO] [stderr]    Compiling libc v0.2.180
[INFO] [stderr]    Compiling subtle v2.6.1
[INFO] [stderr]    Compiling generic-array v0.14.9
[INFO] [stderr]    Compiling const-oid v0.9.6
[INFO] [stderr]    Compiling serde_core v1.0.228
[INFO] [stderr]    Compiling zerocopy v0.8.33
[INFO] [stderr]    Compiling syn v2.0.114
[INFO] [stderr]    Compiling winnow v0.7.14
[INFO] [stderr]    Compiling hashbrown v0.16.1
[INFO] [stderr]    Compiling toml_datetime v0.7.5+spec-1.1.0
[INFO] [stderr]    Compiling cpufeatures v0.2.17
[INFO] [stderr]    Compiling borsh v1.6.0
[INFO] [stderr]    Compiling solana-sanitize v3.0.1
[INFO] [stderr]    Compiling curve25519-dalek v4.1.3
[INFO] [stderr]    Compiling solana-atomic-u64 v3.0.0
[INFO] [stderr]    Compiling num-traits v0.2.19
[INFO] [stderr]    Compiling indexmap v2.13.0
[INFO] [stderr]    Compiling either v1.15.0
[INFO] [stderr]    Compiling bs58 v0.5.1
[INFO] [stderr]    Compiling log v0.4.29
[INFO] [stderr]    Compiling once_cell v1.21.3
[INFO] [stderr]    Compiling getrandom v0.2.17
[INFO] [stderr]    Compiling num-integer v0.1.46
[INFO] [stderr]    Compiling rand_core v0.6.4
[INFO] [stderr]    Compiling feature-probe v0.1.1
[INFO] [stderr]    Compiling num-bigint v0.4.6
[INFO] [stderr]    Compiling solana-program-memory v3.1.0
[INFO] [stderr]    Compiling bv v0.11.1
[INFO] [stderr]    Compiling getrandom v0.3.4
[INFO] [stderr]    Compiling thiserror v2.0.17
[INFO] [stderr]    Compiling toml_parser v1.0.6+spec-1.1.0
[INFO] [stderr]    Compiling syn v1.0.109
[INFO] [stderr]    Compiling ahash v0.8.12
[INFO] [stderr]    Compiling toml_edit v0.23.10+spec-1.0.0
[INFO] [stderr]    Compiling find-msvc-tools v0.1.7
[INFO] [stderr]    Compiling paste v1.0.15
[INFO] [stderr]    Compiling ppv-lite86 v0.2.21
[INFO] [stderr]    Compiling cc v1.2.52
[INFO] [stderr]    Compiling solana-define-syscall v4.0.1
[INFO] [stderr]    Compiling rand_chacha v0.3.1
[INFO] [stderr]    Compiling proc-macro-crate v3.4.0
[INFO] [stderr]    Compiling rand v0.8.5
[INFO] [stderr]    Compiling base64 v0.22.1
[INFO] [stderr]    Compiling memchr v2.7.6
[INFO] [stderr]    Compiling five8 v0.2.1
[INFO] [stderr]    Compiling serde_bytes v0.11.19
[INFO] [stderr]    Compiling constant_time_eq v0.4.2
[INFO] [stderr]    Compiling solana-short-vec v3.1.0
[INFO] [stderr]    Compiling typenum v1.19.0
[INFO] [stderr]    Compiling blake3 v1.8.3
[INFO] [stderr]    Compiling solana-msg v3.0.0
[INFO] [stderr]    Compiling bitflags v2.10.0
[INFO] [stderr]    Compiling ark-std v0.5.0
[INFO] [stderr]    Compiling num-bigint v0.2.6
[INFO] [stderr]    Compiling ark-std v0.4.0
[INFO] [stderr]    Compiling ff v0.13.1
[INFO] [stderr]    Compiling itertools v0.13.0
[INFO] [stderr]    Compiling num-complex v0.2.4
[INFO] [stderr]    Compiling num-rational v0.2.4
[INFO] [stderr]    Compiling base16ct v0.2.0
[INFO] [stderr]    Compiling void v1.0.2
[INFO] [stderr]    Compiling byteorder v1.5.0
[INFO] [stderr]    Compiling hashbrown v0.15.5
[INFO] [stderr]    Compiling digest v0.9.0
[INFO] [stderr]    Compiling unreachable v1.0.0
[INFO] [stderr]    Compiling group v0.13.0
[INFO] [stderr]    Compiling itertools v0.10.5
[INFO] [stderr]    Compiling zeroize_derive v1.4.3
[INFO] [stderr]    Compiling serde_derive v1.0.228
[INFO] [stderr]    Compiling borsh-derive v1.6.0
[INFO] [stderr]    Compiling bytemuck_derive v1.10.2
[INFO] [stderr]    Compiling zeroize v1.8.2
[INFO] [stderr]    Compiling curve25519-dalek-derive v0.1.1
[INFO] [stderr]    Compiling solana-sdk-macro v3.0.0
[INFO] [stderr]    Compiling thiserror-impl v2.0.17
[INFO] [stderr]    Compiling block-buffer v0.10.4
[INFO] [stderr]    Compiling crypto-common v0.1.6
[INFO] [stderr]    Compiling der v0.7.10
[INFO] [stderr]    Compiling digest v0.10.7
[INFO] [stderr]    Compiling bytemuck v1.24.0
[INFO] [stderr]    Compiling sha2 v0.10.9
[INFO] [stderr]    Compiling signature v2.2.0
[INFO] [stderr]    Compiling ed25519 v2.2.3
[INFO] [stderr]    Compiling hmac v0.12.1
[INFO] [stderr]    Compiling enum-ordinalize-derive v4.3.2
[INFO] [stderr]    Compiling serde v1.0.228
[INFO] [stderr]    Compiling qualifier_attr v0.2.2
[INFO] [stderr]    Compiling ark-serialize-derive v0.5.0
[INFO] [stderr]    Compiling ark-serialize-derive v0.4.2
[INFO] [stderr]    Compiling enum-ordinalize v4.3.2
[INFO] [stderr]    Compiling educe v0.6.0
[INFO] [stderr]    Compiling spki v0.7.3
[INFO] [stderr]    Compiling ark-serialize v0.5.0
[INFO] [stderr]    Compiling ark-ff-asm v0.5.0
[INFO] [stderr]    Compiling ark-ff-macros v0.5.0
[INFO] [stderr]    Compiling pkcs8 v0.10.2
[INFO] [stderr]    Compiling ark-serialize v0.4.2
[INFO] [stderr]    Compiling solana-hash v4.0.1
[INFO] [stderr]    Compiling solana-program-error v3.0.0
[INFO] [stderr]    Compiling solana-sha256-hasher v3.1.0
[INFO] [stderr]    Compiling solana-instruction-error v2.1.0
[INFO] [stderr]    Compiling bincode v1.3.3
[INFO] [stderr]    Compiling solana-hash v3.1.0
[INFO] [stderr]    Compiling solana-transaction-error v3.0.0
[INFO] [stderr]    Compiling solana-fee-calculator v3.0.0
[INFO] [stderr]    Compiling serde-big-array v0.5.1
[INFO] [stderr]    Compiling ark-ff-asm v0.4.2
[INFO] [stderr]    Compiling derivative v2.2.0
[INFO] [stderr]    Compiling ark-ff-macros v0.4.2
[INFO] [stderr]    Compiling sec1 v0.7.3
[INFO] [stderr]    Compiling crypto-bigint v0.5.5
[INFO] [stderr]    Compiling getrandom v0.1.16
[INFO] [stderr]    Compiling solana-address v2.0.0
[INFO] [stderr]    Compiling solana-sdk-ids v3.1.0
[INFO] [stderr]    Compiling solana-address v1.1.0
[INFO] [stderr]    Compiling solana-pubkey v3.0.0
[INFO] [stderr]    Compiling solana-pubkey v4.0.0
[INFO] [stderr]    Compiling solana-sysvar-id v3.1.0
[INFO] [stderr]    Compiling solana-instruction v3.1.0
[INFO] [stderr]    Compiling solana-account-info v3.1.0
[INFO] [stderr]    Compiling solana-clock v3.0.0
[INFO] [stderr]    Compiling solana-slot-hashes v3.0.0
[INFO] [stderr]    Compiling solana-epoch-schedule v3.0.0
[INFO] [stderr]    Compiling solana-program-entrypoint v3.1.1
[INFO] [stderr]    Compiling solana-last-restart-slot v3.0.0
[INFO] [stderr]    Compiling solana-rent v3.1.0
[INFO] [stderr]    Compiling solana-epoch-rewards v3.0.0
[INFO] [stderr]    Compiling solana-slot-history v3.0.0
[INFO] [stderr]    Compiling ed25519-dalek v2.2.0
[INFO] [stderr]    Compiling solana-system-interface v2.0.0
[INFO] [stderr]    Compiling solana-message v3.0.1
[INFO] [stderr]    Compiling solana-sysvar v3.1.1
[INFO] [stderr]    Compiling solana-signature v3.1.0
[INFO] [stderr]    Compiling solana-serialize-utils v3.1.0
[INFO] [stderr]    Compiling ark-ff v0.5.0
[INFO] [stderr]    Compiling solana-signer v3.0.0
[INFO] [stderr]    Compiling solana-account v3.3.0
[INFO] [stderr]    Compiling solana-instructions-sysvar v3.0.0
[INFO] [stderr]    Compiling solana-cpi v3.1.0
[INFO] [stderr]    Compiling ascii v0.9.3
[INFO] [stderr]    Compiling solana-transaction v3.0.2
[INFO] [stderr]    Compiling libsecp256k1-core v0.2.2
[INFO] [stderr]    Compiling ark-ff v0.4.2
[INFO] [stderr]    Compiling combine v3.8.1
[INFO] [stderr]    Compiling elliptic-curve v0.13.8
[INFO] [stderr]    Compiling solana-stable-layout v3.0.0
[INFO] [stderr]    Compiling rfc6979 v0.4.0
[INFO] [stderr]    Compiling thiserror-impl v1.0.69
[INFO] [stderr]    Compiling enum-iterator-derive v1.5.0
[INFO] [stderr]    Compiling hash32 v0.3.1
[INFO] [stderr]    Compiling hashbrown v0.13.2
[INFO] [stderr]    Compiling num-iter v0.1.45
[INFO] [stderr]    Compiling keccak v0.1.5
[INFO] [stderr]    Compiling rustc-demangle v0.1.26
[INFO] [stderr]    Compiling thiserror v1.0.69
[INFO] [stderr]    Compiling sha3 v0.10.8
[INFO] [stderr]    Compiling num v0.2.1
[INFO] [stderr]    Compiling enum-iterator v1.5.0
[INFO] [stderr]    Compiling ecdsa v0.16.9
[INFO] [stderr]    Compiling solana-fee-structure v3.0.0
[INFO] [stderr]    Compiling solana-precompile-error v3.0.0
[INFO] [stderr]    Compiling solana-svm-feature-set v3.1.6
[INFO] [stderr]    Compiling eager v0.1.0
[INFO] [stderr]    Compiling solana-svm-callback v3.1.6
[INFO] [stderr]    Compiling k256 v0.13.4
[INFO] [stderr]    Compiling rand_core v0.5.1
[INFO] [stderr]    Compiling solana-keccak-hasher v3.1.0
[INFO] [stderr]    Compiling percentage v0.1.0
[INFO] [stderr]    Compiling libsecp256k1-gen-genmult v0.2.1
[INFO] [stderr]    Compiling libsecp256k1-gen-ecmult v0.2.1
[INFO] [stderr]    Compiling solana-svm-transaction v3.1.6
[INFO] [stderr]    Compiling solana-stake-interface v2.0.2
[INFO] [stderr]    Compiling solana-loader-v3-interface v6.1.0
[INFO] [stderr]    Compiling solana-nonce v3.0.0
[INFO] [stderr]    Compiling aho-corasick v1.1.4
[INFO] [stderr]    Compiling solana-svm-type-overrides v3.1.6
[INFO] [stderr]    Compiling crunchy v0.2.4
[INFO] [stderr]    Compiling solana-svm-log-collector v3.1.6
[INFO] [stderr]    Compiling itertools v0.12.1
[INFO] [stderr]    Compiling solana-sbpf v0.13.1
[INFO] [stderr]    Compiling solana-svm-timings v3.1.6
[INFO] [stderr]    Compiling regex-syntax v0.8.8
[INFO] [stderr]    Compiling solana-svm-measure v3.1.6
[INFO] [stderr]    Compiling solana-secp256k1-recover v3.1.0
[INFO] [stderr]    Compiling libsecp256k1 v0.6.0
[INFO] [stderr]    Compiling rand_chacha v0.2.2
[INFO] [stderr]    Compiling regex-automata v0.4.13
[INFO] [stderr]    Compiling ark-poly v0.5.0
[INFO] [stderr]    Compiling solana-blake3-hasher v3.1.0
[INFO] [stderr]    Compiling block-buffer v0.9.0
[INFO] [stderr]    Compiling solana-packet v3.0.0
[INFO] [stderr]    Compiling solana-big-mod-exp v3.0.0
[INFO] [stderr]    Compiling derivation-path v0.2.0
[INFO] [stderr]    Compiling ark-poly v0.4.2
[INFO] [stderr]    Compiling opaque-debug v0.3.1
[INFO] [stderr]    Compiling utf8parse v0.2.2
[INFO] [stderr]    Compiling anstyle-parse v0.2.7
[INFO] [stderr]    Compiling darling_core v0.21.3
[INFO] [stderr]    Compiling qstring v0.7.2
[INFO] [stderr]    Compiling sha2 v0.9.9
[INFO] [stderr]    Compiling ark-ec v0.5.0
[INFO] [stderr]    Compiling ark-ec v0.4.2
[INFO] [stderr]    Compiling solana-transaction-context v3.1.6
[INFO] [stderr]    Compiling ark-bn254 v0.5.0
[INFO] [stderr]    Compiling solana-program-runtime v3.1.6
[INFO] [stderr]    Compiling light-poseidon v0.4.0
[INFO] [stderr]    Compiling ark-bn254 v0.4.0
[INFO] [stderr]    Compiling regex v1.12.2
[INFO] [stderr]    Compiling light-poseidon v0.2.0
[INFO] [stderr]    Compiling uriparse v0.6.4
[INFO] [stderr]    Compiling rand v0.7.3
[INFO] [stderr]    Compiling solana-account-view v1.0.0
[INFO] [stderr]    Compiling errno v0.3.14
[INFO] [stderr]    Compiling base64 v0.12.3
[INFO] [stderr]    Compiling is_terminal_polyfill v1.70.2
[INFO] [stderr]    Compiling signal-hook v0.3.18
[INFO] [stderr]    Compiling colorchoice v1.0.4
[INFO] [stderr]    Compiling anstyle v1.0.13
[INFO] [stderr]    Compiling anstyle-query v1.1.5
[INFO] [stderr]    Compiling anstream v0.6.21
[INFO] [stderr]    Compiling solana-poseidon v3.1.6
[INFO] [stderr]    Compiling signal-hook-registry v1.4.8
[INFO] [stderr]    Compiling solana-instruction-view v1.0.0
[INFO] [stderr]    Compiling solana-derivation-path v3.0.0
[INFO] [stderr]    Compiling env_filter v0.1.4
[INFO] [stderr]    Compiling darling_macro v0.21.3
[INFO] [stderr]    Compiling solana-bn254 v3.2.0
[INFO] [stderr]    Compiling solana-address-lookup-table-interface v3.0.1
[INFO] [stderr]    Compiling solana-curve25519 v3.1.6
[INFO] [stderr]    Compiling solana-bincode v3.1.0
[INFO] [stderr]    Compiling pbkdf2 v0.11.0
[INFO] [stderr]    Compiling num_enum_derive v0.7.5
[INFO] [stderr]    Compiling jiff v0.2.18
[INFO] [stderr]    Compiling num_enum v0.7.5
[INFO] [stderr]    Compiling solana-seed-phrase v3.0.0
[INFO] [stderr]    Compiling solana-example-mocks v3.0.0
[INFO] [stderr]    Compiling darling v0.21.3
[INFO] [stderr]    Compiling solana-seed-derivable v3.0.0
[INFO] [stderr]    Compiling ed25519-dalek-bip32 v0.3.0
[INFO] [stderr]    Compiling agave-syscalls v3.1.6
[INFO] [stderr]    Compiling solana-nonce-account v3.0.0
[INFO] [stderr]    Compiling solana-loader-v4-interface v3.1.0
[INFO] [stderr]    Compiling solana-epoch-stake v3.0.0
[INFO] [stderr]    Compiling solana-program-pack v3.0.0
[INFO] [stderr]    Compiling solana-serde-varint v3.0.0
[INFO] [stderr]    Compiling solana-borsh v3.0.0
[INFO] [stderr]    Compiling solana-native-token v3.0.0
[INFO] [stderr]    Compiling solana-hard-forks v3.0.0
[INFO] [stderr]    Compiling siphasher v0.3.11
[INFO] [stderr]    Compiling solana-program-option v3.0.0
[INFO] [stderr]    Compiling solana-program v3.0.0
[INFO] [stderr]    Compiling solana-epoch-rewards-hasher v3.1.0
[INFO] [stderr]    Compiling solana-bpf-loader-program v3.1.6
[INFO] [stderr]    Compiling solana-shred-version v3.0.0
[INFO] [stderr]    Compiling solana-system-program v3.1.6
[INFO] [stderr]    Compiling solana-keypair v3.1.0
[INFO] [stderr]    Compiling wincode-derive v0.2.3
[INFO] [stderr]    Compiling solana-offchain-message v3.0.0
[INFO] [stderr]    Compiling pinocchio v0.10.1
[INFO] [stderr]    Compiling solana-program-log-macro v1.0.0
[INFO] [stderr]    Compiling pinocchio-log-macro v0.5.0
[INFO] [stderr]    Compiling solana-compute-budget v3.1.6
[INFO] [stderr]    Compiling agave-feature-set v3.1.6
[INFO] [stderr]    Compiling mollusk-svm-error v0.10.0
[INFO] [stderr]    Compiling mollusk-svm-result v0.10.0
[INFO] [stderr]    Compiling env_logger v0.11.8
[INFO] [stderr]    Compiling solana-presigner v3.0.0
[INFO] [stderr]    Compiling solana-inflation v3.0.0
[INFO] [stderr]    Compiling solana-serde v3.0.0
[INFO] [stderr]    Compiling solana-epoch-info v3.1.0
[INFO] [stderr]    Compiling solana-logger v3.0.0
[INFO] [stderr]    Compiling solana-time-utils v3.0.0
[INFO] [stderr]    Compiling solana-sdk v3.0.0
[INFO] [stderr]    Compiling mollusk-svm v0.10.0
[INFO] [stderr]    Compiling wincode v0.2.5
[INFO] [stderr]    Compiling pinocchio-log v0.5.1
[INFO] [stderr]    Compiling solana-program-log v1.1.0
[INFO] [stderr]    Compiling pinocchio-system v0.5.0
[INFO] [stderr]    Compiling pinocchio-token v0.5.0
[INFO] [stderr]    Compiling bamm v0.1.0 (/opt/rustwide/workdir)
[INFO] [stdout] warning: unexpected `cfg` condition value: `solana`
[INFO] [stdout]   --> src/lib.rs:12:1
[INFO] [stdout]    |
[INFO] [stdout] 12 | entrypoint!(process_instruction);
[INFO] [stdout]    | ^^^^^^^^^^^^^^^^^^^^^^^^^^^^^^^^
[INFO] [stdout]    |
[INFO] [stdout]    = note: expected values for `target_os` are: `aix`, `amdhsa`, `android`, `cuda`, `cygwin`, `dragonfly`, `emscripten`, `espidf`, `freebsd`, `fuchsia`, `haiku`, `helenos`, `hermit`, `horizon`, `hurd`, `illumos`, `ios`, `l4re`, `linux`, `lynxos178`, `macos`, `managarm`, `motor`, `netbsd`, `none`, `nto`, `nuttx`, `openbsd`, `psp`, `psx`, `qnx`, `qurt`, `redox`, `rtems`, and `solaris` and 15 more
[INFO] [stdout]    = note: using a cfg inside a macro will use the cfgs from the destination crate and not the ones from the defining crate
[INFO] [stdout]    = help: try referring to `$crate::default_allocator` crate for guidance on how handle this unexpected cfg
[INFO] [stdout]    = note: see <https://doc.rust-lang.org/nightly/rustc/check-cfg/cargo-specifics.html> for more information about checking conditional configuration
[INFO] [stdout]    = note: `#[warn(unexpected_cfgs)]` on by default
[INFO] [stdout]    = note: this warning originates in the macro `$crate::default_allocator` which comes from the expansion of the macro `entrypoint` (in Nightly builds, run with -Z macro-backtrace for more info)
[INFO] [stdout] 
[INFO] [stdout] 
[INFO] [stdout] warning: unexpected `cfg` condition value: `solana`
[INFO] [stdout]   --> src/lib.rs:12:1
[INFO] [stdout]    |
[INFO] [stdout] 12 | entrypoint!(process_instruction);
[INFO] [stdout]    | ^^^^^^^^^^^^^^^^^^^^^^^^^^^^^^^^
[INFO] [stdout]    |
[INFO] [stdout]    = note: expected values for `target_os` are: `aix`, `amdhsa`, `android`, `cuda`, `cygwin`, `dragonfly`, `emscripten`, `espidf`, `freebsd`, `fuchsia`, `haiku`, `helenos`, `hermit`, `horizon`, `hurd`, `illumos`, `ios`, `l4re`, `linux`, `lynxos178`, `macos`, `managarm`, `motor`, `netbsd`, `none`, `nto`, `nuttx`, `openbsd`, `psp`, `psx`, `qnx`, `qurt`, `redox`, `rtems`, and `solaris` and 15 more
[INFO] [stdout]    = note: using a cfg inside a macro will use the cfgs from the destination crate and not the ones from the defining crate
[INFO] [stdout]    = help: try referring to `$crate::default_allocator` crate for guidance on how handle this unexpected cfg
[INFO] [stdout]    = note: see <https://doc.rust-lang.org/nightly/rustc/check-cfg/cargo-specifics.html> for more information about checking conditional configuration
[INFO] [stdout]    = note: this warning originates in the macro `$crate::default_allocator` which comes from the expansion of the macro `entrypoint` (in Nightly builds, run with -Z macro-backtrace for more info)
[INFO] [stdout] 
[INFO] [stdout] 
[INFO] [stdout] warning: unexpected `cfg` condition value: `solana`
[INFO] [stdout]   --> src/lib.rs:12:1
[INFO] [stdout]    |
[INFO] [stdout] 12 | entrypoint!(process_instruction);
[INFO] [stdout]    | ^^^^^^^^^^^^^^^^^^^^^^^^^^^^^^^^
[INFO] [stdout]    |
[INFO] [stdout]    = note: expected values for `target_os` are: `aix`, `amdhsa`, `android`, `cuda`, `cygwin`, `dragonfly`, `emscripten`, `espidf`, `freebsd`, `fuchsia`, `haiku`, `helenos`, `hermit`, `horizon`, `hurd`, `illumos`, `ios`, `l4re`, `linux`, `lynxos178`, `macos`, `managarm`, `motor`, `netbsd`, `none`, `nto`, `nuttx`, `openbsd`, `psp`, `psx`, `qnx`, `qurt`, `redox`, `rtems`, and `solaris` and 15 more
[INFO] [stdout]    = note: using a cfg inside a macro will use the cfgs from the destination crate and not the ones from the defining crate
[INFO] [stdout]    = help: try referring to `$crate::default_panic_handler` crate for guidance on how handle this unexpected cfg
[INFO] [stdout]    = note: see <https://doc.rust-lang.org/nightly/rustc/check-cfg/cargo-specifics.html> for more information about checking conditional configuration
[INFO] [stdout]    = note: this warning originates in the macro `$crate::default_panic_handler` which comes from the expansion of the macro `entrypoint` (in Nightly builds, run with -Z macro-backtrace for more info)
[INFO] [stdout] 
[INFO] [stdout] 
[INFO] [stderr]     Finished `release` profile [optimized] target(s) in 1m 41s
[INFO] [stderr] warning: the following packages contain code that will be rejected by a future version of Rust: borsh v1.6.0
[INFO] [stderr] note: to see what the problems were, use the option `--future-incompat-report`, or run `cargo report future-incompatibilities --id 1`
[INFO] running `Command { std: "docker" "inspect" "96ca7bd5ac5cb061e3f0cb7165aaf30e041a77762bdcc76d190f7e6c327eda80", kill_on_drop: false }`
[INFO] running `Command { std: "docker" "exec" "-e" "SOURCE_DIR=/opt/rustwide/workdir" "-e" "CARGO_HOME=/opt/rustwide/cargo-home" "-e" "RUSTUP_HOME=/opt/rustwide/rustup-home" "-e" "CARGO_TARGET_DIR=/opt/rustwide/target" "-e" "CARGO_INCREMENTAL=0" "-e" "RUST_BACKTRACE=full" "-e" "RUSTFLAGS=--cap-lints=warn" "-e" "RUSTDOCFLAGS=--cap-lints=warn" "-w" "/opt/rustwide/workdir" "--user" "0:0" "96ca7bd5ac5cb061e3f0cb7165aaf30e041a77762bdcc76d190f7e6c327eda80" "/opt/rustwide/cargo-home/bin/cargo" "+1.99.0-beta.1" "test" "--frozen" "--release", kill_on_drop: false }`
[INFO] [stderr] warning: unexpected `cfg` condition value: `solana`
[INFO] [stderr]   --> src/lib.rs:12:1
[INFO] [stderr]    |
[INFO] [stderr] 12 | entrypoint!(process_instruction);
[INFO] [stderr]    | ^^^^^^^^^^^^^^^^^^^^^^^^^^^^^^^^
[INFO] [stderr]    |
[INFO] [stderr]    = note: expected values for `target_os` are: `aix`, `amdhsa`, `android`, `cuda`, `cygwin`, `dragonfly`, `emscripten`, `espidf`, `freebsd`, `fuchsia`, `haiku`, `helenos`, `hermit`, `horizon`, `hurd`, `illumos`, `ios`, `l4re`, `linux`, `lynxos178`, `macos`, `managarm`, `motor`, `netbsd`, `none`, `nto`, `nuttx`, `openbsd`, `psp`, `psx`, `qnx`, `qurt`, `redox`, `rtems`, and `solaris` and 15 more
[INFO] [stderr]    = note: using a cfg inside a macro will use the cfgs from the destination crate and not the ones from the defining crate
[INFO] [stderr]    = help: try referring to `$crate::default_allocator` crate for guidance on how handle this unexpected cfg
[INFO] [stderr]    = note: see <https://doc.rust-lang.org/nightly/rustc/check-cfg/cargo-specifics.html> for more information about checking conditional configuration
[INFO] [stderr]    = note: `#[warn(unexpected_cfgs)]` on by default
[INFO] [stderr]    = note: this warning originates in the macro `$crate::default_allocator` which comes from the expansion of the macro `entrypoint` (in Nightly builds, run with -Z macro-backtrace for more info)
[INFO] [stderr] 
[INFO] [stderr] warning: unexpected `cfg` condition value: `solana`
[INFO] [stderr]   --> src/lib.rs:12:1
[INFO] [stderr]    |
[INFO] [stderr] 12 | entrypoint!(process_instruction);
[INFO] [stderr]    | ^^^^^^^^^^^^^^^^^^^^^^^^^^^^^^^^
[INFO] [stderr]    |
[INFO] [stderr]    = note: expected values for `target_os` are: `aix`, `amdhsa`, `android`, `cuda`, `cygwin`, `dragonfly`, `emscripten`, `espidf`, `freebsd`, `fuchsia`, `haiku`, `helenos`, `hermit`, `horizon`, `hurd`, `illumos`, `ios`, `l4re`, `linux`, `lynxos178`, `macos`, `managarm`, `motor`, `netbsd`, `none`, `nto`, `nuttx`, `openbsd`, `psp`, `psx`, `qnx`, `qurt`, `redox`, `rtems`, and `solaris` and 15 more
[INFO] [stderr]    = note: using a cfg inside a macro will use the cfgs from the destination crate and not the ones from the defining crate
[INFO] [stderr]    = help: try referring to `$crate::default_allocator` crate for guidance on how handle this unexpected cfg
[INFO] [stderr]    = note: see <https://doc.rust-lang.org/nightly/rustc/check-cfg/cargo-specifics.html> for more information about checking conditional configuration
[INFO] [stderr]    = note: this warning originates in the macro `$crate::default_allocator` which comes from the expansion of the macro `entrypoint` (in Nightly builds, run with -Z macro-backtrace for more info)
[INFO] [stderr] 
[INFO] [stderr] warning: unexpected `cfg` condition value: `solana`
[INFO] [stderr]   --> src/lib.rs:12:1
[INFO] [stderr]    |
[INFO] [stderr] 12 | entrypoint!(process_instruction);
[INFO] [stderr]    | ^^^^^^^^^^^^^^^^^^^^^^^^^^^^^^^^
[INFO] [stderr]    |
[INFO] [stderr]    = note: expected values for `target_os` are: `aix`, `amdhsa`, `android`, `cuda`, `cygwin`, `dragonfly`, `emscripten`, `espidf`, `freebsd`, `fuchsia`, `haiku`, `helenos`, `hermit`, `horizon`, `hurd`, `illumos`, `ios`, `l4re`, `linux`, `lynxos178`, `macos`, `managarm`, `motor`, `netbsd`, `none`, `nto`, `nuttx`, `openbsd`, `psp`, `psx`, `qnx`, `qurt`, `redox`, `rtems`, and `solaris` and 15 more
[INFO] [stderr]    = note: using a cfg inside a macro will use the cfgs from the destination crate and not the ones from the defining crate
[INFO] [stderr]    = help: try referring to `$crate::default_panic_handler` crate for guidance on how handle this unexpected cfg
[INFO] [stderr]    = note: see <https://doc.rust-lang.org/nightly/rustc/check-cfg/cargo-specifics.html> for more information about checking conditional configuration
[INFO] [stderr]    = note: this warning originates in the macro `$crate::default_panic_handler` which comes from the expansion of the macro `entrypoint` (in Nightly builds, run with -Z macro-backtrace for more info)
[INFO] [stderr] 
[INFO] [stderr] warning: `bamm` (lib test) generated 3 warnings
[INFO] [stderr]     Finished `release` profile [optimized] target(s) in 0.25s
[INFO] [stderr] warning: the following packages contain code that will be rejected by a future version of Rust: borsh v1.6.0
[INFO] [stderr] note: to see what the problems were, use the option `--future-incompat-report`, or run `cargo report future-incompatibilities --id 1`
[INFO] [stderr]      Running unittests src/lib.rs (/opt/rustwide/target/release/deps/jito_bamm-190ee53beab14741)
[INFO] [stdout] 
[INFO] [stdout] running 14 tests
[INFO] [stdout] test test::swap_fails_on_slippage ... FAILED
[INFO] [stdout] test test::swap_fails_on_first_tick_when_timestamp_is_stale ... FAILED
[INFO] [stdout] test test::init_pool_creates_accounts ... FAILED
[INFO] [stdout] test test::swap_fails_on_stale_millis ... FAILED
[INFO] [stdout] test test::swap_right_to_left_applies_spread ... FAILED
[INFO] [stdout] test test::swap_left_to_right_applies_spread ... FAILED
[INFO] [stdout] test test::update_oracle_writes_mid ... FAILED
[INFO] [stdout] test test::swap_fails_when_first_tick_but_oracle_from_prior_slot ... FAILED
[INFO] [stdout] test test::swap_fails_on_stale_slots ... FAILED
[INFO] [stdout] test test::swap_succeeds_when_output_meets_floor ... FAILED
[INFO] [stdout] test test::deposit_moves_both_legs_into_vault ... FAILED
[INFO] [stdout] test test::swap_succeeds_with_fresh_oracle ... FAILED
[INFO] [stdout] test test::withdraw_fails_for_non_authority ... FAILED
[INFO] [stdout] test test::withdraw_moves_both_legs_out_of_vault ... FAILED
[INFO] [stdout] 
[INFO] [stdout] failures:
[INFO] [stdout] 
[INFO] [stdout] ---- test::swap_fails_on_slippage stdout ----
[INFO] [stdout] 
[INFO] [stdout] thread 'test::swap_fails_on_slippage' (4746) panicked at /opt/rustwide/cargo-home/registry/src/index.crates.io-1949cf8c6b5b557f/mollusk-svm-error-0.10.0/src/error.rs:50:32:
[INFO] [stdout]     [MOLLUSK]: Program file not found: target/sbpf-solana-solana/release/jito_bamm.so
[INFO] [stdout] stack backtrace:
[INFO] [stdout]    0:     0x56f51c287571 - <<std[104cf6e2632825ea]::sys::backtrace::BacktraceLock>::print::DisplayBacktrace as core[7c831bd917ebf35f]::fmt::Display>::fmt
[INFO] [stdout]    1:     0x56f51c29e9fa - core[7c831bd917ebf35f]::fmt::write
[INFO] [stdout]    2:     0x56f51c28d15c - <alloc[2fdc3f7464fcf288]::vec::Vec<u8> as core[7c831bd917ebf35f]::io::write::Write>::write_fmt
[INFO] [stdout]    3:     0x56f51c2639a6 - std[104cf6e2632825ea]::panicking::default_hook::{closure#0}
[INFO] [stdout]    4:     0x56f51c27fc69 - std[104cf6e2632825ea]::panicking::default_hook
[INFO] [stdout]    5:     0x56f51be03ab0 - test[73009c9f9aebf890]::test_main_inner::<test[73009c9f9aebf890]::test_main_static::{closure#0}>::{closure#0}
[INFO] [stdout]    6:     0x56f51c27fe22 - std[104cf6e2632825ea]::panicking::panic_with_hook
[INFO] [stdout]    7:     0x56f51c263a52 - std[104cf6e2632825ea]::panicking::panic_handler::{closure#0}
[INFO] [stdout]    8:     0x56f51c25c3f9 - std[104cf6e2632825ea]::sys::backtrace::__rust_end_short_backtrace::<std[104cf6e2632825ea]::panicking::panic_handler::{closure#0}, !>
[INFO] [stdout]    9:     0x56f51c26464d - __rustc[b0d56fa5b193ad05]::rust_begin_unwind
[INFO] [stdout]   10:     0x56f51c29f1dc - core[7c831bd917ebf35f]::panicking::panic_fmt
[INFO] [stdout]   11:     0x56f51be49f5b - mollusk_svm[8fb92b4e615ab797]::file::load_program_elf
[INFO] [stdout]   12:     0x56f51be3df86 - <mollusk_svm[8fb92b4e615ab797]::Mollusk>::new
[INFO] [stdout]   13:     0x56f51bdeb323 - jito_bamm[7e3363d5fac12bc]::test::swap_fails_on_slippage
[INFO] [stdout]   14:     0x56f51bdf6b89 - <jito_bamm[7e3363d5fac12bc]::test::swap_fails_on_slippage::{closure#0} as core[7c831bd917ebf35f]::ops::function::FnOnce<()>>::call_once
[INFO] [stdout]   15:     0x56f51bdf6d9b - test[73009c9f9aebf890]::__rust_begin_short_backtrace::<core[7c831bd917ebf35f]::result::Result<(), alloc[2fdc3f7464fcf288]::string::String>, fn() -> core[7c831bd917ebf35f]::result::Result<(), alloc[2fdc3f7464fcf288]::string::String>>
[INFO] [stdout]   16:     0x56f51be04405 - test[73009c9f9aebf890]::run_test::{closure#0}
[INFO] [stdout]   17:     0x56f51bdfd7c4 - std[104cf6e2632825ea]::sys::backtrace::__rust_begin_short_backtrace::<test[73009c9f9aebf890]::run_test::{closure#1}, ()>
[INFO] [stdout]   18:     0x56f51be07562 - <std[104cf6e2632825ea]::thread::lifecycle::spawn_unchecked<test[73009c9f9aebf890]::run_test::{closure#1}, ()>::{closure#1} as core[7c831bd917ebf35f]::ops::function::FnOnce<()>>::call_once::{shim:vtable#0}
[INFO] [stdout]   19:     0x56f51c286e49 - <std[104cf6e2632825ea]::sys::thread::unix::Thread>::new::thread_start
[INFO] [stdout]   20:     0x747306a1807a - <unknown>
[INFO] [stdout]   21:     0x747306aab534 - clone
[INFO] [stdout]   22:                0x0 - <unknown>
[INFO] [stderr] error: test failed, to rerun pass `--lib`
[INFO] [stdout] 
[INFO] [stdout] ---- test::swap_fails_on_first_tick_when_timestamp_is_stale stdout ----
[INFO] [stdout] 
[INFO] [stdout] thread 'test::swap_fails_on_first_tick_when_timestamp_is_stale' (4745) panicked at /opt/rustwide/cargo-home/registry/src/index.crates.io-1949cf8c6b5b557f/mollusk-svm-error-0.10.0/src/error.rs:50:32:
[INFO] [stdout]     [MOLLUSK]: Program file not found: target/sbpf-solana-solana/release/jito_bamm.so
[INFO] [stdout] stack backtrace:
[INFO] [stdout]    0:     0x56f51c287571 - <<std[104cf6e2632825ea]::sys::backtrace::BacktraceLock>::print::DisplayBacktrace as core[7c831bd917ebf35f]::fmt::Display>::fmt
[INFO] [stdout]    1:     0x56f51c29e9fa - core[7c831bd917ebf35f]::fmt::write
[INFO] [stdout]    2:     0x56f51c28d15c - <alloc[2fdc3f7464fcf288]::vec::Vec<u8> as core[7c831bd917ebf35f]::io::write::Write>::write_fmt
[INFO] [stdout]    3:     0x56f51c2639a6 - std[104cf6e2632825ea]::panicking::default_hook::{closure#0}
[INFO] [stdout]    4:     0x56f51c27fc69 - std[104cf6e2632825ea]::panicking::default_hook
[INFO] [stdout]    5:     0x56f51be03ab0 - test[73009c9f9aebf890]::test_main_inner::<test[73009c9f9aebf890]::test_main_static::{closure#0}>::{closure#0}
[INFO] [stdout]    6:     0x56f51c27fe22 - std[104cf6e2632825ea]::panicking::panic_with_hook
[INFO] [stdout]    7:     0x56f51c263a52 - std[104cf6e2632825ea]::panicking::panic_handler::{closure#0}
[INFO] [stdout]    8:     0x56f51c25c3f9 - std[104cf6e2632825ea]::sys::backtrace::__rust_end_short_backtrace::<std[104cf6e2632825ea]::panicking::panic_handler::{closure#0}, !>
[INFO] [stdout]    9:     0x56f51c26464d - __rustc[b0d56fa5b193ad05]::rust_begin_unwind
[INFO] [stdout]   10:     0x56f51c29f1dc - core[7c831bd917ebf35f]::panicking::panic_fmt
[INFO] [stdout]   11:     0x56f51be49f5b - mollusk_svm[8fb92b4e615ab797]::file::load_program_elf
[INFO] [stdout]   12:     0x56f51be3df86 - <mollusk_svm[8fb92b4e615ab797]::Mollusk>::new
[INFO] [stdout]   13:     0x56f51bdf610d - jito_bamm[7e3363d5fac12bc]::test::swap_fails_on_first_tick_when_timestamp_is_stale
[INFO] [stdout]   14:     0x56f51bdf6d09 - <jito_bamm[7e3363d5fac12bc]::test::swap_fails_on_first_tick_when_timestamp_is_stale::{closure#0} as core[7c831bd917ebf35f]::ops::function::FnOnce<()>>::call_once
[INFO] [stdout]   15:     0x56f51bdf6d9b - test[73009c9f9aebf890]::__rust_begin_short_backtrace::<core[7c831bd917ebf35f]::result::Result<(), alloc[2fdc3f7464fcf288]::string::String>, fn() -> core[7c831bd917ebf35f]::result::Result<(), alloc[2fdc3f7464fcf288]::string::String>>
[INFO] [stdout]   16:     0x56f51be04405 - test[73009c9f9aebf890]::run_test::{closure#0}
[INFO] [stdout]   17:     0x56f51bdfd7c4 - std[104cf6e2632825ea]::sys::backtrace::__rust_begin_short_backtrace::<test[73009c9f9aebf890]::run_test::{closure#1}, ()>
[INFO] [stdout]   18:     0x56f51be07562 - <std[104cf6e2632825ea]::thread::lifecycle::spawn_unchecked<test[73009c9f9aebf890]::run_test::{closure#1}, ()>::{closure#1} as core[7c831bd917ebf35f]::ops::function::FnOnce<()>>::call_once::{shim:vtable#0}
[INFO] [stdout]   19:     0x56f51c286e49 - <std[104cf6e2632825ea]::sys::thread::unix::Thread>::new::thread_start
[INFO] [stdout]   20:     0x747306a1807a - <unknown>
[INFO] [stdout]   21:     0x747306aab534 - clone
[INFO] [stdout]   22:                0x0 - <unknown>
[INFO] [stdout] 
[INFO] [stdout] ---- test::init_pool_creates_accounts stdout ----
[INFO] [stdout] 
[INFO] [stdout] thread 'test::init_pool_creates_accounts' (4744) panicked at /opt/rustwide/cargo-home/registry/src/index.crates.io-1949cf8c6b5b557f/mollusk-svm-error-0.10.0/src/error.rs:50:32:
[INFO] [stdout]     [MOLLUSK]: Program file not found: target/sbpf-solana-solana/release/jito_bamm.so
[INFO] [stdout] stack backtrace:
[INFO] [stdout]    0:     0x56f51c287571 - <<std[104cf6e2632825ea]::sys::backtrace::BacktraceLock>::print::DisplayBacktrace as core[7c831bd917ebf35f]::fmt::Display>::fmt
[INFO] [stdout]    1:     0x56f51c29e9fa - core[7c831bd917ebf35f]::fmt::write
[INFO] [stdout]    2:     0x56f51c28d15c - <alloc[2fdc3f7464fcf288]::vec::Vec<u8> as core[7c831bd917ebf35f]::io::write::Write>::write_fmt
[INFO] [stdout]    3:     0x56f51c2639a6 - std[104cf6e2632825ea]::panicking::default_hook::{closure#0}
[INFO] [stdout]    4:     0x56f51c27fc69 - std[104cf6e2632825ea]::panicking::default_hook
[INFO] [stdout]    5:     0x56f51be03ab0 - test[73009c9f9aebf890]::test_main_inner::<test[73009c9f9aebf890]::test_main_static::{closure#0}>::{closure#0}
[INFO] [stdout]    6:     0x56f51c27fe22 - std[104cf6e2632825ea]::panicking::panic_with_hook
[INFO] [stdout]    7:     0x56f51c263a52 - std[104cf6e2632825ea]::panicking::panic_handler::{closure#0}
[INFO] [stdout]    8:     0x56f51c25c3f9 - std[104cf6e2632825ea]::sys::backtrace::__rust_end_short_backtrace::<std[104cf6e2632825ea]::panicking::panic_handler::{closure#0}, !>
[INFO] [stdout]    9:     0x56f51c26464d - __rustc[b0d56fa5b193ad05]::rust_begin_unwind
[INFO] [stdout]   10:     0x56f51c29f1dc - core[7c831bd917ebf35f]::panicking::panic_fmt
[INFO] [stdout]   11:     0x56f51be49f5b - mollusk_svm[8fb92b4e615ab797]::file::load_program_elf
[INFO] [stdout]   12:     0x56f51be3df86 - <mollusk_svm[8fb92b4e615ab797]::Mollusk>::new
[INFO] [stdout]   13:     0x56f51bdee163 - jito_bamm[7e3363d5fac12bc]::test::init_pool_creates_accounts
[INFO] [stdout]   14:     0x56f51bdf6be9 - <jito_bamm[7e3363d5fac12bc]::test::init_pool_creates_accounts::{closure#0} as core[7c831bd917ebf35f]::ops::function::FnOnce<()>>::call_once
[INFO] [stdout]   15:     0x56f51bdf6d9b - test[73009c9f9aebf890]::__rust_begin_short_backtrace::<core[7c831bd917ebf35f]::result::Result<(), alloc[2fdc3f7464fcf288]::string::String>, fn() -> core[7c831bd917ebf35f]::result::Result<(), alloc[2fdc3f7464fcf288]::string::String>>
[INFO] [stdout]   16:     0x56f51be04405 - test[73009c9f9aebf890]::run_test::{closure#0}
[INFO] [stdout]   17:     0x56f51bdfd7c4 - std[104cf6e2632825ea]::sys::backtrace::__rust_begin_short_backtrace::<test[73009c9f9aebf890]::run_test::{closure#1}, ()>
[INFO] [stdout]   18:     0x56f51be07562 - <std[104cf6e2632825ea]::thread::lifecycle::spawn_unchecked<test[73009c9f9aebf890]::run_test::{closure#1}, ()>::{closure#1} as core[7c831bd917ebf35f]::ops::function::FnOnce<()>>::call_once::{shim:vtable#0}
[INFO] [stdout]   19:     0x56f51c286e49 - <std[104cf6e2632825ea]::sys::thread::unix::Thread>::new::thread_start
[INFO] [stdout]   20:     0x747306a1807a - <unknown>
[INFO] [stdout]   21:     0x747306aab534 - clone
[INFO] [stdout]   22:                0x0 - <unknown>
[INFO] [stdout] 
[INFO] [stdout] ---- test::swap_fails_on_stale_millis stdout ----
[INFO] [stdout] 
[INFO] [stdout] thread 'test::swap_fails_on_stale_millis' (4747) panicked at /opt/rustwide/cargo-home/registry/src/index.crates.io-1949cf8c6b5b557f/mollusk-svm-error-0.10.0/src/error.rs:50:32:
[INFO] [stdout]     [MOLLUSK]: Program file not found: target/sbpf-solana-solana/release/jito_bamm.so
[INFO] [stdout] stack backtrace:
[INFO] [stdout]    0:     0x56f51c287571 - <<std[104cf6e2632825ea]::sys::backtrace::BacktraceLock>::print::DisplayBacktrace as core[7c831bd917ebf35f]::fmt::Display>::fmt
[INFO] [stdout]    1:     0x56f51c29e9fa - core[7c831bd917ebf35f]::fmt::write
[INFO] [stdout]    2:     0x56f51c28d15c - <alloc[2fdc3f7464fcf288]::vec::Vec<u8> as core[7c831bd917ebf35f]::io::write::Write>::write_fmt
[INFO] [stdout]    3:     0x56f51c2639a6 - std[104cf6e2632825ea]::panicking::default_hook::{closure#0}
[INFO] [stdout]    4:     0x56f51c27fc69 - std[104cf6e2632825ea]::panicking::default_hook
[INFO] [stdout]    5:     0x56f51be03ab0 - test[73009c9f9aebf890]::test_main_inner::<test[73009c9f9aebf890]::test_main_static::{closure#0}>::{closure#0}
[INFO] [stdout]    6:     0x56f51c27fe22 - std[104cf6e2632825ea]::panicking::panic_with_hook
[INFO] [stdout]    7:     0x56f51c263a52 - std[104cf6e2632825ea]::panicking::panic_handler::{closure#0}
[INFO] [stdout]    8:     0x56f51c25c3f9 - std[104cf6e2632825ea]::sys::backtrace::__rust_end_short_backtrace::<std[104cf6e2632825ea]::panicking::panic_handler::{closure#0}, !>
[INFO] [stdout]    9:     0x56f51c26464d - __rustc[b0d56fa5b193ad05]::rust_begin_unwind
[INFO] [stdout]   10:     0x56f51c29f1dc - core[7c831bd917ebf35f]::panicking::panic_fmt
[INFO] [stdout]   11:     0x56f51be49f5b - mollusk_svm[8fb92b4e615ab797]::file::load_program_elf
[INFO] [stdout]   12:     0x56f51be3df86 - <mollusk_svm[8fb92b4e615ab797]::Mollusk>::new
[INFO] [stdout]   13:     0x56f51bdeea7a - jito_bamm[7e3363d5fac12bc]::test::swap_fails_on_stale_millis
[INFO] [stdout]   14:     0x56f51bdf6c09 - <jito_bamm[7e3363d5fac12bc]::test::swap_fails_on_stale_millis::{closure#0} as core[7c831bd917ebf35f]::ops::function::FnOnce<()>>::call_once
[INFO] [stdout]   15:     0x56f51bdf6d9b - test[73009c9f9aebf890]::__rust_begin_short_backtrace::<core[7c831bd917ebf35f]::result::Result<(), alloc[2fdc3f7464fcf288]::string::String>, fn() -> core[7c831bd917ebf35f]::result::Result<(), alloc[2fdc3f7464fcf288]::string::String>>
[INFO] [stdout]   16:     0x56f51be04405 - test[73009c9f9aebf890]::run_test::{closure#0}
[INFO] [stdout]   17:     0x56f51bdfd7c4 - std[104cf6e2632825ea]::sys::backtrace::__rust_begin_short_backtrace::<test[73009c9f9aebf890]::run_test::{closure#1}, ()>
[INFO] [stdout]   18:     0x56f51be07562 - <std[104cf6e2632825ea]::thread::lifecycle::spawn_unchecked<test[73009c9f9aebf890]::run_test::{closure#1}, ()>::{closure#1} as core[7c831bd917ebf35f]::ops::function::FnOnce<()>>::call_once::{shim:vtable#0}
[INFO] [stdout]   19:     0x56f51c286e49 - <std[104cf6e2632825ea]::sys::thread::unix::Thread>::new::thread_start
[INFO] [stdout]   20:     0x747306a1807a - <unknown>
[INFO] [stdout]   21:     0x747306aab534 - clone
[INFO] [stdout]   22:                0x0 - <unknown>
[INFO] [stdout] 
[INFO] [stdout] ---- test::swap_right_to_left_applies_spread stdout ----
[INFO] [stdout] 
[INFO] [stdout] thread 'test::swap_right_to_left_applies_spread' (4751) panicked at /opt/rustwide/cargo-home/registry/src/index.crates.io-1949cf8c6b5b557f/mollusk-svm-error-0.10.0/src/error.rs:50:32:
[INFO] [stdout]     [MOLLUSK]: Program file not found: target/sbpf-solana-solana/release/jito_bamm.so
[INFO] [stdout] stack backtrace:
[INFO] [stdout]    0:     0x56f51c287571 - <<std[104cf6e2632825ea]::sys::backtrace::BacktraceLock>::print::DisplayBacktrace as core[7c831bd917ebf35f]::fmt::Display>::fmt
[INFO] [stdout]    1:     0x56f51c29e9fa - core[7c831bd917ebf35f]::fmt::write
[INFO] [stdout]    2:     0x56f51c28d15c - <alloc[2fdc3f7464fcf288]::vec::Vec<u8> as core[7c831bd917ebf35f]::io::write::Write>::write_fmt
[INFO] [stdout]    3:     0x56f51c2639a6 - std[104cf6e2632825ea]::panicking::default_hook::{closure#0}
[INFO] [stdout]    4:     0x56f51c27fc69 - std[104cf6e2632825ea]::panicking::default_hook
[INFO] [stdout]    5:     0x56f51be03ab0 - test[73009c9f9aebf890]::test_main_inner::<test[73009c9f9aebf890]::test_main_static::{closure#0}>::{closure#0}
[INFO] [stdout]    6:     0x56f51c27fe22 - std[104cf6e2632825ea]::panicking::panic_with_hook
[INFO] [stdout]    7:     0x56f51c263a52 - std[104cf6e2632825ea]::panicking::panic_handler::{closure#0}
[INFO] [stdout]    8:     0x56f51c25c3f9 - std[104cf6e2632825ea]::sys::backtrace::__rust_end_short_backtrace::<std[104cf6e2632825ea]::panicking::panic_handler::{closure#0}, !>
[INFO] [stdout]    9:     0x56f51c26464d - __rustc[b0d56fa5b193ad05]::rust_begin_unwind
[INFO] [stdout]   10:     0x56f51c29f1dc - core[7c831bd917ebf35f]::panicking::panic_fmt
[INFO] [stdout]   11:     0x56f51be49f5b - mollusk_svm[8fb92b4e615ab797]::file::load_program_elf
[INFO] [stdout]   12:     0x56f51be3df86 - <mollusk_svm[8fb92b4e615ab797]::Mollusk>::new
[INFO] [stdout]   13:     0x56f51bdf2c61 - jito_bamm[7e3363d5fac12bc]::test::swap_right_to_left_applies_spread
[INFO] [stdout]   14:     0x56f51bdf6c89 - <jito_bamm[7e3363d5fac12bc]::test::swap_right_to_left_applies_spread::{closure#0} as core[7c831bd917ebf35f]::ops::function::FnOnce<()>>::call_once
[INFO] [stdout]   15:     0x56f51bdf6d9b - test[73009c9f9aebf890]::__rust_begin_short_backtrace::<core[7c831bd917ebf35f]::result::Result<(), alloc[2fdc3f7464fcf288]::string::String>, fn() -> core[7c831bd917ebf35f]::result::Result<(), alloc[2fdc3f7464fcf288]::string::String>>
[INFO] [stdout]   16:     0x56f51be04405 - test[73009c9f9aebf890]::run_test::{closure#0}
[INFO] [stdout]   17:     0x56f51bdfd7c4 - std[104cf6e2632825ea]::sys::backtrace::__rust_begin_short_backtrace::<test[73009c9f9aebf890]::run_test::{closure#1}, ()>
[INFO] [stdout]   18:     0x56f51be07562 - <std[104cf6e2632825ea]::thread::lifecycle::spawn_unchecked<test[73009c9f9aebf890]::run_test::{closure#1}, ()>::{closure#1} as core[7c831bd917ebf35f]::ops::function::FnOnce<()>>::call_once::{shim:vtable#0}
[INFO] [stdout]   19:     0x56f51c286e49 - <std[104cf6e2632825ea]::sys::thread::unix::Thread>::new::thread_start
[INFO] [stdout]   20:     0x747306a1807a - <unknown>
[INFO] [stdout]   21:     0x747306aab534 - clone
[INFO] [stdout]   22:                0x0 - <unknown>
[INFO] [stdout] 
[INFO] [stdout] ---- test::swap_left_to_right_applies_spread stdout ----
[INFO] [stdout] 
[INFO] [stdout] thread 'test::swap_left_to_right_applies_spread' (4750) panicked at /opt/rustwide/cargo-home/registry/src/index.crates.io-1949cf8c6b5b557f/mollusk-svm-error-0.10.0/src/error.rs:50:32:
[INFO] [stdout]     [MOLLUSK]: Program file not found: target/sbpf-solana-solana/release/jito_bamm.so
[INFO] [stdout] stack backtrace:
[INFO] [stdout]    0:     0x56f51c287571 - <<std[104cf6e2632825ea]::sys::backtrace::BacktraceLock>::print::DisplayBacktrace as core[7c831bd917ebf35f]::fmt::Display>::fmt
[INFO] [stdout]    1:     0x56f51c29e9fa - core[7c831bd917ebf35f]::fmt::write
[INFO] [stdout]    2:     0x56f51c28d15c - <alloc[2fdc3f7464fcf288]::vec::Vec<u8> as core[7c831bd917ebf35f]::io::write::Write>::write_fmt
[INFO] [stdout]    3:     0x56f51c2639a6 - std[104cf6e2632825ea]::panicking::default_hook::{closure#0}
[INFO] [stdout]    4:     0x56f51c27fc69 - std[104cf6e2632825ea]::panicking::default_hook
[INFO] [stdout]    5:     0x56f51be03ab0 - test[73009c9f9aebf890]::test_main_inner::<test[73009c9f9aebf890]::test_main_static::{closure#0}>::{closure#0}
[INFO] [stdout]    6:     0x56f51c27fe22 - std[104cf6e2632825ea]::panicking::panic_with_hook
[INFO] [stdout]    7:     0x56f51c263a52 - std[104cf6e2632825ea]::panicking::panic_handler::{closure#0}
[INFO] [stdout]    8:     0x56f51c25c3f9 - std[104cf6e2632825ea]::sys::backtrace::__rust_end_short_backtrace::<std[104cf6e2632825ea]::panicking::panic_handler::{closure#0}, !>
[INFO] [stdout]    9:     0x56f51c26464d - __rustc[b0d56fa5b193ad05]::rust_begin_unwind
[INFO] [stdout]   10:     0x56f51c29f1dc - core[7c831bd917ebf35f]::panicking::panic_fmt
[INFO] [stdout]   11:     0x56f51be49f5b - mollusk_svm[8fb92b4e615ab797]::file::load_program_elf
[INFO] [stdout]   12:     0x56f51be3df86 - <mollusk_svm[8fb92b4e615ab797]::Mollusk>::new
[INFO] [stdout]   13:     0x56f51bdf1521 - jito_bamm[7e3363d5fac12bc]::test::swap_left_to_right_applies_spread
[INFO] [stdout]   14:     0x56f51bdf6c69 - <jito_bamm[7e3363d5fac12bc]::test::swap_left_to_right_applies_spread::{closure#0} as core[7c831bd917ebf35f]::ops::function::FnOnce<()>>::call_once
[INFO] [stdout]   15:     0x56f51bdf6d9b - test[73009c9f9aebf890]::__rust_begin_short_backtrace::<core[7c831bd917ebf35f]::result::Result<(), alloc[2fdc3f7464fcf288]::string::String>, fn() -> core[7c831bd917ebf35f]::result::Result<(), alloc[2fdc3f7464fcf288]::string::String>>
[INFO] [stdout]   16:     0x56f51be04405 - test[73009c9f9aebf890]::run_test::{closure#0}
[INFO] [stdout]   17:     0x56f51bdfd7c4 - std[104cf6e2632825ea]::sys::backtrace::__rust_begin_short_backtrace::<test[73009c9f9aebf890]::run_test::{closure#1}, ()>
[INFO] [stdout]   18:     0x56f51be07562 - <std[104cf6e2632825ea]::thread::lifecycle::spawn_unchecked<test[73009c9f9aebf890]::run_test::{closure#1}, ()>::{closure#1} as core[7c831bd917ebf35f]::ops::function::FnOnce<()>>::call_once::{shim:vtable#0}
[INFO] [stdout]   19:     0x56f51c286e49 - <std[104cf6e2632825ea]::sys::thread::unix::Thread>::new::thread_start
[INFO] [stdout]   20:     0x747306a1807a - <unknown>
[INFO] [stdout]   21:     0x747306aab534 - clone
[INFO] [stdout]   22:                0x0 - <unknown>
[INFO] [stdout] 
[INFO] [stdout] ---- test::update_oracle_writes_mid stdout ----
[INFO] [stdout] 
[INFO] [stdout] thread 'test::update_oracle_writes_mid' (4754) panicked at /opt/rustwide/cargo-home/registry/src/index.crates.io-1949cf8c6b5b557f/mollusk-svm-error-0.10.0/src/error.rs:50:32:
[INFO] [stdout]     [MOLLUSK]: Program file not found: target/sbpf-solana-solana/release/jito_bamm.so
[INFO] [stdout] stack backtrace:
[INFO] [stdout]    0:     0x56f51c287571 - <<std[104cf6e2632825ea]::sys::backtrace::BacktraceLock>::print::DisplayBacktrace as core[7c831bd917ebf35f]::fmt::Display>::fmt
[INFO] [stdout]    1:     0x56f51c29e9fa - core[7c831bd917ebf35f]::fmt::write
[INFO] [stdout]    2:     0x56f51c28d15c - <alloc[2fdc3f7464fcf288]::vec::Vec<u8> as core[7c831bd917ebf35f]::io::write::Write>::write_fmt
[INFO] [stdout]    3:     0x56f51c2639a6 - std[104cf6e2632825ea]::panicking::default_hook::{closure#0}
[INFO] [stdout]    4:     0x56f51c27fc69 - std[104cf6e2632825ea]::panicking::default_hook
[INFO] [stdout]    5:     0x56f51be03ab0 - test[73009c9f9aebf890]::test_main_inner::<test[73009c9f9aebf890]::test_main_static::{closure#0}>::{closure#0}
[INFO] [stdout]    6:     0x56f51c27fe22 - std[104cf6e2632825ea]::panicking::panic_with_hook
[INFO] [stdout]    7:     0x56f51c263a52 - std[104cf6e2632825ea]::panicking::panic_handler::{closure#0}
[INFO] [stdout]    8:     0x56f51c25c3f9 - std[104cf6e2632825ea]::sys::backtrace::__rust_end_short_backtrace::<std[104cf6e2632825ea]::panicking::panic_handler::{closure#0}, !>
[INFO] [stdout]    9:     0x56f51c26464d - __rustc[b0d56fa5b193ad05]::rust_begin_unwind
[INFO] [stdout]   10:     0x56f51c29f1dc - core[7c831bd917ebf35f]::panicking::panic_fmt
[INFO] [stdout]   11:     0x56f51be49f5b - mollusk_svm[8fb92b4e615ab797]::file::load_program_elf
[INFO] [stdout]   12:     0x56f51be3df86 - <mollusk_svm[8fb92b4e615ab797]::Mollusk>::new
[INFO] [stdout]   13:     0x56f51bdeb8ce - jito_bamm[7e3363d5fac12bc]::test::update_oracle_writes_mid
[INFO] [stdout]   14:     0x56f51bdf6ba9 - <jito_bamm[7e3363d5fac12bc]::test::update_oracle_writes_mid::{closure#0} as core[7c831bd917ebf35f]::ops::function::FnOnce<()>>::call_once
[INFO] [stdout]   15:     0x56f51bdf6d9b - test[73009c9f9aebf890]::__rust_begin_short_backtrace::<core[7c831bd917ebf35f]::result::Result<(), alloc[2fdc3f7464fcf288]::string::String>, fn() -> core[7c831bd917ebf35f]::result::Result<(), alloc[2fdc3f7464fcf288]::string::String>>
[INFO] [stdout]   16:     0x56f51be04405 - test[73009c9f9aebf890]::run_test::{closure#0}
[INFO] [stdout]   17:     0x56f51bdfd7c4 - std[104cf6e2632825ea]::sys::backtrace::__rust_begin_short_backtrace::<test[73009c9f9aebf890]::run_test::{closure#1}, ()>
[INFO] [stdout]   18:     0x56f51be07562 - <std[104cf6e2632825ea]::thread::lifecycle::spawn_unchecked<test[73009c9f9aebf890]::run_test::{closure#1}, ()>::{closure#1} as core[7c831bd917ebf35f]::ops::function::FnOnce<()>>::call_once::{shim:vtable#0}
[INFO] [stdout]   19:     0x56f51c286e49 - <std[104cf6e2632825ea]::sys::thread::unix::Thread>::new::thread_start
[INFO] [stdout]   20:     0x747306a1807a - <unknown>
[INFO] [stdout]   21:     0x747306aab534 - clone
[INFO] [stdout]   22:                0x0 - <unknown>
[INFO] [stdout] 
[INFO] [stdout] ---- test::swap_fails_when_first_tick_but_oracle_from_prior_slot stdout ----
[INFO] [stdout] 
[INFO] [stdout] thread 'test::swap_fails_when_first_tick_but_oracle_from_prior_slot' (4749) panicked at /opt/rustwide/cargo-home/registry/src/index.crates.io-1949cf8c6b5b557f/mollusk-svm-error-0.10.0/src/error.rs:50:32:
[INFO] [stdout]     [MOLLUSK]: Program file not found: target/sbpf-solana-solana/release/jito_bamm.so
[INFO] [stdout] stack backtrace:
[INFO] [stdout]    0:     0x56f51c287571 - <<std[104cf6e2632825ea]::sys::backtrace::BacktraceLock>::print::DisplayBacktrace as core[7c831bd917ebf35f]::fmt::Display>::fmt
[INFO] [stdout]    1:     0x56f51c29e9fa - core[7c831bd917ebf35f]::fmt::write
[INFO] [stdout]    2:     0x56f51c28d15c - <alloc[2fdc3f7464fcf288]::vec::Vec<u8> as core[7c831bd917ebf35f]::io::write::Write>::write_fmt
[INFO] [stdout]    3:     0x56f51c2639a6 - std[104cf6e2632825ea]::panicking::default_hook::{closure#0}
[INFO] [stdout]    4:     0x56f51c27fc69 - std[104cf6e2632825ea]::panicking::default_hook
[INFO] [stdout]    5:     0x56f51be03ab0 - test[73009c9f9aebf890]::test_main_inner::<test[73009c9f9aebf890]::test_main_static::{closure#0}>::{closure#0}
[INFO] [stdout]    6:     0x56f51c27fe22 - std[104cf6e2632825ea]::panicking::panic_with_hook
[INFO] [stdout]    7:     0x56f51c263a52 - std[104cf6e2632825ea]::panicking::panic_handler::{closure#0}
[INFO] [stdout]    8:     0x56f51c25c3f9 - std[104cf6e2632825ea]::sys::backtrace::__rust_end_short_backtrace::<std[104cf6e2632825ea]::panicking::panic_handler::{closure#0}, !>
[INFO] [stdout]    9:     0x56f51c26464d - __rustc[b0d56fa5b193ad05]::rust_begin_unwind
[INFO] [stdout]   10:     0x56f51c29f1dc - core[7c831bd917ebf35f]::panicking::panic_fmt
[INFO] [stdout]   11:     0x56f51be49f5b - mollusk_svm[8fb92b4e615ab797]::file::load_program_elf
[INFO] [stdout]   12:     0x56f51be3df86 - <mollusk_svm[8fb92b4e615ab797]::Mollusk>::new
[INFO] [stdout]   13:     0x56f51bdf641d - jito_bamm[7e3363d5fac12bc]::test::swap_fails_when_first_tick_but_oracle_from_prior_slot
[INFO] [stdout]   14:     0x56f51bdf6d29 - <jito_bamm[7e3363d5fac12bc]::test::swap_fails_when_first_tick_but_oracle_from_prior_slot::{closure#0} as core[7c831bd917ebf35f]::ops::function::FnOnce<()>>::call_once
[INFO] [stdout]   15:     0x56f51bdf6d9b - test[73009c9f9aebf890]::__rust_begin_short_backtrace::<core[7c831bd917ebf35f]::result::Result<(), alloc[2fdc3f7464fcf288]::string::String>, fn() -> core[7c831bd917ebf35f]::result::Result<(), alloc[2fdc3f7464fcf288]::string::String>>
[INFO] [stdout]   16:     0x56f51be04405 - test[73009c9f9aebf890]::run_test::{closure#0}
[INFO] [stdout]   17:     0x56f51bdfd7c4 - std[104cf6e2632825ea]::sys::backtrace::__rust_begin_short_backtrace::<test[73009c9f9aebf890]::run_test::{closure#1}, ()>
[INFO] [stdout]   18:     0x56f51be07562 - <std[104cf6e2632825ea]::thread::lifecycle::spawn_unchecked<test[73009c9f9aebf890]::run_test::{closure#1}, ()>::{closure#1} as core[7c831bd917ebf35f]::ops::function::FnOnce<()>>::call_once::{shim:vtable#0}
[INFO] [stdout]   19:     0x56f51c286e49 - <std[104cf6e2632825ea]::sys::thread::unix::Thread>::new::thread_start
[INFO] [stdout]   20:     0x747306a1807a - <unknown>
[INFO] [stdout]   21:     0x747306aab534 - clone
[INFO] [stdout]   22:                0x0 - <unknown>
[INFO] [stdout] 
[INFO] [stdout] ---- test::swap_fails_on_stale_slots stdout ----
[INFO] [stdout] 
[INFO] [stdout] thread 'test::swap_fails_on_stale_slots' (4748) panicked at /opt/rustwide/cargo-home/registry/src/index.crates.io-1949cf8c6b5b557f/mollusk-svm-error-0.10.0/src/error.rs:50:32:
[INFO] [stdout]     [MOLLUSK]: Program file not found: target/sbpf-solana-solana/release/jito_bamm.so
[INFO] [stdout] stack backtrace:
[INFO] [stdout]    0:     0x56f51c287571 - <<std[104cf6e2632825ea]::sys::backtrace::BacktraceLock>::print::DisplayBacktrace as core[7c831bd917ebf35f]::fmt::Display>::fmt
[INFO] [stdout]    1:     0x56f51c29e9fa - core[7c831bd917ebf35f]::fmt::write
[INFO] [stdout]    2:     0x56f51c28d15c - <alloc[2fdc3f7464fcf288]::vec::Vec<u8> as core[7c831bd917ebf35f]::io::write::Write>::write_fmt
[INFO] [stdout]    3:     0x56f51c2639a6 - std[104cf6e2632825ea]::panicking::default_hook::{closure#0}
[INFO] [stdout]    4:     0x56f51c27fc69 - std[104cf6e2632825ea]::panicking::default_hook
[INFO] [stdout]    5:     0x56f51be03ab0 - test[73009c9f9aebf890]::test_main_inner::<test[73009c9f9aebf890]::test_main_static::{closure#0}>::{closure#0}
[INFO] [stdout]    6:     0x56f51c27fe22 - std[104cf6e2632825ea]::panicking::panic_with_hook
[INFO] [stdout]    7:     0x56f51c263a52 - std[104cf6e2632825ea]::panicking::panic_handler::{closure#0}
[INFO] [stdout]    8:     0x56f51c25c3f9 - std[104cf6e2632825ea]::sys::backtrace::__rust_end_short_backtrace::<std[104cf6e2632825ea]::panicking::panic_handler::{closure#0}, !>
[INFO] [stdout]    9:     0x56f51c26464d - __rustc[b0d56fa5b193ad05]::rust_begin_unwind
[INFO] [stdout]   10:     0x56f51c29f1dc - core[7c831bd917ebf35f]::panicking::panic_fmt
[INFO] [stdout]   11:     0x56f51be49f5b - mollusk_svm[8fb92b4e615ab797]::file::load_program_elf
[INFO] [stdout]   12:     0x56f51be3df86 - <mollusk_svm[8fb92b4e615ab797]::Mollusk>::new
[INFO] [stdout]   13:     0x56f51bdebd0a - jito_bamm[7e3363d5fac12bc]::test::swap_fails_on_stale_slots
[INFO] [stdout]   14:     0x56f51bdf6bc9 - <jito_bamm[7e3363d5fac12bc]::test::swap_fails_on_stale_slots::{closure#0} as core[7c831bd917ebf35f]::ops::function::FnOnce<()>>::call_once
[INFO] [stdout]   15:     0x56f51bdf6d9b - test[73009c9f9aebf890]::__rust_begin_short_backtrace::<core[7c831bd917ebf35f]::result::Result<(), alloc[2fdc3f7464fcf288]::string::String>, fn() -> core[7c831bd917ebf35f]::result::Result<(), alloc[2fdc3f7464fcf288]::string::String>>
[INFO] [stdout]   16:     0x56f51be04405 - test[73009c9f9aebf890]::run_test::{closure#0}
[INFO] [stdout]   17:     0x56f51bdfd7c4 - std[104cf6e2632825ea]::sys::backtrace::__rust_begin_short_backtrace::<test[73009c9f9aebf890]::run_test::{closure#1}, ()>
[INFO] [stdout]   18:     0x56f51be07562 - <std[104cf6e2632825ea]::thread::lifecycle::spawn_unchecked<test[73009c9f9aebf890]::run_test::{closure#1}, ()>::{closure#1} as core[7c831bd917ebf35f]::ops::function::FnOnce<()>>::call_once::{shim:vtable#0}
[INFO] [stdout]   19:     0x56f51c286e49 - <std[104cf6e2632825ea]::sys::thread::unix::Thread>::new::thread_start
[INFO] [stdout]   20:     0x747306a1807a - <unknown>
[INFO] [stdout]   21:     0x747306aab534 - clone
[INFO] [stdout]   22:                0x0 - <unknown>
[INFO] [stdout] 
[INFO] [stdout] ---- test::swap_succeeds_when_output_meets_floor stdout ----
[INFO] [stdout] 
[INFO] [stdout] thread 'test::swap_succeeds_when_output_meets_floor' (4752) panicked at /opt/rustwide/cargo-home/registry/src/index.crates.io-1949cf8c6b5b557f/mollusk-svm-error-0.10.0/src/error.rs:50:32:
[INFO] [stdout]     [MOLLUSK]: Program file not found: target/sbpf-solana-solana/release/jito_bamm.so
[INFO] [stdout] stack backtrace:
[INFO] [stdout]    0:     0x56f51c287571 - <<std[104cf6e2632825ea]::sys::backtrace::BacktraceLock>::print::DisplayBacktrace as core[7c831bd917ebf35f]::fmt::Display>::fmt
[INFO] [stdout]    1:     0x56f51c29e9fa - core[7c831bd917ebf35f]::fmt::write
[INFO] [stdout]    2:     0x56f51c28d15c - <alloc[2fdc3f7464fcf288]::vec::Vec<u8> as core[7c831bd917ebf35f]::io::write::Write>::write_fmt
[INFO] [stdout]    3:     0x56f51c2639a6 - std[104cf6e2632825ea]::panicking::default_hook::{closure#0}
[INFO] [stdout]    4:     0x56f51c27fc69 - std[104cf6e2632825ea]::panicking::default_hook
[INFO] [stdout]    5:     0x56f51be03ab0 - test[73009c9f9aebf890]::test_main_inner::<test[73009c9f9aebf890]::test_main_static::{closure#0}>::{closure#0}
[INFO] [stdout]    6:     0x56f51c27fe22 - std[104cf6e2632825ea]::panicking::panic_with_hook
[INFO] [stdout]    7:     0x56f51c263a52 - std[104cf6e2632825ea]::panicking::panic_handler::{closure#0}
[INFO] [stdout]    8:     0x56f51c25c3f9 - std[104cf6e2632825ea]::sys::backtrace::__rust_end_short_backtrace::<std[104cf6e2632825ea]::panicking::panic_handler::{closure#0}, !>
[INFO] [stdout]    9:     0x56f51c26464d - __rustc[b0d56fa5b193ad05]::rust_begin_unwind
[INFO] [stdout]   10:     0x56f51c29f1dc - core[7c831bd917ebf35f]::panicking::panic_fmt
[INFO] [stdout]   11:     0x56f51be49f5b - mollusk_svm[8fb92b4e615ab797]::file::load_program_elf
[INFO] [stdout]   12:     0x56f51be3df86 - <mollusk_svm[8fb92b4e615ab797]::Mollusk>::new
[INFO] [stdout]   13:     0x56f51bdf4713 - jito_bamm[7e3363d5fac12bc]::test::swap_succeeds_when_output_meets_floor
[INFO] [stdout]   14:     0x56f51bdf6cc9 - <jito_bamm[7e3363d5fac12bc]::test::swap_succeeds_when_output_meets_floor::{closure#0} as core[7c831bd917ebf35f]::ops::function::FnOnce<()>>::call_once
[INFO] [stdout]   15:     0x56f51bdf6d9b - test[73009c9f9aebf890]::__rust_begin_short_backtrace::<core[7c831bd917ebf35f]::result::Result<(), alloc[2fdc3f7464fcf288]::string::String>, fn() -> core[7c831bd917ebf35f]::result::Result<(), alloc[2fdc3f7464fcf288]::string::String>>
[INFO] [stdout]   16:     0x56f51be04405 - test[73009c9f9aebf890]::run_test::{closure#0}
[INFO] [stdout]   17:     0x56f51bdfd7c4 - std[104cf6e2632825ea]::sys::backtrace::__rust_begin_short_backtrace::<test[73009c9f9aebf890]::run_test::{closure#1}, ()>
[INFO] [stdout]   18:     0x56f51be07562 - <std[104cf6e2632825ea]::thread::lifecycle::spawn_unchecked<test[73009c9f9aebf890]::run_test::{closure#1}, ()>::{closure#1} as core[7c831bd917ebf35f]::ops::function::FnOnce<()>>::call_once::{shim:vtable#0}
[INFO] [stdout]   19:     0x56f51c286e49 - <std[104cf6e2632825ea]::sys::thread::unix::Thread>::new::thread_start
[INFO] [stdout]   20:     0x747306a1807a - <unknown>
[INFO] [stdout]   21:     0x747306aab534 - clone
[INFO] [stdout]   22:                0x0 - <unknown>
[INFO] [stdout] 
[INFO] [stdout] ---- test::deposit_moves_both_legs_into_vault stdout ----
[INFO] [stdout] 
[INFO] [stdout] thread 'test::deposit_moves_both_legs_into_vault' (4743) panicked at /opt/rustwide/cargo-home/registry/src/index.crates.io-1949cf8c6b5b557f/mollusk-svm-error-0.10.0/src/error.rs:50:32:
[INFO] [stdout]     [MOLLUSK]: Program file not found: target/sbpf-solana-solana/release/jito_bamm.so
[INFO] [stdout] stack backtrace:
[INFO] [stdout]    0:     0x56f51c287571 - <<std[104cf6e2632825ea]::sys::backtrace::BacktraceLock>::print::DisplayBacktrace as core[7c831bd917ebf35f]::fmt::Display>::fmt
[INFO] [stdout]    1:     0x56f51c29e9fa - core[7c831bd917ebf35f]::fmt::write
[INFO] [stdout]    2:     0x56f51c28d15c - <alloc[2fdc3f7464fcf288]::vec::Vec<u8> as core[7c831bd917ebf35f]::io::write::Write>::write_fmt
[INFO] [stdout]    3:     0x56f51c2639a6 - std[104cf6e2632825ea]::panicking::default_hook::{closure#0}
[INFO] [stdout]    4:     0x56f51c27fc69 - std[104cf6e2632825ea]::panicking::default_hook
[INFO] [stdout]    5:     0x56f51be03ab0 - test[73009c9f9aebf890]::test_main_inner::<test[73009c9f9aebf890]::test_main_static::{closure#0}>::{closure#0}
[INFO] [stdout]    6:     0x56f51c27fe22 - std[104cf6e2632825ea]::panicking::panic_with_hook
[INFO] [stdout]    7:     0x56f51c263a52 - std[104cf6e2632825ea]::panicking::panic_handler::{closure#0}
[INFO] [stdout]    8:     0x56f51c25c3f9 - std[104cf6e2632825ea]::sys::backtrace::__rust_end_short_backtrace::<std[104cf6e2632825ea]::panicking::panic_handler::{closure#0}, !>
[INFO] [stdout]    9:     0x56f51c26464d - __rustc[b0d56fa5b193ad05]::rust_begin_unwind
[INFO] [stdout]   10:     0x56f51c29f1dc - core[7c831bd917ebf35f]::panicking::panic_fmt
[INFO] [stdout]   11:     0x56f51be49f5b - mollusk_svm[8fb92b4e615ab797]::file::load_program_elf
[INFO] [stdout]   12:     0x56f51be3df86 - <mollusk_svm[8fb92b4e615ab797]::Mollusk>::new
[INFO] [stdout]   13:     0x56f51bdf401b - jito_bamm[7e3363d5fac12bc]::test::deposit_moves_both_legs_into_vault
[INFO] [stdout]   14:     0x56f51bdf6ca9 - <jito_bamm[7e3363d5fac12bc]::test::deposit_moves_both_legs_into_vault::{closure#0} as core[7c831bd917ebf35f]::ops::function::FnOnce<()>>::call_once
[INFO] [stdout]   15:     0x56f51bdf6d9b - test[73009c9f9aebf890]::__rust_begin_short_backtrace::<core[7c831bd917ebf35f]::result::Result<(), alloc[2fdc3f7464fcf288]::string::String>, fn() -> core[7c831bd917ebf35f]::result::Result<(), alloc[2fdc3f7464fcf288]::string::String>>
[INFO] [stdout]   16:     0x56f51be04405 - test[73009c9f9aebf890]::run_test::{closure#0}
[INFO] [stdout]   17:     0x56f51bdfd7c4 - std[104cf6e2632825ea]::sys::backtrace::__rust_begin_short_backtrace::<test[73009c9f9aebf890]::run_test::{closure#1}, ()>
[INFO] [stdout]   18:     0x56f51be07562 - <std[104cf6e2632825ea]::thread::lifecycle::spawn_unchecked<test[73009c9f9aebf890]::run_test::{closure#1}, ()>::{closure#1} as core[7c831bd917ebf35f]::ops::function::FnOnce<()>>::call_once::{shim:vtable#0}
[INFO] [stdout]   19:     0x56f51c286e49 - <std[104cf6e2632825ea]::sys::thread::unix::Thread>::new::thread_start
[INFO] [stdout]   20:     0x747306a1807a - <unknown>
[INFO] [stdout]   21:     0x747306aab534 - clone
[INFO] [stdout]   22:                0x0 - <unknown>
[INFO] [stdout] 
[INFO] [stdout] ---- test::swap_succeeds_with_fresh_oracle stdout ----
[INFO] [stdout] 
[INFO] [stdout] thread 'test::swap_succeeds_with_fresh_oracle' (4753) panicked at /opt/rustwide/cargo-home/registry/src/index.crates.io-1949cf8c6b5b557f/mollusk-svm-error-0.10.0/src/error.rs:50:32:
[INFO] [stdout]     [MOLLUSK]: Program file not found: target/sbpf-solana-solana/release/jito_bamm.so
[INFO] [stdout] stack backtrace:
[INFO] [stdout]    0:     0x56f51c287571 - <<std[104cf6e2632825ea]::sys::backtrace::BacktraceLock>::print::DisplayBacktrace as core[7c831bd917ebf35f]::fmt::Display>::fmt
[INFO] [stdout]    1:     0x56f51c29e9fa - core[7c831bd917ebf35f]::fmt::write
[INFO] [stdout]    2:     0x56f51c28d15c - <alloc[2fdc3f7464fcf288]::vec::Vec<u8> as core[7c831bd917ebf35f]::io::write::Write>::write_fmt
[INFO] [stdout]    3:     0x56f51c2639a6 - std[104cf6e2632825ea]::panicking::default_hook::{closure#0}
[INFO] [stdout]    4:     0x56f51c27fc69 - std[104cf6e2632825ea]::panicking::default_hook
[INFO] [stdout]    5:     0x56f51be03ab0 - test[73009c9f9aebf890]::test_main_inner::<test[73009c9f9aebf890]::test_main_static::{closure#0}>::{closure#0}
[INFO] [stdout]    6:     0x56f51c27fe22 - std[104cf6e2632825ea]::panicking::panic_with_hook
[INFO] [stdout]    7:     0x56f51c263a52 - std[104cf6e2632825ea]::panicking::panic_handler::{closure#0}
[INFO] [stdout]    8:     0x56f51c25c3f9 - std[104cf6e2632825ea]::sys::backtrace::__rust_end_short_backtrace::<std[104cf6e2632825ea]::panicking::panic_handler::{closure#0}, !>
[INFO] [stdout]    9:     0x56f51c26464d - __rustc[b0d56fa5b193ad05]::rust_begin_unwind
[INFO] [stdout]   10:     0x56f51c29f1dc - core[7c831bd917ebf35f]::panicking::panic_fmt
[INFO] [stdout]   11:     0x56f51be49f5b - mollusk_svm[8fb92b4e615ab797]::file::load_program_elf
[INFO] [stdout]   12:     0x56f51be3df86 - <mollusk_svm[8fb92b4e615ab797]::Mollusk>::new
[INFO] [stdout]   13:     0x56f51bdeed80 - jito_bamm[7e3363d5fac12bc]::test::swap_succeeds_with_fresh_oracle
[INFO] [stdout]   14:     0x56f51bdf6c29 - <jito_bamm[7e3363d5fac12bc]::test::swap_succeeds_with_fresh_oracle::{closure#0} as core[7c831bd917ebf35f]::ops::function::FnOnce<()>>::call_once
[INFO] [stdout]   15:     0x56f51bdf6d9b - test[73009c9f9aebf890]::__rust_begin_short_backtrace::<core[7c831bd917ebf35f]::result::Result<(), alloc[2fdc3f7464fcf288]::string::String>, fn() -> core[7c831bd917ebf35f]::result::Result<(), alloc[2fdc3f7464fcf288]::string::String>>
[INFO] [stdout]   16:     0x56f51be04405 - test[73009c9f9aebf890]::run_test::{closure#0}
[INFO] [stdout]   17:     0x56f51bdfd7c4 - std[104cf6e2632825ea]::sys::backtrace::__rust_begin_short_backtrace::<test[73009c9f9aebf890]::run_test::{closure#1}, ()>
[INFO] [stdout]   18:     0x56f51be07562 - <std[104cf6e2632825ea]::thread::lifecycle::spawn_unchecked<test[73009c9f9aebf890]::run_test::{closure#1}, ()>::{closure#1} as core[7c831bd917ebf35f]::ops::function::FnOnce<()>>::call_once::{shim:vtable#0}
[INFO] [stdout]   19:     0x56f51c286e49 - <std[104cf6e2632825ea]::sys::thread::unix::Thread>::new::thread_start
[INFO] [stdout]   20:     0x747306a1807a - <unknown>
[INFO] [stdout]   21:     0x747306aab534 - clone
[INFO] [stdout]   22:                0x0 - <unknown>
[INFO] [stdout] 
[INFO] [stdout] ---- test::withdraw_fails_for_non_authority stdout ----
[INFO] [stdout] 
[INFO] [stdout] thread 'test::withdraw_fails_for_non_authority' (4755) panicked at /opt/rustwide/cargo-home/registry/src/index.crates.io-1949cf8c6b5b557f/mollusk-svm-error-0.10.0/src/error.rs:50:32:
[INFO] [stdout]     [MOLLUSK]: Program file not found: target/sbpf-solana-solana/release/jito_bamm.so
[INFO] [stdout] stack backtrace:
[INFO] [stdout]    0:     0x56f51c287571 - <<std[104cf6e2632825ea]::sys::backtrace::BacktraceLock>::print::DisplayBacktrace as core[7c831bd917ebf35f]::fmt::Display>::fmt
[INFO] [stdout]    1:     0x56f51c29e9fa - core[7c831bd917ebf35f]::fmt::write
[INFO] [stdout]    2:     0x56f51c28d15c - <alloc[2fdc3f7464fcf288]::vec::Vec<u8> as core[7c831bd917ebf35f]::io::write::Write>::write_fmt
[INFO] [stdout]    3:     0x56f51c2639a6 - std[104cf6e2632825ea]::panicking::default_hook::{closure#0}
[INFO] [stdout]    4:     0x56f51c27fc69 - std[104cf6e2632825ea]::panicking::default_hook
[INFO] [stdout]    5:     0x56f51be03ab0 - test[73009c9f9aebf890]::test_main_inner::<test[73009c9f9aebf890]::test_main_static::{closure#0}>::{closure#0}
[INFO] [stdout]    6:     0x56f51c27fe22 - std[104cf6e2632825ea]::panicking::panic_with_hook
[INFO] [stdout]    7:     0x56f51c263a52 - std[104cf6e2632825ea]::panicking::panic_handler::{closure#0}
[INFO] [stdout]    8:     0x56f51c25c3f9 - std[104cf6e2632825ea]::sys::backtrace::__rust_end_short_backtrace::<std[104cf6e2632825ea]::panicking::panic_handler::{closure#0}, !>
[INFO] [stdout]    9:     0x56f51c26464d - __rustc[b0d56fa5b193ad05]::rust_begin_unwind
[INFO] [stdout]   10:     0x56f51c29f1dc - core[7c831bd917ebf35f]::panicking::panic_fmt
[INFO] [stdout]   11:     0x56f51be49f5b - mollusk_svm[8fb92b4e615ab797]::file::load_program_elf
[INFO] [stdout]   12:     0x56f51be3df86 - <mollusk_svm[8fb92b4e615ab797]::Mollusk>::new
[INFO] [stdout]   13:     0x56f51bdeff1e - jito_bamm[7e3363d5fac12bc]::test::withdraw_fails_for_non_authority
[INFO] [stdout]   14:     0x56f51bdf6c49 - <jito_bamm[7e3363d5fac12bc]::test::withdraw_fails_for_non_authority::{closure#0} as core[7c831bd917ebf35f]::ops::function::FnOnce<()>>::call_once
[INFO] [stdout]   15:     0x56f51bdf6d9b - test[73009c9f9aebf890]::__rust_begin_short_backtrace::<core[7c831bd917ebf35f]::result::Result<(), alloc[2fdc3f7464fcf288]::string::String>, fn() -> core[7c831bd917ebf35f]::result::Result<(), alloc[2fdc3f7464fcf288]::string::String>>
[INFO] [stdout]   16:     0x56f51be04405 - test[73009c9f9aebf890]::run_test::{closure#0}
[INFO] [stdout]   17:     0x56f51bdfd7c4 - std[104cf6e2632825ea]::sys::backtrace::__rust_begin_short_backtrace::<test[73009c9f9aebf890]::run_test::{closure#1}, ()>
[INFO] [stdout]   18:     0x56f51be07562 - <std[104cf6e2632825ea]::thread::lifecycle::spawn_unchecked<test[73009c9f9aebf890]::run_test::{closure#1}, ()>::{closure#1} as core[7c831bd917ebf35f]::ops::function::FnOnce<()>>::call_once::{shim:vtable#0}
[INFO] [stdout]   19:     0x56f51c286e49 - <std[104cf6e2632825ea]::sys::thread::unix::Thread>::new::thread_start
[INFO] [stdout]   20:     0x747306a1807a - <unknown>
[INFO] [stdout]   21:     0x747306aab534 - clone
[INFO] [stdout]   22:                0x0 - <unknown>
[INFO] [stdout] 
[INFO] [stdout] ---- test::withdraw_moves_both_legs_out_of_vault stdout ----
[INFO] [stdout] 
[INFO] [stdout] thread 'test::withdraw_moves_both_legs_out_of_vault' (4756) panicked at /opt/rustwide/cargo-home/registry/src/index.crates.io-1949cf8c6b5b557f/mollusk-svm-error-0.10.0/src/error.rs:50:32:
[INFO] [stdout]     [MOLLUSK]: Program file not found: target/sbpf-solana-solana/release/jito_bamm.so
[INFO] [stdout] stack backtrace:
[INFO] [stdout]    0:     0x56f51c287571 - <<std[104cf6e2632825ea]::sys::backtrace::BacktraceLock>::print::DisplayBacktrace as core[7c831bd917ebf35f]::fmt::Display>::fmt
[INFO] [stdout]    1:     0x56f51c29e9fa - core[7c831bd917ebf35f]::fmt::write
[INFO] [stdout]    2:     0x56f51c28d15c - <alloc[2fdc3f7464fcf288]::vec::Vec<u8> as core[7c831bd917ebf35f]::io::write::Write>::write_fmt
[INFO] [stdout]    3:     0x56f51c2639a6 - std[104cf6e2632825ea]::panicking::default_hook::{closure#0}
[INFO] [stdout]    4:     0x56f51c27fc69 - std[104cf6e2632825ea]::panicking::default_hook
[INFO] [stdout]    5:     0x56f51be03ab0 - test[73009c9f9aebf890]::test_main_inner::<test[73009c9f9aebf890]::test_main_static::{closure#0}>::{closure#0}
[INFO] [stdout]    6:     0x56f51c27fe22 - std[104cf6e2632825ea]::panicking::panic_with_hook
[INFO] [stdout]    7:     0x56f51c263a52 - std[104cf6e2632825ea]::panicking::panic_handler::{closure#0}
[INFO] [stdout]    8:     0x56f51c25c3f9 - std[104cf6e2632825ea]::sys::backtrace::__rust_end_short_backtrace::<std[104cf6e2632825ea]::panicking::panic_handler::{closure#0}, !>
[INFO] [stdout]    9:     0x56f51c26464d - __rustc[b0d56fa5b193ad05]::rust_begin_unwind
[INFO] [stdout]   10:     0x56f51c29f1dc - core[7c831bd917ebf35f]::panicking::panic_fmt
[INFO] [stdout]   11:     0x56f51be49f5b - mollusk_svm[8fb92b4e615ab797]::file::load_program_elf
[INFO] [stdout]   12:     0x56f51be3df86 - <mollusk_svm[8fb92b4e615ab797]::Mollusk>::new
[INFO] [stdout]   13:     0x56f51bdf5898 - jito_bamm[7e3363d5fac12bc]::test::withdraw_moves_both_legs_out_of_vault
[INFO] [stdout]   14:     0x56f51bdf6ce9 - <jito_bamm[7e3363d5fac12bc]::test::withdraw_moves_both_legs_out_of_vault::{closure#0} as core[7c831bd917ebf35f]::ops::function::FnOnce<()>>::call_once
[INFO] [stdout]   15:     0x56f51bdf6d9b - test[73009c9f9aebf890]::__rust_begin_short_backtrace::<core[7c831bd917ebf35f]::result::Result<(), alloc[2fdc3f7464fcf288]::string::String>, fn() -> core[7c831bd917ebf35f]::result::Result<(), alloc[2fdc3f7464fcf288]::string::String>>
[INFO] [stdout]   16:     0x56f51be04405 - test[73009c9f9aebf890]::run_test::{closure#0}
[INFO] [stdout]   17:     0x56f51bdfd7c4 - std[104cf6e2632825ea]::sys::backtrace::__rust_begin_short_backtrace::<test[73009c9f9aebf890]::run_test::{closure#1}, ()>
[INFO] [stdout]   18:     0x56f51be07562 - <std[104cf6e2632825ea]::thread::lifecycle::spawn_unchecked<test[73009c9f9aebf890]::run_test::{closure#1}, ()>::{closure#1} as core[7c831bd917ebf35f]::ops::function::FnOnce<()>>::call_once::{shim:vtable#0}
[INFO] [stdout]   19:     0x56f51c286e49 - <std[104cf6e2632825ea]::sys::thread::unix::Thread>::new::thread_start
[INFO] [stdout]   20:     0x747306a1807a - <unknown>
[INFO] [stdout]   21:     0x747306aab534 - clone
[INFO] [stdout]   22:                0x0 - <unknown>
[INFO] [stdout] 
[INFO] [stdout] 
[INFO] [stdout] failures:
[INFO] [stdout]     test::deposit_moves_both_legs_into_vault
[INFO] [stdout]     test::init_pool_creates_accounts
[INFO] [stdout]     test::swap_fails_on_first_tick_when_timestamp_is_stale
[INFO] [stdout]     test::swap_fails_on_slippage
[INFO] [stdout]     test::swap_fails_on_stale_millis
[INFO] [stdout]     test::swap_fails_on_stale_slots
[INFO] [stdout]     test::swap_fails_when_first_tick_but_oracle_from_prior_slot
[INFO] [stdout]     test::swap_left_to_right_applies_spread
[INFO] [stdout]     test::swap_right_to_left_applies_spread
[INFO] [stdout]     test::swap_succeeds_when_output_meets_floor
[INFO] [stdout]     test::swap_succeeds_with_fresh_oracle
[INFO] [stdout]     test::update_oracle_writes_mid
[INFO] [stdout]     test::withdraw_fails_for_non_authority
[INFO] [stdout]     test::withdraw_moves_both_legs_out_of_vault
[INFO] [stdout] 
[INFO] [stdout] test result: FAILED. 0 passed; 14 failed; 0 ignored; 0 measured; 0 filtered out; finished in 0.00s
[INFO] [stdout] 
[INFO] running `Command { std: "docker" "inspect" "96ca7bd5ac5cb061e3f0cb7165aaf30e041a77762bdcc76d190f7e6c327eda80", kill_on_drop: false }`
[INFO] running `Command { std: "docker" "rm" "-f" "96ca7bd5ac5cb061e3f0cb7165aaf30e041a77762bdcc76d190f7e6c327eda80", kill_on_drop: false }`
[INFO] [stdout] 96ca7bd5ac5cb061e3f0cb7165aaf30e041a77762bdcc76d190f7e6c327eda80
