[INFO] cloning repository https://github.com/Gonzih/kittens-rs
[INFO] running `Command { std: "git" "-c" "credential.helper=" "-c" "credential.helper=/workspace/cargo-home/bin/git-credential-null" "clone" "--bare" "https://github.com/Gonzih/kittens-rs" "/workspace/cache/git-repos/https%3A%2F%2Fgithub.com%2FGonzih%2Fkittens-rs", kill_on_drop: false }`
[INFO] [stderr] Cloning into bare repository '/workspace/cache/git-repos/https%3A%2F%2Fgithub.com%2FGonzih%2Fkittens-rs'...
[INFO] running `Command { std: "git" "rev-parse" "HEAD", kill_on_drop: false }`
[INFO] [stdout] 6caeae75924ede6efa98886071f880a26803fbd1
[INFO] testing Gonzih/kittens-rs against 1.99.0-beta.1+cargoflags=--release for beta-release-1.99-2
[INFO] running `Command { std: "git" "clone" "/workspace/cache/git-repos/https%3A%2F%2Fgithub.com%2FGonzih%2Fkittens-rs" "/workspace/builds/worker-0-tc2/source", kill_on_drop: false }`
[INFO] [stderr] Cloning into '/workspace/builds/worker-0-tc2/source'...
[INFO] [stderr] done.
[INFO] removed /workspace/builds/worker-0-tc2/source/rust-toolchain.toml
[INFO] started tweaking git repo https://github.com/Gonzih/kittens-rs
[INFO] finished tweaking git repo https://github.com/Gonzih/kittens-rs
[INFO] tweaked toml for git repo https://github.com/Gonzih/kittens-rs written to /workspace/builds/worker-0-tc2/source/Cargo.toml
[INFO] validating manifest of git repo https://github.com/Gonzih/kittens-rs on toolchain 1.99.0-beta.1
[INFO] running `Command { std: CARGO_HOME="/workspace/cargo-home" RUSTUP_HOME="/workspace/rustup-home" "/workspace/cargo-home/bin/cargo" "+1.99.0-beta.1" "metadata" "--manifest-path" "Cargo.toml" "--no-deps", kill_on_drop: false }`
[INFO] crate git repo https://github.com/Gonzih/kittens-rs already has a lockfile, it will not be regenerated
[INFO] running `Command { std: CARGO_HOME="/workspace/cargo-home" RUSTUP_HOME="/workspace/rustup-home" "/workspace/cargo-home/bin/cargo" "+1.99.0-beta.1" "fetch" "--manifest-path" "Cargo.toml", kill_on_drop: false }`
[INFO] [stderr]     Blocking waiting for file lock on package cache
[INFO] [stderr]     Blocking waiting for file lock on package cache
[INFO] [stderr]  Downloading crates ...
[INFO] [stderr]   Downloaded target-triple v1.0.1
[INFO] [stderr]   Downloaded trybuild v1.0.120
[INFO] [stderr]   Downloaded futures-macro v0.3.33
[INFO] [stderr]   Downloaded float-cmp v0.9.0
[INFO] [stderr]   Downloaded embedded-graphics-core v0.4.1
[INFO] [stderr]   Downloaded micromath v2.1.0
[INFO] [stderr]   Downloaded embedded-graphics v0.8.2
[INFO] running `Command { std: "docker" "create" "-v" "/var/lib/crater-agent-workspace/builds/worker-0-tc2/source:/opt/rustwide/workdir:ro,Z" "-v" "/var/lib/crater-agent-workspace/builds/worker-0-tc2/target:/opt/rustwide/target:rw,Z" "-v" "/var/lib/crater-agent-workspace/cargo-home:/opt/rustwide/cargo-home:ro,Z" "-v" "/var/lib/crater-agent-workspace/rustup-home:/opt/rustwide/rustup-home:ro,Z" "-m" "1610612736" "--network" "none" "ghcr.io/rust-lang/crates-build-env/linux@sha256:8683fc1fc2eb5c9ac98e0d076ab094b2ffac7f99da555d2b6a2e27f346de2ec7" "sleep" "infinity", kill_on_drop: false }`
[INFO] [stdout] 98a24ee7259e8ac9c1ddd5c6a2cff8f1b7d8bef3d5e542a6e8334f44ba6d60b3
[INFO] running `Command { std: "docker" "start" "98a24ee7259e8ac9c1ddd5c6a2cff8f1b7d8bef3d5e542a6e8334f44ba6d60b3", kill_on_drop: false }`
[INFO] running `Command { std: "docker" "inspect" "98a24ee7259e8ac9c1ddd5c6a2cff8f1b7d8bef3d5e542a6e8334f44ba6d60b3", kill_on_drop: false }`
[INFO] running `Command { std: "docker" "exec" "-e" "SOURCE_DIR=/opt/rustwide/workdir" "-e" "CARGO_HOME=/opt/rustwide/cargo-home" "-e" "RUSTUP_HOME=/opt/rustwide/rustup-home" "-e" "CARGO_TARGET_DIR=/opt/rustwide/target" "-w" "/opt/rustwide/workdir" "--user" "0:0" "98a24ee7259e8ac9c1ddd5c6a2cff8f1b7d8bef3d5e542a6e8334f44ba6d60b3" "/opt/rustwide/cargo-home/bin/cargo" "+1.99.0-beta.1" "metadata" "--no-deps" "--format-version=1", kill_on_drop: false }`
[INFO] running `Command { std: "docker" "inspect" "98a24ee7259e8ac9c1ddd5c6a2cff8f1b7d8bef3d5e542a6e8334f44ba6d60b3", kill_on_drop: false }`
[INFO] running `Command { std: "docker" "exec" "-e" "SOURCE_DIR=/opt/rustwide/workdir" "-e" "CARGO_HOME=/opt/rustwide/cargo-home" "-e" "RUSTUP_HOME=/opt/rustwide/rustup-home" "-e" "CARGO_TARGET_DIR=/opt/rustwide/target" "-e" "CARGO_INCREMENTAL=0" "-e" "RUST_BACKTRACE=full" "-e" "RUSTFLAGS=--cap-lints=warn" "-e" "RUSTDOCFLAGS=--cap-lints=warn" "-w" "/opt/rustwide/workdir" "--user" "0:0" "98a24ee7259e8ac9c1ddd5c6a2cff8f1b7d8bef3d5e542a6e8334f44ba6d60b3" "/opt/rustwide/cargo-home/bin/cargo" "+1.99.0-beta.1" "build" "--frozen" "--message-format=json" "--release", kill_on_drop: false }`
[INFO] [stderr]    Compiling proc-macro2 v1.0.107
[INFO] [stderr]    Compiling quote v1.0.47
[INFO] [stderr]    Compiling hashbrown v0.17.1
[INFO] [stderr]    Compiling winnow v1.0.4
[INFO] [stderr]    Compiling libc v0.2.189
[INFO] [stderr]    Compiling toml_datetime v1.1.1+spec-1.1.0
[INFO] [stderr]    Compiling futures-core v0.3.33
[INFO] [stderr]    Compiling futures-task v0.3.33
[INFO] [stderr]    Compiling slab v0.4.12
[INFO] [stderr]    Compiling futures-sink v0.3.33
[INFO] [stderr]    Compiling bytes v1.12.1
[INFO] [stderr]    Compiling unicode-segmentation v1.13.3
[INFO] [stderr]    Compiling rustix v1.1.4
[INFO] [stderr]    Compiling log v0.4.33
[INFO] [stderr]    Compiling smallvec v1.15.2
[INFO] [stderr]    Compiling bitflags v2.13.1
[INFO] [stderr]    Compiling litrs v1.0.0
[INFO] [stderr]    Compiling kittens-render v0.1.1 (/opt/rustwide/workdir/crates/kittens-render)
[INFO] [stdout] warning: use of deprecated method `core::sync::atomic::Atomic::<u32>::fetch_update`: renamed to `try_update` for consistency
[INFO] [stdout]   --> crates/kittens-render/src/demand.rs:59:10
[INFO] [stdout]    |
[INFO] [stdout] 59 |         .fetch_update(Ordering::Relaxed, Ordering::Relaxed, |id| id.checked_add(1))
[INFO] [stdout]    |          ^^^^^^^^^^^^
[INFO] [stdout]    |
[INFO] [stdout]    = note: `#[warn(deprecated)]` on by default
[INFO] [stdout] help: replace the use of the deprecated method
[INFO] [stdout]    |
[INFO] [stdout] 59 -         .fetch_update(Ordering::Relaxed, Ordering::Relaxed, |id| id.checked_add(1))
[INFO] [stdout] 59 +         .try_update(Ordering::Relaxed, Ordering::Relaxed, |id| id.checked_add(1))
[INFO] [stdout]    |
[INFO] [stdout] 
[INFO] [stdout] 
[INFO] [stderr]    Compiling kittens-render-no-std-fixture v0.0.0 (/opt/rustwide/workdir/fixtures/render-no-std)
[INFO] [stderr]    Compiling convert_case v0.10.0
[INFO] [stderr]    Compiling document-features v0.2.12
[INFO] [stderr]    Compiling indexmap v2.14.0
[INFO] [stderr]    Compiling syn v2.0.119
[INFO] [stderr]    Compiling syn v3.0.3
[INFO] [stderr]    Compiling toml_parser v1.1.3+spec-1.1.0
[INFO] [stderr]    Compiling errno v0.3.14
[INFO] [stderr]    Compiling mio v1.2.2
[INFO] [stderr]    Compiling parking_lot_core v0.9.12
[INFO] [stderr]    Compiling signal-hook-registry v1.4.8
[INFO] [stderr]    Compiling toml_edit v0.25.13+spec-1.1.0
[INFO] [stderr]    Compiling signal-hook v0.3.18
[INFO] [stderr]    Compiling parking_lot v0.12.5
[INFO] [stderr]    Compiling signal-hook-mio v0.2.5
[INFO] [stderr]    Compiling proc-macro-crate v3.5.0
[INFO] [stderr]    Compiling tokio-macros v2.7.2
[INFO] [stderr]    Compiling tokio v1.53.1
[INFO] [stderr]    Compiling futures-macro v0.3.33
[INFO] [stderr]    Compiling kittens-macros v0.1.1 (/opt/rustwide/workdir/crates/kittens-macros)
[INFO] [stderr]    Compiling derive_more-impl v2.1.1
[INFO] [stderr]    Compiling derive_more v2.1.1
[INFO] [stderr]    Compiling crossterm v0.29.0
[INFO] [stderr]    Compiling futures-util v0.3.33
[INFO] [stderr]    Compiling tokio-util v0.7.19
[INFO] [stderr]    Compiling kittens v0.1.1 (/opt/rustwide/workdir/crates/kittens)
[INFO] [stderr]    Compiling kittens-tui v0.1.1 (/opt/rustwide/workdir/crates/kittens-tui)
[INFO] [stderr]    Compiling kittens-feature-unifier v0.0.0 (/opt/rustwide/workdir/fixtures/feature-unifier)
[INFO] [stderr]    Compiling kittens-renamed-dependency-fixture v0.0.0 (/opt/rustwide/workdir/fixtures/renamed-dependency)
[INFO] [stderr]    Compiling kittens-no-std-fixture v0.0.0 (/opt/rustwide/workdir/fixtures/no-std)
[INFO] [stderr]     Finished `release` profile [optimized] target(s) in 27.87s
[INFO] running `Command { std: "docker" "inspect" "98a24ee7259e8ac9c1ddd5c6a2cff8f1b7d8bef3d5e542a6e8334f44ba6d60b3", kill_on_drop: false }`
[INFO] running `Command { std: "docker" "exec" "-e" "SOURCE_DIR=/opt/rustwide/workdir" "-e" "CARGO_HOME=/opt/rustwide/cargo-home" "-e" "RUSTUP_HOME=/opt/rustwide/rustup-home" "-e" "CARGO_TARGET_DIR=/opt/rustwide/target" "-e" "CARGO_INCREMENTAL=0" "-e" "RUST_BACKTRACE=full" "-e" "RUSTFLAGS=--cap-lints=warn" "-e" "RUSTDOCFLAGS=--cap-lints=warn" "-w" "/opt/rustwide/workdir" "--user" "0:0" "98a24ee7259e8ac9c1ddd5c6a2cff8f1b7d8bef3d5e542a6e8334f44ba6d60b3" "/opt/rustwide/cargo-home/bin/cargo" "+1.99.0-beta.1" "test" "--frozen" "--no-run" "--message-format=json" "--release", kill_on_drop: false }`
[INFO] [stderr]    Compiling serde_core v1.0.229
[INFO] [stderr]    Compiling zmij v1.0.23
[INFO] [stderr]    Compiling target-triple v1.0.1
[INFO] [stderr]    Compiling winnow v1.0.4
[INFO] [stderr]    Compiling serde v1.0.229
[INFO] [stderr]    Compiling serde_json v1.0.151
[INFO] [stderr]    Compiling memchr v2.8.3
[INFO] [stderr]    Compiling toml_writer v1.1.2+spec-1.1.0
[INFO] [stderr]    Compiling termcolor v1.4.1
[INFO] [stderr]    Compiling glob v0.3.4
[INFO] [stderr]    Compiling serde_derive v1.0.229
[INFO] [stderr]    Compiling tokio v1.53.1
[INFO] [stdout] warning: use of deprecated method `core::sync::atomic::Atomic::<u32>::fetch_update`: renamed to `try_update` for consistency
[INFO] [stdout]   --> crates/kittens-render/src/demand.rs:59:10
[INFO] [stdout]    |
[INFO] [stdout] 59 |         .fetch_update(Ordering::Relaxed, Ordering::Relaxed, |id| id.checked_add(1))
[INFO] [stdout]    |          ^^^^^^^^^^^^
[INFO] [stdout]    |
[INFO] [stdout]    = note: `#[warn(deprecated)]` on by default
[INFO] [stdout] help: replace the use of the deprecated method
[INFO] [stdout]    |
[INFO] [stdout] 59 -         .fetch_update(Ordering::Relaxed, Ordering::Relaxed, |id| id.checked_add(1))
[INFO] [stdout] 59 +         .try_update(Ordering::Relaxed, Ordering::Relaxed, |id| id.checked_add(1))
[INFO] [stdout]    |
[INFO] [stdout] 
[INFO] [stdout] 
[INFO] [stderr]    Compiling kittens-macros v0.1.1 (/opt/rustwide/workdir/crates/kittens-macros)
[INFO] [stderr]    Compiling toml_parser v1.1.3+spec-1.1.0
[INFO] [stderr]    Compiling tokio-util v0.7.19
[INFO] [stderr]    Compiling serde_spanned v1.1.1
[INFO] [stderr]    Compiling toml_datetime v1.1.1+spec-1.1.0
[INFO] [stderr]    Compiling toml v1.1.4+spec-1.1.0
[INFO] [stderr]    Compiling kittens v0.1.1 (/opt/rustwide/workdir/crates/kittens)
[INFO] [stderr]    Compiling kittens-tui v0.1.1 (/opt/rustwide/workdir/crates/kittens-tui)
[INFO] [stderr]    Compiling kittens-renamed-dependency-fixture v0.0.0 (/opt/rustwide/workdir/fixtures/renamed-dependency)
[INFO] [stderr]    Compiling kittens-feature-unifier v0.0.0 (/opt/rustwide/workdir/fixtures/feature-unifier)
[INFO] [stderr]    Compiling trybuild v1.0.120
[INFO] [stderr]    Compiling kittens-render v0.1.1 (/opt/rustwide/workdir/crates/kittens-render)
[INFO] [stdout] warning: use of deprecated method `core::sync::atomic::Atomic::<u32>::fetch_update`: renamed to `try_update` for consistency
[INFO] [stdout]   --> crates/kittens-render/src/demand.rs:59:10
[INFO] [stdout]    |
[INFO] [stdout] 59 |         .fetch_update(Ordering::Relaxed, Ordering::Relaxed, |id| id.checked_add(1))
[INFO] [stdout]    |          ^^^^^^^^^^^^
[INFO] [stdout]    |
[INFO] [stdout]    = note: `#[warn(deprecated)]` on by default
[INFO] [stdout] help: replace the use of the deprecated method
[INFO] [stdout]    |
[INFO] [stdout] 59 -         .fetch_update(Ordering::Relaxed, Ordering::Relaxed, |id| id.checked_add(1))
[INFO] [stdout] 59 +         .try_update(Ordering::Relaxed, Ordering::Relaxed, |id| id.checked_add(1))
[INFO] [stdout]    |
[INFO] [stdout] 
[INFO] [stdout] 
[INFO] [stderr]     Finished `release` profile [optimized] target(s) in 34.98s
[INFO] running `Command { std: "docker" "inspect" "98a24ee7259e8ac9c1ddd5c6a2cff8f1b7d8bef3d5e542a6e8334f44ba6d60b3", kill_on_drop: false }`
[INFO] running `Command { std: "docker" "exec" "-e" "SOURCE_DIR=/opt/rustwide/workdir" "-e" "CARGO_HOME=/opt/rustwide/cargo-home" "-e" "RUSTUP_HOME=/opt/rustwide/rustup-home" "-e" "CARGO_TARGET_DIR=/opt/rustwide/target" "-e" "CARGO_INCREMENTAL=0" "-e" "RUST_BACKTRACE=full" "-e" "RUSTFLAGS=--cap-lints=warn" "-e" "RUSTDOCFLAGS=--cap-lints=warn" "-w" "/opt/rustwide/workdir" "--user" "0:0" "98a24ee7259e8ac9c1ddd5c6a2cff8f1b7d8bef3d5e542a6e8334f44ba6d60b3" "/opt/rustwide/cargo-home/bin/cargo" "+1.99.0-beta.1" "test" "--frozen" "--release", kill_on_drop: false }`
[INFO] [stderr] warning: use of deprecated method `core::sync::atomic::Atomic::<u32>::fetch_update`: renamed to `try_update` for consistency
[INFO] [stderr]   --> crates/kittens-render/src/demand.rs:59:10
[INFO] [stderr]    |
[INFO] [stderr] 59 |         .fetch_update(Ordering::Relaxed, Ordering::Relaxed, |id| id.checked_add(1))
[INFO] [stderr]    |          ^^^^^^^^^^^^
[INFO] [stderr]    |
[INFO] [stderr]    = note: `#[warn(deprecated)]` on by default
[INFO] [stderr] help: replace the use of the deprecated method
[INFO] [stderr]    |
[INFO] [stderr] 59 -         .fetch_update(Ordering::Relaxed, Ordering::Relaxed, |id| id.checked_add(1))
[INFO] [stderr] 59 +         .try_update(Ordering::Relaxed, Ordering::Relaxed, |id| id.checked_add(1))
[INFO] [stderr]    |
[INFO] [stderr] 
[INFO] [stderr] warning: `kittens-render` (lib) generated 1 warning (run `cargo fix --lib -p kittens-render` to apply 1 suggestion)
[INFO] [stderr] warning: `kittens-render` (lib test) generated 1 warning (1 duplicate)
[INFO] [stderr]     Finished `release` profile [optimized] target(s) in 0.08s
[INFO] [stderr]      Running unittests src/lib.rs (/opt/rustwide/target/release/deps/kittens-e0c5219b959c6ae5)
[INFO] [stdout] 
[INFO] [stdout] running 0 tests
[INFO] [stdout] 
[INFO] [stdout] test result: ok. 0 passed; 0 failed; 0 ignored; 0 measured; 0 filtered out; finished in 0.00s
[INFO] [stdout] 
[INFO] [stderr]      Running tests/embedded_shape.rs (/opt/rustwide/target/release/deps/embedded_shape-7ad399e9b1416bdf)
[INFO] [stdout] 
[INFO] [stdout] running 5 tests
[INFO] [stdout] test dormant_optional_host_source_does_not_self_wake ... ok
[INFO] [stdout] test protected_touch_precedes_ready_sensor_and_sensor_remains_buffered ... ok
[INFO] [stdout] test dynamic_absolute_deadline_rearms_after_each_fire ... ok
[INFO] [stdout] test ownership_returning_completion_reenables_submission_in_after_event ... ok
[INFO] [stdout] test embedded_future_stays_within_predeclared_host_model_budget ... ok
[INFO] [stdout] 
[INFO] [stdout] test result: ok. 5 passed; 0 failed; 0 ignored; 0 measured; 0 filtered out; finished in 0.00s
[INFO] [stdout] 
[INFO] [stderr]      Running tests/grok_shape.rs (/opt/rustwide/target/release/deps/grok_shape-bee19949839b722f)
[INFO] [stdout] 
[INFO] [stdout] running 5 tests
[INFO] [stdout] test twenty_three_arm_forms_compile_without_custom_type_or_recursion_limits ... ok
[INFO] [stdout] test raw_and_kittens_forms_preserve_application_owned_presenter_scenarios ... ok
[INFO] [stdout] test raw_tokio_oracle_preserves_the_declared_twenty_three_source_order ... ok
[INFO] [stdout] test grok_scripted_thirty_two_item_drain_does_not_reach_a_budget_boundary ... ok
[INFO] [stdout] test grok_dynamic_voice_arm_and_reconnect_replacement_are_persistent ... ok
[INFO] [stdout] 
[INFO] [stdout] test result: ok. 5 passed; 0 failed; 0 ignored; 0 measured; 0 filtered out; finished in 0.00s
[INFO] [stdout] 
[INFO] [stderr]      Running tests/kernel_source_coverage.rs (/opt/rustwide/target/release/deps/kernel_source_coverage-052bd81550cc76a6)
[INFO] [stdout] 
[INFO] [stdout] running 5 tests
[INFO] [stdout] test close_policies_map_items_and_expose_only_the_configured_close_event ... ok
[INFO] [stdout] test fixed_queue_preserves_fifo_order_across_wrap_full_and_empty_transitions ... ok
[INFO] [stdout] test generated_type_assertions_admit_capabilities_without_mutating_sources ... ok
[INFO] [stdout] test generated_value_assertions_preserve_guard_handler_and_phase_results ... ok
[INFO] [stdout] test latched_preserves_the_first_event_and_dormant_polls_do_not_self_wake ... ok
[INFO] [stdout] 
[INFO] [stdout] test result: ok. 5 passed; 0 failed; 0 ignored; 0 measured; 0 filtered out; finished in 0.00s
[INFO] [stdout] 
[INFO] [stderr]      Running tests/reactor_runtime.rs (/opt/rustwide/target/release/deps/reactor_runtime-93372dd5eea37f25)
[INFO] [stdout] 
[INFO] [stdout] running 16 tests
[INFO] [stdout] test absolute_deadline_survives_a_lost_race_without_relative_reconstruction ... ok
[INFO] [stdout] test buffered_yield_selects_input_before_a_ready_firehose ... ok
[INFO] [stdout] test closed_optional_mpsc_becomes_dormant_without_self_waking ... ok
[INFO] [stdout] test all_four_retained_expansions_match_on_the_scripted_oracle ... ok
[INFO] [stdout] test core_and_tokio_control_match_poll_order_results_and_wake_registration ... ok
[INFO] [stdout] test before_poll_runs_once_across_pending_executor_repolls ... ok
[INFO] [stdout] test drain_bound_and_after_event_are_one_service_window ... ok
[INFO] [stdout] test exhausted_tokio_budget_ends_both_mpsc_drain_windows_early ... ok
[INFO] [stdout] test handler_error_mid_drain_skips_after_event_after_prior_mutation ... ok
[INFO] [stdout] test latched_event_survives_when_an_earlier_source_wins_before_it_is_polled ... ok
[INFO] [stdout] test optional_deadline_disarms_before_delivering ... ok
[INFO] [stdout] test retained_expansion_future_sizes_are_recorded ... ok
[INFO] [stdout] test emit_close_policy_yields_closed_exactly_once ... ok
[INFO] [stdout] test retained_one_shot_survives_being_polled_before_another_source_wins ... ok
[INFO] [stdout] test wake_only_guard_change_waits_for_the_next_arbitration ... ok
[INFO] [stdout] test handler_panic_mid_drain_unwinds_without_compensation_or_after_event ... ok
[INFO] [stderr]      Running tests/tokio_source_coverage.rs (/opt/rustwide/target/release/deps/tokio_source_coverage-b563aec4ad0dbe12)
[INFO] [stdout] 
[INFO] [stdout] test result: ok. 16 passed; 0 failed; 0 ignored; 0 measured; 0 filtered out; finished in 0.01s
[INFO] [stdout] 
[INFO] [stdout] 
[INFO] [stdout] running 14 tests
[INFO] [stdout] test dropping_a_pending_one_shot_drops_the_retained_operation_once ... ok
[INFO] [stdout] test dropping_persistent_mpsc_closes_the_receiver_and_drops_buffered_items ... ok
[INFO] [stdout] test dropping_a_cancellation_waiter_does_not_cancel_other_token_owners ... ok
[INFO] [stdout] test cancellation_replaces_registration_and_becomes_dormant_after_delivery ... ok
[INFO] [stdout] test mpsc_repoll_replaces_the_registered_waker_for_both_receiver_variants ... ok
[INFO] [stdout] test exhausted_budget_defers_mpsc_drain_without_consuming_the_item ... ok
[INFO] [stdout] test optional_deadline_resets_disarms_and_reports_its_absolute_instant ... ok
[INFO] [stdout] test optional_mpsc_backlog_includes_one_emit_close_event ... ok
[INFO] [stdout] test optional_mpsc_returns_rejected_and_replaced_generations_to_the_caller ... ok
[INFO] [stdout] test optional_one_shot_from_future_disarms_before_returning_ready ... ok
[INFO] [stdout] test optional_one_shot_makes_arming_replacement_and_cancellation_explicit ... ok
[INFO] [stdout] test dropping_an_armed_deadline_removes_its_timer_registration ... ok
[INFO] [stdout] test persistent_mpsc_normalizes_receivers_and_enforces_static_close_policies ... ok
[INFO] [stdout] test retained_one_shot_preserves_pending_state_and_replaces_its_registered_waker ... ok
[INFO] [stdout] 
[INFO] [stdout] test result: ok. 14 passed; 0 failed; 0 ignored; 0 measured; 0 filtered out; finished in 0.00s
[INFO] [stdout] 
[INFO] [stderr]      Running tests/ui.rs (/opt/rustwide/target/release/deps/ui-56dc75e569a823ea)
[INFO] [stdout] 
[INFO] [stdout] running 1 test
[INFO] [stderr]    Compiling proc-macro2 v1.0.107
[INFO] [stderr]    Compiling unicode-ident v1.0.24
[INFO] [stderr]    Compiling quote v1.0.47
[INFO] [stderr]    Compiling hashbrown v0.17.1
[INFO] [stderr]    Compiling equivalent v1.0.2
[INFO] [stderr]    Compiling winnow v1.0.4
[INFO] [stderr]    Compiling pin-project-lite v0.2.17
[INFO] [stderr]    Compiling toml_datetime v1.1.1+spec-1.1.0
[INFO] [stderr]    Compiling slab v0.4.12
[INFO] [stderr]    Compiling futures-core v0.3.33
[INFO] [stderr]    Compiling futures-task v0.3.33
[INFO] [stderr]    Compiling futures-sink v0.3.33
[INFO] [stderr]    Compiling bytes v1.12.1
[INFO] [stderr]    Compiling indexmap v2.14.0
[INFO] [stderr]    Compiling syn v2.0.119
[INFO] [stderr]    Compiling syn v3.0.3
[INFO] [stderr]    Compiling toml_parser v1.1.3+spec-1.1.0
[INFO] [stderr]    Compiling toml_edit v0.25.13+spec-1.1.0
[INFO] [stderr]    Compiling proc-macro-crate v3.5.0
[INFO] [stderr]    Compiling tokio-macros v2.7.2
[INFO] [stderr]    Compiling tokio v1.53.1
[INFO] [stderr]    Compiling futures-macro v0.3.33
[INFO] [stderr]    Compiling kittens-macros v0.1.1 (/opt/rustwide/workdir/crates/kittens-macros)
[INFO] [stderr]    Compiling futures-util v0.3.33
[INFO] [stderr]    Compiling tokio-util v0.7.19
[INFO] [stderr]    Compiling kittens v0.1.1 (/opt/rustwide/workdir/crates/kittens)
[INFO] [stderr]    Compiling kittens-tests v0.0.0 (/opt/rustwide/target/tests/trybuild/kittens)
[INFO] [stderr]     Finished `dev` profile [unoptimized + debuginfo] target(s) in 10.85s
[INFO] [stderr] 
[INFO] [stderr] 
[INFO] [stderr] test tests/ui/all_guarded.rs [should fail to compile] ... ok
[INFO] [stderr] test tests/ui/before_cycle.rs [should fail to compile] ... ok
[INFO] [stderr] test tests/ui/drain_nonliteral.rs [should fail to compile] ... ok
[INFO] [stderr] test tests/ui/drain_over_limit.rs [should fail to compile] ... ok
[INFO] [stderr] test tests/ui/drain_zero.rs [should fail to compile] ... ok
[INFO] [stderr] test tests/ui/duplicate_place.rs [should fail to compile] ... ok
[INFO] [stderr] test tests/ui/guard_not_bool.rs [should fail to compile] ... ok
[INFO] [stderr] test tests/ui/last_followed.rs [should fail to compile] ... ok
[INFO] [stderr] test tests/ui/missing_phase.rs [should fail to compile] ... ok
[INFO] [stderr] test tests/ui/missing_yield.rs [should fail to compile] ... ok
[INFO] [stderr] test tests/ui/non_drainable.rs [should fail to compile] ... ok
[INFO] [stderr] test tests/ui/non_kittens_attribute.rs [should fail to compile] ... ok
[INFO] [stderr] test tests/ui/nonadmitted_source.rs [should fail to compile] ... ok
[INFO] [stderr] test tests/ui/ownership_prevents_second_transfer.rs [should fail to compile] ... ok
[INFO] [stderr] test tests/ui/readiness_mismatch.rs [should fail to compile] ... ok
[INFO] [stderr] test tests/ui/shutdown_below_firehose.rs [should fail to compile] ... ok
[INFO] [stderr] test tests/ui/temporary_source.rs [should fail to compile] ... ok
[INFO] [stderr] test tests/ui/yield_target_not_backlog.rs [should fail to compile] ... ok
[INFO] [stderr] test tests/ui-pass/constraint_erasure_boundaries.rs [should pass] ... ok
[INFO] [stderr] test tests/ui-pass/doc_comment_rationale.rs [should pass] ... ok
[INFO] [stderr] test tests/ui-pass/raw_runtime_bypass.rs [should pass] ... ok
[INFO] [stderr] 
[INFO] [stderr] 
[INFO] [stdout] test reactor_mutations_and_negative_controls ... ok
[INFO] [stdout] 
[INFO] [stdout] test result: ok. 1 passed; 0 failed; 0 ignored; 0 measured; 0 filtered out; finished in 18.21s
[INFO] [stdout] 
[INFO] [stderr]      Running unittests src/lib.rs (/opt/rustwide/target/release/deps/kittens_feature_unifier-8cc3495c489fff3e)
[INFO] [stdout] 
[INFO] [stderr]      Running unittests src/lib.rs (/opt/rustwide/target/release/deps/kittens_macros-f56a75f901bcfb13)
[INFO] [stdout] running 0 tests
[INFO] [stdout] 
[INFO] [stdout] test result: ok. 0 passed; 0 failed; 0 ignored; 0 measured; 0 filtered out; finished in 0.00s
[INFO] [stdout] 
[INFO] [stdout] 
[INFO] [stdout] running 8 tests
[INFO] [stdout] test tests::persistent_place_normalization_pins_exact_duplicate_detection ... ok
[INFO] [stdout] test tests::negative_controls_preserve_the_honest_boundary ... ok
[INFO] [stdout] test tests::lean_policy_and_phase_contract_rejects_drift ... ok
[INFO] [stdout] test tests::arm_grammar_enforces_one_canonical_declaration ... ok
[INFO] [stdout] test tests::topology_validator_rejects_each_declared_hazard ... ok
[INFO] [stdout] test tests::dependency_path_resolution_supports_renaming_and_fallback ... ok
[INFO] [stdout] test tests::token_entry_pipeline_renders_success_and_actionable_failure ... ok
[INFO] [stdout] test tests::expansion_preserves_all_four_k0_comparison_shapes ... ok
[INFO] [stdout] 
[INFO] [stdout] test result: ok. 8 passed; 0 failed; 0 ignored; 0 measured; 0 filtered out; finished in 0.03s
[INFO] [stdout] 
[INFO] [stderr]      Running unittests src/lib.rs (/opt/rustwide/target/release/deps/kittens_renamed_dependency_fixture-15d2419a4807118d)
[INFO] [stdout] 
[INFO] [stdout] running 1 test
[INFO] [stdout] test tests::renamed_facade_executes_an_armed_shutdown_source ... ok
[INFO] [stdout] 
[INFO] [stdout] test result: ok. 1 passed; 0 failed; 0 ignored; 0 measured; 0 filtered out; finished in 0.00s
[INFO] [stdout] 
[INFO] [stderr]      Running unittests src/lib.rs (/opt/rustwide/target/release/deps/kittens_render-dfb529f997b646a2)
[INFO] [stdout] 
[INFO] [stdout] running 8 tests
[INFO] [stdout] test touch::tests::increment_then_latch_closes_idle_check_lost_wake ... ok
[INFO] [stdout] test sweep::tests::settle_rejection_predicates_preserve_all_private_state ... ok
[INFO] [stdout] test transfer::tests::model_transfer_fixture_cancel_is_idempotent ... ok
[INFO] [stdout] test transfer::tests::driven_flight_is_pending_ready_then_terminal ... ok
[INFO] [stdout] test demand::tests::demand_id_exhaustion_is_sticky ... ok
[INFO] [stdout] test demand::tests::eligibility_horizon_accepts_max_and_rejects_overflow ... ok
[INFO] [stdout] test demand::tests::epoch_horizon_mints_max_once_then_panics_stickily ... ok
[INFO] [stdout] test demand::tests::panicking_begin_preserves_pending_invalidation ... ok
[INFO] [stdout] 
[INFO] [stdout] test result: ok. 8 passed; 0 failed; 0 ignored; 0 measured; 0 filtered out; finished in 0.00s
[INFO] [stdout] 
[INFO] [stderr]      Running tests/k2r0_demand_sweep.rs (/opt/rustwide/target/release/deps/k2r0_demand_sweep-65f2162bc5f235b0)
[INFO] [stdout] 
[INFO] [stdout] running 24 tests
[INFO] [stdout] test cancelled_settlement_poisons_sweep ... ok
[INFO] [stdout] test abandoned_epochs_witnesses_are_terminally_rejected ... ok
[INFO] [stdout] test abandon_recovers_a_dropped_sweep ... ok
[INFO] [stdout] test clean_demand_mints_nothing ... ok
[INFO] [stdout] test cross_demand_stripe_settlement_is_rejected_without_mutation ... ok
[INFO] [stdout] test effective_settlement_advances_throttle_and_clears_obligation ... ok
[INFO] [stdout] test failed_settlement_poisons_sweep ... ok
[INFO] [stdout] test failed_sweep_retains_demand_and_throttle_position ... ok
[INFO] [stdout] test foreign_and_stale_settlement_is_rejected_without_mutation ... ok
[INFO] [stdout] test foreign_failed_settlement_is_rejected_without_mutation ... ok
[INFO] [stdout] test idle_invalidation_after_abandon_sticks_to_the_replacement ... ok
[INFO] [stdout] test invalid_plans_are_rejected_including_overflow ... ok
[INFO] [stdout] test idle_invalidation_after_abort_sticks_to_the_replacement ... ok
[INFO] [stderr]      Running tests/k2r0_pixel_equivalence.rs (/opt/rustwide/target/release/deps/k2r0_pixel_equivalence-e3420345f0ab44b5)
[INFO] [stdout] test invalidation_mid_sweep_discards_that_sweeps_settlement ... ok
[INFO] [stdout] test only_one_target_is_outstanding_and_settlement_clears_it ... ok
[INFO] [stdout] test plan_tiles_the_panel_exactly_including_partial_last_stripe ... ok
[INFO] [stdout] test regressing_finish_time_is_clamped ... ok
[INFO] [stdout] test request_during_active_sweep_survives_settlement ... ok
[INFO] [stdout] test slow_sweep_throttles_from_its_finish_instant ... ok
[INFO] [stdout] test requests_coalesce_and_epochs_are_monotonic ... ok
[INFO] [stdout] test snapshot_is_owned_through_the_sweep_and_returned_at_the_end ... ok
[INFO] [stdout] test stale_failed_settlement_is_rejected_without_mutation ... ok
[INFO] [stdout] test throttled_begin_does_not_consume_idle_invalidation ... ok
[INFO] [stdout] test tick_horizon_is_checked_without_state_mutation ... ok
[INFO] [stdout] 
[INFO] [stdout] test result: ok. 24 passed; 0 failed; 0 ignored; 0 measured; 0 filtered out; finished in 0.00s
[INFO] [stdout] 
[INFO] [stdout] 
[INFO] [stdout] running 0 tests
[INFO] [stdout] 
[INFO] [stdout] test result: ok. 0 passed; 0 failed; 0 ignored; 0 measured; 0 filtered out; finished in 0.00s
[INFO] [stdout] 
[INFO] [stderr]      Running tests/k2r0_touch.rs (/opt/rustwide/target/release/deps/k2r0_touch-e923f57e7d260d41)
[INFO] [stdout] 
[INFO] [stdout] running 16 tests
[INFO] [stdout] test budget_exhaustion_keeps_retry_latched_after_int_deasserts ... ok
[INFO] [stdout] test coalescing_is_honest_edges_between_surfaced_reports ... ok
[INFO] [stderr]      Running tests/k2r0a_a_prime.rs (/opt/rustwide/target/release/deps/k2r0a_a_prime-30840f5f74f81b76)
[INFO] [stdout] test generation_wrap_boundary_remains_serviceable ... ok
[INFO] [stdout] test idle_activation_services_nothing ... ok
[INFO] [stdout] test negative_control_check_before_increment_loses_idle_wake ... ok
[INFO] [stdout] test one_produce_surfaces_one_untorn_report_and_clears_pending ... ok
[INFO] [stdout] test produce_after_idle_handoff_requests_a_wake ... ok
[INFO] [stdout] test produce_during_read_relatches_even_when_generation_wrap_is_not_needed ... ok
[INFO] [stdout] test produces_coalesce_while_pending_without_duplicate_wakes ... ok
[INFO] [stdout] test edge_reconstruction_covers_down_changed_move_up_and_two_contacts ... ok
[INFO] [stdout] test read_failure_keeps_retry_latched_and_next_activation_recovers ... ok
[INFO] [stdout] test service_budget_is_nonzero_by_construction ... ok
[INFO] [stdout] test seeded_two_to_the_32_produces_cannot_alias_pending_to_idle ... ok
[INFO] [stdout] test startup_int_read_failure_retries_after_int_deasserts ... ok
[INFO] [stdout] test startup_with_int_already_asserted_services_without_a_produce ... ok
[INFO] [stdout] test stuck_int_identical_snapshots_emit_no_false_movement_edges ... ok
[INFO] [stdout] 
[INFO] [stdout] test result: ok. 16 passed; 0 failed; 0 ignored; 0 measured; 0 filtered out; finished in 0.00s
[INFO] [stdout] 
[INFO] [stdout] 
[INFO] [stdout] running 14 tests
[INFO] [stdout] test cancel_then_late_completion_stays_cancelled ... ok
[INFO] [stdout] test completion_during_registration_is_not_lost ... ok
[INFO] [stdout] test dropped_pending_transfer_disarms_the_slot ... ok
[INFO] [stdout] test failure_settles_returns_resources_and_mints_unwritten_witness ... ok
[INFO] [stdout] test drain_is_idempotent_and_spent_flight_is_terminal ... ok
[INFO] [stdout] test drain_racing_prior_completion_reports_completed ... ok
[INFO] [stdout] test polled_then_lost_arbitration_gets_exactly_one_wake ... ok
[INFO] [stdout] test negative_control_check_then_register_loses_the_wake ... ok
[INFO] [stdout] test sequential_transfers_reuse_the_same_slot ... ok
[INFO] [stdout] test spare_is_writable_during_flight_and_drain_flag_clears ... ok
[INFO] [stdout] test starter_error_returns_target_spare_and_error_for_retry ... ok
[INFO] [stdout] test unpolled_below_winner_recovers_on_first_poll ... ok
[INFO] [stdout] test waker_replacement_wakes_only_the_newest ... ok
[INFO] [stdout] test late_completion_after_recovery_is_inert_via_disarm ... ok
[INFO] [stdout] 
[INFO] [stdout] test result: ok. 14 passed; 0 failed; 0 ignored; 0 measured; 0 filtered out; finished in 0.00s
[INFO] [stdout] 
[INFO] [stderr]      Running tests/ui.rs (/opt/rustwide/target/release/deps/ui-17bbb419f815035c)
[INFO] [stdout] 
[INFO] [stdout] running 1 test
[INFO] [stderr]    Compiling kittens-render v0.1.1 (/opt/rustwide/workdir/crates/kittens-render)
[INFO] [stderr] warning: use of deprecated method `core::sync::atomic::Atomic::<u32>::fetch_update`: renamed to `try_update` for consistency
[INFO] [stderr]   --> /opt/rustwide/workdir/crates/kittens-render/src/demand.rs:59:10
[INFO] [stderr]    |
[INFO] [stderr] 59 |         .fetch_update(Ordering::Relaxed, Ordering::Relaxed, |id| id.checked_add(1))
[INFO] [stderr]    |          ^^^^^^^^^^^^
[INFO] [stderr]    |
[INFO] [stderr]    = note: `#[warn(deprecated)]` on by default
[INFO] [stderr] help: replace the use of the deprecated method
[INFO] [stderr]    |
[INFO] [stderr] 59 -         .fetch_update(Ordering::Relaxed, Ordering::Relaxed, |id| id.checked_add(1))
[INFO] [stderr] 59 +         .try_update(Ordering::Relaxed, Ordering::Relaxed, |id| id.checked_add(1))
[INFO] [stderr]    |
[INFO] [stderr] 
[INFO] [stderr] warning: `kittens-render` (lib) generated 1 warning (run `cargo fix --lib -p kittens-render` to apply 1 suggestion)
[INFO] [stderr]    Compiling kittens-render-tests v0.0.0 (/opt/rustwide/target/tests/trybuild/kittens-render)
[INFO] [stderr]     Finished `dev` profile [unoptimized + debuginfo] target(s) in 0.30s
[INFO] [stderr] 
[INFO] [stderr] 
[INFO] [stderr] test tests/ui/clone_aborted_sweep.rs [should fail to compile] ... ok
[INFO] [stderr] test tests/ui/clone_settled.rs [should fail to compile] ... ok
[INFO] [stderr] test tests/ui/clone_start_flight_error.rs [should fail to compile] ... ok
[INFO] [stderr] test tests/ui/clone_start_permit.rs [should fail to compile] ... ok
[INFO] [stderr] test tests/ui/clone_stripe_settlement.rs [should fail to compile] ... ok
[INFO] [stderr] test tests/ui/clone_stripe_target.rs [should fail to compile] ... ok
[INFO] [stderr] test tests/ui/clone_stripe_unwritten.rs [should fail to compile] ... ok
[INFO] [stderr] test tests/ui/clone_stripe_written.rs [should fail to compile] ... ok
[INFO] [stderr] test tests/ui/clone_sweep_written.rs [should fail to compile] ... ok
[INFO] [stderr] test tests/ui/construct_start_permit.rs [should fail to compile] ... ok
[INFO] [stderr] test tests/ui/direct_flight_starter_invocation.rs [should fail to compile] ... ok
[INFO] [stderr] test tests/ui/forge_aborted_sweep.rs [should fail to compile] ... ok
[INFO] [stderr] test tests/ui/forge_frame_epoch.rs [should fail to compile] ... mismatch
[INFO] [stderr] 
[INFO] [stderr] EXPECTED:
[INFO] [stderr] ┈┈┈┈┈┈┈┈┈┈┈┈┈┈┈┈┈┈┈┈┈┈┈┈┈┈┈┈┈┈┈┈┈┈┈┈┈┈┈┈┈┈┈┈┈┈┈┈┈┈┈┈┈┈┈┈┈┈┈┈
[INFO] [stderr] error[E0423]: cannot initialize a tuple struct which contains private fields
[INFO] [stderr]  --> tests/ui/forge_frame_epoch.rs:4:18
[INFO] [stderr]   |
[INFO] [stderr] 4 |     let _epoch = FrameEpoch(7);
[INFO] [stderr]   |                  ^^^^^^^^^^
[INFO] [stderr]   |
[INFO] [stderr] note: constructor is not visible here due to private fields
[INFO] [stderr]  --> src/geometry.rs
[INFO] [stderr]   |
[INFO] [stderr]   | pub struct FrameEpoch(pub(crate) u64);
[INFO] [stderr]   |                       ^^^^^^^^^^^^^^ private field
[INFO] [stderr] ┈┈┈┈┈┈┈┈┈┈┈┈┈┈┈┈┈┈┈┈┈┈┈┈┈┈┈┈┈┈┈┈┈┈┈┈┈┈┈┈┈┈┈┈┈┈┈┈┈┈┈┈┈┈┈┈┈┈┈┈
[INFO] [stderr] 
[INFO] [stderr] ACTUAL OUTPUT:
[INFO] [stderr] ┈┈┈┈┈┈┈┈┈┈┈┈┈┈┈┈┈┈┈┈┈┈┈┈┈┈┈┈┈┈┈┈┈┈┈┈┈┈┈┈┈┈┈┈┈┈┈┈┈┈┈┈┈┈┈┈┈┈┈┈
[INFO] [stderr] error[E0423]: cannot initialize a tuple struct which contains private fields
[INFO] [stderr]  --> tests/ui/forge_frame_epoch.rs:4:18
[INFO] [stderr]   |
[INFO] [stderr] 4 |     let _epoch = FrameEpoch(7);
[INFO] [stderr]   |                  ^^^^^^^^^^
[INFO] [stderr]   |
[INFO] [stderr]   = note: a struct named `FrameEpoch` exists in another namespace
[INFO] [stderr] note: constructor is not visible here due to private fields
[INFO] [stderr]  --> src/geometry.rs
[INFO] [stderr]   |
[INFO] [stderr]   | pub struct FrameEpoch(pub(crate) u64);
[INFO] [stderr]   |                       ^^^^^^^^^^^^^^ private field
[INFO] [stderr] ┈┈┈┈┈┈┈┈┈┈┈┈┈┈┈┈┈┈┈┈┈┈┈┈┈┈┈┈┈┈┈┈┈┈┈┈┈┈┈┈┈┈┈┈┈┈┈┈┈┈┈┈┈┈┈┈┈┈┈┈
[INFO] [stderr] note: If the actual output is the correct output you can bless it by rerunning
[INFO] [stderr]       your test with the environment variable TRYBUILD=overwrite
[INFO] [stderr] 
[INFO] [stderr] test tests/ui/forge_panel_geometry.rs [should fail to compile] ... ok
[INFO] [stderr] test tests/ui/forge_settled.rs [should fail to compile] ... ok
[INFO] [stderr] test tests/ui/forge_stripe_target.rs [should fail to compile] ... ok
[INFO] [stderr] test tests/ui/forge_stripe_unwritten.rs [should fail to compile] ... ok
[INFO] [stderr] test tests/ui/forge_stripe_written.rs [should fail to compile] ... ok
[INFO] [stderr] test tests/ui/forge_sweep_written.rs [should fail to compile] ... ok
[INFO] [stderr] test tests/ui/in_flight_from_started_is_not_public.rs [should fail to compile] ... ok
[INFO] [stderr] test tests/ui/in_flight_is_conditionally_unpin.rs [should fail to compile] ... ok
[INFO] [stderr] test tests/ui/in_flight_spare_is_conditionally_unpin.rs [should fail to compile] ... ok
[INFO] [stderr] test tests/ui/in_flight_struct_literal_is_private.rs [should fail to compile] ... ok
[INFO] [stderr] test tests/ui/private_sweep_mint.rs [should fail to compile] ... ok
[INFO] [stderr] test tests/ui/private_sweep_plan_constructor.rs [should fail to compile] ... ok
[INFO] [stderr] test tests/ui/raw_closure_start_is_not_supported.rs [should fail to compile] ... ok
[INFO] [stderr] test tests/ui/replay_stripe_written.rs [should fail to compile] ... ok
[INFO] [stderr] test tests/ui/replay_sweep_written.rs [should fail to compile] ... ok
[INFO] [stderr] test tests/ui/reuse_stripe_target.rs [should fail to compile] ... ok
[INFO] [stderr] test tests/ui/rewrite_settled_outcome.rs [should fail to compile] ... ok
[INFO] [stderr] test tests/ui/start_permit_cannot_escape.rs [should fail to compile] ... ok
[INFO] [stderr] test tests/ui/start_permit_struct_literal_is_private.rs [should fail to compile] ... ok
[INFO] [stderr] test tests/ui-pass/custom_unvalidated_panel.rs [should pass] ... ok
[INFO] [stderr] 
[INFO] [stderr] STDERR:
[INFO] [stderr] ┈┈┈┈┈┈┈┈┈┈┈┈┈┈┈┈┈┈┈┈┈┈┈┈┈┈┈┈┈┈┈┈┈┈┈┈┈┈┈┈┈┈┈┈┈┈┈┈┈┈┈┈┈┈┈┈┈┈┈┈
[INFO] [stderr] warning: use of deprecated method `core::sync::atomic::Atomic::<u32>::fetch_update`: renamed to `try_update` for consistency
[INFO] [stderr]   --> /opt/rustwide/workdir/crates/kittens-render/src/demand.rs:59:10
[INFO] [stderr]    |
[INFO] [stderr] 59 |         .fetch_update(Ordering::Relaxed, Ordering::Relaxed, |id| id.checked_add(1))
[INFO] [stderr]    |          ^^^^^^^^^^^^
[INFO] [stderr]    |
[INFO] [stderr]    = note: `#[warn(deprecated)]` on by default
[INFO] [stderr] help: replace the use of the deprecated method
[INFO] [stderr]    |
[INFO] [stderr] 59 -         .fetch_update(Ordering::Relaxed, Ordering::Relaxed, |id| id.checked_add(1))
[INFO] [stderr] 59 +         .try_update(Ordering::Relaxed, Ordering::Relaxed, |id| id.checked_add(1))
[INFO] [stderr]    |
[INFO] [stderr] ┈┈┈┈┈┈┈┈┈┈┈┈┈┈┈┈┈┈┈┈┈┈┈┈┈┈┈┈┈┈┈┈┈┈┈┈┈┈┈┈┈┈┈┈┈┈┈┈┈┈┈┈┈┈┈┈┈┈┈┈
[INFO] [stderr] 
[INFO] [stderr] test tests/ui-pass/dishonest_starter_ignores_region.rs [should pass] ... ok
[INFO] [stderr] 
[INFO] [stderr] STDERR:
[INFO] [stderr] ┈┈┈┈┈┈┈┈┈┈┈┈┈┈┈┈┈┈┈┈┈┈┈┈┈┈┈┈┈┈┈┈┈┈┈┈┈┈┈┈┈┈┈┈┈┈┈┈┈┈┈┈┈┈┈┈┈┈┈┈
[INFO] [stderr] warning: use of deprecated method `core::sync::atomic::Atomic::<u32>::fetch_update`: renamed to `try_update` for consistency
[INFO] [stderr]   --> /opt/rustwide/workdir/crates/kittens-render/src/demand.rs:59:10
[INFO] [stderr]    |
[INFO] [stderr] 59 |         .fetch_update(Ordering::Relaxed, Ordering::Relaxed, |id| id.checked_add(1))
[INFO] [stderr]    |          ^^^^^^^^^^^^
[INFO] [stderr]    |
[INFO] [stderr]    = note: `#[warn(deprecated)]` on by default
[INFO] [stderr] help: replace the use of the deprecated method
[INFO] [stderr]    |
[INFO] [stderr] 59 -         .fetch_update(Ordering::Relaxed, Ordering::Relaxed, |id| id.checked_add(1))
[INFO] [stderr] 59 +         .try_update(Ordering::Relaxed, Ordering::Relaxed, |id| id.checked_add(1))
[INFO] [stderr]    |
[INFO] [stderr] ┈┈┈┈┈┈┈┈┈┈┈┈┈┈┈┈┈┈┈┈┈┈┈┈┈┈┈┈┈┈┈┈┈┈┈┈┈┈┈┈┈┈┈┈┈┈┈┈┈┈┈┈┈┈┈┈┈┈┈┈
[INFO] [stderr] 
[INFO] [stderr] test tests/ui-pass/in_flight_unpin_when_parts_are_unpin.rs [should pass] ... ok
[INFO] [stderr] 
[INFO] [stderr] STDERR:
[INFO] [stderr] ┈┈┈┈┈┈┈┈┈┈┈┈┈┈┈┈┈┈┈┈┈┈┈┈┈┈┈┈┈┈┈┈┈┈┈┈┈┈┈┈┈┈┈┈┈┈┈┈┈┈┈┈┈┈┈┈┈┈┈┈
[INFO] [stderr] warning: use of deprecated method `core::sync::atomic::Atomic::<u32>::fetch_update`: renamed to `try_update` for consistency
[INFO] [stderr]   --> /opt/rustwide/workdir/crates/kittens-render/src/demand.rs:59:10
[INFO] [stderr]    |
[INFO] [stderr] 59 |         .fetch_update(Ordering::Relaxed, Ordering::Relaxed, |id| id.checked_add(1))
[INFO] [stderr]    |          ^^^^^^^^^^^^
[INFO] [stderr]    |
[INFO] [stderr]    = note: `#[warn(deprecated)]` on by default
[INFO] [stderr] help: replace the use of the deprecated method
[INFO] [stderr]    |
[INFO] [stderr] 59 -         .fetch_update(Ordering::Relaxed, Ordering::Relaxed, |id| id.checked_add(1))
[INFO] [stderr] 59 +         .try_update(Ordering::Relaxed, Ordering::Relaxed, |id| id.checked_add(1))
[INFO] [stderr]    |
[INFO] [stderr] ┈┈┈┈┈┈┈┈┈┈┈┈┈┈┈┈┈┈┈┈┈┈┈┈┈┈┈┈┈┈┈┈┈┈┈┈┈┈┈┈┈┈┈┈┈┈┈┈┈┈┈┈┈┈┈┈┈┈┈┈
[INFO] [stderr] 
[INFO] [stderr] test tests/ui-pass/interior_mutable_snapshot.rs [should pass] ... ok
[INFO] [stderr] 
[INFO] [stderr] STDERR:
[INFO] [stderr] ┈┈┈┈┈┈┈┈┈┈┈┈┈┈┈┈┈┈┈┈┈┈┈┈┈┈┈┈┈┈┈┈┈┈┈┈┈┈┈┈┈┈┈┈┈┈┈┈┈┈┈┈┈┈┈┈┈┈┈┈
[INFO] [stderr] warning: use of deprecated method `core::sync::atomic::Atomic::<u32>::fetch_update`: renamed to `try_update` for consistency
[INFO] [stderr]   --> /opt/rustwide/workdir/crates/kittens-render/src/demand.rs:59:10
[INFO] [stderr]    |
[INFO] [stderr] 59 |         .fetch_update(Ordering::Relaxed, Ordering::Relaxed, |id| id.checked_add(1))
[INFO] [stderr]    |          ^^^^^^^^^^^^
[INFO] [stderr]    |
[INFO] [stderr]    = note: `#[warn(deprecated)]` on by default
[INFO] [stderr] help: replace the use of the deprecated method
[INFO] [stderr]    |
[INFO] [stderr] 59 -         .fetch_update(Ordering::Relaxed, Ordering::Relaxed, |id| id.checked_add(1))
[INFO] [stderr] 59 +         .try_update(Ordering::Relaxed, Ordering::Relaxed, |id| id.checked_add(1))
[INFO] [stderr]    |
[INFO] [stderr] ┈┈┈┈┈┈┈┈┈┈┈┈┈┈┈┈┈┈┈┈┈┈┈┈┈┈┈┈┈┈┈┈┈┈┈┈┈┈┈┈┈┈┈┈┈┈┈┈┈┈┈┈┈┈┈┈┈┈┈┈
[INFO] [stderr] 
[INFO] [stderr] test tests/ui-pass/old_sweep_survives_abandon.rs [should pass] ... ok
[INFO] [stderr] 
[INFO] [stderr] STDERR:
[INFO] [stderr] ┈┈┈┈┈┈┈┈┈┈┈┈┈┈┈┈┈┈┈┈┈┈┈┈┈┈┈┈┈┈┈┈┈┈┈┈┈┈┈┈┈┈┈┈┈┈┈┈┈┈┈┈┈┈┈┈┈┈┈┈
[INFO] [stderr] warning: use of deprecated method `core::sync::atomic::Atomic::<u32>::fetch_update`: renamed to `try_update` for consistency
[INFO] [stderr]   --> /opt/rustwide/workdir/crates/kittens-render/src/demand.rs:59:10
[INFO] [stderr]    |
[INFO] [stderr] 59 |         .fetch_update(Ordering::Relaxed, Ordering::Relaxed, |id| id.checked_add(1))
[INFO] [stderr]    |          ^^^^^^^^^^^^
[INFO] [stderr]    |
[INFO] [stderr]    = note: `#[warn(deprecated)]` on by default
[INFO] [stderr] help: replace the use of the deprecated method
[INFO] [stderr]    |
[INFO] [stderr] 59 -         .fetch_update(Ordering::Relaxed, Ordering::Relaxed, |id| id.checked_add(1))
[INFO] [stderr] 59 +         .try_update(Ordering::Relaxed, Ordering::Relaxed, |id| id.checked_add(1))
[INFO] [stderr]    |
[INFO] [stderr] ┈┈┈┈┈┈┈┈┈┈┈┈┈┈┈┈┈┈┈┈┈┈┈┈┈┈┈┈┈┈┈┈┈┈┈┈┈┈┈┈┈┈┈┈┈┈┈┈┈┈┈┈┈┈┈┈┈┈┈┈
[INFO] [stderr] 
[INFO] [stderr] test tests/ui-pass/shared_sent_spare_backing.rs [should pass] ... ok
[INFO] [stderr] 
[INFO] [stderr] STDERR:
[INFO] [stderr] ┈┈┈┈┈┈┈┈┈┈┈┈┈┈┈┈┈┈┈┈┈┈┈┈┈┈┈┈┈┈┈┈┈┈┈┈┈┈┈┈┈┈┈┈┈┈┈┈┈┈┈┈┈┈┈┈┈┈┈┈
[INFO] [stderr] warning: use of deprecated method `core::sync::atomic::Atomic::<u32>::fetch_update`: renamed to `try_update` for consistency
[INFO] [stderr]   --> /opt/rustwide/workdir/crates/kittens-render/src/demand.rs:59:10
[INFO] [stderr]    |
[INFO] [stderr] 59 |         .fetch_update(Ordering::Relaxed, Ordering::Relaxed, |id| id.checked_add(1))
[INFO] [stderr]    |          ^^^^^^^^^^^^
[INFO] [stderr]    |
[INFO] [stderr]    = note: `#[warn(deprecated)]` on by default
[INFO] [stderr] help: replace the use of the deprecated method
[INFO] [stderr]    |
[INFO] [stderr] 59 -         .fetch_update(Ordering::Relaxed, Ordering::Relaxed, |id| id.checked_add(1))
[INFO] [stderr] 59 +         .try_update(Ordering::Relaxed, Ordering::Relaxed, |id| id.checked_add(1))
[INFO] [stderr]    |
[INFO] [stderr] ┈┈┈┈┈┈┈┈┈┈┈┈┈┈┈┈┈┈┈┈┈┈┈┈┈┈┈┈┈┈┈┈┈┈┈┈┈┈┈┈┈┈┈┈┈┈┈┈┈┈┈┈┈┈┈┈┈┈┈┈
[INFO] [stderr] 
[INFO] [stdout] test proof_boundaries_and_negative_controls ... FAILED
[INFO] [stderr] test tests/ui-pass/touch_reader_untorn_is_prose_only.rs [should pass] ... ok
[INFO] [stderr] 
[INFO] [stderr] STDERR:
[INFO] [stderr] ┈┈┈┈┈┈┈┈┈┈┈┈┈┈┈┈┈┈┈┈┈┈┈┈┈┈┈┈┈┈┈┈┈┈┈┈┈┈┈┈┈┈┈┈┈┈┈┈┈┈┈┈┈┈┈┈┈┈┈┈
[INFO] [stderr] warning: use of deprecated method `core::sync::atomic::Atomic::<u32>::fetch_update`: renamed to `try_update` for consistency
[INFO] [stderr]   --> /opt/rustwide/workdir/crates/kittens-render/src/demand.rs:59:10
[INFO] [stderr]    |
[INFO] [stderr] 59 |         .fetch_update(Ordering::Relaxed, Ordering::Relaxed, |id| id.checked_add(1))
[INFO] [stderr]    |          ^^^^^^^^^^^^
[INFO] [stderr]    |
[INFO] [stderr]    = note: `#[warn(deprecated)]` on by default
[INFO] [stderr] help: replace the use of the deprecated method
[INFO] [stderr]    |
[INFO] [stderr] 59 -         .fetch_update(Ordering::Relaxed, Ordering::Relaxed, |id| id.checked_add(1))
[INFO] [stderr] 59 +         .try_update(Ordering::Relaxed, Ordering::Relaxed, |id| id.checked_add(1))
[INFO] [stderr]    |
[INFO] [stderr] ┈┈┈┈┈┈┈┈┈┈┈┈┈┈┈┈┈┈┈┈┈┈┈┈┈┈┈┈┈┈┈┈┈┈┈┈┈┈┈┈┈┈┈┈┈┈┈┈┈┈┈┈┈┈┈┈┈┈┈┈
[INFO] [stderr] 
[INFO] [stderr] 
[INFO] [stderr] 
[INFO] [stdout] 
[INFO] [stdout] failures:
[INFO] [stdout] 
[INFO] [stdout] ---- proof_boundaries_and_negative_controls stdout ----
[INFO] [stdout] 
[INFO] [stdout] thread 'proof_boundaries_and_negative_controls' (3295) panicked at /opt/rustwide/cargo-home/registry/src/index.crates.io-1949cf8c6b5b557f/trybuild-1.0.120/src/run.rs:103:13:
[INFO] [stdout] 1 of 39 tests failed
[INFO] [stdout] stack backtrace:
[INFO] [stdout]    0:     0x5d2360fcbe51 - <<std[104cf6e2632825ea]::sys::backtrace::BacktraceLock>::print::DisplayBacktrace as core[7c831bd917ebf35f]::fmt::Display>::fmt
[INFO] [stdout]    1:     0x5d2360fe24da - core[7c831bd917ebf35f]::fmt::write
[INFO] [stdout]    2:     0x5d2360fd091c - <alloc[2fdc3f7464fcf288]::vec::Vec<u8> as core[7c831bd917ebf35f]::io::write::Write>::write_fmt
[INFO] [stdout]    3:     0x5d2360fa5326 - std[104cf6e2632825ea]::panicking::default_hook::{closure#0}
[INFO] [stdout]    4:     0x5d2360fc3479 - std[104cf6e2632825ea]::panicking::default_hook
[INFO] [stdout]    5:     0x5d2360f5c780 - test[73009c9f9aebf890]::test_main_inner::<test[73009c9f9aebf890]::test_main_static::{closure#0}>::{closure#0}
[INFO] [stdout]    6:     0x5d2360fc3632 - std[104cf6e2632825ea]::panicking::panic_with_hook
[INFO] [stdout]    7:     0x5d2360fa53d2 - std[104cf6e2632825ea]::panicking::panic_handler::{closure#0}
[INFO] [stdout]    8:     0x5d2360f9d4f9 - std[104cf6e2632825ea]::sys::backtrace::__rust_end_short_backtrace::<std[104cf6e2632825ea]::panicking::panic_handler::{closure#0}, !>
[INFO] [stdout]    9:     0x5d2360fa5fcd - __rustc[b0d56fa5b193ad05]::rust_begin_unwind
[INFO] [stdout]   10:     0x5d2360fe2c4c - core[7c831bd917ebf35f]::panicking::panic_fmt
[INFO] [stdout]   11:     0x5d2360eb0fb8 - <trybuild[2a95989630ae3e56]::Runner>::run
[INFO] [stdout]   12:     0x5d2360eb43a0 - <trybuild[2a95989630ae3e56]::TestCases as core[7c831bd917ebf35f]::ops::drop::Drop>::drop
[INFO] [stdout]   13:     0x5d2360eaa846 - ui[a327e5af6774f99b]::proof_boundaries_and_negative_controls
[INFO] [stdout]   14:     0x5d2360eaaa79 - <ui[a327e5af6774f99b]::proof_boundaries_and_negative_controls::{closure#0} as core[7c831bd917ebf35f]::ops::function::FnOnce<()>>::call_once
[INFO] [stdout]   15:     0x5d2360f4fa6b - test[73009c9f9aebf890]::__rust_begin_short_backtrace::<core[7c831bd917ebf35f]::result::Result<(), alloc[2fdc3f7464fcf288]::string::String>, fn() -> core[7c831bd917ebf35f]::result::Result<(), alloc[2fdc3f7464fcf288]::string::String>>
[INFO] [stdout]   16:     0x5d2360f5d0d5 - test[73009c9f9aebf890]::run_test::{closure#0}
[INFO] [stdout]   17:     0x5d2360f56494 - std[104cf6e2632825ea]::sys::backtrace::__rust_begin_short_backtrace::<test[73009c9f9aebf890]::run_test::{closure#1}, ()>
[INFO] [stdout]   18:     0x5d2360f60232 - <std[104cf6e2632825ea]::thread::lifecycle::spawn_unchecked<test[73009c9f9aebf890]::run_test::{closure#1}, ()>::{closure#1} as core[7c831bd917ebf35f]::ops::function::FnOnce<()>>::call_once::{shim:vtable#0}
[INFO] [stdout]   19:     0x5d2360fcb109 - <std[104cf6e2632825ea]::sys::thread::unix::Thread>::new::thread_start
[INFO] [stdout]   20:     0x7794261be07a - <unknown>
[INFO] [stdout]   21:     0x779426251534 - clone
[INFO] [stdout]   22:                0x0 - <unknown>
[INFO] [stdout] 
[INFO] [stdout] 
[INFO] [stdout] failures:
[INFO] [stdout]     proof_boundaries_and_negative_controls
[INFO] [stdout] 
[INFO] [stdout] test result: FAILED. 0 passed; 1 failed; 0 ignored; 0 measured; 0 filtered out; finished in 5.57s
[INFO] [stdout] 
[INFO] [stderr] error: test failed, to rerun pass `-p kittens-render --test ui`
[INFO] running `Command { std: "docker" "inspect" "98a24ee7259e8ac9c1ddd5c6a2cff8f1b7d8bef3d5e542a6e8334f44ba6d60b3", kill_on_drop: false }`
[INFO] running `Command { std: "docker" "rm" "-f" "98a24ee7259e8ac9c1ddd5c6a2cff8f1b7d8bef3d5e542a6e8334f44ba6d60b3", kill_on_drop: false }`
[INFO] [stdout] 98a24ee7259e8ac9c1ddd5c6a2cff8f1b7d8bef3d5e542a6e8334f44ba6d60b3
