[INFO] cloning repository https://github.com/Confihub/groth16_verifier
[INFO] running `Command { std: "git" "-c" "credential.helper=" "-c" "credential.helper=/workspace/cargo-home/bin/git-credential-null" "clone" "--bare" "https://github.com/Confihub/groth16_verifier" "/workspace/cache/git-repos/https%3A%2F%2Fgithub.com%2FConfihub%2Fgroth16_verifier", kill_on_drop: false }`
[INFO] [stderr] Cloning into bare repository '/workspace/cache/git-repos/https%3A%2F%2Fgithub.com%2FConfihub%2Fgroth16_verifier'...
[INFO] running `Command { std: "git" "rev-parse" "HEAD", kill_on_drop: false }`
[INFO] [stdout] eada1dfa2d1e0f437413bfab09185bb26efab7d2
[INFO] testing Confihub/groth16_verifier/eada1dfa2d1e0f437413bfab09185bb26efab7d2 against 1.98.0-beta.8+cargoflags=--release for beta-release-1.99-2
[INFO] running `Command { std: "git" "clone" "/workspace/cache/git-repos/https%3A%2F%2Fgithub.com%2FConfihub%2Fgroth16_verifier" "/workspace/builds/worker-5-tc1/source", kill_on_drop: false }`
[INFO] [stderr] Cloning into '/workspace/builds/worker-5-tc1/source'...
[INFO] [stderr] done.
[INFO] started tweaking git repo https://github.com/Confihub/groth16_verifier
[INFO] finished tweaking git repo https://github.com/Confihub/groth16_verifier
[INFO] tweaked toml for git repo https://github.com/Confihub/groth16_verifier written to /workspace/builds/worker-5-tc1/source/Cargo.toml
[INFO] validating manifest of git repo https://github.com/Confihub/groth16_verifier on toolchain 1.98.0-beta.8
[INFO] running `Command { std: CARGO_HOME="/workspace/cargo-home" RUSTUP_HOME="/workspace/rustup-home" "/workspace/cargo-home/bin/cargo" "+1.98.0-beta.8" "metadata" "--manifest-path" "Cargo.toml" "--no-deps", kill_on_drop: false }`
[INFO] crate git repo https://github.com/Confihub/groth16_verifier already has a lockfile, it will not be regenerated
[INFO] running `Command { std: CARGO_HOME="/workspace/cargo-home" RUSTUP_HOME="/workspace/rustup-home" "/workspace/cargo-home/bin/cargo" "+1.98.0-beta.8" "fetch" "--manifest-path" "Cargo.toml", kill_on_drop: false }`
[INFO] [stderr]  Downloading crates ...
[INFO] [stderr]   Downloaded time-macros v0.2.29
[INFO] [stderr]   Downloaded soroban-spec-rust v25.3.2
[INFO] [stderr]   Downloaded soroban-spec v25.3.2
[INFO] [stderr]   Downloaded soroban-env-guest v25.2.2
[INFO] [stderr]   Downloaded soroban-builtin-sdk-macros v25.2.2
[INFO] [stderr]   Downloaded soroban-env-macros v25.2.2
[INFO] [stderr]   Downloaded soroban-ledger-snapshot v25.3.2
[INFO] [stderr]   Downloaded soroban-sdk-macros v25.3.2
[INFO] [stderr]   Downloaded time v0.3.49
[INFO] [stderr]   Downloaded soroban-env-common v25.2.2
[INFO] [stderr]   Downloaded soroban-sdk v25.3.2
[INFO] [stderr]   Downloaded soroban-env-host v25.2.2
[INFO] [stderr]   Downloaded stellar-xdr v25.0.0
[INFO] running `Command { std: "docker" "create" "-v" "/var/lib/crater-agent-workspace/builds/worker-5-tc1/source:/opt/rustwide/workdir:ro,Z" "-v" "/var/lib/crater-agent-workspace/builds/worker-5-tc1/target:/opt/rustwide/target:rw,Z" "-v" "/var/lib/crater-agent-workspace/cargo-home:/opt/rustwide/cargo-home:ro,Z" "-v" "/var/lib/crater-agent-workspace/rustup-home:/opt/rustwide/rustup-home:ro,Z" "-m" "1610612736" "--network" "none" "ghcr.io/rust-lang/crates-build-env/linux@sha256:8683fc1fc2eb5c9ac98e0d076ab094b2ffac7f99da555d2b6a2e27f346de2ec7" "sleep" "infinity", kill_on_drop: false }`
[INFO] [stdout] eaed041a6a17726b0150b4fc815dda1306b4e518b8ad14b66d9993c6c7a724b4
[INFO] running `Command { std: "docker" "start" "eaed041a6a17726b0150b4fc815dda1306b4e518b8ad14b66d9993c6c7a724b4", kill_on_drop: false }`
[INFO] running `Command { std: "docker" "inspect" "eaed041a6a17726b0150b4fc815dda1306b4e518b8ad14b66d9993c6c7a724b4", kill_on_drop: false }`
[INFO] running `Command { std: "docker" "exec" "-e" "SOURCE_DIR=/opt/rustwide/workdir" "-e" "CARGO_HOME=/opt/rustwide/cargo-home" "-e" "RUSTUP_HOME=/opt/rustwide/rustup-home" "-e" "CARGO_TARGET_DIR=/opt/rustwide/target" "-w" "/opt/rustwide/workdir" "--user" "0:0" "eaed041a6a17726b0150b4fc815dda1306b4e518b8ad14b66d9993c6c7a724b4" "/opt/rustwide/cargo-home/bin/cargo" "+1.98.0-beta.8" "metadata" "--no-deps" "--format-version=1", kill_on_drop: false }`
[INFO] running `Command { std: "docker" "inspect" "eaed041a6a17726b0150b4fc815dda1306b4e518b8ad14b66d9993c6c7a724b4", kill_on_drop: false }`
[INFO] running `Command { std: "docker" "exec" "-e" "SOURCE_DIR=/opt/rustwide/workdir" "-e" "CARGO_HOME=/opt/rustwide/cargo-home" "-e" "RUSTUP_HOME=/opt/rustwide/rustup-home" "-e" "CARGO_TARGET_DIR=/opt/rustwide/target" "-e" "CARGO_INCREMENTAL=0" "-e" "RUST_BACKTRACE=full" "-e" "RUSTFLAGS=--cap-lints=warn" "-e" "RUSTDOCFLAGS=--cap-lints=warn" "-w" "/opt/rustwide/workdir" "--user" "0:0" "eaed041a6a17726b0150b4fc815dda1306b4e518b8ad14b66d9993c6c7a724b4" "/opt/rustwide/cargo-home/bin/cargo" "+1.98.0-beta.8" "build" "--frozen" "--message-format=json" "--release", kill_on_drop: false }`
[INFO] [stderr]    Compiling quote v1.0.45
[INFO] [stderr]    Compiling memchr v2.8.2
[INFO] [stderr]    Compiling zerocopy v0.8.52
[INFO] [stderr]    Compiling syn v1.0.109
[INFO] [stderr]    Compiling num-bigint v0.4.6
[INFO] [stderr]    Compiling itertools v0.10.5
[INFO] [stderr]    Compiling soroban-env-host v25.2.2
[INFO] [stderr]    Compiling syn v2.0.118
[INFO] [stderr]    Compiling serde_json v1.0.150
[INFO] [stderr]    Compiling darling_core v0.23.0
[INFO] [stderr]    Compiling darling_core v0.20.11
[INFO] [stderr]    Compiling prettyplease v0.2.37
[INFO] [stderr]    Compiling macro-string v0.1.4
[INFO] [stderr]    Compiling serde_derive v1.0.228
[INFO] [stderr]    Compiling zeroize_derive v1.5.0
[INFO] [stderr]    Compiling cfg_eval v0.1.2
[INFO] [stderr]    Compiling num-derive v0.4.2
[INFO] [stderr]    Compiling thiserror-impl v1.0.69
[INFO] [stderr]    Compiling curve25519-dalek-derive v0.1.1
[INFO] [stderr]    Compiling soroban-builtin-sdk-macros v25.2.2
[INFO] [stderr]    Compiling visibility v0.1.1
[INFO] [stderr]    Compiling bytes-lit v0.0.5
[INFO] [stderr]    Compiling ark-serialize-derive v0.4.2
[INFO] [stderr]    Compiling ark-ff-asm v0.4.2
[INFO] [stderr]    Compiling ark-ff-macros v0.4.2
[INFO] [stderr]    Compiling derivative v2.2.0
[INFO] [stderr]    Compiling ppv-lite86 v0.2.21
[INFO] [stderr]    Compiling ahash v0.8.12
[INFO] [stderr]    Compiling zeroize v1.9.0
[INFO] [stderr]    Compiling generic-array v0.14.9
[INFO] [stderr]    Compiling der v0.7.10
[INFO] [stderr]    Compiling hashbrown v0.13.2
[INFO] [stderr]    Compiling thiserror v1.0.69
[INFO] [stderr]    Compiling rand_chacha v0.3.1
[INFO] [stderr]    Compiling rand v0.8.6
[INFO] [stderr]    Compiling crypto-common v0.1.6
[INFO] [stderr]    Compiling block-buffer v0.10.4
[INFO] [stderr]    Compiling crypto-bigint v0.5.5
[INFO] [stderr]    Compiling digest v0.10.7
[INFO] [stderr]    Compiling signature v2.2.0
[INFO] [stderr]    Compiling sha2 v0.10.9
[INFO] [stderr]    Compiling hmac v0.12.1
[INFO] [stderr]    Compiling darling_macro v0.23.0
[INFO] [stderr]    Compiling curve25519-dalek v4.1.3
[INFO] [stderr]    Compiling ed25519 v2.2.3
[INFO] [stderr]    Compiling sha3 v0.10.9
[INFO] [stderr]    Compiling rfc6979 v0.4.0
[INFO] [stderr]    Compiling sec1 v0.7.3
[INFO] [stderr]    Compiling darling_macro v0.20.11
[INFO] [stderr]    Compiling darling v0.23.0
[INFO] [stderr]    Compiling serde_with_macros v3.21.0
[INFO] [stderr]    Compiling ark-std v0.4.0
[INFO] [stderr]    Compiling darling v0.20.11
[INFO] [stderr]    Compiling ark-serialize v0.4.2
[INFO] [stderr]    Compiling ark-ff v0.4.2
[INFO] [stderr]    Compiling ed25519-dalek v2.2.0
[INFO] [stderr]    Compiling serde v1.0.228
[INFO] [stderr]    Compiling elliptic-curve v0.13.8
[INFO] [stderr]    Compiling crate-git-revision v0.0.6
[INFO] [stderr]    Compiling schemars v0.8.22
[INFO] [stderr]    Compiling hex v0.4.3
[INFO] [stderr]    Compiling ecdsa v0.16.9
[INFO] [stderr]    Compiling primeorder v0.13.6
[INFO] [stderr]    Compiling stellar-strkey v0.0.13
[INFO] [stderr]    Compiling stellar-xdr v25.0.0
[INFO] [stderr]    Compiling soroban-env-common v25.2.2
[INFO] [stderr]    Compiling stellar-strkey v0.0.16
[INFO] [stderr]    Compiling soroban-sdk v25.3.2
[INFO] [stderr]    Compiling k256 v0.13.4
[INFO] [stderr]    Compiling p256 v0.13.2
[INFO] [stderr]    Compiling serde_with v3.21.0
[INFO] [stderr]    Compiling ark-poly v0.4.2
[INFO] [stderr]    Compiling ark-ec v0.4.2
[INFO] [stderr]    Compiling ark-bn254 v0.4.0
[INFO] [stderr]    Compiling ark-bls12-381 v0.4.0
[INFO] [stderr]    Compiling soroban-spec v25.3.2
[INFO] [stderr]    Compiling soroban-spec-rust v25.3.2
[INFO] [stderr]    Compiling soroban-env-macros v25.2.2
[INFO] [stderr]    Compiling soroban-sdk-macros v25.3.2
[INFO] [stderr]    Compiling groth16_verifier v0.1.0 (/opt/rustwide/workdir)
[INFO] [stderr]     Finished `release` profile [optimized] target(s) in 1m 53s
[INFO] running `Command { std: "docker" "inspect" "eaed041a6a17726b0150b4fc815dda1306b4e518b8ad14b66d9993c6c7a724b4", kill_on_drop: false }`
[INFO] running `Command { std: "docker" "exec" "-e" "SOURCE_DIR=/opt/rustwide/workdir" "-e" "CARGO_HOME=/opt/rustwide/cargo-home" "-e" "RUSTUP_HOME=/opt/rustwide/rustup-home" "-e" "CARGO_TARGET_DIR=/opt/rustwide/target" "-e" "CARGO_INCREMENTAL=0" "-e" "RUST_BACKTRACE=full" "-e" "RUSTFLAGS=--cap-lints=warn" "-e" "RUSTDOCFLAGS=--cap-lints=warn" "-w" "/opt/rustwide/workdir" "--user" "0:0" "eaed041a6a17726b0150b4fc815dda1306b4e518b8ad14b66d9993c6c7a724b4" "/opt/rustwide/cargo-home/bin/cargo" "+1.98.0-beta.8" "test" "--frozen" "--no-run" "--message-format=json" "--release", kill_on_drop: false }`
[INFO] [stderr]    Compiling zerocopy v0.8.52
[INFO] [stderr]    Compiling zeroize v1.9.0
[INFO] [stderr]    Compiling num-bigint v0.4.6
[INFO] [stderr]    Compiling itertools v0.10.5
[INFO] [stderr]    Compiling serde v1.0.228
[INFO] [stderr]    Compiling memchr v2.8.2
[INFO] [stderr]    Compiling stellar-xdr v25.0.0
[INFO] [stderr]    Compiling derive_arbitrary v1.3.2
[INFO] [stderr]    Compiling stellar-strkey v0.0.13
[INFO] [stderr]    Compiling soroban-env-common v25.2.2
[INFO] [stderr]    Compiling soroban-env-host v25.2.2
[INFO] [stderr]    Compiling thiserror v1.0.69
[INFO] [stderr]    Compiling soroban-sdk v25.3.2
[INFO] [stderr]    Compiling soroban-sdk-macros v25.3.2
[INFO] [stderr]    Compiling stellar-strkey v0.0.16
[INFO] [stderr]    Compiling generic-array v0.14.9
[INFO] [stderr]    Compiling der v0.7.10
[INFO] [stderr]    Compiling arbitrary v1.3.2
[INFO] [stderr]    Compiling crypto-common v0.1.6
[INFO] [stderr]    Compiling block-buffer v0.10.4
[INFO] [stderr]    Compiling crypto-bigint v0.5.5
[INFO] [stderr]    Compiling serde_json v1.0.150
[INFO] [stderr]    Compiling digest v0.10.7
[INFO] [stderr]    Compiling hex v0.4.3
[INFO] [stderr]    Compiling sec1 v0.7.3
[INFO] [stderr]    Compiling signature v2.2.0
[INFO] [stderr]    Compiling sha2 v0.10.9
[INFO] [stderr]    Compiling hmac v0.12.1
[INFO] [stderr]    Compiling curve25519-dalek v4.1.3
[INFO] [stderr]    Compiling sha3 v0.10.9
[INFO] [stderr]    Compiling rfc6979 v0.4.0
[INFO] [stderr]    Compiling ed25519 v2.2.3
[INFO] [stderr]    Compiling schemars v0.8.22
[INFO] [stderr]    Compiling elliptic-curve v0.13.8
[INFO] [stderr]    Compiling ecdsa v0.16.9
[INFO] [stderr]    Compiling primeorder v0.13.6
[INFO] [stderr]    Compiling ed25519-dalek v2.2.0
[INFO] [stderr]    Compiling k256 v0.13.4
[INFO] [stderr]    Compiling p256 v0.13.2
[INFO] [stderr]    Compiling serde_with v3.21.0
[INFO] [stderr]    Compiling ppv-lite86 v0.2.21
[INFO] [stderr]    Compiling ahash v0.8.12
[INFO] [stderr]    Compiling rand_chacha v0.3.1
[INFO] [stderr]    Compiling hashbrown v0.13.2
[INFO] [stderr]    Compiling rand v0.8.6
[INFO] [stderr]    Compiling ark-std v0.4.0
[INFO] [stderr]    Compiling ark-serialize v0.4.2
[INFO] [stderr]    Compiling ark-ff v0.4.2
[INFO] [stderr]    Compiling ark-poly v0.4.2
[INFO] [stderr]    Compiling ark-ec v0.4.2
[INFO] [stderr]    Compiling ark-bn254 v0.4.0
[INFO] [stderr]    Compiling ark-bls12-381 v0.4.0
[INFO] [stderr]    Compiling soroban-ledger-snapshot v25.3.2
[INFO] [stderr]    Compiling groth16_verifier v0.1.0 (/opt/rustwide/workdir)
[INFO] [stderr]     Finished `release` profile [optimized] target(s) in 2m 38s
[INFO] running `Command { std: "docker" "inspect" "eaed041a6a17726b0150b4fc815dda1306b4e518b8ad14b66d9993c6c7a724b4", kill_on_drop: false }`
[INFO] running `Command { std: "docker" "exec" "-e" "SOURCE_DIR=/opt/rustwide/workdir" "-e" "CARGO_HOME=/opt/rustwide/cargo-home" "-e" "RUSTUP_HOME=/opt/rustwide/rustup-home" "-e" "CARGO_TARGET_DIR=/opt/rustwide/target" "-e" "CARGO_INCREMENTAL=0" "-e" "RUST_BACKTRACE=full" "-e" "RUSTFLAGS=--cap-lints=warn" "-e" "RUSTDOCFLAGS=--cap-lints=warn" "-w" "/opt/rustwide/workdir" "--user" "0:0" "eaed041a6a17726b0150b4fc815dda1306b4e518b8ad14b66d9993c6c7a724b4" "/opt/rustwide/cargo-home/bin/cargo" "+1.98.0-beta.8" "test" "--frozen" "--release", kill_on_drop: false }`
[INFO] [stderr]     Finished `release` profile [optimized] target(s) in 0.33s
[INFO] [stderr]      Running unittests src/lib.rs (/opt/rustwide/target/release/deps/groth16_verifier-61d6d16af822a357)
[INFO] [stdout] 
[INFO] [stdout] running 8 tests
[INFO] [stdout] test test::decode_proof_rejects_wrong_length ... ok
[INFO] [stdout] test test::public_input_encoding_must_be_canonical ... ok
[INFO] [stdout] test test::init_is_idempotent ... FAILED
[INFO] [stdout] test test::malformed_vk_is_rejected ... FAILED
[INFO] [stdout] test test::verify_before_init_errors ... FAILED
[INFO] [stdout] test test::vk_roundtrips ... FAILED
[INFO] [stdout] test test::decode_proof_accepts_384_bytes ... ok
[INFO] [stdout] test test::reordered_public_inputs_break_verification ... FAILED
[INFO] [stdout] 
[INFO] [stdout] failures:
[INFO] [stdout] 
[INFO] [stdout] ---- test::init_is_idempotent stdout ----
[INFO] [stdout] Writing test snapshot file for test "test::init_is_idempotent" to "test_snapshots/test/init_is_idempotent.1.json".
[INFO] [stdout] 
[INFO] [stdout] thread 'test::init_is_idempotent' (2363) panicked at /opt/rustwide/cargo-home/registry/src/index.crates.io-1949cf8c6b5b557f/soroban-sdk-25.3.2/src/env.rs:1970:32:
[INFO] [stdout] called `Result::unwrap()` on an `Err` value: Os { code: 30, kind: ReadOnlyFilesystem, message: "Read-only file system" }
[INFO] [stdout] stack backtrace:
[INFO] [stdout]    0:     0x5e7b79cb9b5d - <unknown>
[INFO] [stdout]    1:     0x5e7b79b563a4 - <unknown>
[INFO] [stdout]    2:     0x5e7b79cb918b - <unknown>
[INFO] [stdout]    3:     0x5e7b79cb8d29 - <unknown>
[INFO] [stdout]    4:     0x5e7b79cb89aa - <unknown>
[INFO] [stdout]    5:     0x5e7b79cb8532 - <unknown>
[INFO] [stdout]    6:     0x5e7b79cdef11 - <unknown>
[INFO] [stdout]    7:     0x5e7b79cdeec9 - <unknown>
[INFO] [stdout]    8:     0x5e7b79cdf3bc - <unknown>
[INFO] [stdout]    9:     0x5e7b79b5623b - <unknown>
[INFO] [stdout]   10:     0x5e7b79b59991 - <unknown>
[INFO] [stdout]   11:     0x5e7b79c7feee - <unknown>
[INFO] [stdout]   12:     0x5e7b79b492f3 - <unknown>
[INFO] [stdout]   13:     0x5e7b79b4f8dc - <unknown>
[INFO] [stdout]   14:     0x5e7b79cf7d1b - <unknown>
[INFO] [stdout]   15:     0x5e7b79cf40f7 - <unknown>
[INFO] [stdout]   16:     0x5e7b79cf3bbc - <unknown>
[INFO] [stdout]   17:     0x5e7b79d0d33c - <unknown>
[INFO] [stdout]   18:     0x5e7b79ce0412 - <unknown>
[INFO] [stdout]   19:     0x70707576d07a - <unknown>
[INFO] [stdout]   20:     0x707075800534 - clone
[INFO] [stdout]   21:                0x0 - <unknown>
[INFO] [stdout] 
[INFO] [stdout] ---- test::malformed_vk_is_rejected stdout ----
[INFO] [stdout] Writing test snapshot file for test "test::malformed_vk_is_rejected" to "test_snapshots/test/malformed_vk_is_rejected.1.json".
[INFO] [stdout] 
[INFO] [stdout] thread 'test::malformed_vk_is_rejected' (2364) panicked at /opt/rustwide/cargo-home/registry/src/index.crates.io-1949cf8c6b5b557f/soroban-sdk-25.3.2/src/env.rs:1970:32:
[INFO] [stdout] called `Result::unwrap()` on an `Err` value: Os { code: 30, kind: ReadOnlyFilesystem, message: "Read-only file system" }
[INFO] [stdout] stack backtrace:
[INFO] [stdout]    0:     0x5e7b79cb9b5d - <unknown>
[INFO] [stdout]    1:     0x5e7b79b563a4 - <unknown>
[INFO] [stdout]    2:     0x5e7b79cb918b - <unknown>
[INFO] [stdout]    3:     0x5e7b79cb8d29 - <unknown>
[INFO] [stdout]    4:     0x5e7b79cb89aa - <unknown>
[INFO] [stdout]    5:     0x5e7b79cb8532 - <unknown>
[INFO] [stdout]    6:     0x5e7b79cdef11 - <unknown>
[INFO] [stdout]    7:     0x5e7b79cdeec9 - <unknown>
[INFO] [stdout]    8:     0x5e7b79cdf3bc - <unknown>
[INFO] [stdout]    9:     0x5e7b79b5623b - <unknown>
[INFO] [stdout]   10:     0x5e7b79b59991 - <unknown>
[INFO] [stdout]   11:     0x5e7b79c7feee - <unknown>
[INFO] [stdout]   12:     0x5e7b79b492f3 - <unknown>
[INFO] [stdout]   13:     0x5e7b79b4fb32 - <unknown>
[INFO] [stdout]   14:     0x5e7b79cf7d1b - <unknown>
[INFO] [stdout]   15:     0x5e7b79cf40f7 - <unknown>
[INFO] [stdout]   16:     0x5e7b79cf3bbc - <unknown>
[INFO] [stdout]   17:     0x5e7b79d0d33c - <unknown>
[INFO] [stdout]   18:     0x5e7b79ce0412 - <unknown>
[INFO] [stdout]   19:     0x70707576d07a - <unknown>
[INFO] [stdout]   20:     0x707075800534 - clone
[INFO] [stdout]   21:                0x0 - <unknown>
[INFO] [stdout] 
[INFO] [stdout] ---- test::verify_before_init_errors stdout ----
[INFO] [stdout] Writing test snapshot file for test "test::verify_before_init_errors" to "test_snapshots/test/verify_before_init_errors.1.json".
[INFO] [stdout] 
[INFO] [stdout] thread 'test::verify_before_init_errors' (2367) panicked at /opt/rustwide/cargo-home/registry/src/index.crates.io-1949cf8c6b5b557f/soroban-sdk-25.3.2/src/env.rs:1970:32:
[INFO] [stdout] called `Result::unwrap()` on an `Err` value: Os { code: 30, kind: ReadOnlyFilesystem, message: "Read-only file system" }
[INFO] [stdout] stack backtrace:
[INFO] [stdout]    0:     0x5e7b79cb9b5d - <unknown>
[INFO] [stdout]    1:     0x5e7b79b563a4 - <unknown>
[INFO] [stdout]    2:     0x5e7b79cb918b - <unknown>
[INFO] [stdout]    3:     0x5e7b79cb8d29 - <unknown>
[INFO] [stdout]    4:     0x5e7b79cb89aa - <unknown>
[INFO] [stdout]    5:     0x5e7b79cb8532 - <unknown>
[INFO] [stdout]    6:     0x5e7b79cdef11 - <unknown>
[INFO] [stdout]    7:     0x5e7b79cdeec9 - <unknown>
[INFO] [stdout]    8:     0x5e7b79cdf3bc - <unknown>
[INFO] [stdout]    9:     0x5e7b79b5623b - <unknown>
[INFO] [stdout]   10:     0x5e7b79b59991 - <unknown>
[INFO] [stdout]   11:     0x5e7b79c7feee - <unknown>
[INFO] [stdout]   12:     0x5e7b79b492f3 - <unknown>
[INFO] [stdout]   13:     0x5e7b79b4fca3 - <unknown>
[INFO] [stdout]   14:     0x5e7b79cf7d1b - <unknown>
[INFO] [stdout]   15:     0x5e7b79cf40f7 - <unknown>
[INFO] [stdout]   16:     0x5e7b79cf3bbc - <unknown>
[INFO] [stdout]   17:     0x5e7b79d0d33c - <unknown>
[INFO] [stdout]   18:     0x5e7b79ce0412 - <unknown>
[INFO] [stdout]   19:     0x70707576d07a - <unknown>
[INFO] [stdout]   20:     0x707075800534 - clone
[INFO] [stdout]   21:                0x0 - <unknown>
[INFO] [stdout] 
[INFO] [stdout] ---- test::vk_roundtrips stdout ----
[INFO] [stdout] Writing test snapshot file for test "test::vk_roundtrips" to "test_snapshots/test/vk_roundtrips.1.json".
[INFO] [stdout] 
[INFO] [stdout] thread 'test::vk_roundtrips' (2368) panicked at /opt/rustwide/cargo-home/registry/src/index.crates.io-1949cf8c6b5b557f/soroban-sdk-25.3.2/src/env.rs:1970:32:
[INFO] [stdout] called `Result::unwrap()` on an `Err` value: Os { code: 30, kind: ReadOnlyFilesystem, message: "Read-only file system" }
[INFO] [stdout] stack backtrace:
[INFO] [stdout]    0:     0x5e7b79cb9b5d - <unknown>
[INFO] [stdout]    1:     0x5e7b79b563a4 - <unknown>
[INFO] [stdout]    2:     0x5e7b79cb918b - <unknown>
[INFO] [stdout]    3:     0x5e7b79cb8d29 - <unknown>
[INFO] [stdout]    4:     0x5e7b79cb89aa - <unknown>
[INFO] [stdout]    5:     0x5e7b79cb8532 - <unknown>
[INFO] [stdout]    6:     0x5e7b79cdef11 - <unknown>
[INFO] [stdout]    7:     0x5e7b79cdeec9 - <unknown>
[INFO] [stdout]    8:     0x5e7b79cdf3bc - <unknown>
[INFO] [stdout]    9:     0x5e7b79b5623b - <unknown>
[INFO] [stdout]   10:     0x5e7b79b59991 - <unknown>
[INFO] [stdout]   11:     0x5e7b79c7feee - <unknown>
[INFO] [stdout]   12:     0x5e7b79b492f3 - <unknown>
[INFO] [stdout]   13:     0x5e7b79b4f432 - <unknown>
[INFO] [stdout]   14:     0x5e7b79cf7d1b - <unknown>
[INFO] [stdout]   15:     0x5e7b79cf40f7 - <unknown>
[INFO] [stdout]   16:     0x5e7b79cf3bbc - <unknown>
[INFO] [stdout]   17:     0x5e7b79d0d33c - <unknown>
[INFO] [stdout]   18:     0x5e7b79ce0412 - <unknown>
[INFO] [stdout]   19:     0x70707576d07a - <unknown>
[INFO] [stdout]   20:     0x707075800534 - clone
[INFO] [stdout]   21:                0x0 - <unknown>
[INFO] [stdout] 
[INFO] [stdout] ---- test::reordered_public_inputs_break_verification stdout ----
[INFO] [stdout] Writing test snapshot file for test "test::reordered_public_inputs_break_verification" to "test_snapshots/test/reordered_public_inputs_break_verification.1.json".
[INFO] [stdout] 
[INFO] [stdout] thread 'test::reordered_public_inputs_break_verification' (2366) panicked at /opt/rustwide/cargo-home/registry/src/index.crates.io-1949cf8c6b5b557f/soroban-sdk-25.3.2/src/env.rs:1970:32:
[INFO] [stdout] called `Result::unwrap()` on an `Err` value: Os { code: 30, kind: ReadOnlyFilesystem, message: "Read-only file system" }
[INFO] [stdout] stack backtrace:
[INFO] [stdout]    0:     0x5e7b79cb9b5d - <unknown>
[INFO] [stdout]    1:     0x5e7b79b563a4 - <unknown>
[INFO] [stdout]    2:     0x5e7b79cb918b - <unknown>
[INFO] [stdout]    3:     0x5e7b79cb8d29 - <unknown>
[INFO] [stdout]    4:     0x5e7b79cb89aa - <unknown>
[INFO] [stdout]    5:     0x5e7b79cb8532 - <unknown>
[INFO] [stdout]    6:     0x5e7b79cdef11 - <unknown>
[INFO] [stdout]    7:     0x5e7b79cdeec9 - <unknown>
[INFO] [stdout]    8:     0x5e7b79cdf3bc - <unknown>
[INFO] [stdout]    9:     0x5e7b79b5623b - <unknown>
[INFO] [stdout]   10:     0x5e7b79b59991 - <unknown>
[INFO] [stdout]   11:     0x5e7b79c7feee - <unknown>
[INFO] [stdout]   12:     0x5e7b79b492f3 - <unknown>
[INFO] [stdout]   13:     0x5e7b79b50dc6 - <unknown>
[INFO] [stdout]   14:     0x5e7b79cf7d1b - <unknown>
[INFO] [stdout]   15:     0x5e7b79cf40f7 - <unknown>
[INFO] [stdout]   16:     0x5e7b79cf3bbc - <unknown>
[INFO] [stdout]   17:     0x5e7b79d0d33c - <unknown>
[INFO] [stdout]   18:     0x5e7b79ce0412 - <unknown>
[INFO] [stdout]   19:     0x70707576d07a - <unknown>
[INFO] [stdout]   20:     0x707075800534 - clone
[INFO] [stdout]   21:                0x0 - <unknown>
[INFO] [stdout] 
[INFO] [stdout] 
[INFO] [stdout] failures:
[INFO] [stdout]     test::init_is_idempotent
[INFO] [stdout]     test::malformed_vk_is_rejected
[INFO] [stdout]     test::reordered_public_inputs_break_verification
[INFO] [stdout]     test::verify_before_init_errors
[INFO] [stdout]     test::vk_roundtrips
[INFO] [stdout] 
[INFO] [stdout] test result: FAILED. 3 passed; 5 failed; 0 ignored; 0 measured; 0 filtered out; finished in 0.02s
[INFO] [stdout] 
[INFO] [stderr] error: test failed, to rerun pass `--lib`
[INFO] running `Command { std: "docker" "inspect" "eaed041a6a17726b0150b4fc815dda1306b4e518b8ad14b66d9993c6c7a724b4", kill_on_drop: false }`
[INFO] running `Command { std: "docker" "rm" "-f" "eaed041a6a17726b0150b4fc815dda1306b4e518b8ad14b66d9993c6c7a724b4", kill_on_drop: false }`
[INFO] [stdout] eaed041a6a17726b0150b4fc815dda1306b4e518b8ad14b66d9993c6c7a724b4
