[INFO] fetching crate swarc 0.1.0...
[INFO] testing swarc-0.1.0 against 1.98.0-beta.8+cargoflags=--release for beta-release-1.99-2
[INFO] extracting crate swarc 0.1.0 into /workspace/builds/worker-7-tc1/source
[INFO] started tweaking crates.io crate swarc 0.1.0
[INFO] removed 0 missing tests
[INFO] finished tweaking crates.io crate swarc 0.1.0
[INFO] tweaked toml for crates.io crate swarc 0.1.0 written to /workspace/builds/worker-7-tc1/source/Cargo.toml
[INFO] validating manifest of crates.io crate swarc 0.1.0 on toolchain 1.98.0-beta.8
[INFO] running `Command { std: CARGO_HOME="/workspace/cargo-home" RUSTUP_HOME="/workspace/rustup-home" "/workspace/cargo-home/bin/cargo" "+1.98.0-beta.8" "metadata" "--manifest-path" "Cargo.toml" "--no-deps", kill_on_drop: false }`
[INFO] crate crates.io crate swarc 0.1.0 already has a lockfile, it will not be regenerated
[INFO] running `Command { std: CARGO_HOME="/workspace/cargo-home" RUSTUP_HOME="/workspace/rustup-home" "/workspace/cargo-home/bin/cargo" "+1.98.0-beta.8" "fetch" "--manifest-path" "Cargo.toml", kill_on_drop: false }`
[INFO] [stderr]     Updating crates.io index
[INFO] [stderr]  Downloading crates ...
[INFO] [stderr]   Downloaded quote v1.0.41
[INFO] [stderr]   Downloaded float-ord v0.3.2
[INFO] [stderr]   Downloaded crossbeam v0.8.4
[INFO] [stderr]   Downloaded windows-link v0.2.0
[INFO] [stderr]   Downloaded wio v0.2.2
[INFO] [stderr]   Downloaded windows-interface v0.59.2
[INFO] [stderr]   Downloaded windows-strings v0.5.0
[INFO] [stderr]   Downloaded wasm-bindgen-macro v0.2.104
[INFO] [stderr]   Downloaded plotters-bitmap v0.3.7
[INFO] [stderr]   Downloaded yeslogic-fontconfig-sys v6.0.0
[INFO] [stderr]   Downloaded libredox v0.1.10
[INFO] [stderr]   Downloaded windows-result v0.4.0
[INFO] [stderr]   Downloaded windows-implement v0.60.1
[INFO] [stderr]   Downloaded num_cpus v1.17.0
[INFO] [stderr]   Downloaded wasm-bindgen-shared v0.2.104
[INFO] [stderr]   Downloaded find-msvc-tools v0.1.2
[INFO] [stderr]   Downloaded wasm-bindgen-macro-support v0.2.104
[INFO] [stderr]   Downloaded core-text v20.1.0
[INFO] [stderr]   Downloaded wasm-bindgen-backend v0.2.104
[INFO] [stderr]   Downloaded windows-core v0.62.1
[INFO] [stderr]   Downloaded wasm-bindgen v0.2.104
[INFO] [stderr]   Downloaded weezl v0.1.10
[INFO] [stderr]   Downloaded dwrote v0.11.4
[INFO] [stderr]   Downloaded pathfinder_simd v0.5.5
[INFO] [stderr]   Downloaded js-sys v0.3.81
[INFO] [stderr]   Downloaded font-kit v0.14.3
[INFO] [stderr]   Downloaded flate2 v1.1.2
[INFO] [stderr]   Downloaded cc v1.2.39
[INFO] [stderr]   Downloaded crossbeam-channel v0.5.15
[INFO] [stderr]   Downloaded rayon v1.11.0
[INFO] [stderr]   Downloaded png v0.17.16
[INFO] [stderr]   Downloaded web-sys v0.3.81
[INFO] [stderr]   Downloaded libc v0.2.176
[INFO] [stderr]   Downloaded jpeg-decoder v0.3.2
[INFO] [stderr]   Downloaded windows-sys v0.61.1
[INFO] [stderr]   Downloaded freetype-sys v0.20.1
[INFO] running `Command { std: "docker" "create" "-v" "/var/lib/crater-agent-workspace/builds/worker-7-tc1/source:/opt/rustwide/workdir:ro,Z" "-v" "/var/lib/crater-agent-workspace/builds/worker-7-tc1/target:/opt/rustwide/target:rw,Z" "-v" "/var/lib/crater-agent-workspace/cargo-home:/opt/rustwide/cargo-home:ro,Z" "-v" "/var/lib/crater-agent-workspace/rustup-home:/opt/rustwide/rustup-home:ro,Z" "-m" "1610612736" "--network" "none" "ghcr.io/rust-lang/crates-build-env/linux@sha256:8683fc1fc2eb5c9ac98e0d076ab094b2ffac7f99da555d2b6a2e27f346de2ec7" "sleep" "infinity", kill_on_drop: false }`
[INFO] [stdout] 42739505c5562f3f0c9cc43ddefc748ae3433c1f758c746a7dad386cce58ccd5
[INFO] running `Command { std: "docker" "start" "42739505c5562f3f0c9cc43ddefc748ae3433c1f758c746a7dad386cce58ccd5", kill_on_drop: false }`
[INFO] running `Command { std: "docker" "inspect" "42739505c5562f3f0c9cc43ddefc748ae3433c1f758c746a7dad386cce58ccd5", kill_on_drop: false }`
[INFO] running `Command { std: "docker" "exec" "-e" "SOURCE_DIR=/opt/rustwide/workdir" "-e" "CARGO_HOME=/opt/rustwide/cargo-home" "-e" "RUSTUP_HOME=/opt/rustwide/rustup-home" "-e" "CARGO_TARGET_DIR=/opt/rustwide/target" "-w" "/opt/rustwide/workdir" "--user" "0:0" "42739505c5562f3f0c9cc43ddefc748ae3433c1f758c746a7dad386cce58ccd5" "/opt/rustwide/cargo-home/bin/cargo" "+1.98.0-beta.8" "metadata" "--no-deps" "--format-version=1", kill_on_drop: false }`
[INFO] running `Command { std: "docker" "inspect" "42739505c5562f3f0c9cc43ddefc748ae3433c1f758c746a7dad386cce58ccd5", kill_on_drop: false }`
[INFO] running `Command { std: "docker" "exec" "-e" "SOURCE_DIR=/opt/rustwide/workdir" "-e" "CARGO_HOME=/opt/rustwide/cargo-home" "-e" "RUSTUP_HOME=/opt/rustwide/rustup-home" "-e" "CARGO_TARGET_DIR=/opt/rustwide/target" "-e" "CARGO_INCREMENTAL=0" "-e" "RUST_BACKTRACE=full" "-e" "RUSTFLAGS=--cap-lints=warn" "-e" "RUSTDOCFLAGS=--cap-lints=warn" "-w" "/opt/rustwide/workdir" "--user" "0:0" "42739505c5562f3f0c9cc43ddefc748ae3433c1f758c746a7dad386cce58ccd5" "/opt/rustwide/cargo-home/bin/cargo" "+1.98.0-beta.8" "build" "--frozen" "--message-format=json" "--release", kill_on_drop: false }`
[INFO] [stderr]    Compiling cfg-if v1.0.3
[INFO] [stderr]    Compiling libc v0.2.176
[INFO] [stderr]    Compiling pkg-config v0.3.32
[INFO] [stderr]    Compiling crossbeam-utils v0.8.21
[INFO] [stderr]    Compiling autocfg v1.5.0
[INFO] [stderr]    Compiling find-msvc-tools v0.1.2
[INFO] [stderr]    Compiling crc32fast v1.5.0
[INFO] [stderr]    Compiling shlex v1.3.0
[INFO] [stderr]    Compiling simd-adler32 v0.3.7
[INFO] [stderr]    Compiling semver v1.0.27
[INFO] [stderr]    Compiling adler2 v2.0.1
[INFO] [stderr]    Compiling proc-macro2 v1.0.101
[INFO] [stderr]    Compiling zerocopy v0.8.27
[INFO] [stderr]    Compiling unicode-ident v1.0.19
[INFO] [stderr]    Compiling quote v1.0.41
[INFO] [stderr]    Compiling byteorder v1.5.0
[INFO] [stderr]    Compiling libloading v0.8.9
[INFO] [stderr]    Compiling color_quant v1.1.0
[INFO] [stderr]    Compiling serde_core v1.0.228
[INFO] [stderr]    Compiling option-ext v0.2.0
[INFO] [stderr]    Compiling cc v1.2.39
[INFO] [stderr]    Compiling miniz_oxide v0.8.9
[INFO] [stderr]    Compiling fdeflate v0.3.7
[INFO] [stderr]    Compiling num-traits v0.2.19
[INFO] [stderr]    Compiling dlib v0.5.2
[INFO] [stderr]    Compiling log v0.4.28
[INFO] [stderr]    Compiling weezl v0.1.10
[INFO] [stderr]    Compiling bytemuck v1.23.2
[INFO] [stderr]    Compiling same-file v1.0.6
[INFO] [stderr]    Compiling rustc_version v0.4.1
[INFO] [stderr]    Compiling plotters-backend v0.3.7
[INFO] [stderr]    Compiling once_cell v1.21.3
[INFO] [stderr]    Compiling font-kit v0.14.3
[INFO] [stderr]    Compiling jpeg-decoder v0.3.2
[INFO] [stderr]    Compiling yeslogic-fontconfig-sys v6.0.0
[INFO] [stderr]    Compiling rayon-core v1.13.0
[INFO] [stderr]    Compiling walkdir v2.5.0
[INFO] [stderr]    Compiling syn v2.0.106
[INFO] [stderr]    Compiling iana-time-zone v0.1.64
[INFO] [stderr]    Compiling pathfinder_simd v0.5.5
[INFO] [stderr]    Compiling serde_json v1.0.145
[INFO] [stderr]    Compiling flate2 v1.1.2
[INFO] [stderr]    Compiling gif v0.12.0
[INFO] [stderr]    Compiling serde v1.0.228
[INFO] [stderr]    Compiling crossbeam-epoch v0.9.18
[INFO] [stderr]    Compiling float-ord v0.3.2
[INFO] [stderr]    Compiling bitflags v2.9.4
[INFO] [stderr]    Compiling crossbeam-queue v0.3.12
[INFO] [stderr]    Compiling crossbeam-channel v0.5.15
[INFO] [stderr]    Compiling crossbeam-deque v0.8.6
[INFO] [stderr]    Compiling png v0.17.16
[INFO] [stderr]    Compiling chrono v0.4.42
[INFO] [stderr]    Compiling plotters-svg v0.3.7
[INFO] [stderr]    Compiling ryu v1.0.20
[INFO] [stderr]    Compiling freetype-sys v0.20.1
[INFO] [stderr]    Compiling either v1.15.0
[INFO] [stderr]    Compiling ttf-parser v0.20.0
[INFO] [stderr]    Compiling pathfinder_geometry v0.5.1
[INFO] [stderr]    Compiling itoa v1.0.15
[INFO] [stderr]    Compiling memchr v2.7.6
[INFO] [stderr]    Compiling crossbeam v0.8.4
[INFO] [stderr]    Compiling getrandom v0.2.16
[INFO] [stderr]    Compiling dirs-sys v0.5.0
[INFO] [stderr]    Compiling dirs v6.0.0
[INFO] [stderr]    Compiling rand_core v0.6.4
[INFO] [stderr]    Compiling num_cpus v1.17.0
[INFO] [stderr]    Compiling rayon v1.11.0
[INFO] [stderr]    Compiling image v0.24.9
[INFO] [stderr]    Compiling ppv-lite86 v0.2.21
[INFO] [stderr]    Compiling serde_derive v1.0.228
[INFO] [stderr]    Compiling rand_chacha v0.3.1
[INFO] [stderr]    Compiling rand v0.8.5
[INFO] [stderr]    Compiling plotters-bitmap v0.3.7
[INFO] [stderr]    Compiling plotters v0.3.7
[INFO] [stderr]    Compiling swarc v0.1.0 (/opt/rustwide/workdir)
[INFO] [stdout] warning: struct `IndexSnapshot` is never constructed
[INFO] [stdout]  --> src/insert.rs:7:8
[INFO] [stdout]   |
[INFO] [stdout] 7 | struct IndexSnapshot<T> {
[INFO] [stdout]   |        ^^^^^^^^^^^^^
[INFO] [stdout]   |
[INFO] [stdout]   = note: `#[warn(dead_code)]` (part of `#[warn(unused)]`) on by default
[INFO] [stdout] 
[INFO] [stdout] 
[INFO] [stdout] warning: struct `ConnectionUpdate` is never constructed
[INFO] [stdout]   --> src/insert.rs:18:8
[INFO] [stdout]    |
[INFO] [stdout] 18 | struct ConnectionUpdate {
[INFO] [stdout]    |        ^^^^^^^^^^^^^^^^
[INFO] [stdout] 
[INFO] [stdout] 
[INFO] [stdout] warning: methods `build_connections_for_node`, `insert_single_with_level`, `compute_connections_parallel`, `search_layer_snapshot`, `select_neighbors_snapshot`, and `apply_connection_update` are never used
[INFO] [stdout]    --> src/insert.rs:284:8
[INFO] [stdout]     |
[INFO] [stdout]  25 | impl<T: Clone + Send + Sync> HNSWIndex<T> {
[INFO] [stdout]     | ----------------------------------------- methods in this implementation
[INFO] [stdout] ...
[INFO] [stdout] 284 |     fn build_connections_for_node(&mut self, node_index: usize, embedding: &[f32], level: usize) -> Result<(), String> {
[INFO] [stdout]     |        ^^^^^^^^^^^^^^^^^^^^^^^^^^
[INFO] [stdout] ...
[INFO] [stdout] 365 |     fn insert_single_with_level(&mut self, id: String, embedding: Vec<f32>, document: Option<Document<T>>, level: usize) -> Result<...
[INFO] [stdout]     |        ^^^^^^^^^^^^^^^^^^^^^^^^
[INFO] [stdout] ...
[INFO] [stdout] 474 |     fn compute_connections_parallel(
[INFO] [stdout]     |        ^^^^^^^^^^^^^^^^^^^^^^^^^^^^
[INFO] [stdout] ...
[INFO] [stdout] 525 |     fn search_layer_snapshot(
[INFO] [stdout]     |        ^^^^^^^^^^^^^^^^^^^^^
[INFO] [stdout] ...
[INFO] [stdout] 595 |     fn select_neighbors_snapshot(&self, snapshot: &IndexSnapshot<T>, candidates: &[(usize, f32)], m: usize) -> Vec<usize> {
[INFO] [stdout]     |        ^^^^^^^^^^^^^^^^^^^^^^^^^
[INFO] [stdout] ...
[INFO] [stdout] 638 |     fn apply_connection_update(&mut self, update: ConnectionUpdate) {
[INFO] [stdout]     |        ^^^^^^^^^^^^^^^^^^^^^^^
[INFO] [stdout] 
[INFO] [stdout] 
[INFO] [stderr]     Finished `release` profile [optimized] target(s) in 54.03s
[INFO] running `Command { std: "docker" "inspect" "42739505c5562f3f0c9cc43ddefc748ae3433c1f758c746a7dad386cce58ccd5", kill_on_drop: false }`
[INFO] running `Command { std: "docker" "exec" "-e" "SOURCE_DIR=/opt/rustwide/workdir" "-e" "CARGO_HOME=/opt/rustwide/cargo-home" "-e" "RUSTUP_HOME=/opt/rustwide/rustup-home" "-e" "CARGO_TARGET_DIR=/opt/rustwide/target" "-e" "CARGO_INCREMENTAL=0" "-e" "RUST_BACKTRACE=full" "-e" "RUSTFLAGS=--cap-lints=warn" "-e" "RUSTDOCFLAGS=--cap-lints=warn" "-w" "/opt/rustwide/workdir" "--user" "0:0" "42739505c5562f3f0c9cc43ddefc748ae3433c1f758c746a7dad386cce58ccd5" "/opt/rustwide/cargo-home/bin/cargo" "+1.98.0-beta.8" "test" "--frozen" "--no-run" "--message-format=json" "--release", kill_on_drop: false }`
[INFO] [stdout] warning: struct `IndexSnapshot` is never constructed
[INFO] [stdout]  --> src/insert.rs:7:8
[INFO] [stdout]   |
[INFO] [stdout] 7 | struct IndexSnapshot<T> {
[INFO] [stdout]   |        ^^^^^^^^^^^^^
[INFO] [stdout]   |
[INFO] [stdout]   = note: `#[warn(dead_code)]` (part of `#[warn(unused)]`) on by default
[INFO] [stdout] 
[INFO] [stdout] 
[INFO] [stdout] warning: struct `ConnectionUpdate` is never constructed
[INFO] [stdout]   --> src/insert.rs:18:8
[INFO] [stdout]    |
[INFO] [stdout] 18 | struct ConnectionUpdate {
[INFO] [stdout]    |        ^^^^^^^^^^^^^^^^
[INFO] [stdout] 
[INFO] [stdout] 
[INFO] [stdout] warning: methods `build_connections_for_node`, `insert_single_with_level`, `compute_connections_parallel`, `search_layer_snapshot`, `select_neighbors_snapshot`, and `apply_connection_update` are never used
[INFO] [stdout]    --> src/insert.rs:284:8
[INFO] [stdout]     |
[INFO] [stdout]  25 | impl<T: Clone + Send + Sync> HNSWIndex<T> {
[INFO] [stdout]     | ----------------------------------------- methods in this implementation
[INFO] [stdout] ...
[INFO] [stdout] 284 |     fn build_connections_for_node(&mut self, node_index: usize, embedding: &[f32], level: usize) -> Result<(), String> {
[INFO] [stdout]     |        ^^^^^^^^^^^^^^^^^^^^^^^^^^
[INFO] [stdout] ...
[INFO] [stdout] 365 |     fn insert_single_with_level(&mut self, id: String, embedding: Vec<f32>, document: Option<Document<T>>, level: usize) -> Result<...
[INFO] [stdout]     |        ^^^^^^^^^^^^^^^^^^^^^^^^
[INFO] [stdout] ...
[INFO] [stdout] 474 |     fn compute_connections_parallel(
[INFO] [stdout]     |        ^^^^^^^^^^^^^^^^^^^^^^^^^^^^
[INFO] [stdout] ...
[INFO] [stdout] 525 |     fn search_layer_snapshot(
[INFO] [stdout]     |        ^^^^^^^^^^^^^^^^^^^^^
[INFO] [stdout] ...
[INFO] [stdout] 595 |     fn select_neighbors_snapshot(&self, snapshot: &IndexSnapshot<T>, candidates: &[(usize, f32)], m: usize) -> Vec<usize> {
[INFO] [stdout]     |        ^^^^^^^^^^^^^^^^^^^^^^^^^
[INFO] [stdout] ...
[INFO] [stdout] 638 |     fn apply_connection_update(&mut self, update: ConnectionUpdate) {
[INFO] [stdout]     |        ^^^^^^^^^^^^^^^^^^^^^^^
[INFO] [stdout] 
[INFO] [stdout] 
[INFO] [stderr]    Compiling swarc v0.1.0 (/opt/rustwide/workdir)
[INFO] [stdout] warning: comparison is useless due to type limits
[INFO] [stdout]   --> tests/index_tests.rs:86:17
[INFO] [stdout]    |
[INFO] [stdout] 86 |         assert!(*level >= 0); // This is always true for usize, but kept for clarity
[INFO] [stdout]    |                 ^^^^^^^^^^^
[INFO] [stdout]    |
[INFO] [stdout]    = note: `#[warn(unused_comparisons)]` on by default
[INFO] [stdout] 
[INFO] [stdout] 
[INFO] [stdout] warning: struct `IndexSnapshot` is never constructed
[INFO] [stdout]  --> src/insert.rs:7:8
[INFO] [stdout]   |
[INFO] [stdout] 7 | struct IndexSnapshot<T> {
[INFO] [stdout]   |        ^^^^^^^^^^^^^
[INFO] [stdout]   |
[INFO] [stdout]   = note: `#[warn(dead_code)]` (part of `#[warn(unused)]`) on by default
[INFO] [stdout] 
[INFO] [stdout] 
[INFO] [stdout] warning: struct `ConnectionUpdate` is never constructed
[INFO] [stdout]   --> src/insert.rs:18:8
[INFO] [stdout]    |
[INFO] [stdout] 18 | struct ConnectionUpdate {
[INFO] [stdout]    |        ^^^^^^^^^^^^^^^^
[INFO] [stdout] 
[INFO] [stdout] 
[INFO] [stdout] warning: methods `build_connections_for_node`, `insert_single_with_level`, `compute_connections_parallel`, `search_layer_snapshot`, `select_neighbors_snapshot`, and `apply_connection_update` are never used
[INFO] [stdout]    --> src/insert.rs:284:8
[INFO] [stdout]     |
[INFO] [stdout]  25 | impl<T: Clone + Send + Sync> HNSWIndex<T> {
[INFO] [stdout]     | ----------------------------------------- methods in this implementation
[INFO] [stdout] ...
[INFO] [stdout] 284 |     fn build_connections_for_node(&mut self, node_index: usize, embedding: &[f32], level: usize) -> Result<(), String> {
[INFO] [stdout]     |        ^^^^^^^^^^^^^^^^^^^^^^^^^^
[INFO] [stdout] ...
[INFO] [stdout] 365 |     fn insert_single_with_level(&mut self, id: String, embedding: Vec<f32>, document: Option<Document<T>>, level: usize) -> Result<...
[INFO] [stdout]     |        ^^^^^^^^^^^^^^^^^^^^^^^^
[INFO] [stdout] ...
[INFO] [stdout] 474 |     fn compute_connections_parallel(
[INFO] [stdout]     |        ^^^^^^^^^^^^^^^^^^^^^^^^^^^^
[INFO] [stdout] ...
[INFO] [stdout] 525 |     fn search_layer_snapshot(
[INFO] [stdout]     |        ^^^^^^^^^^^^^^^^^^^^^
[INFO] [stdout] ...
[INFO] [stdout] 595 |     fn select_neighbors_snapshot(&self, snapshot: &IndexSnapshot<T>, candidates: &[(usize, f32)], m: usize) -> Vec<usize> {
[INFO] [stdout]     |        ^^^^^^^^^^^^^^^^^^^^^^^^^
[INFO] [stdout] ...
[INFO] [stdout] 638 |     fn apply_connection_update(&mut self, update: ConnectionUpdate) {
[INFO] [stdout]     |        ^^^^^^^^^^^^^^^^^^^^^^^
[INFO] [stdout] 
[INFO] [stdout] 
[INFO] [stderr]     Finished `release` profile [optimized] target(s) in 7.55s
[INFO] running `Command { std: "docker" "inspect" "42739505c5562f3f0c9cc43ddefc748ae3433c1f758c746a7dad386cce58ccd5", kill_on_drop: false }`
[INFO] running `Command { std: "docker" "exec" "-e" "SOURCE_DIR=/opt/rustwide/workdir" "-e" "CARGO_HOME=/opt/rustwide/cargo-home" "-e" "RUSTUP_HOME=/opt/rustwide/rustup-home" "-e" "CARGO_TARGET_DIR=/opt/rustwide/target" "-e" "CARGO_INCREMENTAL=0" "-e" "RUST_BACKTRACE=full" "-e" "RUSTFLAGS=--cap-lints=warn" "-e" "RUSTDOCFLAGS=--cap-lints=warn" "-w" "/opt/rustwide/workdir" "--user" "0:0" "42739505c5562f3f0c9cc43ddefc748ae3433c1f758c746a7dad386cce58ccd5" "/opt/rustwide/cargo-home/bin/cargo" "+1.98.0-beta.8" "test" "--frozen" "--release", kill_on_drop: false }`
[INFO] [stderr] warning: struct `IndexSnapshot` is never constructed
[INFO] [stderr]  --> src/insert.rs:7:8
[INFO] [stderr]   |
[INFO] [stderr] 7 | struct IndexSnapshot<T> {
[INFO] [stderr]   |        ^^^^^^^^^^^^^
[INFO] [stderr]   |
[INFO] [stderr]   = note: `#[warn(dead_code)]` (part of `#[warn(unused)]`) on by default
[INFO] [stderr] 
[INFO] [stderr] warning: struct `ConnectionUpdate` is never constructed
[INFO] [stderr]   --> src/insert.rs:18:8
[INFO] [stderr]    |
[INFO] [stderr] 18 | struct ConnectionUpdate {
[INFO] [stderr]    |        ^^^^^^^^^^^^^^^^
[INFO] [stderr] 
[INFO] [stderr] warning: methods `build_connections_for_node`, `insert_single_with_level`, `compute_connections_parallel`, `search_layer_snapshot`, `select_neighbors_snapshot`, and `apply_connection_update` are never used
[INFO] [stderr]    --> src/insert.rs:284:8
[INFO] [stderr]     |
[INFO] [stderr]  25 | impl<T: Clone + Send + Sync> HNSWIndex<T> {
[INFO] [stderr]     | ----------------------------------------- methods in this implementation
[INFO] [stderr] ...
[INFO] [stderr] 284 |     fn build_connections_for_node(&mut self, node_index: usize, embedding: &[f32], level: usize) -> Result<(), String> {
[INFO] [stderr]     |        ^^^^^^^^^^^^^^^^^^^^^^^^^^
[INFO] [stderr] ...
[INFO] [stderr] 365 |     fn insert_single_with_level(&mut self, id: String, embedding: Vec<f32>, document: Option<Document<T>>, level: usize) -> Result<...
[INFO] [stderr]     |        ^^^^^^^^^^^^^^^^^^^^^^^^
[INFO] [stderr] ...
[INFO] [stderr] 474 |     fn compute_connections_parallel(
[INFO] [stderr]     |        ^^^^^^^^^^^^^^^^^^^^^^^^^^^^
[INFO] [stderr] ...
[INFO] [stderr] 525 |     fn search_layer_snapshot(
[INFO] [stderr]     |        ^^^^^^^^^^^^^^^^^^^^^
[INFO] [stderr] ...
[INFO] [stderr] 595 |     fn select_neighbors_snapshot(&self, snapshot: &IndexSnapshot<T>, candidates: &[(usize, f32)], m: usize) -> Vec<usize> {
[INFO] [stderr]     |        ^^^^^^^^^^^^^^^^^^^^^^^^^
[INFO] [stderr] ...
[INFO] [stderr] 638 |     fn apply_connection_update(&mut self, update: ConnectionUpdate) {
[INFO] [stderr]     |        ^^^^^^^^^^^^^^^^^^^^^^^
[INFO] [stderr] 
[INFO] [stderr] warning: `swarc` (lib) generated 3 warnings
[INFO] [stderr] warning: `swarc` (lib test) generated 3 warnings (3 duplicates)
[INFO] [stderr] warning: comparison is useless due to type limits
[INFO] [stderr]   --> tests/index_tests.rs:86:17
[INFO] [stderr]    |
[INFO] [stderr] 86 |         assert!(*level >= 0); // This is always true for usize, but kept for clarity
[INFO] [stderr]    |                 ^^^^^^^^^^^
[INFO] [stderr]    |
[INFO] [stderr]    = note: `#[warn(unused_comparisons)]` on by default
[INFO] [stderr] 
[INFO] [stderr] warning: `swarc` (test "index_tests") generated 1 warning
[INFO] [stderr]     Finished `release` profile [optimized] target(s) in 0.16s
[INFO] [stdout] 
[INFO] [stdout] running 0 tests
[INFO] [stdout] 
[INFO] [stdout] test result: ok. 0 passed; 0 failed; 0 ignored; 0 measured; 0 filtered out; finished in 0.00s
[INFO] [stdout] 
[INFO] [stderr]      Running unittests src/lib.rs (/opt/rustwide/target/release/deps/swarc-d0f562487e7c6dd0)
[INFO] [stderr]      Running unittests performance_tests/benchmark.rs (/opt/rustwide/target/release/deps/benchmark-d9ff9afb0dc3ef38)
[INFO] [stdout] 
[INFO] [stdout] running 0 tests
[INFO] [stdout] 
[INFO] [stdout] test result: ok. 0 passed; 0 failed; 0 ignored; 0 measured; 0 filtered out; finished in 0.00s
[INFO] [stdout] 
[INFO] [stderr]      Running unittests performance_tests/plot_results.rs (/opt/rustwide/target/release/deps/plot_results-4eae1b018845d36a)
[INFO] [stdout] 
[INFO] [stdout] running 0 tests
[INFO] [stdout] 
[INFO] [stdout] test result: ok. 0 passed; 0 failed; 0 ignored; 0 measured; 0 filtered out; finished in 0.00s
[INFO] [stdout] 
[INFO] [stderr]      Running unittests src/main.rs (/opt/rustwide/target/release/deps/swarc-bc5f4a192dfc7aa2)
[INFO] [stdout] 
[INFO] [stdout] running 0 tests
[INFO] [stdout] 
[INFO] [stdout] test result: ok. 0 passed; 0 failed; 0 ignored; 0 measured; 0 filtered out; finished in 0.00s
[INFO] [stdout] 
[INFO] [stderr]      Running tests/index_tests.rs (/opt/rustwide/target/release/deps/index_tests-aa4c55839bb89c61)
[INFO] [stdout] 
[INFO] [stdout] running 11 tests
[INFO] [stdout] test test_cosine_distance ... ok
[INFO] [stdout] test test_distance_calculation ... ok
[INFO] [stdout] test test_distance_metric_consistency ... ok
[INFO] [stdout] test test_distance_symmetry ... ok
[INFO] [stdout] test test_index_creation ... ok
[INFO] [stdout] test test_index_creation_with_different_parameters ... ok
[INFO] [stdout] test test_distance_metric_creation ... ok
[INFO] [stdout] test test_index_utility_methods ... ok
[INFO] [stdout] test test_level_generation ... ok
[INFO] [stdout] test test_distance_zero_vectors ... ok
[INFO] [stdout] test test_index_with_different_data_types ... ok
[INFO] [stdout] 
[INFO] [stdout] test result: ok. 11 passed; 0 failed; 0 ignored; 0 measured; 0 filtered out; finished in 0.00s
[INFO] [stdout] 
[INFO] [stderr]      Running tests/insert_tests.rs (/opt/rustwide/target/release/deps/insert_tests-78a73db5d8944d6e)
[INFO] [stdout] 
[INFO] [stdout] running 12 tests
[INFO] [stdout] test test_insert_duplicate_id ... ok
[INFO] [stdout] test test_insert_single_node ... ok
[INFO] [stdout] test test_insert_different_embedding_dimensions ... ok
[INFO] [stdout] test test_insert_large_dataset ... ok
[INFO] [stdout] test test_insert_multiple_nodes ... ok
[INFO] [stdout] test test_insert_with_negative_embeddings ... ok
[INFO] [stdout] test test_insert_without_document ... ok
[INFO] [stdout] test test_rebalance ... ok
[INFO] [stdout] test test_select_neighbors ... ok
[INFO] [stdout] test test_rebalance_empty_index ... ok
[INFO] [stdout] test test_insert_with_zero_embedding ... ok
[INFO] [stdout] test test_select_neighbors_less_candidates_than_m ... ok
[INFO] [stdout] 
[INFO] [stdout] test result: ok. 12 passed; 0 failed; 0 ignored; 0 measured; 0 filtered out; finished in 0.00s
[INFO] [stdout] 
[INFO] [stderr]      Running tests/integration_tests.rs (/opt/rustwide/target/release/deps/integration_tests-a64f4d2900536745)
[INFO] [stdout] 
[INFO] [stdout] running 7 tests
[INFO] [stdout] test test_different_data_types ... ok
[INFO] [stdout] test test_error_handling ... ok
[INFO] [stdout] test test_full_workflow ... ok
[INFO] [stdout] test test_index_persistence_simulation ... ok
[INFO] [stdout] test test_search_accuracy ... ok
[INFO] [stdout] test test_large_dataset_operations ... ok
[INFO] [stderr]      Running tests/parallel_insert_tests.rs (/opt/rustwide/target/release/deps/parallel_insert_tests-95f3f755f751c27f)
[INFO] [stdout] test test_performance_characteristics ... ok
[INFO] [stdout] 
[INFO] [stdout] test result: ok. 7 passed; 0 failed; 0 ignored; 0 measured; 0 filtered out; finished in 3.93s
[INFO] [stdout] 
[INFO] [stdout] 
[INFO] [stdout] running 11 tests
[INFO] [stdout] test test_parallel_insert_duplicate_ids ... ok
[INFO] [stdout] test test_parallel_insert_existing_id ... ok
[INFO] [stdout] test test_parallel_insert_empty_list ... ok
[INFO] [stdout] test test_parallel_insertion_error_handling ... ok
[INFO] [stdout] test test_parallel_insert_with_documents ... ok
[INFO] [stdout] test test_parallel_insert_multiple_items ... ok
[INFO] [stdout] test test_parallel_insert_single_item ... ok
[INFO] [stdout] test test_parallel_vs_sequential_insertion ... ok
[INFO] [stdout] test test_parallel_insertion_with_different_dimensions ... FAILED
[INFO] [stdout] test test_parallel_insert_large_dataset ... ok
[INFO] [stdout] test test_parallel_insertion_search_accuracy ... ok
[INFO] [stdout] 
[INFO] [stdout] failures:
[INFO] [stdout] 
[INFO] [stdout] ---- test_parallel_insertion_with_different_dimensions stdout ----
[INFO] [stdout] 
[INFO] [stdout] thread 'test_parallel_insertion_with_different_dimensions' (2172) panicked at tests/parallel_insert_tests.rs:266:5:
[INFO] [stdout] assertion `left == right` failed
[INFO] [stdout]   left: 0
[INFO] [stdout]  right: 1
[INFO] [stdout] stack backtrace:
[INFO] [stdout]    0:     0x55bde33b3c61 - <<std[97b98282bc616a66]::sys::backtrace::BacktraceLock>::print::DisplayBacktrace as core[832e9a552fc17241]::fmt::Display>::fmt
[INFO] [stdout]    1:     0x55bde33c80aa - core[832e9a552fc17241]::fmt::write
[INFO] [stdout]    2:     0x55bde33b816c - <alloc[3ecab9f82c41dc7d]::vec::Vec<u8> as std[97b98282bc616a66]::io::Write>::write_fmt
[INFO] [stdout]    3:     0x55bde33920d6 - std[97b98282bc616a66]::panicking::default_hook::{closure#0}
[INFO] [stdout]    4:     0x55bde33abd09 - std[97b98282bc616a66]::panicking::default_hook
[INFO] [stdout]    5:     0x55bde333afd0 - test[39766f3d73431624]::test_main_inner::<test[39766f3d73431624]::test_main_static::{closure#0}>::{closure#0}
[INFO] [stdout]    6:     0x55bde33ac032 - std[97b98282bc616a66]::panicking::panic_with_hook
[INFO] [stdout]    7:     0x55bde3392182 - std[97b98282bc616a66]::panicking::panic_handler::{closure#0}
[INFO] [stdout]    8:     0x55bde3389ad9 - std[97b98282bc616a66]::sys::backtrace::__rust_end_short_backtrace::<std[97b98282bc616a66]::panicking::panic_handler::{closure#0}, !>
[INFO] [stdout]    9:     0x55bde3392d7d - __rustc[e3d8617bb01b7f69]::rust_begin_unwind
[INFO] [stdout]   10:     0x55bde33c87dc - core[832e9a552fc17241]::panicking::panic_fmt
[INFO] [stdout]   11:     0x55bde33c86f3 - core[832e9a552fc17241]::panicking::assert_failed_inner
[INFO] [stdout]   12:     0x55bde33c4f38 - core[832e9a552fc17241]::panicking::assert_failed::<usize, usize>
[INFO] [stdout]   13:     0x55bde331c99f - <parallel_insert_tests[ccc7e6601a57d0dc]::test_parallel_insertion_with_different_dimensions::{closure#0} as core[832e9a552fc17241]::ops::function::FnOnce<()>>::call_once
[INFO] [stdout]   14:     0x55bde332e30b - test[39766f3d73431624]::__rust_begin_short_backtrace::<core[832e9a552fc17241]::result::Result<(), alloc[3ecab9f82c41dc7d]::string::String>, fn() -> core[832e9a552fc17241]::result::Result<(), alloc[3ecab9f82c41dc7d]::string::String>>
[INFO] [stdout]   15:     0x55bde333b955 - test[39766f3d73431624]::run_test::{closure#0}
[INFO] [stdout]   16:     0x55bde3336404 - std[97b98282bc616a66]::sys::backtrace::__rust_begin_short_backtrace::<test[39766f3d73431624]::run_test::{closure#1}, ()>
[INFO] [stdout]   17:     0x55bde333eaa2 - <std[97b98282bc616a66]::thread::lifecycle::spawn_unchecked<test[39766f3d73431624]::run_test::{closure#1}, ()>::{closure#1} as core[832e9a552fc17241]::ops::function::FnOnce<()>>::call_once::{shim:vtable#0}
[INFO] [stdout]   18:     0x55bde33b34df - <std[97b98282bc616a66]::sys::thread::unix::Thread>::new::thread_start
[INFO] [stdout]   19:     0x7ad8cfef207a - <unknown>
[INFO] [stdout]   20:     0x7ad8cff85534 - clone
[INFO] [stdout]   21:                0x0 - <unknown>
[INFO] [stdout] 
[INFO] [stdout] 
[INFO] [stdout] failures:
[INFO] [stdout]     test_parallel_insertion_with_different_dimensions
[INFO] [stdout] 
[INFO] [stdout] test result: FAILED. 10 passed; 1 failed; 0 ignored; 0 measured; 0 filtered out; finished in 0.02s
[INFO] [stdout] 
[INFO] [stderr] error: test failed, to rerun pass `--test parallel_insert_tests`
[INFO] running `Command { std: "docker" "inspect" "42739505c5562f3f0c9cc43ddefc748ae3433c1f758c746a7dad386cce58ccd5", kill_on_drop: false }`
[INFO] running `Command { std: "docker" "rm" "-f" "42739505c5562f3f0c9cc43ddefc748ae3433c1f758c746a7dad386cce58ccd5", kill_on_drop: false }`
[INFO] [stdout] 42739505c5562f3f0c9cc43ddefc748ae3433c1f758c746a7dad386cce58ccd5
