[INFO] fetching crate suon_task 0.1.0...
[INFO] testing suon_task-0.1.0 against 1.98.0-beta.8+cargoflags=--release for beta-release-1.99-2
[INFO] extracting crate suon_task 0.1.0 into /workspace/builds/worker-4-tc1/source
[INFO] started tweaking crates.io crate suon_task 0.1.0
[INFO] finished tweaking crates.io crate suon_task 0.1.0
[INFO] tweaked toml for crates.io crate suon_task 0.1.0 written to /workspace/builds/worker-4-tc1/source/Cargo.toml
[INFO] validating manifest of crates.io crate suon_task 0.1.0 on toolchain 1.98.0-beta.8
[INFO] running `Command { std: CARGO_HOME="/workspace/cargo-home" RUSTUP_HOME="/workspace/rustup-home" "/workspace/cargo-home/bin/cargo" "+1.98.0-beta.8" "metadata" "--manifest-path" "Cargo.toml" "--no-deps", kill_on_drop: false }`
[INFO] crate crates.io crate suon_task 0.1.0 already has a lockfile, it will not be regenerated
[INFO] running `Command { std: CARGO_HOME="/workspace/cargo-home" RUSTUP_HOME="/workspace/rustup-home" "/workspace/cargo-home/bin/cargo" "+1.98.0-beta.8" "fetch" "--manifest-path" "Cargo.toml", kill_on_drop: false }`
[INFO] [stderr]     Updating crates.io index
[INFO] [stderr]  Downloading crates ...
[INFO] [stderr]   Downloaded bevy_window v0.18.1
[INFO] [stderr]   Downloaded bevy_internal v0.18.1
[INFO] [stderr]   Downloaded encase_derive_impl v0.12.0
[INFO] [stderr]   Downloaded variadics_please v1.1.0
[INFO] [stderr]   Downloaded bevy_macro_utils v0.18.1
[INFO] [stderr]   Downloaded encase_derive v0.12.0
[INFO] [stderr]   Downloaded disqualified v1.0.0
[INFO] [stderr]   Downloaded bevy_utils v0.18.1
[INFO] [stderr]   Downloaded bevy_platform v0.18.1
[INFO] [stderr]   Downloaded assert_type_match v0.1.1
[INFO] [stderr]   Downloaded bevy_ptr v0.18.1
[INFO] [stderr]   Downloaded bevy_ecs_macros v0.18.1
[INFO] [stderr]   Downloaded bevy_derive v0.18.1
[INFO] [stderr]   Downloaded tracing-oslog v0.3.0
[INFO] [stderr]   Downloaded bevy_state_macros v0.18.1
[INFO] [stderr]   Downloaded bevy_input v0.18.1
[INFO] [stderr]   Downloaded encase v0.12.0
[INFO] [stderr]   Downloaded const_panic v0.2.15
[INFO] [stderr]   Downloaded typewit v1.15.2
[INFO] [stderr]   Downloaded bevy_tasks v0.18.1
[INFO] [stderr]   Downloaded bevy_log v0.18.1
[INFO] [stderr]   Downloaded rand_distr v0.5.1
[INFO] [stderr]   Downloaded bevy_reflect_derive v0.18.1
[INFO] [stderr]   Downloaded bevy_transform v0.18.1
[INFO] [stderr]   Downloaded bevy_time v0.18.1
[INFO] [stderr]   Downloaded bevy_app v0.18.1
[INFO] [stderr]   Downloaded bevy_state v0.18.1
[INFO] [stderr]   Downloaded bevy_reflect v0.18.1
[INFO] [stderr]   Downloaded heapless v0.9.2
[INFO] [stderr]   Downloaded offset-allocator v0.2.0
[INFO] [stderr]   Downloaded bevy_math v0.18.1
[INFO] [stderr]   Downloaded bevy_render v0.18.1
[INFO] [stderr]   Downloaded bevy_shader v0.18.1
[INFO] [stderr]   Downloaded stackfuture v0.3.1
[INFO] [stderr]   Downloaded constant_time_eq v0.4.3
[INFO] [stderr]   Downloaded bevy_diagnostic v0.18.1
[INFO] [stderr]   Downloaded naga_oil v0.20.0
[INFO] [stderr]   Downloaded const-fnv1a-hash v1.1.0
[INFO] [stderr]   Downloaded bevy_asset_macros v0.18.1
[INFO] [stderr]   Downloaded bevy_android v0.18.1
[INFO] [stderr]   Downloaded bevy_asset v0.18.1
[INFO] [stderr]   Downloaded blake3 v1.8.4
[INFO] [stderr]   Downloaded sysinfo v0.37.2
[INFO] [stderr]   Downloaded bevy_ecs v0.18.1
[INFO] [stderr]   Downloaded bevy v0.18.1
[INFO] [stderr]   Downloaded libc v0.2.185
[INFO] [stderr]   Downloaded glam v0.30.10
[INFO] [stderr]   Downloaded atomicow v1.2.0
[INFO] [stderr]   Downloaded bevy_render_macros v0.18.1
[INFO] [stderr]   Downloaded hexasphere v16.0.0
[INFO] [stderr]   Downloaded bevy_mesh v0.18.1
[INFO] [stderr]   Downloaded constgebra v0.1.4
[INFO] [stderr]   Downloaded bevy_a11y v0.18.1
[INFO] [stderr]   Downloaded bevy_color v0.18.1
[INFO] [stderr]   Downloaded bevy_encase_derive v0.18.1
[INFO] [stderr]   Downloaded bevy_image v0.18.1
[INFO] [stderr]   Downloaded bevy_input_focus v0.18.1
[INFO] [stderr]   Downloaded bevy_camera v0.18.1
[INFO] [stderr]   Downloaded accesskit v0.21.1
[INFO] running `Command { std: "docker" "create" "-v" "/var/lib/crater-agent-workspace/builds/worker-4-tc1/source:/opt/rustwide/workdir:ro,Z" "-v" "/var/lib/crater-agent-workspace/builds/worker-4-tc1/target:/opt/rustwide/target:rw,Z" "-v" "/var/lib/crater-agent-workspace/cargo-home:/opt/rustwide/cargo-home:ro,Z" "-v" "/var/lib/crater-agent-workspace/rustup-home:/opt/rustwide/rustup-home:ro,Z" "-m" "1610612736" "--network" "none" "ghcr.io/rust-lang/crates-build-env/linux@sha256:8683fc1fc2eb5c9ac98e0d076ab094b2ffac7f99da555d2b6a2e27f346de2ec7" "sleep" "infinity", kill_on_drop: false }`
[INFO] [stdout] 97a43eadccf1f9fdba015b0d64b6268eef2fe0321e330caff5ed27a85abf349c
[INFO] running `Command { std: "docker" "start" "97a43eadccf1f9fdba015b0d64b6268eef2fe0321e330caff5ed27a85abf349c", kill_on_drop: false }`
[INFO] running `Command { std: "docker" "inspect" "97a43eadccf1f9fdba015b0d64b6268eef2fe0321e330caff5ed27a85abf349c", kill_on_drop: false }`
[INFO] running `Command { std: "docker" "exec" "-e" "SOURCE_DIR=/opt/rustwide/workdir" "-e" "CARGO_HOME=/opt/rustwide/cargo-home" "-e" "RUSTUP_HOME=/opt/rustwide/rustup-home" "-e" "CARGO_TARGET_DIR=/opt/rustwide/target" "-w" "/opt/rustwide/workdir" "--user" "0:0" "97a43eadccf1f9fdba015b0d64b6268eef2fe0321e330caff5ed27a85abf349c" "/opt/rustwide/cargo-home/bin/cargo" "+1.98.0-beta.8" "metadata" "--no-deps" "--format-version=1", kill_on_drop: false }`
[INFO] running `Command { std: "docker" "inspect" "97a43eadccf1f9fdba015b0d64b6268eef2fe0321e330caff5ed27a85abf349c", kill_on_drop: false }`
[INFO] running `Command { std: "docker" "exec" "-e" "SOURCE_DIR=/opt/rustwide/workdir" "-e" "CARGO_HOME=/opt/rustwide/cargo-home" "-e" "RUSTUP_HOME=/opt/rustwide/rustup-home" "-e" "CARGO_TARGET_DIR=/opt/rustwide/target" "-e" "CARGO_INCREMENTAL=0" "-e" "RUST_BACKTRACE=full" "-e" "RUSTFLAGS=--cap-lints=warn" "-e" "RUSTDOCFLAGS=--cap-lints=warn" "-w" "/opt/rustwide/workdir" "--user" "0:0" "97a43eadccf1f9fdba015b0d64b6268eef2fe0321e330caff5ed27a85abf349c" "/opt/rustwide/cargo-home/bin/cargo" "+1.98.0-beta.8" "build" "--frozen" "--message-format=json" "--release", kill_on_drop: false }`
[INFO] [stderr]    Compiling syn v2.0.117
[INFO] [stderr]    Compiling serde_core v1.0.228
[INFO] [stderr]    Compiling hashbrown v0.17.0
[INFO] [stderr]    Compiling winnow v1.0.1
[INFO] [stderr]    Compiling toml_datetime v0.7.5+spec-1.1.0
[INFO] [stderr]    Compiling serde v1.0.228
[INFO] [stderr]    Compiling unicode-segmentation v1.13.2
[INFO] [stderr]    Compiling foldhash v0.2.0
[INFO] [stderr]    Compiling spin v0.10.0
[INFO] [stderr]    Compiling thread_local v1.1.9
[INFO] [stderr]    Compiling libc v0.2.185
[INFO] [stderr]    Compiling futures-core v0.3.32
[INFO] [stderr]    Compiling concurrent-queue v2.5.0
[INFO] [stderr]    Compiling thiserror v2.0.18
[INFO] [stderr]    Compiling smallvec v1.15.1
[INFO] [stderr]    Compiling disqualified v1.0.0
[INFO] [stderr]    Compiling futures-lite v2.6.1
[INFO] [stderr]    Compiling slotmap v1.1.1
[INFO] [stderr]    Compiling nix v0.31.2
[INFO] [stderr]    Compiling bitflags v2.11.1
[INFO] [stderr]    Compiling bevy_ptr v0.18.1
[INFO] [stderr]    Compiling downcast-rs v2.0.2
[INFO] [stderr]    Compiling crossbeam-queue v0.3.12
[INFO] [stderr]    Compiling event-listener v5.4.1
[INFO] [stderr]    Compiling nonmax v0.5.5
[INFO] [stderr]    Compiling bumpalo v3.20.2
[INFO] [stderr]    Compiling fixedbitset v0.5.7
[INFO] [stderr]    Compiling toml_parser v1.1.2+spec-1.1.0
[INFO] [stderr]    Compiling convert_case v0.10.0
[INFO] [stderr]    Compiling indexmap v2.14.0
[INFO] [stderr]    Compiling event-listener-strategy v0.5.4
[INFO] [stderr]    Compiling tracing-core v0.1.36
[INFO] [stderr]    Compiling regex-syntax v0.8.10
[INFO] [stderr]    Compiling async-channel v2.5.0
[INFO] [stderr]    Compiling sharded-slab v0.1.7
[INFO] [stderr]    Compiling itertools v0.14.0
[INFO] [stderr]    Compiling nu-ansi-term v0.50.3
[INFO] [stderr]    Compiling async-executor v1.14.0
[INFO] [stderr]    Compiling crossbeam-channel v0.5.15
[INFO] [stderr]    Compiling const-fnv1a-hash v1.1.0
[INFO] [stderr]    Compiling tracing v0.1.44
[INFO] [stderr]    Compiling tracing-log v0.2.0
[INFO] [stderr]    Compiling toml_edit v0.23.10+spec-1.0.0
[INFO] [stderr]    Compiling sysinfo v0.37.2
[INFO] [stderr]    Compiling regex-automata v0.4.14
[INFO] [stderr]    Compiling ctrlc v3.5.2
[INFO] [stderr]    Compiling hashbrown v0.16.1
[INFO] [stderr]    Compiling erased-serde v0.4.10
[INFO] [stderr]    Compiling bevy_macro_utils v0.18.1
[INFO] [stderr]    Compiling bevy_platform v0.18.1
[INFO] [stderr]    Compiling bevy_utils v0.18.1
[INFO] [stderr]    Compiling bytemuck_derive v1.10.2
[INFO] [stderr]    Compiling derive_more-impl v2.1.1
[INFO] [stderr]    Compiling thiserror-impl v2.0.18
[INFO] [stderr]    Compiling variadics_please v1.1.0
[INFO] [stderr]    Compiling bevy_reflect_derive v0.18.1
[INFO] [stderr]    Compiling assert_type_match v0.1.1
[INFO] [stderr]    Compiling bevy_ecs_macros v0.18.1
[INFO] [stderr]    Compiling bevy_derive v0.18.1
[INFO] [stderr]    Compiling matchers v0.2.0
[INFO] [stderr]    Compiling tracing-subscriber v0.3.23
[INFO] [stderr]    Compiling bytemuck v1.25.0
[INFO] [stderr]    Compiling glam v0.30.10
[INFO] [stderr]    Compiling derive_more v2.1.1
[INFO] [stderr]    Compiling bevy_tasks v0.18.1
[INFO] [stderr]    Compiling bevy_reflect v0.18.1
[INFO] [stderr]    Compiling bevy_ecs v0.18.1
[INFO] [stderr]    Compiling bevy_math v0.18.1
[INFO] [stderr]    Compiling bevy_app v0.18.1
[INFO] [stderr]    Compiling bevy_time v0.18.1
[INFO] [stderr]    Compiling bevy_log v0.18.1
[INFO] [stderr]    Compiling bevy_input v0.18.1
[INFO] [stderr]    Compiling bevy_transform v0.18.1
[INFO] [stderr]    Compiling bevy_diagnostic v0.18.1
[INFO] [stderr]    Compiling bevy_internal v0.18.1
[INFO] [stderr]    Compiling bevy v0.18.1
[INFO] [stderr]    Compiling suon_task v0.1.0 (/opt/rustwide/workdir)
[INFO] [stderr]     Finished `release` profile [optimized] target(s) in 2m 50s
[INFO] running `Command { std: "docker" "inspect" "97a43eadccf1f9fdba015b0d64b6268eef2fe0321e330caff5ed27a85abf349c", kill_on_drop: false }`
[INFO] running `Command { std: "docker" "exec" "-e" "SOURCE_DIR=/opt/rustwide/workdir" "-e" "CARGO_HOME=/opt/rustwide/cargo-home" "-e" "RUSTUP_HOME=/opt/rustwide/rustup-home" "-e" "CARGO_TARGET_DIR=/opt/rustwide/target" "-e" "CARGO_INCREMENTAL=0" "-e" "RUST_BACKTRACE=full" "-e" "RUSTFLAGS=--cap-lints=warn" "-e" "RUSTDOCFLAGS=--cap-lints=warn" "-w" "/opt/rustwide/workdir" "--user" "0:0" "97a43eadccf1f9fdba015b0d64b6268eef2fe0321e330caff5ed27a85abf349c" "/opt/rustwide/cargo-home/bin/cargo" "+1.98.0-beta.8" "test" "--frozen" "--no-run" "--message-format=json" "--release", kill_on_drop: false }`
[INFO] [stderr]    Compiling suon_task v0.1.0 (/opt/rustwide/workdir)
[INFO] [stderr]     Finished `release` profile [optimized] target(s) in 12.33s
[INFO] running `Command { std: "docker" "inspect" "97a43eadccf1f9fdba015b0d64b6268eef2fe0321e330caff5ed27a85abf349c", kill_on_drop: false }`
[INFO] running `Command { std: "docker" "exec" "-e" "SOURCE_DIR=/opt/rustwide/workdir" "-e" "CARGO_HOME=/opt/rustwide/cargo-home" "-e" "RUSTUP_HOME=/opt/rustwide/rustup-home" "-e" "CARGO_TARGET_DIR=/opt/rustwide/target" "-e" "CARGO_INCREMENTAL=0" "-e" "RUST_BACKTRACE=full" "-e" "RUSTFLAGS=--cap-lints=warn" "-e" "RUSTDOCFLAGS=--cap-lints=warn" "-w" "/opt/rustwide/workdir" "--user" "0:0" "97a43eadccf1f9fdba015b0d64b6268eef2fe0321e330caff5ed27a85abf349c" "/opt/rustwide/cargo-home/bin/cargo" "+1.98.0-beta.8" "test" "--frozen" "--release", kill_on_drop: false }`
[INFO] [stderr]     Finished `release` profile [optimized] target(s) in 0.37s
[INFO] [stderr]      Running unittests src/lib.rs (/opt/rustwide/target/release/deps/suon_task-1047b7a123054468)
[INFO] [stdout] 
[INFO] [stdout] running 16 tests
[INFO] [stdout] test background::entity::tests::entity_in_wrap_should_preserve_entity_and_result ... ok
[INFO] [stdout] test background::tests::should_return_the_same_app_reference_for_background_task_system_registration ... ok
[INFO] [stdout] test tests::should_expose_background_module ... ok
[INFO] [stdout] test background::tests::should_add_background_task_systems_to_the_app ... ok
[INFO] [stdout] test background::entity::tests::should_run_completion_system_for_entity_background_tasks ... ok
[INFO] [stdout] test background::tests::should_remove_world_task_trackers_after_completion ... ok
[INFO] [stdout] test background::world::tests::should_run_completion_system_for_world_background_tasks ... ok
[INFO] [stdout] test background::entity::tests::should_remove_entity_task_tracker_without_callback ... ok
[INFO] [stdout] test background::entity::tests::should_remove_entity_task_tracker_after_completion ... ok
[INFO] [stdout] test background::world::tests::should_allow_spawning_world_background_task_from_commands ... ok
[INFO] [stdout] test background::tests::should_remove_entity_task_trackers_after_completion ... ok
[INFO] [stdout] test background::world::tests::should_complete_world_background_tasks_without_callbacks ... ok
[INFO] [stdout] test background::world::tests::should_despawn_world_task_tracker_without_callback ... ok
[INFO] [stdout] test background::world::tests::should_finish_slow_world_background_tasks ... ok
[INFO] [stdout] test background::world::tests::should_collect_results_from_multiple_world_background_tasks ... ok
[INFO] [stdout] test background::entity::tests::should_collect_results_from_multiple_entity_background_tasks ... FAILED
[INFO] [stdout] 
[INFO] [stdout] failures:
[INFO] [stdout] 
[INFO] [stdout] ---- background::entity::tests::should_collect_results_from_multiple_entity_background_tasks stdout ----
[INFO] [stdout] 
[INFO] [stdout] thread 'background::entity::tests::should_collect_results_from_multiple_entity_background_tasks' (1738) panicked at src/background/entity.rs:353:9:
[INFO] [stdout] assertion `left == right` failed: Results from callbacks do not match expected values
[INFO] [stdout]   left: [(2v0, 1), (0v0, 0), (4v0, 2)]
[INFO] [stdout]  right: [(0v0, 0), (2v0, 1), (4v0, 2)]
[INFO] [stdout] stack backtrace:
[INFO] [stdout]    0:     0x64dd7662a0a1 - <<std[97b98282bc616a66]::sys::backtrace::BacktraceLock>::print::DisplayBacktrace as core[832e9a552fc17241]::fmt::Display>::fmt
[INFO] [stdout]    1:     0x64dd766402da - core[832e9a552fc17241]::fmt::write
[INFO] [stdout]    2:     0x64dd7662ec0c - <alloc[3ecab9f82c41dc7d]::vec::Vec<u8> as std[97b98282bc616a66]::io::Write>::write_fmt
[INFO] [stdout]    3:     0x64dd76607d46 - std[97b98282bc616a66]::panicking::default_hook::{closure#0}
[INFO] [stdout]    4:     0x64dd76622029 - std[97b98282bc616a66]::panicking::default_hook
[INFO] [stdout]    5:     0x64dd764a3930 - test[39766f3d73431624]::test_main_inner::<test[39766f3d73431624]::test_main_static::{closure#0}>::{closure#0}
[INFO] [stdout]    6:     0x64dd76622352 - std[97b98282bc616a66]::panicking::panic_with_hook
[INFO] [stdout]    7:     0x64dd76607df2 - std[97b98282bc616a66]::panicking::panic_handler::{closure#0}
[INFO] [stdout]    8:     0x64dd765ff179 - std[97b98282bc616a66]::sys::backtrace::__rust_end_short_backtrace::<std[97b98282bc616a66]::panicking::panic_handler::{closure#0}, !>
[INFO] [stdout]    9:     0x64dd76608afd - __rustc[e3d8617bb01b7f69]::rust_begin_unwind
[INFO] [stdout]   10:     0x64dd76640a0c - core[832e9a552fc17241]::panicking::panic_fmt
[INFO] [stdout]   11:     0x64dd76640983 - core[832e9a552fc17241]::panicking::assert_failed_inner
[INFO] [stdout]   12:     0x64dd76494dc3 - core[832e9a552fc17241]::panicking::assert_failed::<alloc[3ecab9f82c41dc7d]::vec::Vec<(bevy_ecs[faf532664ea3d6dd]::entity::Entity, i32)>, alloc[3ecab9f82c41dc7d]::vec::Vec<(bevy_ecs[faf532664ea3d6dd]::entity::Entity, i32)>>
[INFO] [stdout]   13:     0x64dd7648bcc4 - <suon_task[c48bb8187e1ee88]::background::entity::tests::should_collect_results_from_multiple_entity_background_tasks::{closure#0} as core[832e9a552fc17241]::ops::function::FnOnce<()>>::call_once
[INFO] [stdout]   14:     0x64dd76496c6b - test[39766f3d73431624]::__rust_begin_short_backtrace::<core[832e9a552fc17241]::result::Result<(), alloc[3ecab9f82c41dc7d]::string::String>, fn() -> core[832e9a552fc17241]::result::Result<(), alloc[3ecab9f82c41dc7d]::string::String>>
[INFO] [stdout]   15:     0x64dd764a42b5 - test[39766f3d73431624]::run_test::{closure#0}
[INFO] [stdout]   16:     0x64dd7649ed64 - std[97b98282bc616a66]::sys::backtrace::__rust_begin_short_backtrace::<test[39766f3d73431624]::run_test::{closure#1}, ()>
[INFO] [stdout]   17:     0x64dd764a7402 - <std[97b98282bc616a66]::thread::lifecycle::spawn_unchecked<test[39766f3d73431624]::run_test::{closure#1}, ()>::{closure#1} as core[832e9a552fc17241]::ops::function::FnOnce<()>>::call_once::{shim:vtable#0}
[INFO] [stdout]   18:     0x64dd7662991f - <std[97b98282bc616a66]::sys::thread::unix::Thread>::new::thread_start
[INFO] [stdout]   19:     0x7a1208dc207a - <unknown>
[INFO] [stdout]   20:     0x7a1208e55534 - clone
[INFO] [stdout]   21:                0x0 - <unknown>
[INFO] [stdout] 
[INFO] [stdout] 
[INFO] [stdout] failures:
[INFO] [stdout]     background::entity::tests::should_collect_results_from_multiple_entity_background_tasks
[INFO] [stdout] 
[INFO] [stdout] test result: FAILED. 15 passed; 1 failed; 0 ignored; 0 measured; 0 filtered out; finished in 0.03s
[INFO] [stdout] 
[INFO] [stderr] error: test failed, to rerun pass `--lib`
[INFO] running `Command { std: "docker" "inspect" "97a43eadccf1f9fdba015b0d64b6268eef2fe0321e330caff5ed27a85abf349c", kill_on_drop: false }`
[INFO] running `Command { std: "docker" "rm" "-f" "97a43eadccf1f9fdba015b0d64b6268eef2fe0321e330caff5ed27a85abf349c", kill_on_drop: false }`
[INFO] [stdout] 97a43eadccf1f9fdba015b0d64b6268eef2fe0321e330caff5ed27a85abf349c
