[INFO] cloning repository https://github.com/orhun/fluent-i18n
[INFO] running `Command { std: "git" "-c" "credential.helper=" "-c" "credential.helper=/workspace/cargo-home/bin/git-credential-null" "clone" "--bare" "https://github.com/orhun/fluent-i18n" "/workspace/cache/git-repos/https%3A%2F%2Fgithub.com%2Forhun%2Ffluent-i18n", kill_on_drop: false }`
[INFO] [stderr] Cloning into bare repository '/workspace/cache/git-repos/https%3A%2F%2Fgithub.com%2Forhun%2Ffluent-i18n'...
[INFO] running `Command { std: "git" "rev-parse" "HEAD", kill_on_drop: false }`
[INFO] [stdout] 5f98ec50fc2a93919b290e0329d3580ae3ebf380
[INFO] testing orhun/fluent-i18n against 1.98.0-beta.8+cargoflags=--release for beta-release-1.99-2
[INFO] running `Command { std: "git" "clone" "/workspace/cache/git-repos/https%3A%2F%2Fgithub.com%2Forhun%2Ffluent-i18n" "/workspace/builds/worker-5-tc1/source", kill_on_drop: false }`
[INFO] [stderr] Cloning into '/workspace/builds/worker-5-tc1/source'...
[INFO] [stderr] done.
[INFO] started tweaking git repo https://github.com/orhun/fluent-i18n
[INFO] finished tweaking git repo https://github.com/orhun/fluent-i18n
[INFO] tweaked toml for git repo https://github.com/orhun/fluent-i18n written to /workspace/builds/worker-5-tc1/source/Cargo.toml
[INFO] validating manifest of git repo https://github.com/orhun/fluent-i18n on toolchain 1.98.0-beta.8
[INFO] running `Command { std: CARGO_HOME="/workspace/cargo-home" RUSTUP_HOME="/workspace/rustup-home" "/workspace/cargo-home/bin/cargo" "+1.98.0-beta.8" "metadata" "--manifest-path" "Cargo.toml" "--no-deps", kill_on_drop: false }`
[INFO] crate git repo https://github.com/orhun/fluent-i18n already has a lockfile, it will not be regenerated
[INFO] running `Command { std: CARGO_HOME="/workspace/cargo-home" RUSTUP_HOME="/workspace/rustup-home" "/workspace/cargo-home/bin/cargo" "+1.98.0-beta.8" "fetch" "--manifest-path" "Cargo.toml", kill_on_drop: false }`
[INFO] [stderr]     Updating crates.io index
[INFO] [stderr]  Downloading crates ...
[INFO] [stderr]   Downloaded unic-langid-macros v0.9.6
[INFO] [stderr]   Downloaded unic-langid-macros-impl v0.9.6
[INFO] [stderr]   Downloaded unic-langid v0.9.6
[INFO] [stderr]   Downloaded unic-langid-impl v0.9.6
[INFO] [stderr]   Downloaded cfg-if v1.0.3
[INFO] [stderr]   Downloaded intl_pluralrules v7.0.2
[INFO] [stderr]   Downloaded testresult v0.4.1
[INFO] [stderr]   Downloaded intl-memoizer v0.5.3
[INFO] [stderr]   Downloaded proc-macro-hack v0.5.20+deprecated
[INFO] [stderr]   Downloaded windows-link v0.2.0
[INFO] [stderr]   Downloaded fluent-langneg v0.13.0
[INFO] [stderr]   Downloaded fluent-template-macros v0.13.1
[INFO] [stderr]   Downloaded globset v0.4.16
[INFO] [stderr]   Downloaded fluent-syntax v0.12.0
[INFO] [stderr]   Downloaded zerovec v0.11.4
[INFO] [stderr]   Downloaded quote v1.0.41
[INFO] [stderr]   Downloaded self_cell v1.2.0
[INFO] [stderr]   Downloaded toml_parser v1.0.3
[INFO] [stderr]   Downloaded toml_datetime v0.7.2
[INFO] [stderr]   Downloaded fluent-templates v0.13.1
[INFO] [stderr]   Downloaded fluent-bundle v0.16.0
[INFO] [stderr]   Downloaded ignore v0.4.23
[INFO] [stderr]   Downloaded toml_edit v0.23.6
[INFO] [stderr]   Downloaded indexmap v2.11.4
[INFO] [stderr]   Downloaded hashbrown v0.16.0
[INFO] [stderr]   Downloaded winnow v0.7.13
[INFO] [stderr]   Downloaded regex v1.11.3
[INFO] [stderr]   Downloaded regex-syntax v0.8.6
[INFO] [stderr]   Downloaded bstr v1.12.0
[INFO] [stderr]   Downloaded regex-automata v0.4.11
[INFO] [stderr]   Downloaded libc v0.2.176
[INFO] [stderr]   Downloaded windows-sys v0.61.1
[INFO] running `Command { std: "docker" "create" "-v" "/var/lib/crater-agent-workspace/builds/worker-5-tc1/source:/opt/rustwide/workdir:ro,Z" "-v" "/var/lib/crater-agent-workspace/builds/worker-5-tc1/target:/opt/rustwide/target:rw,Z" "-v" "/var/lib/crater-agent-workspace/cargo-home:/opt/rustwide/cargo-home:ro,Z" "-v" "/var/lib/crater-agent-workspace/rustup-home:/opt/rustwide/rustup-home:ro,Z" "-m" "1610612736" "--network" "none" "ghcr.io/rust-lang/crates-build-env/linux@sha256:8683fc1fc2eb5c9ac98e0d076ab094b2ffac7f99da555d2b6a2e27f346de2ec7" "sleep" "infinity", kill_on_drop: false }`
[INFO] [stdout] bc62eb47ef9fe35bbdc6adbfc29604ce5b8a71f93d2db90227f0611a06e2aa15
[INFO] running `Command { std: "docker" "start" "bc62eb47ef9fe35bbdc6adbfc29604ce5b8a71f93d2db90227f0611a06e2aa15", kill_on_drop: false }`
[INFO] running `Command { std: "docker" "inspect" "bc62eb47ef9fe35bbdc6adbfc29604ce5b8a71f93d2db90227f0611a06e2aa15", kill_on_drop: false }`
[INFO] running `Command { std: "docker" "exec" "-e" "SOURCE_DIR=/opt/rustwide/workdir" "-e" "CARGO_HOME=/opt/rustwide/cargo-home" "-e" "RUSTUP_HOME=/opt/rustwide/rustup-home" "-e" "CARGO_TARGET_DIR=/opt/rustwide/target" "-w" "/opt/rustwide/workdir" "--user" "0:0" "bc62eb47ef9fe35bbdc6adbfc29604ce5b8a71f93d2db90227f0611a06e2aa15" "/opt/rustwide/cargo-home/bin/cargo" "+1.98.0-beta.8" "metadata" "--no-deps" "--format-version=1", kill_on_drop: false }`
[INFO] running `Command { std: "docker" "inspect" "bc62eb47ef9fe35bbdc6adbfc29604ce5b8a71f93d2db90227f0611a06e2aa15", kill_on_drop: false }`
[INFO] running `Command { std: "docker" "exec" "-e" "SOURCE_DIR=/opt/rustwide/workdir" "-e" "CARGO_HOME=/opt/rustwide/cargo-home" "-e" "RUSTUP_HOME=/opt/rustwide/rustup-home" "-e" "CARGO_TARGET_DIR=/opt/rustwide/target" "-e" "CARGO_INCREMENTAL=0" "-e" "RUST_BACKTRACE=full" "-e" "RUSTFLAGS=--cap-lints=warn" "-e" "RUSTDOCFLAGS=--cap-lints=warn" "-w" "/opt/rustwide/workdir" "--user" "0:0" "bc62eb47ef9fe35bbdc6adbfc29604ce5b8a71f93d2db90227f0611a06e2aa15" "/opt/rustwide/cargo-home/bin/cargo" "+1.98.0-beta.8" "build" "--frozen" "--message-format=json" "--release", kill_on_drop: false }`
[INFO] [stderr]    Compiling proc-macro2 v1.0.101
[INFO] [stderr]    Compiling quote v1.0.41
[INFO] [stderr]    Compiling unicode-ident v1.0.19
[INFO] [stderr]    Compiling proc-macro-hack v0.5.20+deprecated
[INFO] [stderr]    Compiling crossbeam-utils v0.8.21
[INFO] [stderr]    Compiling memchr v2.7.6
[INFO] [stderr]    Compiling thiserror v2.0.17
[INFO] [stderr]    Compiling regex-syntax v0.8.6
[INFO] [stderr]    Compiling scopeguard v1.2.0
[INFO] [stderr]    Compiling log v0.4.28
[INFO] [stderr]    Compiling rustc-hash v2.1.1
[INFO] [stderr]    Compiling same-file v1.0.6
[INFO] [stderr]    Compiling lock_api v0.4.13
[INFO] [stderr]    Compiling spin v0.9.8
[INFO] [stderr]    Compiling type-map v0.5.1
[INFO] [stderr]    Compiling walkdir v2.5.0
[INFO] [stderr]    Compiling smallvec v1.15.1
[INFO] [stderr]    Compiling flume v0.11.1
[INFO] [stderr]    Compiling self_cell v1.2.0
[INFO] [stderr]    Compiling sys-locale v0.3.2
[INFO] [stderr]    Compiling aho-corasick v1.1.3
[INFO] [stderr]    Compiling bstr v1.12.0
[INFO] [stderr]    Compiling syn v2.0.106
[INFO] [stderr]    Compiling crossbeam-epoch v0.9.18
[INFO] [stderr]    Compiling crossbeam-deque v0.8.6
[INFO] [stderr]    Compiling regex-automata v0.4.11
[INFO] [stderr]    Compiling displaydoc v0.2.5
[INFO] [stderr]    Compiling thiserror-impl v2.0.17
[INFO] [stderr]    Compiling thiserror-impl v1.0.69
[INFO] [stderr]    Compiling globset v0.4.16
[INFO] [stderr]    Compiling tinystr v0.8.1
[INFO] [stderr]    Compiling ignore v0.4.23
[INFO] [stderr]    Compiling unic-langid-impl v0.9.6
[INFO] [stderr]    Compiling fluent-syntax v0.12.0
[INFO] [stderr]    Compiling unic-langid-macros-impl v0.9.6
[INFO] [stderr]    Compiling thiserror v1.0.69
[INFO] [stderr]    Compiling unic-langid-macros v0.9.6
[INFO] [stderr]    Compiling unic-langid v0.9.6
[INFO] [stderr]    Compiling fluent-langneg v0.13.0
[INFO] [stderr]    Compiling intl_pluralrules v7.0.2
[INFO] [stderr]    Compiling intl-memoizer v0.5.3
[INFO] [stderr]    Compiling fluent-template-macros v0.13.1
[INFO] [stderr]    Compiling fluent-bundle v0.16.0
[INFO] [stderr]    Compiling fluent-templates v0.13.1
[INFO] [stderr]    Compiling fluent-i18n v0.1.0 (/opt/rustwide/workdir)
[INFO] [stderr]     Finished `release` profile [optimized] target(s) in 40.56s
[INFO] running `Command { std: "docker" "inspect" "bc62eb47ef9fe35bbdc6adbfc29604ce5b8a71f93d2db90227f0611a06e2aa15", kill_on_drop: false }`
[INFO] running `Command { std: "docker" "exec" "-e" "SOURCE_DIR=/opt/rustwide/workdir" "-e" "CARGO_HOME=/opt/rustwide/cargo-home" "-e" "RUSTUP_HOME=/opt/rustwide/rustup-home" "-e" "CARGO_TARGET_DIR=/opt/rustwide/target" "-e" "CARGO_INCREMENTAL=0" "-e" "RUST_BACKTRACE=full" "-e" "RUSTFLAGS=--cap-lints=warn" "-e" "RUSTDOCFLAGS=--cap-lints=warn" "-w" "/opt/rustwide/workdir" "--user" "0:0" "bc62eb47ef9fe35bbdc6adbfc29604ce5b8a71f93d2db90227f0611a06e2aa15" "/opt/rustwide/cargo-home/bin/cargo" "+1.98.0-beta.8" "test" "--frozen" "--no-run" "--message-format=json" "--release", kill_on_drop: false }`
[INFO] [stderr]    Compiling regex-syntax v0.8.6
[INFO] [stderr]    Compiling winnow v0.7.13
[INFO] [stderr]    Compiling semver v1.0.27
[INFO] [stderr]    Compiling hashbrown v0.16.0
[INFO] [stderr]    Compiling syn v2.0.106
[INFO] [stderr]    Compiling toml_datetime v0.7.2
[INFO] [stderr]    Compiling cfg-if v1.0.3
[INFO] [stderr]    Compiling relative-path v1.9.3
[INFO] [stderr]    Compiling futures-core v0.3.31
[INFO] [stderr]    Compiling glob v0.3.3
[INFO] [stderr]    Compiling slab v0.4.11
[INFO] [stderr]    Compiling futures-timer v3.0.3
[INFO] [stderr]    Compiling testresult v0.4.1
[INFO] [stderr]    Compiling rustc_version v0.4.1
[INFO] [stderr]    Compiling rstest_macros v0.26.1
[INFO] [stderr]    Compiling indexmap v2.11.4
[INFO] [stderr]    Compiling toml_parser v1.0.3
[INFO] [stderr]    Compiling regex-automata v0.4.11
[INFO] [stderr]    Compiling toml_edit v0.23.6
[INFO] [stderr]    Compiling proc-macro-crate v3.4.0
[INFO] [stderr]    Compiling globset v0.4.16
[INFO] [stderr]    Compiling regex v1.11.3
[INFO] [stderr]    Compiling ignore v0.4.23
[INFO] [stderr]    Compiling displaydoc v0.2.5
[INFO] [stderr]    Compiling thiserror-impl v2.0.17
[INFO] [stderr]    Compiling thiserror-impl v1.0.69
[INFO] [stderr]    Compiling futures-macro v0.3.31
[INFO] [stderr]    Compiling tinystr v0.8.1
[INFO] [stderr]    Compiling unic-langid-impl v0.9.6
[INFO] [stderr]    Compiling futures-util v0.3.31
[INFO] [stderr]    Compiling thiserror v2.0.17
[INFO] [stderr]    Compiling fluent-syntax v0.12.0
[INFO] [stderr]    Compiling unic-langid-macros-impl v0.9.6
[INFO] [stderr]    Compiling thiserror v1.0.69
[INFO] [stderr]    Compiling unic-langid-macros v0.9.6
[INFO] [stderr]    Compiling unic-langid v0.9.6
[INFO] [stderr]    Compiling fluent-template-macros v0.13.1
[INFO] [stderr]    Compiling intl-memoizer v0.5.3
[INFO] [stderr]    Compiling fluent-langneg v0.13.0
[INFO] [stderr]    Compiling intl_pluralrules v7.0.2
[INFO] [stderr]    Compiling fluent-bundle v0.16.0
[INFO] [stderr]    Compiling fluent-templates v0.13.1
[INFO] [stderr]    Compiling fluent-i18n v0.1.0 (/opt/rustwide/workdir)
[INFO] [stderr]    Compiling rstest v0.26.1
[INFO] [stderr]     Finished `release` profile [optimized] target(s) in 20.73s
[INFO] running `Command { std: "docker" "inspect" "bc62eb47ef9fe35bbdc6adbfc29604ce5b8a71f93d2db90227f0611a06e2aa15", kill_on_drop: false }`
[INFO] running `Command { std: "docker" "exec" "-e" "SOURCE_DIR=/opt/rustwide/workdir" "-e" "CARGO_HOME=/opt/rustwide/cargo-home" "-e" "RUSTUP_HOME=/opt/rustwide/rustup-home" "-e" "CARGO_TARGET_DIR=/opt/rustwide/target" "-e" "CARGO_INCREMENTAL=0" "-e" "RUST_BACKTRACE=full" "-e" "RUSTFLAGS=--cap-lints=warn" "-e" "RUSTDOCFLAGS=--cap-lints=warn" "-w" "/opt/rustwide/workdir" "--user" "0:0" "bc62eb47ef9fe35bbdc6adbfc29604ce5b8a71f93d2db90227f0611a06e2aa15" "/opt/rustwide/cargo-home/bin/cargo" "+1.98.0-beta.8" "test" "--frozen" "--release", kill_on_drop: false }`
[INFO] [stderr]     Finished `release` profile [optimized] target(s) in 0.12s
[INFO] [stderr]      Running unittests src/lib.rs (/opt/rustwide/target/release/deps/fluent_i18n-246ae512c5eabf9e)
[INFO] [stdout] 
[INFO] [stderr]      Running tests/integration.rs (/opt/rustwide/target/release/deps/integration-e46cf7c9326c545f)
[INFO] [stdout] running 15 tests
[INFO] [stdout] test error::tests::test_error_message_localization::case_1 ... ok
[INFO] [stdout] test error::tests::test_error_message_localization::case_2 ... ok
[INFO] [stdout] test error::tests::test_error_message_localization::case_3 ... ok
[INFO] [stdout] test error::tests::test_error_message_localization::case_5 ... ok
[INFO] [stdout] test error::tests::test_error_message_localization::case_6 ... ok
[INFO] [stdout] test locale::tests::test_localization_fallback_to_english ... ok
[INFO] [stdout] test error::tests::test_error_message_localization::case_4 ... ok
[INFO] [stdout] test locale::tests::test_localization_invalid_locale_english_fallback ... ok
[INFO] [stdout] test locale::tests::test_localization_message_not_found ... ok
[INFO] [stdout] test locale::tests::test_localization_via_lang_env ... ok
[INFO] [stdout] test macros::tests::test_localization_lookup ... ok
[INFO] [stdout] test locale::tests::test_raw_mode ... ok
[INFO] [stdout] test locale::tests::test_unknown_locale ... ok
[INFO] [stdout] test macros::tests::test_unicode_directional_isolation_disabled ... ok
[INFO] [stdout] test value::tests::test_custom_fluent_type ... ok
[INFO] [stdout] 
[INFO] [stdout] test result: ok. 15 passed; 0 failed; 0 ignored; 0 measured; 0 filtered out; finished in 0.00s
[INFO] [stdout] 
[INFO] [stdout] 
[INFO] [stdout] running 5 tests
[INFO] [stdout] test i18n_with_different_fallback ... ok
[INFO] [stdout] test i18n_french_with_fallback ... ok
[INFO] [stdout] test test_thread_local_behavior ... FAILED
[INFO] [stdout] test i18n_mixed_script_no_isolation ... ok
[INFO] [stdout] test i18n_with_env ... ok
[INFO] [stdout] 
[INFO] [stdout] failures:
[INFO] [stdout] 
[INFO] [stdout] ---- test_thread_local_behavior stdout ----
[INFO] [stdout] 
[INFO] [stdout] thread 'test_thread_local_behavior' (2224) panicked at tests/integration.rs:66:5:
[INFO] [stdout] assertion `left == right` failed
[INFO] [stdout]   left: "Bonjour, le monde!"
[INFO] [stdout]  right: "Hello, world!"
[INFO] [stdout] stack backtrace:
[INFO] [stdout]    0:     0x59328562baa1 - <<std[97b98282bc616a66]::sys::backtrace::BacktraceLock>::print::DisplayBacktrace as core[832e9a552fc17241]::fmt::Display>::fmt
[INFO] [stdout]    1:     0x59328564073a - core[832e9a552fc17241]::fmt::write
[INFO] [stdout]    2:     0x59328562ff5c - <alloc[3ecab9f82c41dc7d]::vec::Vec<u8> as std[97b98282bc616a66]::io::Write>::write_fmt
[INFO] [stdout]    3:     0x593285609ff6 - std[97b98282bc616a66]::panicking::default_hook::{closure#0}
[INFO] [stdout]    4:     0x593285623b99 - std[97b98282bc616a66]::panicking::default_hook
[INFO] [stdout]    5:     0x59328558beb0 - test[39766f3d73431624]::test_main_inner::<test[39766f3d73431624]::test_main_static::{closure#0}>::{closure#0}
[INFO] [stdout]    6:     0x593285623d52 - std[97b98282bc616a66]::panicking::panic_with_hook
[INFO] [stdout]    7:     0x59328560a0a2 - std[97b98282bc616a66]::panicking::panic_handler::{closure#0}
[INFO] [stdout]    8:     0x5932856017b9 - std[97b98282bc616a66]::sys::backtrace::__rust_end_short_backtrace::<std[97b98282bc616a66]::panicking::panic_handler::{closure#0}, !>
[INFO] [stdout]    9:     0x59328560ad3d - __rustc[e3d8617bb01b7f69]::rust_begin_unwind
[INFO] [stdout]   10:     0x593285640e9c - core[832e9a552fc17241]::panicking::panic_fmt
[INFO] [stdout]   11:     0x593285640db3 - core[832e9a552fc17241]::panicking::assert_failed_inner
[INFO] [stdout]   12:     0x593285577a6f - core[832e9a552fc17241]::panicking::assert_failed::<alloc[3ecab9f82c41dc7d]::string::String, &str>
[INFO] [stdout]   13:     0x5932855721c6 - <integration[a4a46bbb595b47a6]::test_thread_local_behavior::{closure#0} as core[832e9a552fc17241]::ops::function::FnOnce<()>>::call_once
[INFO] [stdout]   14:     0x59328557f1eb - test[39766f3d73431624]::__rust_begin_short_backtrace::<core[832e9a552fc17241]::result::Result<(), alloc[3ecab9f82c41dc7d]::string::String>, fn() -> core[832e9a552fc17241]::result::Result<(), alloc[3ecab9f82c41dc7d]::string::String>>
[INFO] [stdout]   15:     0x59328558c835 - test[39766f3d73431624]::run_test::{closure#0}
[INFO] [stdout]   16:     0x5932855872e4 - std[97b98282bc616a66]::sys::backtrace::__rust_begin_short_backtrace::<test[39766f3d73431624]::run_test::{closure#1}, ()>
[INFO] [stdout]   17:     0x59328558f982 - <std[97b98282bc616a66]::thread::lifecycle::spawn_unchecked<test[39766f3d73431624]::run_test::{closure#1}, ()>::{closure#1} as core[832e9a552fc17241]::ops::function::FnOnce<()>>::call_once::{shim:vtable#0}
[INFO] [stdout]   18:     0x59328562b32f - <std[97b98282bc616a66]::sys::thread::unix::Thread>::new::thread_start
[INFO] [stdout]   19:     0x73b5a827a07a - <unknown>
[INFO] [stdout]   20:     0x73b5a830d534 - clone
[INFO] [stdout]   21:                0x0 - <unknown>
[INFO] [stdout] 
[INFO] [stdout] 
[INFO] [stdout] failures:
[INFO] [stdout]     test_thread_local_behavior
[INFO] [stdout] 
[INFO] [stdout] test result: FAILED. 4 passed; 1 failed; 0 ignored; 0 measured; 0 filtered out; finished in 0.01s
[INFO] [stdout] 
[INFO] [stderr] error: test failed, to rerun pass `--test integration`
[INFO] running `Command { std: "docker" "inspect" "bc62eb47ef9fe35bbdc6adbfc29604ce5b8a71f93d2db90227f0611a06e2aa15", kill_on_drop: false }`
[INFO] running `Command { std: "docker" "rm" "-f" "bc62eb47ef9fe35bbdc6adbfc29604ce5b8a71f93d2db90227f0611a06e2aa15", kill_on_drop: false }`
[INFO] [stdout] bc62eb47ef9fe35bbdc6adbfc29604ce5b8a71f93d2db90227f0611a06e2aa15
