[INFO] cloning repository https://github.com/RLabs-Inc/prism-rs
[INFO] running `Command { std: "git" "-c" "credential.helper=" "-c" "credential.helper=/workspace/cargo-home/bin/git-credential-null" "clone" "--bare" "https://github.com/RLabs-Inc/prism-rs" "/workspace/cache/git-repos/https%3A%2F%2Fgithub.com%2FRLabs-Inc%2Fprism-rs", kill_on_drop: false }`
[INFO] [stderr] Cloning into bare repository '/workspace/cache/git-repos/https%3A%2F%2Fgithub.com%2FRLabs-Inc%2Fprism-rs'...
[INFO] running `Command { std: "git" "rev-parse" "HEAD", kill_on_drop: false }`
[INFO] [stdout] ca1136c084ac3d2912490f11aae973aeeee2d703
[INFO] testing RLabs-Inc/prism-rs against 1.98.0-beta.8+cargoflags=--release for beta-release-1.99-2
[INFO] running `Command { std: "git" "clone" "/workspace/cache/git-repos/https%3A%2F%2Fgithub.com%2FRLabs-Inc%2Fprism-rs" "/workspace/builds/worker-7-tc1/source", kill_on_drop: false }`
[INFO] [stderr] Cloning into '/workspace/builds/worker-7-tc1/source'...
[INFO] [stderr] done.
[INFO] started tweaking git repo https://github.com/RLabs-Inc/prism-rs
[INFO] finished tweaking git repo https://github.com/RLabs-Inc/prism-rs
[INFO] tweaked toml for git repo https://github.com/RLabs-Inc/prism-rs written to /workspace/builds/worker-7-tc1/source/Cargo.toml
[INFO] validating manifest of git repo https://github.com/RLabs-Inc/prism-rs on toolchain 1.98.0-beta.8
[INFO] running `Command { std: CARGO_HOME="/workspace/cargo-home" RUSTUP_HOME="/workspace/rustup-home" "/workspace/cargo-home/bin/cargo" "+1.98.0-beta.8" "metadata" "--manifest-path" "Cargo.toml" "--no-deps", kill_on_drop: false }`
[INFO] crate git repo https://github.com/RLabs-Inc/prism-rs already has a lockfile, it will not be regenerated
[INFO] running `Command { std: CARGO_HOME="/workspace/cargo-home" RUSTUP_HOME="/workspace/rustup-home" "/workspace/cargo-home/bin/cargo" "+1.98.0-beta.8" "fetch" "--manifest-path" "Cargo.toml", kill_on_drop: false }`
[INFO] [stderr]     Blocking waiting for file lock on package cache
[INFO] [stderr]     Blocking waiting for file lock on package cache
[INFO] running `Command { std: "docker" "create" "-v" "/var/lib/crater-agent-workspace/builds/worker-7-tc1/source:/opt/rustwide/workdir:ro,Z" "-v" "/var/lib/crater-agent-workspace/builds/worker-7-tc1/target:/opt/rustwide/target:rw,Z" "-v" "/var/lib/crater-agent-workspace/cargo-home:/opt/rustwide/cargo-home:ro,Z" "-v" "/var/lib/crater-agent-workspace/rustup-home:/opt/rustwide/rustup-home:ro,Z" "-m" "1610612736" "--network" "none" "ghcr.io/rust-lang/crates-build-env/linux@sha256:8683fc1fc2eb5c9ac98e0d076ab094b2ffac7f99da555d2b6a2e27f346de2ec7" "sleep" "infinity", kill_on_drop: false }`
[INFO] [stdout] 1edf00528287b3adbbb6008ed639cc4b19670d18bd11205f739b43407c77edd3
[INFO] running `Command { std: "docker" "start" "1edf00528287b3adbbb6008ed639cc4b19670d18bd11205f739b43407c77edd3", kill_on_drop: false }`
[INFO] running `Command { std: "docker" "inspect" "1edf00528287b3adbbb6008ed639cc4b19670d18bd11205f739b43407c77edd3", kill_on_drop: false }`
[INFO] running `Command { std: "docker" "exec" "-e" "SOURCE_DIR=/opt/rustwide/workdir" "-e" "CARGO_HOME=/opt/rustwide/cargo-home" "-e" "RUSTUP_HOME=/opt/rustwide/rustup-home" "-e" "CARGO_TARGET_DIR=/opt/rustwide/target" "-w" "/opt/rustwide/workdir" "--user" "0:0" "1edf00528287b3adbbb6008ed639cc4b19670d18bd11205f739b43407c77edd3" "/opt/rustwide/cargo-home/bin/cargo" "+1.98.0-beta.8" "metadata" "--no-deps" "--format-version=1", kill_on_drop: false }`
[INFO] running `Command { std: "docker" "inspect" "1edf00528287b3adbbb6008ed639cc4b19670d18bd11205f739b43407c77edd3", kill_on_drop: false }`
[INFO] running `Command { std: "docker" "exec" "-e" "SOURCE_DIR=/opt/rustwide/workdir" "-e" "CARGO_HOME=/opt/rustwide/cargo-home" "-e" "RUSTUP_HOME=/opt/rustwide/rustup-home" "-e" "CARGO_TARGET_DIR=/opt/rustwide/target" "-e" "CARGO_INCREMENTAL=0" "-e" "RUST_BACKTRACE=full" "-e" "RUSTFLAGS=--cap-lints=warn" "-e" "RUSTDOCFLAGS=--cap-lints=warn" "-w" "/opt/rustwide/workdir" "--user" "0:0" "1edf00528287b3adbbb6008ed639cc4b19670d18bd11205f739b43407c77edd3" "/opt/rustwide/cargo-home/bin/cargo" "+1.98.0-beta.8" "build" "--frozen" "--message-format=json" "--release", kill_on_drop: false }`
[INFO] [stderr]    Compiling libc v0.2.183
[INFO] [stderr]    Compiling parking_lot_core v0.9.12
[INFO] [stderr]    Compiling signal-hook v0.3.18
[INFO] [stderr]    Compiling log v0.4.29
[INFO] [stderr]    Compiling rustix v0.38.44
[INFO] [stderr]    Compiling linux-raw-sys v0.4.15
[INFO] [stderr]    Compiling bitflags v2.11.0
[INFO] [stderr]    Compiling unicode-width v0.2.2
[INFO] [stderr]    Compiling lock_api v0.4.14
[INFO] [stderr]    Compiling errno v0.3.14
[INFO] [stderr]    Compiling mio v1.1.1
[INFO] [stderr]    Compiling signal-hook-registry v1.4.8
[INFO] [stderr]    Compiling parking_lot v0.12.5
[INFO] [stderr]    Compiling signal-hook-mio v0.2.5
[INFO] [stderr]    Compiling crossterm v0.28.1
[INFO] [stderr]    Compiling rlabs-prism v0.1.2 (/opt/rustwide/workdir)
[INFO] [stderr]     Finished `release` profile [optimized] target(s) in 8.15s
[INFO] running `Command { std: "docker" "inspect" "1edf00528287b3adbbb6008ed639cc4b19670d18bd11205f739b43407c77edd3", kill_on_drop: false }`
[INFO] running `Command { std: "docker" "exec" "-e" "SOURCE_DIR=/opt/rustwide/workdir" "-e" "CARGO_HOME=/opt/rustwide/cargo-home" "-e" "RUSTUP_HOME=/opt/rustwide/rustup-home" "-e" "CARGO_TARGET_DIR=/opt/rustwide/target" "-e" "CARGO_INCREMENTAL=0" "-e" "RUST_BACKTRACE=full" "-e" "RUSTFLAGS=--cap-lints=warn" "-e" "RUSTDOCFLAGS=--cap-lints=warn" "-w" "/opt/rustwide/workdir" "--user" "0:0" "1edf00528287b3adbbb6008ed639cc4b19670d18bd11205f739b43407c77edd3" "/opt/rustwide/cargo-home/bin/cargo" "+1.98.0-beta.8" "test" "--frozen" "--no-run" "--message-format=json" "--release", kill_on_drop: false }`
[INFO] [stderr]    Compiling rlabs-prism v0.1.2 (/opt/rustwide/workdir)
[INFO] [stderr]     Finished `release` profile [optimized] target(s) in 3.67s
[INFO] running `Command { std: "docker" "inspect" "1edf00528287b3adbbb6008ed639cc4b19670d18bd11205f739b43407c77edd3", kill_on_drop: false }`
[INFO] running `Command { std: "docker" "exec" "-e" "SOURCE_DIR=/opt/rustwide/workdir" "-e" "CARGO_HOME=/opt/rustwide/cargo-home" "-e" "RUSTUP_HOME=/opt/rustwide/rustup-home" "-e" "CARGO_TARGET_DIR=/opt/rustwide/target" "-e" "CARGO_INCREMENTAL=0" "-e" "RUST_BACKTRACE=full" "-e" "RUSTFLAGS=--cap-lints=warn" "-e" "RUSTDOCFLAGS=--cap-lints=warn" "-w" "/opt/rustwide/workdir" "--user" "0:0" "1edf00528287b3adbbb6008ed639cc4b19670d18bd11205f739b43407c77edd3" "/opt/rustwide/cargo-home/bin/cargo" "+1.98.0-beta.8" "test" "--frozen" "--release", kill_on_drop: false }`
[INFO] [stderr]     Finished `release` profile [optimized] target(s) in 0.04s
[INFO] [stderr]      Running unittests src/lib.rs (/opt/rustwide/target/release/deps/prism-9c3c997bc09e18be)
[INFO] [stdout] 
[INFO] [stdout] running 113 tests
[INFO] [stdout] test braille::tests::test_circle_shape ... ok
[INFO] [stdout] test braille::tests::test_full_block ... ok
[INFO] [stdout] test braille::tests::test_left_column_only ... ok
[INFO] [stdout] test braille::tests::test_right_column_only ... ok
[INFO] [stdout] test braille::tests::test_single_pixel ... ok
[INFO] [stdout] test braille::tests::test_trailing_blanks_trimmed ... ok
[INFO] [stdout] test braille::tests::test_two_braille_rows ... ok
[INFO] [stdout] test flex::tests::test_flex_center_alignment ... ok
[INFO] [stdout] test flex::tests::test_flex_empty ... ok
[INFO] [stdout] test flex::tests::test_flex_four_blocks_2x2 ... ok
[INFO] [stdout] test flex::tests::test_flex_measured_block ... ok
[INFO] [stdout] test braille::tests::test_empty_grid ... ok
[INFO] [stdout] test braille::tests::test_ascii_with_custom_predicate ... ok
[INFO] [stdout] test braille::tests::test_ascii_to_braille_multichar ... ok
[INFO] [stdout] test flex::tests::test_flex_single_block ... ok
[INFO] [stdout] test braille::tests::test_ascii_to_braille_simple ... ok
[INFO] [stdout] test flex::tests::test_flex_space_between ... ok
[INFO] [stdout] test flex::tests::test_flex_stretch_equal_widths ... ok
[INFO] [stdout] test flex::tests::test_flex_stretch_wraps_when_too_narrow ... ok
[INFO] [stdout] test flex::tests::test_flex_two_blocks_side_by_side ... ok
[INFO] [stdout] test flex::tests::test_flex_uneven_heights ... ok
[INFO] [stdout] test flex::tests::test_flex_with_indent ... ok
[INFO] [stdout] test flex::tests::test_flex_wraps_when_narrow ... ok
[INFO] [stdout] test heatmap::tests::ascii_fallback_independent_of_colormap ... ok
[INFO] [stdout] test heatmap::tests::ascii_fallback_intensity_endpoints ... ok
[INFO] [stdout] test heatmap::tests::col_header_adds_one_line ... ok
[INFO] [stdout] test heatmap::tests::contrasting_fg_black_on_light ... ok
[INFO] [stdout] test heatmap::tests::contrasting_fg_white_on_dark ... ok
[INFO] [stdout] test heatmap::tests::diverging_midpoint_is_white ... ok
[INFO] [stdout] test heatmap::tests::empty_rows_yield_empty_output ... ok
[INFO] [stdout] test heatmap::tests::equal_min_max_is_safe ... ok
[INFO] [stdout] test heatmap::tests::empty_input_yields_empty_output ... ok
[INFO] [stdout] test heatmap::tests::grayscale_endpoints ... ok
[INFO] [stdout] test heatmap::tests::log_scale_handles_zero ... ok
[INFO] [stdout] test heatmap::tests::log_scale_maps_geometric_midpoint ... ok
[INFO] [stdout] test heatmap::tests::n_rows_yields_n_lines_when_no_col_header ... ok
[INFO] [stdout] test heatmap::tests::normalize_clamps_above_max ... ok
[INFO] [stdout] test heatmap::tests::normalize_clamps_below_min ... ok
[INFO] [stdout] test heatmap::tests::normalize_midpoint ... ok
[INFO] [stdout] test heatmap::tests::pad_or_truncate_exact ... ok
[INFO] [stdout] test heatmap::tests::pad_or_truncate_pads ... ok
[INFO] [stdout] test heatmap::tests::pad_or_truncate_truncates ... ok
[INFO] [stdout] test heatmap::tests::ragged_input_padded_to_max_cols ... ok
[INFO] [stdout] test heatmap::tests::single_cell_renders_one_line ... ok
[INFO] [stdout] test heatmap::tests::success_hot_heatmap_linear_row_count ... ok
[INFO] [stdout] test heatmap::tests::success_hot_heatmap_log_scale_no_panic ... ok
[INFO] [stdout] test heatmap::tests::success_hot_heatmap_ragged_padded ... ok
[INFO] [stdout] test heatmap::tests::success_hot_heatmap_with_labels_adds_header ... ok
[INFO] [stdout] test heatmap::tests::success_hot_high_endpoint_is_bright_green ... ok
[INFO] [stdout] test heatmap::tests::success_hot_low_endpoint_is_dark_green ... ok
[INFO] [stdout] test heatmap::tests::success_hot_midpoint_between_endpoints ... ok
[INFO] [stdout] test heatmap::tests::success_hot_luma_monotonic_increasing ... ok
[INFO] [stdout] test heatmap::tests::success_hot_red_channel_always_zero ... ok
[INFO] [stdout] test heatmap::tests::success_hot_through_colormap_rgb_dispatch ... ok
[INFO] [stdout] test heatmap::tests::viridis_endpoints_distinct ... ok
[INFO] [stdout] test number::tests::test_format_bytes_gb ... ok
[INFO] [stdout] test number::tests::test_format_bytes_kb ... ok
[INFO] [stdout] test number::tests::test_format_bytes_mb ... ok
[INFO] [stdout] test number::tests::test_format_compact_g ... ok
[INFO] [stdout] test number::tests::test_format_bytes_small ... ok
[INFO] [stdout] test number::tests::test_format_compact_k ... ok
[INFO] [stdout] test number::tests::test_format_compact_small ... ok
[INFO] [stdout] test number::tests::test_format_number_large ... ok
[INFO] [stdout] test number::tests::test_format_compact_m ... ok
[INFO] [stdout] test number::tests::test_format_number_millions ... ok
[INFO] [stdout] test number::tests::test_format_number_small ... ok
[INFO] [stdout] test number::tests::test_format_number_thousands ... ok
[INFO] [stdout] test number::tests::test_format_rate_elapsed ... ok
[INFO] [stdout] test number::tests::test_format_rate_normal ... ok
[INFO] [stdout] test number::tests::test_format_rate_zero ... ok
[INFO] [stdout] test repl::tests::common_prefix_basic ... ok
[INFO] [stdout] test repl::tests::common_prefix_empty ... ok
[INFO] [stdout] test repl::tests::common_prefix_full_match ... ok
[INFO] [stdout] test repl::tests::common_prefix_none ... ok
[INFO] [stdout] test repl::tests::common_prefix_single ... ok
[INFO] [stdout] test repl::tests::word_at_cursor_basic ... ok
[INFO] [stdout] test repl::tests::word_at_cursor_empty ... ok
[INFO] [stdout] test repl::tests::word_at_cursor_middle ... ok
[INFO] [stdout] test repl::tests::word_at_cursor_second_word ... ok
[INFO] [stdout] test scroll::tests::test_clamp_scroll_all_fit ... ok
[INFO] [stdout] test scroll::tests::test_clamp_scroll_past_end ... ok
[INFO] [stdout] test scroll::tests::test_clamp_scroll_within_bounds ... ok
[INFO] [stdout] test scroll::tests::test_clamp_scroll_zero_total ... ok
[INFO] [stdout] test scroll::tests::test_data_capacity ... ok
[INFO] [stdout] test scroll::tests::test_ensure_visible_above ... ok
[INFO] [stdout] test scroll::tests::test_ensure_visible_already_visible ... ok
[INFO] [stdout] test scroll::tests::test_ensure_visible_below ... ok
[INFO] [stdout] test scroll::tests::test_ensure_visible_zero_capacity ... ok
[INFO] [stdout] test scroll::tests::test_page_up ... ok
[INFO] [stdout] test scroll::tests::test_page_down ... ok
[INFO] [stdout] test scroll::tests::test_scroll_table_basic ... ok
[INFO] [stdout] test scroll::tests::test_scroll_table_column_alignment ... ok
[INFO] [stdout] test scroll::tests::test_scroll_table_empty ... ok
[INFO] [stdout] test scroll::tests::test_scroll_table_scrolled ... ok
[INFO] [stdout] test scroll::tests::test_scroll_view_all_fit ... ok
[INFO] [stdout] test scroll::tests::test_scroll_table_with_footer ... ok
[INFO] [stdout] test scroll::tests::test_scroll_view_empty ... ok
[INFO] [stdout] test scroll::tests::test_scroll_view_offset_clamped ... ok
[INFO] [stdout] test scroll::tests::test_scroll_view_scrolled ... ok
[INFO] [stdout] test spinner::tests::test_all_spinner_names_count ... ok
[INFO] [stdout] test spinner::tests::test_all_spinner_names_resolve ... ok
[INFO] [stdout] test spinner::tests::test_color_helpers_produce_output ... ok
[INFO] [stdout] test spinner::tests::test_get_spinner_known_name ... ok
[INFO] [stdout] test spinner::tests::test_get_spinner_unknown_returns_none ... ok
[INFO] [stdout] test spinner::tests::test_spinner_options_custom_frames ... ok
[INFO] [stdout] test spinner::tests::test_spinner_options_default ... ok
[INFO] [stdout] test style::tests::blink_nests_with_color_lifo ... ok
[INFO] [stdout] test style::tests::blink_paint_and_render_differ_when_ansi_off ... ok
[INFO] [stdout] test style::tests::blink_paint_strips_when_ansi_off ... ok
[INFO] [stdout] test style::tests::blink_render_emits_open_and_close ... ok
[INFO] [stdout] test style::tests::palette_amber_is_bright_yellow ... ok
[INFO] [stdout] test style::tests::palette_ambient_cyan_and_held_red ... ok
[INFO] [stdout] test style::tests::palette_break_greens_emit_expected_codes ... ok
[INFO] [stdout] 
[INFO] [stdout] test result: ok. 113 passed; 0 failed; 0 ignored; 0 measured; 0 filtered out; finished in 0.02s
[INFO] [stdout] 
[INFO] [stderr]      Running tests/activity_line_test.rs (/opt/rustwide/target/release/deps/activity_line_test-d2cca94ec402949c)
[INFO] [stdout] 
[INFO] [stdout] running 11 tests
[INFO] [stdout] test custom_frames ... ok
[INFO] [stdout] test custom_static_icon ... ok
[INFO] [stdout] test default_render_has_spinner_frame_and_text ... ok
[INFO] [stdout] test freeze_with_custom_color ... ok
[INFO] [stdout] test interval_ms_from_spinner ... ok
[INFO] [stdout] test metrics_callback ... ok
[INFO] [stderr]      Running tests/ansi_test.rs (/opt/rustwide/target/release/deps/ansi_test-e210d13b76a2038e)
[INFO] [stdout] test text_changes_message ... ok
[INFO] [stdout] test freeze_with_custom_message ... ok
[INFO] [stdout] test freeze_returns_frozen_line_with_icon ... ok
[INFO] [stdout] test tick_changes_spinner_frame ... ok
[INFO] [stdout] test interval_ms_override ... ok
[INFO] [stdout] 
[INFO] [stdout] test result: ok. 11 passed; 0 failed; 0 ignored; 0 measured; 0 filtered out; finished in 0.00s
[INFO] [stdout] 
[INFO] [stdout] 
[INFO] [stdout] running 16 tests
[INFO] [stdout] test strip_csi_sequence ... ok
[INFO] [stdout] test strip_empty ... ok
[INFO] [stdout] test strip_multiple_sequences ... ok
[INFO] [stdout] test strip_only_ansi ... ok
[INFO] [stdout] test strip_osc_hyperlink ... ok
[INFO] [stdout] test strip_plain_text ... ok
[INFO] [stdout] test width_cjk_characters ... ok
[INFO] [stdout] test width_empty ... ok
[INFO] [stdout] test width_plain_ascii ... ok
[INFO] [stdout] test width_with_ansi ... ok
[INFO] [stdout] test wrap_at_word_boundary ... ok
[INFO] [stdout] test wrap_empty ... ok
[INFO] [stdout] test wrap_hard_break_long_word ... ok
[INFO] [stdout] test wrap_preserves_ansi ... ok
[INFO] [stdout] test wrap_preserves_existing_newlines ... ok
[INFO] [stdout] test wrap_short_text_no_wrap ... ok
[INFO] [stdout] 
[INFO] [stdout] test result: ok. 16 passed; 0 failed; 0 ignored; 0 measured; 0 filtered out; finished in 0.01s
[INFO] [stdout] 
[INFO] [stderr]      Running tests/args_test.rs (/opt/rustwide/target/release/deps/args_test-4f092ff7a19582e0)
[INFO] [stdout] 
[INFO] [stdout] running 11 tests
[INFO] [stdout] test flag_defaults ... ok
[INFO] [stdout] test double_dash_stops_parsing ... ok
[INFO] [stdout] test no_command_mode ... ok
[INFO] [stdout] test parse_command ... ok
[INFO] [stdout] test parse_long_flag_boolean ... ok
[INFO] [stdout] test parse_command_flag ... ok
[INFO] [stdout] test parse_long_flag_equals ... ok
[INFO] [stdout] test parse_command_with_positionals ... ok
[INFO] [stdout] test parse_long_flag_string ... ok
[INFO] [stdout] test parse_short_flag_boolean ... ok
[INFO] [stdout] test parse_short_flag_string ... ok
[INFO] [stderr]      Running tests/badge_test.rs (/opt/rustwide/target/release/deps/badge_test-1c5dcd8fc22cce44)
[INFO] [stdout] 
[INFO] [stdout] test result: ok. 11 passed; 0 failed; 0 ignored; 0 measured; 0 filtered out; finished in 0.00s
[INFO] [stdout] 
[INFO] [stdout] 
[INFO] [stdout] running 3 tests
[INFO] [stdout] test badge_bracket_default ... ok
[INFO] [stdout] test badge_pill ... ok
[INFO] [stdout] test badge_dot ... ok
[INFO] [stdout] 
[INFO] [stdout] test result: ok. 3 passed; 0 failed; 0 ignored; 0 measured; 0 filtered out; finished in 0.00s
[INFO] [stdout] 
[INFO] [stderr]      Running tests/banner_test.rs (/opt/rustwide/target/release/deps/banner_test-e5d9aae7f9f15ad3)
[INFO] [stdout] 
[INFO] [stdout] running 3 tests
[INFO] [stdout] test banner_empty ... ok
[INFO] [stdout] test banner_basic ... ok
[INFO] [stdout] test banner_all_styles ... ok
[INFO] [stdout] 
[INFO] [stdout] test result: ok. 3 passed; 0 failed; 0 ignored; 0 measured; 0 filtered out; finished in 0.00s
[INFO] [stdout] 
[INFO] [stderr]      Running tests/columns_test.rs (/opt/rustwide/target/release/deps/columns_test-e91fa71e7160061c)
[INFO] [stdout] 
[INFO] [stdout] running 2 tests
[INFO] [stdout] test columns_basic ... ok
[INFO] [stdout] test columns_empty ... ok
[INFO] [stdout] 
[INFO] [stdout] test result: ok. 2 passed; 0 failed; 0 ignored; 0 measured; 0 filtered out; finished in 0.00s
[INFO] [stdout] 
[INFO] [stderr]      Running tests/command_router_test.rs (/opt/rustwide/target/release/deps/command_router_test-c0e6464703e89ee1)
[INFO] [stdout] 
[INFO] [stdout] running 19 tests
[INFO] [stdout] test completions_basic ... ok
[INFO] [stdout] test completions_excludes_hidden ... ok
[INFO] [stdout] test completions_no_match ... ok
[INFO] [stdout] test completions_multiple ... ok
[INFO] [stdout] test completions_no_prefix ... ok
[INFO] [stdout] test custom_prefix ... ok
[INFO] [stdout] test help_text_empty_router ... ok
[INFO] [stdout] test help_text_excludes_hidden ... ok
[INFO] [stdout] test help_text_shows_aliases ... ok
[INFO] [stdout] test help_text_shows_descriptions ... ok
[INFO] [stdout] test match_alias ... ok
[INFO] [stdout] test match_alias_question_mark ... ok
[INFO] [stdout] test match_basic_command ... ok
[INFO] [stdout] test match_command_with_args ... ok
[INFO] [stdout] test match_command_with_multi_args ... ok
[INFO] [stdout] test match_hidden_command ... ok
[INFO] [stdout] test no_match_empty ... ok
[INFO] [stdout] test no_match_unknown ... ok
[INFO] [stdout] test no_match_without_prefix ... ok
[INFO] [stdout] 
[INFO] [stdout] test result: ok. 19 passed; 0 failed; 0 ignored; 0 measured; 0 filtered out; finished in 0.01s
[INFO] [stdout] 
[INFO] [stderr]      Running tests/diff_test.rs (/opt/rustwide/target/release/deps/diff_test-4075997b002d4f8c)
[INFO] [stdout] 
[INFO] [stdout] running 4 tests
[INFO] [stdout] test diff_removed_line ... ok
[INFO] [stdout] test diff_identical ... ok
[INFO] [stdout] test diff_added_line ... ok
[INFO] [stdout] test diff_with_filename ... ok
[INFO] [stdout] 
[INFO] [stdout] test result: ok. 4 passed; 0 failed; 0 ignored; 0 measured; 0 filtered out; finished in 0.00s
[INFO] [stdout] 
[INFO] [stderr]      Running tests/exec_test.rs (/opt/rustwide/target/release/deps/exec_test-2118831b84182acd)
[INFO] [stdout] 
[INFO] [stdout] running 12 tests
[INFO] [stdout] test freeze_shows_all_lines ... ok
[INFO] [stdout] test carriage_return_processing ... ok
[INFO] [stdout] test done_sets_stopped ... ok
[INFO] [stdout] test not_scrollable_when_few_lines ... ok
[INFO] [stdout] test render_returns_lines ... ok
[INFO] [stdout] test done_flushes_partial ... ok
[INFO] [stdout] test scroll_down_up ... ok
[INFO] [stdout] test write_after_done_is_ignored ... ok
[INFO] [stdout] test write_basic ... ok
[INFO] [stdout] test fail_sets_stopped ... ok
[INFO] [stdout] test write_partial_line ... ok
[INFO] [stderr]      Running tests/frame_test.rs (/opt/rustwide/target/release/deps/frame_test-693ffb824a1a13d1)
[INFO] [stdout] test write_multiple_lines ... ok
[INFO] [stdout] 
[INFO] [stdout] test result: ok. 12 passed; 0 failed; 0 ignored; 0 measured; 0 filtered out; finished in 0.00s
[INFO] [stdout] 
[INFO] [stdout] 
[INFO] [stdout] running 6 tests
[INFO] [stdout] test all_border_styles_work ... ok
[INFO] [stdout] test frame_basic ... ok
[INFO] [stdout] test divider_default ... ok
[INFO] [stdout] test frame_double_border ... ok
[INFO] [stdout] test frame_with_title ... ok
[INFO] [stdout] test header_basic ... ok
[INFO] [stdout] 
[INFO] [stdout] test result: ok. 6 passed; 0 failed; 0 ignored; 0 measured; 0 filtered out; finished in 0.00s
[INFO] [stdout] 
[INFO] [stderr]      Running tests/highlight_test.rs (/opt/rustwide/target/release/deps/highlight_test-eb4c65407a2b39ed)
[INFO] [stdout] 
[INFO] [stdout] running 4 tests
[INFO] [stdout] test highlight_auto_detect_rust ... ok
[INFO] [stdout] test highlight_json ... ok
[INFO] [stdout] test highlight_with_line_numbers ... ok
[INFO] [stdout] test highlight_rust_keyword ... FAILED
[INFO] [stdout] 
[INFO] [stdout] failures:
[INFO] [stdout] 
[INFO] [stdout] ---- highlight_rust_keyword stdout ----
[INFO] [stdout] 
[INFO] [stdout] thread 'highlight_rust_keyword' (1551) panicked at tests/highlight_test.rs:13:5:
[INFO] [stdout] assertion failed: result.contains("\x1b[")
[INFO] [stdout] stack backtrace:
[INFO] [stdout]    0:     0x5e3958730ce1 - <<std[97b98282bc616a66]::sys::backtrace::BacktraceLock>::print::DisplayBacktrace as core[832e9a552fc17241]::fmt::Display>::fmt
[INFO] [stdout]    1:     0x5e39587455ea - core[832e9a552fc17241]::fmt::write
[INFO] [stdout]    2:     0x5e395873519c - <alloc[3ecab9f82c41dc7d]::vec::Vec<u8> as std[97b98282bc616a66]::io::Write>::write_fmt
[INFO] [stdout]    3:     0x5e395870f036 - std[97b98282bc616a66]::panicking::default_hook::{closure#0}
[INFO] [stdout]    4:     0x5e3958728d59 - std[97b98282bc616a66]::panicking::default_hook
[INFO] [stdout]    5:     0x5e39586bda80 - test[39766f3d73431624]::test_main_inner::<test[39766f3d73431624]::test_main_static::{closure#0}>::{closure#0}
[INFO] [stdout]    6:     0x5e3958728f12 - std[97b98282bc616a66]::panicking::panic_with_hook
[INFO] [stdout]    7:     0x5e395870f114 - std[97b98282bc616a66]::panicking::panic_handler::{closure#0}
[INFO] [stdout]    8:     0x5e39587067f9 - std[97b98282bc616a66]::sys::backtrace::__rust_end_short_backtrace::<std[97b98282bc616a66]::panicking::panic_handler::{closure#0}, !>
[INFO] [stdout]    9:     0x5e395870fefd - __rustc[e3d8617bb01b7f69]::rust_begin_unwind
[INFO] [stdout]   10:     0x5e3958745d1c - core[832e9a552fc17241]::panicking::panic_fmt
[INFO] [stdout]   11:     0x5e3958745ce2 - core[832e9a552fc17241]::panicking::panic
[INFO] [stdout]   12:     0x5e39586b0a48 - <highlight_test[6d7b9cd670fe85fd]::highlight_rust_keyword::{closure#0} as core[832e9a552fc17241]::ops::function::FnOnce<()>>::call_once
[INFO] [stdout]   13:     0x5e39586b0dbb - test[39766f3d73431624]::__rust_begin_short_backtrace::<core[832e9a552fc17241]::result::Result<(), alloc[3ecab9f82c41dc7d]::string::String>, fn() -> core[832e9a552fc17241]::result::Result<(), alloc[3ecab9f82c41dc7d]::string::String>>
[INFO] [stdout]   14:     0x5e39586be405 - test[39766f3d73431624]::run_test::{closure#0}
[INFO] [stdout]   15:     0x5e39586b8eb4 - std[97b98282bc616a66]::sys::backtrace::__rust_begin_short_backtrace::<test[39766f3d73431624]::run_test::{closure#1}, ()>
[INFO] [stdout]   16:     0x5e39586c1552 - <std[97b98282bc616a66]::thread::lifecycle::spawn_unchecked<test[39766f3d73431624]::run_test::{closure#1}, ()>::{closure#1} as core[832e9a552fc17241]::ops::function::FnOnce<()>>::call_once::{shim:vtable#0}
[INFO] [stdout]   17:     0x5e395873056f - <std[97b98282bc616a66]::sys::thread::unix::Thread>::new::thread_start
[INFO] [stdout]   18:     0x76d35e1a807a - <unknown>
[INFO] [stdout]   19:     0x76d35e23b534 - clone
[INFO] [stdout]   20:                0x0 - <unknown>
[INFO] [stdout] 
[INFO] [stdout] 
[INFO] [stdout] failures:
[INFO] [stdout]     highlight_rust_keyword
[INFO] [stdout] 
[INFO] [stdout] test result: FAILED. 3 passed; 1 failed; 0 ignored; 0 measured; 0 filtered out; finished in 0.00s
[INFO] [stdout] 
[INFO] [stderr] error: test failed, to rerun pass `--test highlight_test`
[INFO] running `Command { std: "docker" "inspect" "1edf00528287b3adbbb6008ed639cc4b19670d18bd11205f739b43407c77edd3", kill_on_drop: false }`
[INFO] running `Command { std: "docker" "rm" "-f" "1edf00528287b3adbbb6008ed639cc4b19670d18bd11205f739b43407c77edd3", kill_on_drop: false }`
[INFO] [stdout] 1edf00528287b3adbbb6008ed639cc4b19670d18bd11205f739b43407c77edd3
