[INFO] cloning repository https://github.com/lng2020/runjs
[INFO] running `Command { std: "git" "-c" "credential.helper=" "-c" "credential.helper=/workspace/cargo-home/bin/git-credential-null" "clone" "--bare" "https://github.com/lng2020/runjs" "/workspace/cache/git-repos/https%3A%2F%2Fgithub.com%2Flng2020%2Frunjs", kill_on_drop: false }`
[INFO] [stderr] Cloning into bare repository '/workspace/cache/git-repos/https%3A%2F%2Fgithub.com%2Flng2020%2Frunjs'...
[INFO] running `Command { std: "git" "rev-parse" "HEAD", kill_on_drop: false }`
[INFO] [stdout] 0b7ef7a7cc2c326d3d9f2256cc26e4fd2e3cabcd
[INFO] testing lng2020/runjs/0b7ef7a7cc2c326d3d9f2256cc26e4fd2e3cabcd against 1.98.0-beta.8+cargoflags=--release for beta-release-1.99-2
[INFO] running `Command { std: "git" "clone" "/workspace/cache/git-repos/https%3A%2F%2Fgithub.com%2Flng2020%2Frunjs" "/workspace/builds/worker-4-tc1/source", kill_on_drop: false }`
[INFO] [stderr] Cloning into '/workspace/builds/worker-4-tc1/source'...
[INFO] [stderr] done.
[INFO] started tweaking git repo https://github.com/lng2020/runjs
[INFO] finished tweaking git repo https://github.com/lng2020/runjs
[INFO] tweaked toml for git repo https://github.com/lng2020/runjs written to /workspace/builds/worker-4-tc1/source/Cargo.toml
[INFO] validating manifest of git repo https://github.com/lng2020/runjs on toolchain 1.98.0-beta.8
[INFO] running `Command { std: CARGO_HOME="/workspace/cargo-home" RUSTUP_HOME="/workspace/rustup-home" "/workspace/cargo-home/bin/cargo" "+1.98.0-beta.8" "metadata" "--manifest-path" "Cargo.toml" "--no-deps", kill_on_drop: false }`
[INFO] crate git repo https://github.com/lng2020/runjs already has a lockfile, it will not be regenerated
[INFO] running `Command { std: CARGO_HOME="/workspace/cargo-home" RUSTUP_HOME="/workspace/rustup-home" "/workspace/cargo-home/bin/cargo" "+1.98.0-beta.8" "fetch" "--manifest-path" "Cargo.toml", kill_on_drop: false }`
[INFO] [stderr]     Updating crates.io index
[INFO] [stderr]  Downloading crates ...
[INFO] [stderr]   Downloaded fastrand v2.0.2
[INFO] [stderr]   Downloaded cc v1.0.90
[INFO] [stderr]   Downloaded http-body v1.0.0
[INFO] [stderr]   Downloaded http-body-util v0.1.1
[INFO] [stderr]   Downloaded simd-abstraction v0.7.1
[INFO] [stderr]   Downloaded outref v0.1.0
[INFO] [stderr]   Downloaded cooked-waker v5.0.0
[INFO] [stderr]   Downloaded swc_config v0.1.12
[INFO] [stderr]   Downloaded gzip-header v1.0.0
[INFO] [stderr]   Downloaded text_lines v0.6.0
[INFO] [stderr]   Downloaded string_enum v0.4.2
[INFO] [stderr]   Downloaded fslock v0.2.1
[INFO] [stderr]   Downloaded if_chain v1.0.2
[INFO] [stderr]   Downloaded swc_visit_macros v0.5.11
[INFO] [stderr]   Downloaded swc_eq_ignore_macros v0.1.3
[INFO] [stderr]   Downloaded unicode-id v0.3.4
[INFO] [stderr]   Downloaded from_variant v0.1.7
[INFO] [stderr]   Downloaded swc_cached v0.3.20
[INFO] [stderr]   Downloaded swc_visit v0.5.10
[INFO] [stderr]   Downloaded phf_macros v0.11.2
[INFO] [stderr]   Downloaded swc_config_macro v0.1.3
[INFO] [stderr]   Downloaded debugid v0.8.0
[INFO] [stderr]   Downloaded deno_unsync v0.3.2
[INFO] [stderr]   Downloaded better_scoped_tls v0.1.1
[INFO] [stderr]   Downloaded base64-simd v0.7.0
[INFO] [stderr]   Downloaded swc_macros_common v0.3.9
[INFO] [stderr]   Downloaded sha-1 v0.10.0
[INFO] [stderr]   Downloaded security-framework-sys v2.10.0
[INFO] [stderr]   Downloaded swc_ecma_transforms_classes v0.126.16
[INFO] [stderr]   Downloaded proc-macro-rules-macros v0.4.0
[INFO] [stderr]   Downloaded swc_atoms v0.6.5
[INFO] [stderr]   Downloaded swc_ecma_transforms_macros v0.5.4
[INFO] [stderr]   Downloaded proc-macro-rules v0.4.0
[INFO] [stderr]   Downloaded which v5.0.0
[INFO] [stderr]   Downloaded swc_ecma_visit v0.98.7
[INFO] [stderr]   Downloaded swc_ecma_loader v0.45.24
[INFO] [stderr]   Downloaded swc_ecma_codegen_macros v0.7.4
[INFO] [stderr]   Downloaded deno_terminal v0.1.1
[INFO] [stderr]   Downloaded deno_media_type v0.1.3
[INFO] [stderr]   Downloaded data-encoding v2.5.0
[INFO] [stderr]   Downloaded Inflector v0.11.4
[INFO] [stderr]   Downloaded hstr v0.2.8
[INFO] [stderr]   Downloaded is-macro v0.3.5
[INFO] [stderr]   Downloaded swc_ecma_utils v0.127.15
[INFO] [stderr]   Downloaded swc_ecma_transforms_react v0.183.17
[INFO] [stderr]   Downloaded swc_ecma_transforms_proposal v0.171.17
[INFO] [stderr]   Downloaded swc_ecma_ast v0.112.6
[INFO] [stderr]   Downloaded triomphe v0.1.11
[INFO] [stderr]   Downloaded ast_node v0.9.6
[INFO] [stderr]   Downloaded bumpalo v3.15.4
[INFO] [stderr]   Downloaded data-url v0.3.1
[INFO] [stderr]   Downloaded sourcemap v7.1.1
[INFO] [stderr]   Downloaded serde_v8 v0.181.0
[INFO] [stderr]   Downloaded reqwest v0.12.2
[INFO] [stderr]   Downloaded sourcemap v8.0.1
[INFO] [stderr]   Downloaded unicode-id-start v1.1.2
[INFO] [stderr]   Downloaded swc_ecma_transforms_typescript v0.188.17
[INFO] [stderr]   Downloaded hyper-util v0.1.3
[INFO] [stderr]   Downloaded deno_ops v0.148.0
[INFO] [stderr]   Downloaded swc_ecma_codegen v0.148.13
[INFO] [stderr]   Downloaded openssl-sys v0.9.102
[INFO] [stderr]   Downloaded swc_ecma_transforms_base v0.137.16
[INFO] [stderr]   Downloaded deno_ast v0.35.0
[INFO] [stderr]   Downloaded swc_common v0.33.21
[INFO] [stderr]   Downloaded ryu-js v1.0.1
[INFO] [stderr]   Downloaded dprint-swc-ext v0.15.1
[INFO] [stderr]   Downloaded security-framework v2.10.0
[INFO] [stderr]   Downloaded serde_json v1.0.115
[INFO] [stderr]   Downloaded swc_ecma_parser v0.143.11
[INFO] [stderr]   Downloaded hyper v1.2.0
[INFO] [stderr]   Downloaded h2 v0.4.4
[INFO] [stderr]   Downloaded deno_core v0.272.0
[INFO] [stderr]   Downloaded deno_core_icudata v0.0.73
[INFO] [stderr]   Downloaded v8 v0.89.0
[INFO] running `Command { std: "docker" "create" "-v" "/var/lib/crater-agent-workspace/builds/worker-4-tc1/source:/opt/rustwide/workdir:ro,Z" "-v" "/var/lib/crater-agent-workspace/builds/worker-4-tc1/target:/opt/rustwide/target:rw,Z" "-v" "/var/lib/crater-agent-workspace/cargo-home:/opt/rustwide/cargo-home:ro,Z" "-v" "/var/lib/crater-agent-workspace/rustup-home:/opt/rustwide/rustup-home:ro,Z" "-m" "1610612736" "--network" "none" "ghcr.io/rust-lang/crates-build-env/linux@sha256:8683fc1fc2eb5c9ac98e0d076ab094b2ffac7f99da555d2b6a2e27f346de2ec7" "sleep" "infinity", kill_on_drop: false }`
[INFO] [stdout] 49e4d8a0148a8ea53047c5c722404d8187d9295b7775ff032b4bbe4db15c053b
[INFO] running `Command { std: "docker" "start" "49e4d8a0148a8ea53047c5c722404d8187d9295b7775ff032b4bbe4db15c053b", kill_on_drop: false }`
[INFO] running `Command { std: "docker" "inspect" "49e4d8a0148a8ea53047c5c722404d8187d9295b7775ff032b4bbe4db15c053b", kill_on_drop: false }`
[INFO] running `Command { std: "docker" "exec" "-e" "SOURCE_DIR=/opt/rustwide/workdir" "-e" "CARGO_HOME=/opt/rustwide/cargo-home" "-e" "RUSTUP_HOME=/opt/rustwide/rustup-home" "-e" "CARGO_TARGET_DIR=/opt/rustwide/target" "-w" "/opt/rustwide/workdir" "--user" "0:0" "49e4d8a0148a8ea53047c5c722404d8187d9295b7775ff032b4bbe4db15c053b" "/opt/rustwide/cargo-home/bin/cargo" "+1.98.0-beta.8" "metadata" "--no-deps" "--format-version=1", kill_on_drop: false }`
[INFO] running `Command { std: "docker" "inspect" "49e4d8a0148a8ea53047c5c722404d8187d9295b7775ff032b4bbe4db15c053b", kill_on_drop: false }`
[INFO] running `Command { std: "docker" "exec" "-e" "SOURCE_DIR=/opt/rustwide/workdir" "-e" "CARGO_HOME=/opt/rustwide/cargo-home" "-e" "RUSTUP_HOME=/opt/rustwide/rustup-home" "-e" "CARGO_TARGET_DIR=/opt/rustwide/target" "-e" "CARGO_INCREMENTAL=0" "-e" "RUST_BACKTRACE=full" "-e" "RUSTFLAGS=--cap-lints=warn" "-e" "RUSTDOCFLAGS=--cap-lints=warn" "-w" "/opt/rustwide/workdir" "--user" "0:0" "49e4d8a0148a8ea53047c5c722404d8187d9295b7775ff032b4bbe4db15c053b" "/opt/rustwide/cargo-home/bin/cargo" "+1.98.0-beta.8" "build" "--frozen" "--message-format=json" "--release", kill_on_drop: false }`
[INFO] [stderr]    Compiling proc-macro2 v1.0.79
[INFO] [stderr]    Compiling autocfg v1.2.0
[INFO] [stderr]    Compiling libc v0.2.153
[INFO] [stderr]    Compiling cc v1.0.90
[INFO] [stderr]    Compiling serde v1.0.197
[INFO] [stderr]    Compiling memchr v2.7.2
[INFO] [stderr]    Compiling pin-project-lite v0.2.14
[INFO] [stderr]    Compiling itoa v1.0.11
[INFO] [stderr]    Compiling serde_json v1.0.115
[INFO] [stderr]    Compiling log v0.4.21
[INFO] [stderr]    Compiling smallvec v1.13.2
[INFO] [stderr]    Compiling rand_core v0.6.4
[INFO] [stderr]    Compiling tracing-core v0.1.32
[INFO] [stderr]    Compiling indexmap v2.2.6
[INFO] [stderr]    Compiling percent-encoding v2.3.1
[INFO] [stderr]    Compiling unicode-normalization v0.1.23
[INFO] [stderr]    Compiling vcpkg v0.2.15
[INFO] [stderr]    Compiling pkg-config v0.3.30
[INFO] [stderr]    Compiling form_urlencoded v1.2.1
[INFO] [stderr]    Compiling unicode-bidi v0.3.15
[INFO] [stderr]    Compiling rand v0.8.5
[INFO] [stderr]    Compiling bitflags v2.5.0
[INFO] [stderr]    Compiling regex-syntax v0.8.3
[INFO] [stderr]    Compiling siphasher v0.3.11
[INFO] [stderr]    Compiling lock_api v0.4.11
[INFO] [stderr]    Compiling slab v0.4.9
[INFO] [stderr]    Compiling aho-corasick v1.1.3
[INFO] [stderr]    Compiling num-traits v0.2.18
[INFO] [stderr]    Compiling phf_shared v0.11.2
[INFO] [stderr]    Compiling idna v0.5.0
[INFO] [stderr]    Compiling quote v1.0.35
[INFO] [stderr]    Compiling outref v0.1.0
[INFO] [stderr]    Compiling simd-abstraction v0.7.1
[INFO] [stderr]    Compiling num-bigint v0.4.4
[INFO] [stderr]    Compiling syn v2.0.58
[INFO] [stderr]    Compiling phf_generator v0.11.2
[INFO] [stderr]    Compiling uuid v1.8.0
[INFO] [stderr]    Compiling num_cpus v1.16.0
[INFO] [stderr]    Compiling parking_lot_core v0.9.9
[INFO] [stderr]    Compiling radium v0.7.0
[INFO] [stderr]    Compiling base64-simd v0.7.0
[INFO] [stderr]    Compiling data-encoding v2.5.0
[INFO] [stderr]    Compiling stable_deref_trait v1.2.0
[INFO] [stderr]    Compiling unicode-id-start v1.1.2
[INFO] [stderr]    Compiling if_chain v1.0.2
[INFO] [stderr]    Compiling tap v1.0.1
[INFO] [stderr]    Compiling bytes v1.6.0
[INFO] [stderr]    Compiling wyz v0.5.1
[INFO] [stderr]    Compiling funty v2.0.0
[INFO] [stderr]    Compiling openssl-sys v0.9.102
[INFO] [stderr]    Compiling new_debug_unreachable v1.0.6
[INFO] [stderr]    Compiling futures-core v0.3.30
[INFO] [stderr]    Compiling either v1.10.0
[INFO] [stderr]    Compiling better_scoped_tls v0.1.1
[INFO] [stderr]    Compiling openssl v0.10.64
[INFO] [stderr]    Compiling crc32fast v1.4.0
[INFO] [stderr]    Compiling num-integer v0.1.46
[INFO] [stderr]    Compiling futures-sink v0.3.30
[INFO] [stderr]    Compiling anyhow v1.0.81
[INFO] [stderr]    Compiling unicode-width v0.1.11
[INFO] [stderr]    Compiling rustix v0.38.32
[INFO] [stderr]    Compiling bitvec v1.0.1
[INFO] [stderr]    Compiling parking_lot v0.12.1
[INFO] [stderr]    Compiling mio v0.8.11
[INFO] [stderr]    Compiling socket2 v0.5.6
[INFO] [stderr]    Compiling signal-hook-registry v1.4.1
[INFO] [stderr]    Compiling linux-raw-sys v0.4.13
[INFO] [stderr]    Compiling futures-channel v0.3.30
[INFO] [stderr]    Compiling home v0.5.9
[INFO] [stderr]    Compiling futures-io v0.3.30
[INFO] [stderr]    Compiling pin-utils v0.1.0
[INFO] [stderr]    Compiling futures-task v0.3.30
[INFO] [stderr]    Compiling unicode-id v0.3.4
[INFO] [stderr]    Compiling adler v1.0.2
[INFO] [stderr]    Compiling gzip-header v1.0.0
[INFO] [stderr]    Compiling miniz_oxide v0.7.2
[INFO] [stderr]    Compiling psm v0.1.21
[INFO] [stderr]    Compiling regex-automata v0.4.6
[INFO] [stderr]    Compiling fslock v0.2.1
[INFO] [stderr]    Compiling thiserror v1.0.58
[INFO] [stderr]    Compiling equivalent v1.0.1
[INFO] [stderr]    Compiling hashbrown v0.14.3
[INFO] [stderr]    Compiling stacker v0.1.15
[INFO] [stderr]    Compiling smartstring v1.0.1
[INFO] [stderr]    Compiling typenum v1.17.0
[INFO] [stderr]    Compiling fnv v1.0.7
[INFO] [stderr]    Compiling http v1.1.0
[INFO] [stderr]    Compiling tracing v0.1.40
[INFO] [stderr]    Compiling generic-array v0.14.7
[INFO] [stderr]    Compiling rustversion v1.0.14
[INFO] [stderr]    Compiling tinyvec_macros v0.1.1
[INFO] [stderr]    Compiling tinyvec v1.6.0
[INFO] [stderr]    Compiling memoffset v0.9.1
[INFO] [stderr]    Compiling typed-arena v2.0.2
[INFO] [stderr]    Compiling foreign-types-shared v0.1.1
[INFO] [stderr]    Compiling foreign-types v0.3.2
[INFO] [stderr]    Compiling httparse v1.8.0
[INFO] [stderr]    Compiling ahash v0.8.11
[INFO] [stderr]    Compiling ryu v1.0.17
[INFO] [stderr]    Compiling http-body v1.0.0
[INFO] [stderr]    Compiling try-lock v0.2.5
[INFO] [stderr]    Compiling want v0.3.1
[INFO] [stderr]    Compiling native-tls v0.2.11
[INFO] [stderr]    Compiling getrandom v0.2.12
[INFO] [stderr]    Compiling zerocopy v0.7.32
[INFO] [stderr]    Compiling tower-service v0.3.2
[INFO] [stderr]    Compiling tower-layer v0.3.2
[INFO] [stderr]    Compiling openssl-probe v0.1.5
[INFO] [stderr]    Compiling which v5.0.0
[INFO] [stderr]    Compiling dashmap v5.5.3
[INFO] [stderr]    Compiling regex v1.10.4
[INFO] [stderr]    Compiling crypto-common v0.1.6
[INFO] [stderr]    Compiling v8 v0.89.0
[INFO] [stderr]    Compiling block-buffer v0.10.4
[INFO] [stderr]    Compiling unicode-ident v1.0.12
[INFO] [stderr]    Compiling base64 v0.21.7
[INFO] [stderr]    Compiling digest v0.10.7
[INFO] [stderr]    Compiling Inflector v0.11.4
[INFO] [stderr]    Compiling http-body-util v0.1.1
[INFO] [stderr]    Compiling bit-vec v0.6.3
[INFO] [stderr]    Compiling cpufeatures v0.2.12
[INFO] [stderr]    Compiling bit-set v0.5.3
[INFO] [stderr]    Compiling sha-1 v0.10.0
[INFO] [stderr]    Compiling rustls-pemfile v1.0.4
[INFO] [stderr]    Compiling swc_macros_common v0.3.9
[INFO] [stderr]    Compiling encoding_rs v0.8.33
[INFO] [stderr]    Compiling deno_core_icudata v0.0.73
[INFO] [stderr]    Compiling static_assertions v1.1.0
[INFO] [stderr]    Compiling mime v0.3.17
[INFO] [stderr]    Compiling sync_wrapper v0.1.2
[INFO] [stderr]    Compiling ipnet v2.9.0
[INFO] [stderr]    Compiling cooked-waker v5.0.0
[INFO] [stderr]    Compiling data-url v0.3.1
[INFO] [stderr]    Compiling pathdiff v0.2.1
[INFO] [stderr]    Compiling ryu-js v1.0.1
[INFO] [stderr]    Compiling deno_terminal v0.1.1
[INFO] [stderr]    Compiling serde_derive v1.0.197
[INFO] [stderr]    Compiling tokio-macros v2.2.0
[INFO] [stderr]    Compiling futures-macro v0.3.30
[INFO] [stderr]    Compiling tracing-attributes v0.1.27
[INFO] [stderr]    Compiling phf_macros v0.11.2
[INFO] [stderr]    Compiling swc_visit_macros v0.5.11
[INFO] [stderr]    Compiling swc_eq_ignore_macros v0.1.3
[INFO] [stderr]    Compiling from_variant v0.1.7
[INFO] [stderr]    Compiling pin-project-internal v1.1.5
[INFO] [stderr]    Compiling ast_node v0.9.6
[INFO] [stderr]    Compiling is-macro v0.3.5
[INFO] [stderr]    Compiling tokio v1.37.0
[INFO] [stderr]    Compiling phf v0.11.2
[INFO] [stderr]    Compiling string_enum v0.4.2
[INFO] [stderr]    Compiling openssl-macros v0.1.1
[INFO] [stderr]    Compiling futures-util v0.3.30
[INFO] [stderr]    Compiling thiserror-impl v1.0.58
[INFO] [stderr]    Compiling pin-project v1.1.5
[INFO] [stderr]    Compiling proc-macro-rules-macros v0.4.0
[INFO] [stderr]    Compiling strum_macros v0.25.3
[INFO] [stderr] error: could not compile `regex-automata` (lib)
[INFO] [stderr] 
[INFO] [stderr] Caused by:
[INFO] [stderr]   process didn't exit successfully: `/opt/rustwide/rustup-home/toolchains/1.98.0-beta.8-x86_64-unknown-linux-gnu/bin/rustc --crate-name regex_automata --edition=2021 /opt/rustwide/cargo-home/registry/src/index.crates.io-1949cf8c6b5b557f/regex-automata-0.4.6/src/lib.rs --error-format=json --json=diagnostic-rendered-ansi,artifacts,future-incompat --crate-type lib --emit=dep-info,metadata,link -C opt-level=3 -C embed-bitcode=no --cfg 'feature="alloc"' --cfg 'feature="dfa-onepass"' --cfg 'feature="hybrid"' --cfg 'feature="meta"' --cfg 'feature="nfa-backtrack"' --cfg 'feature="nfa-pikevm"' --cfg 'feature="nfa-thompson"' --cfg 'feature="perf-inline"' --cfg 'feature="perf-literal"' --cfg 'feature="perf-literal-multisubstring"' --cfg 'feature="perf-literal-substring"' --cfg 'feature="std"' --cfg 'feature="syntax"' --cfg 'feature="unicode"' --cfg 'feature="unicode-age"' --cfg 'feature="unicode-bool"' --cfg 'feature="unicode-case"' --cfg 'feature="unicode-gencat"' --cfg 'feature="unicode-perl"' --cfg 'feature="unicode-script"' --cfg 'feature="unicode-segment"' --cfg 'feature="unicode-word-boundary"' --check-cfg 'cfg(docsrs,test)' --check-cfg 'cfg(feature, values("alloc", "default", "dfa", "dfa-build", "dfa-onepass", "dfa-search", "hybrid", "internal-instrument", "internal-instrument-pikevm", "logging", "meta", "nfa", "nfa-backtrack", "nfa-pikevm", "nfa-thompson", "perf", "perf-inline", "perf-literal", "perf-literal-multisubstring", "perf-literal-substring", "std", "syntax", "unicode", "unicode-age", "unicode-bool", "unicode-case", "unicode-gencat", "unicode-perl", "unicode-script", "unicode-segment", "unicode-word-boundary"))' -C metadata=e05c4fe67204e02a -C extra-filename=-fd11b633cd0c8b85 --out-dir /opt/rustwide/target/release/deps -C strip=debuginfo -L dependency=/opt/rustwide/target/release/deps --extern aho_corasick=/opt/rustwide/target/release/deps/libaho_corasick-715926859c9868de.rmeta --extern memchr=/opt/rustwide/target/release/deps/libmemchr-a5bdbdec3df80ccd.rmeta --extern regex_syntax=/opt/rustwide/target/release/deps/libregex_syntax-174d7cbc66427c15.rmeta --cap-lints allow --cap-lints=warn` (signal: 9, SIGKILL: kill)
[INFO] [stderr] warning: build failed, waiting for other jobs to finish...
[INFO] [stderr] error: could not compile `syn` (lib)
[INFO] [stderr] 
[INFO] [stderr] Caused by:
[INFO] [stderr]   process didn't exit successfully: `/opt/rustwide/rustup-home/toolchains/1.98.0-beta.8-x86_64-unknown-linux-gnu/bin/rustc --crate-name syn --edition=2021 /opt/rustwide/cargo-home/registry/src/index.crates.io-1949cf8c6b5b557f/syn-2.0.58/src/lib.rs --error-format=json --json=diagnostic-rendered-ansi,artifacts,future-incompat --crate-type lib --emit=dep-info,metadata,link -C opt-level=3 -C embed-bitcode=no --cfg 'feature="clone-impls"' --cfg 'feature="default"' --cfg 'feature="derive"' --cfg 'feature="extra-traits"' --cfg 'feature="full"' --cfg 'feature="parsing"' --cfg 'feature="printing"' --cfg 'feature="proc-macro"' --cfg 'feature="visit"' --check-cfg 'cfg(docsrs,test)' --check-cfg 'cfg(feature, values("clone-impls", "default", "derive", "extra-traits", "fold", "full", "parsing", "printing", "proc-macro", "test", "visit", "visit-mut"))' -C metadata=a6073d4166a82a05 -C extra-filename=-4755f2901f9be18d --out-dir /opt/rustwide/target/release/deps -C strip=debuginfo -L dependency=/opt/rustwide/target/release/deps --extern proc_macro2=/opt/rustwide/target/release/deps/libproc_macro2-1c8e4521f2f00f76.rmeta --extern quote=/opt/rustwide/target/release/deps/libquote-861a025cbf1f0c33.rmeta --extern unicode_ident=/opt/rustwide/target/release/deps/libunicode_ident-55b40023a732f41a.rmeta --cap-lints allow --cap-lints=warn` (signal: 9, SIGKILL: kill)
[INFO] [stderr] error: failed to run custom build command for `v8 v0.89.0`
[INFO] [stderr] note: To improve backtraces for build dependencies, set the CARGO_PROFILE_RELEASE_BUILD_OVERRIDE_DEBUG=true environment variable to enable debug information generation.
[INFO] [stderr] 
[INFO] [stderr] Caused by:
[INFO] [stderr]   process didn't exit successfully: `/opt/rustwide/target/release/build/v8-2061c1e5160d9a8c/build-script-build` (exit status: 101)
[INFO] [stderr]   --- stdout
[INFO] [stderr]   cargo:rerun-if-changed=.gn
[INFO] [stderr]   cargo:rerun-if-changed=BUILD.gn
[INFO] [stderr]   cargo:rerun-if-changed=src/binding.cc
[INFO] [stderr]   cargo:rerun-if-env-changed=CCACHE
[INFO] [stderr]   cargo:rerun-if-env-changed=CLANG_BASE_PATH
[INFO] [stderr]   cargo:rerun-if-env-changed=CXXSTDLIB
[INFO] [stderr]   cargo:rerun-if-env-changed=DENO_TRYBUILD
[INFO] [stderr]   cargo:rerun-if-env-changed=DOCS_RS
[INFO] [stderr]   cargo:rerun-if-env-changed=GN
[INFO] [stderr]   cargo:rerun-if-env-changed=GN_ARGS
[INFO] [stderr]   cargo:rerun-if-env-changed=HOST
[INFO] [stderr]   cargo:rerun-if-env-changed=NINJA
[INFO] [stderr]   cargo:rerun-if-env-changed=OUT_DIR
[INFO] [stderr]   cargo:rerun-if-env-changed=RUSTY_V8_ARCHIVE
[INFO] [stderr]   cargo:rerun-if-env-changed=RUSTY_V8_MIRROR
[INFO] [stderr]   cargo:rerun-if-env-changed=SCCACHE
[INFO] [stderr]   cargo:rerun-if-env-changed=V8_FORCE_DEBUG
[INFO] [stderr]   cargo:rerun-if-env-changed=V8_FROM_SOURCE
[INFO] [stderr]   cargo:rerun-if-env-changed=PYTHON
[INFO] [stderr]   cargo:rerun-if-env-changed=DISABLE_CLANG
[INFO] [stderr]   cargo:rerun-if-env-changed=EXTRA_GN_ARGS
[INFO] [stderr]   cargo:rerun-if-env-changed=NO_PRINT_GN_ARGS
[INFO] [stderr]   cargo:rustc-link-lib=static=rusty_v8
[INFO] [stderr]   download lockfile: "/opt/rustwide/target/release/build/lib_download.fslock"
[INFO] [stderr]   static lib URL: https://github.com/denoland/rusty_v8/releases/download/v0.89.0/librusty_v8_release_x86_64-unknown-linux-gnu.a.gz
[INFO] [stderr]   cargo:rustc-link-search=/opt/rustwide/target/release/gn_out/obj
[INFO] [stderr]   Looking for download in '"/opt/rustwide/cargo-home/.rusty_v8/https___github_com_denoland_rusty_v8_releases_download_v0_89_0_librusty_v8_release_x86_64_unknown_linux_gnu_a_gz"'
[INFO] [stderr]   Downloading (using Python) https://github.com/denoland/rusty_v8/releases/download/v0.89.0/librusty_v8_release_x86_64-unknown-linux-gnu.a.gz
[INFO] [stderr]   Downloading https://github.com/denoland/rusty_v8/releases/download/v0.89.0/librusty_v8_release_x86_64-unknown-linux-gnu.a.gz...
[INFO] [stderr]   <urlopen error [Errno -3] Temporary failure in name resolution>
[INFO] [stderr]   Retrying in 5 s ...
[INFO] [stderr]   Downloading https://github.com/denoland/rusty_v8/releases/download/v0.89.0/librusty_v8_release_x86_64-unknown-linux-gnu.a.gz...
[INFO] [stderr]   <urlopen error [Errno -3] Temporary failure in name resolution>
[INFO] [stderr]   Retrying in 10 s ...
[INFO] [stderr]   Downloading https://github.com/denoland/rusty_v8/releases/download/v0.89.0/librusty_v8_release_x86_64-unknown-linux-gnu.a.gz...
[INFO] [stderr]   <urlopen error [Errno -3] Temporary failure in name resolution>
[INFO] [stderr]   Retrying in 20 s ...
[INFO] [stderr]   Downloading https://github.com/denoland/rusty_v8/releases/download/v0.89.0/librusty_v8_release_x86_64-unknown-linux-gnu.a.gz...
[INFO] [stderr]   <urlopen error [Errno -3] Temporary failure in name resolution>
[INFO] [stderr]   Python downloader failed, trying with curl.
[INFO] [stderr] 
[INFO] [stderr]   --- stderr
[INFO] [stderr]   Traceback (most recent call last):
[INFO] [stderr]     File "/usr/lib/python3.14/urllib/request.py", line 1321, in do_open
[INFO] [stderr]       h.request(req.get_method(), req.selector, req.data, headers,
[INFO] [stderr]       ~~~~~~~~~^^^^^^^^^^^^^^^^^^^^^^^^^^^^^^^^^^^^^^^^^^^^^^^^^^^
[INFO] [stderr]                 encode_chunked=req.has_header('Transfer-encoding'))
[INFO] [stderr]                 ^^^^^^^^^^^^^^^^^^^^^^^^^^^^^^^^^^^^^^^^^^^^^^^^^^^
[INFO] [stderr]     File "/usr/lib/python3.14/http/client.py", line 1367, in request
[INFO] [stderr]       self._send_request(method, url, body, headers, encode_chunked)
[INFO] [stderr]       ~~~~~~~~~~~~~~~~~~^^^^^^^^^^^^^^^^^^^^^^^^^^^^^^^^^^^^^^^^^^^^
[INFO] [stderr]     File "/usr/lib/python3.14/http/client.py", line 1413, in _send_request
[INFO] [stderr]       self.endheaders(body, encode_chunked=encode_chunked)
[INFO] [stderr]       ~~~~~~~~~~~~~~~^^^^^^^^^^^^^^^^^^^^^^^^^^^^^^^^^^^^^
[INFO] [stderr]     File "/usr/lib/python3.14/http/client.py", line 1362, in endheaders
[INFO] [stderr]       self._send_output(message_body, encode_chunked=encode_chunked)
[INFO] [stderr]       ~~~~~~~~~~~~~~~~~^^^^^^^^^^^^^^^^^^^^^^^^^^^^^^^^^^^^^^^^^^^^^
[INFO] [stderr]     File "/usr/lib/python3.14/http/client.py", line 1122, in _send_output
[INFO] [stderr]       self.send(msg)
[INFO] [stderr]       ~~~~~~~~~^^^^^
[INFO] [stderr]     File "/usr/lib/python3.14/http/client.py", line 1066, in send
[INFO] [stderr]       self.connect()
[INFO] [stderr]       ~~~~~~~~~~~~^^
[INFO] [stderr]     File "/usr/lib/python3.14/http/client.py", line 1501, in connect
[INFO] [stderr]       super().connect()
[INFO] [stderr]       ~~~~~~~~~~~~~~~^^
[INFO] [stderr]     File "/usr/lib/python3.14/http/client.py", line 1032, in connect
[INFO] [stderr]       self.sock = self._create_connection(
[INFO] [stderr]                   ~~~~~~~~~~~~~~~~~~~~~~~^
[INFO] [stderr]           (self.host,self.port), self.timeout, self.source_address)
[INFO] [stderr]           ^^^^^^^^^^^^^^^^^^^^^^^^^^^^^^^^^^^^^^^^^^^^^^^^^^^^^^^^^
[INFO] [stderr]     File "/usr/lib/python3.14/socket.py", line 846, in create_connection
[INFO] [stderr]       for res in getaddrinfo(host, port, 0, SOCK_STREAM):
[INFO] [stderr]                  ~~~~~~~~~~~^^^^^^^^^^^^^^^^^^^^^^^^^^^^
[INFO] [stderr]     File "/usr/lib/python3.14/socket.py", line 983, in getaddrinfo
[INFO] [stderr]       for res in _socket.getaddrinfo(host, port, family, type, proto, flags):
[INFO] [stderr]                  ~~~~~~~~~~~~~~~~~~~^^^^^^^^^^^^^^^^^^^^^^^^^^^^^^^^^^^^^^^^
[INFO] [stderr]   socket.gaierror: [Errno -3] Temporary failure in name resolution
[INFO] [stderr] 
[INFO] [stderr]   During handling of the above exception, another exception occurred:
[INFO] [stderr] 
[INFO] [stderr]   Traceback (most recent call last):
[INFO] [stderr]     File "/opt/rustwide/cargo-home/registry/src/index.crates.io-1949cf8c6b5b557f/v8-0.89.0/./tools/download_file.py", line 64, in <module>
[INFO] [stderr]       sys.exit(main())
[INFO] [stderr]                ~~~~^^
[INFO] [stderr]     File "/opt/rustwide/cargo-home/registry/src/index.crates.io-1949cf8c6b5b557f/v8-0.89.0/./tools/download_file.py", line 59, in main
[INFO] [stderr]       DownloadUrl(args.url, f)
[INFO] [stderr]       ~~~~~~~~~~~^^^^^^^^^^^^^
[INFO] [stderr]     File "/opt/rustwide/cargo-home/registry/src/index.crates.io-1949cf8c6b5b557f/v8-0.89.0/./tools/download_file.py", line 45, in DownloadUrl
[INFO] [stderr]       raise e
[INFO] [stderr]     File "/opt/rustwide/cargo-home/registry/src/index.crates.io-1949cf8c6b5b557f/v8-0.89.0/./tools/download_file.py", line 29, in DownloadUrl
[INFO] [stderr]       response = urlopen(url)
[INFO] [stderr]     File "/usr/lib/python3.14/urllib/request.py", line 187, in urlopen
[INFO] [stderr]       return opener.open(url, data, timeout)
[INFO] [stderr]              ~~~~~~~~~~~^^^^^^^^^^^^^^^^^^^^
[INFO] [stderr]     File "/usr/lib/python3.14/urllib/request.py", line 487, in open
[INFO] [stderr]       response = self._open(req, data)
[INFO] [stderr]     File "/usr/lib/python3.14/urllib/request.py", line 504, in _open
[INFO] [stderr]       result = self._call_chain(self.handle_open, protocol, protocol +
[INFO] [stderr]                                 '_open', req)
[INFO] [stderr]     File "/usr/lib/python3.14/urllib/request.py", line 464, in _call_chain
[INFO] [stderr]       result = func(*args)
[INFO] [stderr]     File "/usr/lib/python3.14/urllib/request.py", line 1369, in https_open
[INFO] [stderr]       return self.do_open(http.client.HTTPSConnection, req,
[INFO] [stderr]              ~~~~~~~~~~~~^^^^^^^^^^^^^^^^^^^^^^^^^^^^^^^^^^
[INFO] [stderr]                           context=self._context)
[INFO] [stderr]                           ^^^^^^^^^^^^^^^^^^^^^^
[INFO] [stderr]     File "/usr/lib/python3.14/urllib/request.py", line 1324, in do_open
[INFO] [stderr]       raise URLError(err)
[INFO] [stderr]   urllib.error.URLError: <urlopen error [Errno -3] Temporary failure in name resolution>
[INFO] [stderr] 
[INFO] [stderr]   thread 'main' (2744) panicked at /opt/rustwide/cargo-home/registry/src/index.crates.io-1949cf8c6b5b557f/v8-0.89.0/build.rs:461:3:
[INFO] [stderr]   assertion failed: status.success()
[INFO] [stderr]   stack backtrace:
[INFO] [stderr]      0:     0x6060236628a1 - <<std[97b98282bc616a66]::sys::backtrace::BacktraceLock>::print::DisplayBacktrace as core[832e9a552fc17241]::fmt::Display>::fmt
[INFO] [stderr]      1:     0x606023674f2a - core[832e9a552fc17241]::fmt::write
[INFO] [stderr]      2:     0x6060236671cc - <std[97b98282bc616a66]::sys::stdio::unix::Stderr as std[97b98282bc616a66]::io::Write>::write_fmt
[INFO] [stderr]      3:     0x606023643bf6 - std[97b98282bc616a66]::panicking::default_hook::{closure#0}
[INFO] [stderr]      4:     0x60602365cd61 - std[97b98282bc616a66]::panicking::default_hook
[INFO] [stderr]      5:     0x60602365cf1b - std[97b98282bc616a66]::panicking::panic_with_hook
[INFO] [stderr]      6:     0x606023643cd4 - std[97b98282bc616a66]::panicking::panic_handler::{closure#0}
[INFO] [stderr]      7:     0x60602363b079 - std[97b98282bc616a66]::sys::backtrace::__rust_end_short_backtrace::<std[97b98282bc616a66]::panicking::panic_handler::{closure#0}, !>
[INFO] [stderr]      8:     0x60602364453d - __rustc[e3d8617bb01b7f69]::rust_begin_unwind
[INFO] [stderr]      9:     0x60602367565c - core[832e9a552fc17241]::panicking::panic_fmt
[INFO] [stderr]     10:     0x606023675622 - core[832e9a552fc17241]::panicking::panic
[INFO] [stderr]     11:     0x60602360bfad - build_script_build[ccb873523da929b7]::download_file
[INFO] [stderr]     12:     0x60602360ffc6 - build_script_build[ccb873523da929b7]::download_static_lib_binaries
[INFO] [stderr]     13:     0x606023610ed4 - build_script_build[ccb873523da929b7]::main
[INFO] [stderr]     14:     0x606023609cb3 - <fn() as core[832e9a552fc17241]::ops::function::FnOnce<()>>::call_once
[INFO] [stderr]     15:     0x6060236016a6 - std[97b98282bc616a66]::sys::backtrace::__rust_begin_short_backtrace::<fn(), ()>
[INFO] [stderr]     16:     0x606023602169 - std[97b98282bc616a66]::rt::lang_start::<()>::{closure#0}
[INFO] [stderr]     17:     0x60602365be47 - std[97b98282bc616a66]::rt::lang_start_internal
[INFO] [stderr]     18:     0x606023601081 - std[97b98282bc616a66]::rt::lang_start::<()>
[INFO] [stderr]     19:     0x606023615055 - main
[INFO] [stderr]     20:     0x7281b89c5601 - <unknown>
[INFO] [stderr]     21:     0x7281b89c5718 - __libc_start_main
[INFO] [stderr]     22:     0x6060235f41d5 - _start
[INFO] [stderr]     23:                0x0 - <unknown>
[INFO] [stderr] error: failed to run custom build command for `v8 v0.89.0`
[INFO] [stderr] note: To improve backtraces for build dependencies, set the CARGO_PROFILE_RELEASE_BUILD_OVERRIDE_DEBUG=true environment variable to enable debug information generation.
[INFO] [stderr] 
[INFO] [stderr] Caused by:
[INFO] [stderr]   process didn't exit successfully: `/opt/rustwide/target/release/build/v8-2061c1e5160d9a8c/build-script-build` (exit status: 101)
[INFO] [stderr]   --- stdout
[INFO] [stderr]   cargo:rerun-if-changed=.gn
[INFO] [stderr]   cargo:rerun-if-changed=BUILD.gn
[INFO] [stderr]   cargo:rerun-if-changed=src/binding.cc
[INFO] [stderr]   cargo:rerun-if-env-changed=CCACHE
[INFO] [stderr]   cargo:rerun-if-env-changed=CLANG_BASE_PATH
[INFO] [stderr]   cargo:rerun-if-env-changed=CXXSTDLIB
[INFO] [stderr]   cargo:rerun-if-env-changed=DENO_TRYBUILD
[INFO] [stderr]   cargo:rerun-if-env-changed=DOCS_RS
[INFO] [stderr]   cargo:rerun-if-env-changed=GN
[INFO] [stderr]   cargo:rerun-if-env-changed=GN_ARGS
[INFO] [stderr]   cargo:rerun-if-env-changed=HOST
[INFO] [stderr]   cargo:rerun-if-env-changed=NINJA
[INFO] [stderr]   cargo:rerun-if-env-changed=OUT_DIR
[INFO] [stderr]   cargo:rerun-if-env-changed=RUSTY_V8_ARCHIVE
[INFO] [stderr]   cargo:rerun-if-env-changed=RUSTY_V8_MIRROR
[INFO] [stderr]   cargo:rerun-if-env-changed=SCCACHE
[INFO] [stderr]   cargo:rerun-if-env-changed=V8_FORCE_DEBUG
[INFO] [stderr]   cargo:rerun-if-env-changed=V8_FROM_SOURCE
[INFO] [stderr]   cargo:rerun-if-env-changed=PYTHON
[INFO] [stderr]   cargo:rerun-if-env-changed=DISABLE_CLANG
[INFO] [stderr]   cargo:rerun-if-env-changed=EXTRA_GN_ARGS
[INFO] [stderr]   cargo:rerun-if-env-changed=NO_PRINT_GN_ARGS
[INFO] [stderr]   cargo:rustc-link-lib=static=rusty_v8
[INFO] [stderr]   download lockfile: "/opt/rustwide/target/release/build/lib_download.fslock"
[INFO] [stderr]   static lib URL: https://github.com/denoland/rusty_v8/releases/download/v0.89.0/librusty_v8_release_x86_64-unknown-linux-gnu.a.gz
[INFO] [stderr]   cargo:rustc-link-search=/opt/rustwide/target/release/gn_out/obj
[INFO] [stderr]   Looking for download in '"/opt/rustwide/cargo-home/.rusty_v8/https___github_com_denoland_rusty_v8_releases_download_v0_89_0_librusty_v8_release_x86_64_unknown_linux_gnu_a_gz"'
[INFO] [stderr]   Deleting old tmpfile /opt/rustwide/target/release/gn_out/obj/librusty_v8.tmp
[INFO] [stderr]   Downloading (using Python) https://github.com/denoland/rusty_v8/releases/download/v0.89.0/librusty_v8_release_x86_64-unknown-linux-gnu.a.gz
[INFO] [stderr]   Downloading https://github.com/denoland/rusty_v8/releases/download/v0.89.0/librusty_v8_release_x86_64-unknown-linux-gnu.a.gz...
[INFO] [stderr]   <urlopen error [Errno -3] Temporary failure in name resolution>
[INFO] [stderr]   Retrying in 5 s ...
[INFO] [stderr]   Downloading https://github.com/denoland/rusty_v8/releases/download/v0.89.0/librusty_v8_release_x86_64-unknown-linux-gnu.a.gz...
[INFO] [stderr]   <urlopen error [Errno -3] Temporary failure in name resolution>
[INFO] [stderr]   Retrying in 10 s ...
[INFO] [stderr]   Downloading https://github.com/denoland/rusty_v8/releases/download/v0.89.0/librusty_v8_release_x86_64-unknown-linux-gnu.a.gz...
[INFO] [stderr]   <urlopen error [Errno -3] Temporary failure in name resolution>
[INFO] [stderr]   Retrying in 20 s ...
[INFO] [stderr]   Downloading https://github.com/denoland/rusty_v8/releases/download/v0.89.0/librusty_v8_release_x86_64-unknown-linux-gnu.a.gz...
[INFO] [stderr]   <urlopen error [Errno -3] Temporary failure in name resolution>
[INFO] [stderr]   Python downloader failed, trying with curl.
[INFO] [stderr] 
[INFO] [stderr]   --- stderr
[INFO] [stderr]   Traceback (most recent call last):
[INFO] [stderr]     File "/usr/lib/python3.14/urllib/request.py", line 1321, in do_open
[INFO] [stderr]       h.request(req.get_method(), req.selector, req.data, headers,
[INFO] [stderr]       ~~~~~~~~~^^^^^^^^^^^^^^^^^^^^^^^^^^^^^^^^^^^^^^^^^^^^^^^^^^^
[INFO] [stderr]                 encode_chunked=req.has_header('Transfer-encoding'))
[INFO] [stderr]                 ^^^^^^^^^^^^^^^^^^^^^^^^^^^^^^^^^^^^^^^^^^^^^^^^^^^
[INFO] [stderr]     File "/usr/lib/python3.14/http/client.py", line 1367, in request
[INFO] [stderr]       self._send_request(method, url, body, headers, encode_chunked)
[INFO] [stderr]       ~~~~~~~~~~~~~~~~~~^^^^^^^^^^^^^^^^^^^^^^^^^^^^^^^^^^^^^^^^^^^^
[INFO] [stderr]     File "/usr/lib/python3.14/http/client.py", line 1413, in _send_request
[INFO] [stderr]       self.endheaders(body, encode_chunked=encode_chunked)
[INFO] [stderr]       ~~~~~~~~~~~~~~~^^^^^^^^^^^^^^^^^^^^^^^^^^^^^^^^^^^^^
[INFO] [stderr]     File "/usr/lib/python3.14/http/client.py", line 1362, in endheaders
[INFO] [stderr]       self._send_output(message_body, encode_chunked=encode_chunked)
[INFO] [stderr]       ~~~~~~~~~~~~~~~~~^^^^^^^^^^^^^^^^^^^^^^^^^^^^^^^^^^^^^^^^^^^^^
[INFO] [stderr]     File "/usr/lib/python3.14/http/client.py", line 1122, in _send_output
[INFO] [stderr]       self.send(msg)
[INFO] [stderr]       ~~~~~~~~~^^^^^
[INFO] [stderr]     File "/usr/lib/python3.14/http/client.py", line 1066, in send
[INFO] [stderr]       self.connect()
[INFO] [stderr]       ~~~~~~~~~~~~^^
[INFO] [stderr]     File "/usr/lib/python3.14/http/client.py", line 1501, in connect
[INFO] [stderr]       super().connect()
[INFO] [stderr]       ~~~~~~~~~~~~~~~^^
[INFO] [stderr]     File "/usr/lib/python3.14/http/client.py", line 1032, in connect
[INFO] [stderr]       self.sock = self._create_connection(
[INFO] [stderr]                   ~~~~~~~~~~~~~~~~~~~~~~~^
[INFO] [stderr]           (self.host,self.port), self.timeout, self.source_address)
[INFO] [stderr]           ^^^^^^^^^^^^^^^^^^^^^^^^^^^^^^^^^^^^^^^^^^^^^^^^^^^^^^^^^
[INFO] [stderr]     File "/usr/lib/python3.14/socket.py", line 846, in create_connection
[INFO] [stderr]       for res in getaddrinfo(host, port, 0, SOCK_STREAM):
[INFO] [stderr]                  ~~~~~~~~~~~^^^^^^^^^^^^^^^^^^^^^^^^^^^^
[INFO] [stderr]     File "/usr/lib/python3.14/socket.py", line 983, in getaddrinfo
[INFO] [stderr]       for res in _socket.getaddrinfo(host, port, family, type, proto, flags):
[INFO] [stderr]                  ~~~~~~~~~~~~~~~~~~~^^^^^^^^^^^^^^^^^^^^^^^^^^^^^^^^^^^^^^^^
[INFO] [stderr]   socket.gaierror: [Errno -3] Temporary failure in name resolution
[INFO] [stderr] 
[INFO] [stderr]   During handling of the above exception, another exception occurred:
[INFO] [stderr] 
[INFO] [stderr]   Traceback (most recent call last):
[INFO] [stderr]     File "/opt/rustwide/cargo-home/registry/src/index.crates.io-1949cf8c6b5b557f/v8-0.89.0/./tools/download_file.py", line 64, in <module>
[INFO] [stderr]       sys.exit(main())
[INFO] [stderr]                ~~~~^^
[INFO] [stderr]     File "/opt/rustwide/cargo-home/registry/src/index.crates.io-1949cf8c6b5b557f/v8-0.89.0/./tools/download_file.py", line 59, in main
[INFO] [stderr]       DownloadUrl(args.url, f)
[INFO] [stderr]       ~~~~~~~~~~~^^^^^^^^^^^^^
[INFO] [stderr]     File "/opt/rustwide/cargo-home/registry/src/index.crates.io-1949cf8c6b5b557f/v8-0.89.0/./tools/download_file.py", line 45, in DownloadUrl
[INFO] [stderr]       raise e
[INFO] [stderr]     File "/opt/rustwide/cargo-home/registry/src/index.crates.io-1949cf8c6b5b557f/v8-0.89.0/./tools/download_file.py", line 29, in DownloadUrl
[INFO] [stderr]       response = urlopen(url)
[INFO] [stderr]     File "/usr/lib/python3.14/urllib/request.py", line 187, in urlopen
[INFO] [stderr]       return opener.open(url, data, timeout)
[INFO] [stderr]              ~~~~~~~~~~~^^^^^^^^^^^^^^^^^^^^
[INFO] [stderr]     File "/usr/lib/python3.14/urllib/request.py", line 487, in open
[INFO] [stderr]       response = self._open(req, data)
[INFO] [stderr]     File "/usr/lib/python3.14/urllib/request.py", line 504, in _open
[INFO] [stderr]       result = self._call_chain(self.handle_open, protocol, protocol +
[INFO] [stderr]                                 '_open', req)
[INFO] [stderr]     File "/usr/lib/python3.14/urllib/request.py", line 464, in _call_chain
[INFO] [stderr]       result = func(*args)
[INFO] [stderr]     File "/usr/lib/python3.14/urllib/request.py", line 1369, in https_open
[INFO] [stderr]       return self.do_open(http.client.HTTPSConnection, req,
[INFO] [stderr]              ~~~~~~~~~~~~^^^^^^^^^^^^^^^^^^^^^^^^^^^^^^^^^^
[INFO] [stderr]                           context=self._context)
[INFO] [stderr]                           ^^^^^^^^^^^^^^^^^^^^^^
[INFO] [stderr]     File "/usr/lib/python3.14/urllib/request.py", line 1324, in do_open
[INFO] [stderr]       raise URLError(err)
[INFO] [stderr]   urllib.error.URLError: <urlopen error [Errno -3] Temporary failure in name resolution>
[INFO] [stderr] 
[INFO] [stderr]   thread 'main' (2850) panicked at /opt/rustwide/cargo-home/registry/src/index.crates.io-1949cf8c6b5b557f/v8-0.89.0/build.rs:461:3:
[INFO] [stderr]   assertion failed: status.success()
[INFO] [stderr]   stack backtrace:
[INFO] [stderr]      0:     0x5f1344ac28a1 - <<std[97b98282bc616a66]::sys::backtrace::BacktraceLock>::print::DisplayBacktrace as core[832e9a552fc17241]::fmt::Display>::fmt
[INFO] [stderr]      1:     0x5f1344ad4f2a - core[832e9a552fc17241]::fmt::write
[INFO] [stderr]      2:     0x5f1344ac71cc - <std[97b98282bc616a66]::sys::stdio::unix::Stderr as std[97b98282bc616a66]::io::Write>::write_fmt
[INFO] [stderr]      3:     0x5f1344aa3bf6 - std[97b98282bc616a66]::panicking::default_hook::{closure#0}
[INFO] [stderr]      4:     0x5f1344abcd61 - std[97b98282bc616a66]::panicking::default_hook
[INFO] [stderr]      5:     0x5f1344abcf1b - std[97b98282bc616a66]::panicking::panic_with_hook
[INFO] [stderr]      6:     0x5f1344aa3cd4 - std[97b98282bc616a66]::panicking::panic_handler::{closure#0}
[INFO] [stderr]      7:     0x5f1344a9b079 - std[97b98282bc616a66]::sys::backtrace::__rust_end_short_backtrace::<std[97b98282bc616a66]::panicking::panic_handler::{closure#0}, !>
[INFO] [stderr]      8:     0x5f1344aa453d - __rustc[e3d8617bb01b7f69]::rust_begin_unwind
[INFO] [stderr]      9:     0x5f1344ad565c - core[832e9a552fc17241]::panicking::panic_fmt
[INFO] [stderr]     10:     0x5f1344ad5622 - core[832e9a552fc17241]::panicking::panic
[INFO] [stderr]     11:     0x5f1344a6bfad - build_script_build[ccb873523da929b7]::download_file
[INFO] [stderr]     12:     0x5f1344a6ffc6 - build_script_build[ccb873523da929b7]::download_static_lib_binaries
[INFO] [stderr]     13:     0x5f1344a70ed4 - build_script_build[ccb873523da929b7]::main
[INFO] [stderr]     14:     0x5f1344a69cb3 - <fn() as core[832e9a552fc17241]::ops::function::FnOnce<()>>::call_once
[INFO] [stderr]     15:     0x5f1344a616a6 - std[97b98282bc616a66]::sys::backtrace::__rust_begin_short_backtrace::<fn(), ()>
[INFO] [stderr]     16:     0x5f1344a62169 - std[97b98282bc616a66]::rt::lang_start::<()>::{closure#0}
[INFO] [stderr]     17:     0x5f1344abbe47 - std[97b98282bc616a66]::rt::lang_start_internal
[INFO] [stderr]     18:     0x5f1344a61081 - std[97b98282bc616a66]::rt::lang_start::<()>
[INFO] [stderr]     19:     0x5f1344a75055 - main
[INFO] [stderr]     20:     0x7908993a3601 - <unknown>
[INFO] [stderr]     21:     0x7908993a3718 - __libc_start_main
[INFO] [stderr]     22:     0x5f1344a541d5 - _start
[INFO] [stderr]     23:                0x0 - <unknown>
[INFO] running `Command { std: "docker" "inspect" "49e4d8a0148a8ea53047c5c722404d8187d9295b7775ff032b4bbe4db15c053b", kill_on_drop: false }`
[INFO] running `Command { std: "docker" "rm" "-f" "49e4d8a0148a8ea53047c5c722404d8187d9295b7775ff032b4bbe4db15c053b", kill_on_drop: false }`
[INFO] [stdout] 49e4d8a0148a8ea53047c5c722404d8187d9295b7775ff032b4bbe4db15c053b
