[INFO] cloning repository https://github.com/lilyco-42/ak47
[INFO] running `Command { std: "git" "-c" "credential.helper=" "-c" "credential.helper=/workspace/cargo-home/bin/git-credential-null" "clone" "--bare" "https://github.com/lilyco-42/ak47" "/workspace/cache/git-repos/https%3A%2F%2Fgithub.com%2Flilyco-42%2Fak47", kill_on_drop: false }`
[INFO] [stderr] Cloning into bare repository '/workspace/cache/git-repos/https%3A%2F%2Fgithub.com%2Flilyco-42%2Fak47'...
[INFO] running `Command { std: "git" "rev-parse" "HEAD", kill_on_drop: false }`
[INFO] [stdout] 31a83d1a18c2090e5086db2dfdeb4fd3f840870d
[INFO] testing lilyco-42/ak47 against 1.98.0-beta.8+cargoflags=--release for beta-release-1.99-2
[INFO] running `Command { std: "git" "clone" "/workspace/cache/git-repos/https%3A%2F%2Fgithub.com%2Flilyco-42%2Fak47" "/workspace/builds/worker-2-tc1/source", kill_on_drop: false }`
[INFO] [stderr] Cloning into '/workspace/builds/worker-2-tc1/source'...
[INFO] [stderr] done.
[INFO] started tweaking git repo https://github.com/lilyco-42/ak47
[INFO] finished tweaking git repo https://github.com/lilyco-42/ak47
[INFO] tweaked toml for git repo https://github.com/lilyco-42/ak47 written to /workspace/builds/worker-2-tc1/source/Cargo.toml
[INFO] validating manifest of git repo https://github.com/lilyco-42/ak47 on toolchain 1.98.0-beta.8
[INFO] running `Command { std: CARGO_HOME="/workspace/cargo-home" RUSTUP_HOME="/workspace/rustup-home" "/workspace/cargo-home/bin/cargo" "+1.98.0-beta.8" "metadata" "--manifest-path" "Cargo.toml" "--no-deps", kill_on_drop: false }`
[INFO] crate git repo https://github.com/lilyco-42/ak47 already has a lockfile, it will not be regenerated
[INFO] running `Command { std: CARGO_HOME="/workspace/cargo-home" RUSTUP_HOME="/workspace/rustup-home" "/workspace/cargo-home/bin/cargo" "+1.98.0-beta.8" "fetch" "--manifest-path" "Cargo.toml", kill_on_drop: false }`
[INFO] [stderr]     Updating crates.io index
[INFO] [stderr]  Downloading crates ...
[INFO] [stderr]   Downloaded cc v1.2.64
[INFO] [stderr]   Downloaded rfd v0.17.2
[INFO] [stderr]   Downloaded include-flate-compress v0.3.3
[INFO] [stderr]   Downloaded wasm-bindgen-futures v0.4.75
[INFO] [stderr]   Downloaded phf_generator v0.13.1
[INFO] [stderr]   Downloaded include-flate v0.3.3
[INFO] [stderr]   Downloaded adler32 v1.2.0
[INFO] [stderr]   Downloaded phf_codegen v0.13.1
[INFO] [stderr]   Downloaded include-flate-codegen v0.3.3
[INFO] [stderr]   Downloaded libflate_lz77 v2.3.0
[INFO] [stderr]   Downloaded dary_heap v0.3.9
[INFO] [stderr]   Downloaded bytecount v0.6.9
[INFO] [stderr]   Downloaded phf_shared v0.13.1
[INFO] [stderr]   Downloaded no_std_io2 v0.9.4
[INFO] [stderr]   Downloaded log v0.4.32
[INFO] [stderr]   Downloaded libflate v2.3.0
[INFO] [stderr]   Downloaded rle-decode-fast v1.0.3
[INFO] [stderr]   Downloaded phf v0.13.1
[INFO] [stderr]   Downloaded cedarwood v0.5.0
[INFO] [stderr]   Downloaded wasip2 v1.0.4+wasi-0.2.12
[INFO] [stderr]   Downloaded regex v1.12.4
[INFO] [stderr]   Downloaded jieba-macros v0.10.1
[INFO] [stderr]   Downloaded winsafe v0.0.27
[INFO] [stderr]   Downloaded web-sys v0.3.102
[INFO] [stderr]   Downloaded zstd-sys v2.0.16+zstd.1.5.7
[INFO] [stderr]   Downloaded jieba-rs v0.10.1
[INFO] running `Command { std: "docker" "create" "-v" "/var/lib/crater-agent-workspace/builds/worker-2-tc1/source:/opt/rustwide/workdir:ro,Z" "-v" "/var/lib/crater-agent-workspace/builds/worker-2-tc1/target:/opt/rustwide/target:rw,Z" "-v" "/var/lib/crater-agent-workspace/cargo-home:/opt/rustwide/cargo-home:ro,Z" "-v" "/var/lib/crater-agent-workspace/rustup-home:/opt/rustwide/rustup-home:ro,Z" "-m" "1610612736" "--network" "none" "ghcr.io/rust-lang/crates-build-env/linux@sha256:8683fc1fc2eb5c9ac98e0d076ab094b2ffac7f99da555d2b6a2e27f346de2ec7" "sleep" "infinity", kill_on_drop: false }`
[INFO] [stdout] d03999754495b4df6fb605a5638947447b3b92fa1ba09b7faee9986b462bed34
[INFO] running `Command { std: "docker" "start" "d03999754495b4df6fb605a5638947447b3b92fa1ba09b7faee9986b462bed34", kill_on_drop: false }`
[INFO] running `Command { std: "docker" "inspect" "d03999754495b4df6fb605a5638947447b3b92fa1ba09b7faee9986b462bed34", kill_on_drop: false }`
[INFO] running `Command { std: "docker" "exec" "-e" "SOURCE_DIR=/opt/rustwide/workdir" "-e" "CARGO_HOME=/opt/rustwide/cargo-home" "-e" "RUSTUP_HOME=/opt/rustwide/rustup-home" "-e" "CARGO_TARGET_DIR=/opt/rustwide/target" "-w" "/opt/rustwide/workdir" "--user" "0:0" "d03999754495b4df6fb605a5638947447b3b92fa1ba09b7faee9986b462bed34" "/opt/rustwide/cargo-home/bin/cargo" "+1.98.0-beta.8" "metadata" "--no-deps" "--format-version=1", kill_on_drop: false }`
[INFO] running `Command { std: "docker" "inspect" "d03999754495b4df6fb605a5638947447b3b92fa1ba09b7faee9986b462bed34", kill_on_drop: false }`
[INFO] running `Command { std: "docker" "exec" "-e" "SOURCE_DIR=/opt/rustwide/workdir" "-e" "CARGO_HOME=/opt/rustwide/cargo-home" "-e" "RUSTUP_HOME=/opt/rustwide/rustup-home" "-e" "CARGO_TARGET_DIR=/opt/rustwide/target" "-e" "CARGO_INCREMENTAL=0" "-e" "RUST_BACKTRACE=full" "-e" "RUSTFLAGS=--cap-lints=warn" "-e" "RUSTDOCFLAGS=--cap-lints=warn" "-w" "/opt/rustwide/workdir" "--user" "0:0" "d03999754495b4df6fb605a5638947447b3b92fa1ba09b7faee9986b462bed34" "/opt/rustwide/cargo-home/bin/cargo" "+1.98.0-beta.8" "build" "--frozen" "--message-format=json" "--release", kill_on_drop: false }`
[INFO] [stderr]    Compiling libc v0.2.186
[INFO] [stderr]    Compiling proc-macro2 v1.0.106
[INFO] [stderr]    Compiling quote v1.0.45
[INFO] [stderr]    Compiling memchr v2.8.2
[INFO] [stderr]    Compiling zstd-safe v7.2.4
[INFO] [stderr]    Compiling crc32fast v1.5.0
[INFO] [stderr]    Compiling equivalent v1.0.2
[INFO] [stderr]    Compiling allocator-api2 v0.2.21
[INFO] [stderr]    Compiling foldhash v0.2.0
[INFO] [stderr]    Compiling libloading v0.8.9
[INFO] [stderr]    Compiling wayland-sys v0.31.11
[INFO] [stderr]    Compiling rustix v1.1.4
[INFO] [stderr]    Compiling cfg-if v1.0.4
[INFO] [stderr]    Compiling smallvec v1.15.2
[INFO] [stderr]    Compiling rle-decode-fast v1.0.3
[INFO] [stderr]    Compiling bitflags v2.13.0
[INFO] [stderr]    Compiling dary_heap v0.3.9
[INFO] [stderr]    Compiling log v0.4.32
[INFO] [stderr]    Compiling linux-raw-sys v0.12.1
[INFO] [stderr]    Compiling hashbrown v0.16.1
[INFO] [stderr]    Compiling dlib v0.5.3
[INFO] [stderr]    Compiling adler32 v1.2.0
[INFO] [stderr]    Compiling siphasher v1.0.3
[INFO] [stderr]    Compiling phf_shared v0.13.1
[INFO] [stderr]    Compiling scoped-tls v1.0.1
[INFO] [stderr]    Compiling downcast-rs v1.2.1
[INFO] [stderr]    Compiling wayland-client v0.31.14
[INFO] [stderr]    Compiling fastrand v2.4.1
[INFO] [stderr]    Compiling regex-syntax v0.8.11
[INFO] [stderr]    Compiling zmij v1.0.21
[INFO] [stderr]    Compiling serde_core v1.0.228
[INFO] [stderr]    Compiling phf_generator v0.13.1
[INFO] [stderr]    Compiling rfd v0.17.2
[INFO] [stderr]    Compiling serde_json v1.0.150
[INFO] [stderr]    Compiling cedarwood v0.5.0
[INFO] [stderr]    Compiling no_std_io2 v0.9.4
[INFO] [stderr]    Compiling syn v2.0.117
[INFO] [stderr]    Compiling quick-xml v0.39.4
[INFO] [stderr]    Compiling phf_codegen v0.13.1
[INFO] [stderr]    Compiling percent-encoding v2.3.2
[INFO] [stderr]    Compiling libflate_lz77 v2.3.0
[INFO] [stderr]    Compiling proc-macro-error-attr2 v2.0.0
[INFO] [stderr]    Compiling jieba-macros v0.10.1
[INFO] [stderr]    Compiling bytecount v0.6.9
[INFO] [stderr]    Compiling aho-corasick v1.1.4
[INFO] [stderr]    Compiling phf v0.13.1
[INFO] [stderr]    Compiling rustc-hash v2.1.2
[INFO] [stderr]    Compiling libflate v2.3.0
[INFO] [stderr]    Compiling raw-window-handle v0.6.2
[INFO] [stderr]    Compiling pollster v0.4.0
[INFO] [stderr]    Compiling winsafe v0.0.27
[INFO] [stderr]    Compiling wayland-scanner v0.31.10
[INFO] [stderr]    Compiling jobserver v0.1.34
[INFO] [stderr]    Compiling cc v1.2.64
[INFO] [stderr]    Compiling zstd-sys v2.0.16+zstd.1.5.7
[INFO] [stderr]    Compiling wayland-backend v0.3.15
[INFO] [stderr]    Compiling regex-automata v0.4.14
[INFO] [stderr]    Compiling proc-macro-error2 v2.0.1
[INFO] [stderr]    Compiling zstd v0.13.3
[INFO] [stderr]    Compiling include-flate-compress v0.3.3
[INFO] [stderr]    Compiling include-flate-codegen v0.3.3
[INFO] [stderr]    Compiling regex v1.12.4
[INFO] [stderr]    Compiling wayland-protocols v0.32.12
[INFO] [stderr]    Compiling include-flate v0.3.3
[INFO] [stderr]    Compiling jieba-rs v0.10.1
[INFO] [stderr]    Compiling ak47 v0.1.0 (/opt/rustwide/workdir)
[INFO] [stdout] error: linking with `cc` failed: exit status: 1
[INFO] [stdout]   |
[INFO] [stdout]   = note:  "cc" "-m64" "/opt/rustwide/target/release/deps/rustcL0Wnki/symbols.o" "<11 object files omitted>" "-Wl,--as-needed" "-Wl,-Bstatic" "/opt/rustwide/target/release/deps/{librfd-49445f9400d1eb7c,libpercent_encoding-6ee9e8dd7e10ccaa,libpollster-5a7e74e37d99a29f,liblog-0056f2f9478e998a,libwayland_protocols-0bb84db684937792,libwayland_client-54381bfd30c42f46,libwayland_backend-427f37373131cdcb,libdowncast_rs-437c0146d70bb3b3,librustix-d21bcfe951fdbac7,libbitflags-8efa47acb54f2bfe,liblinux_raw_sys-1121bf0bc69a7f21,libscoped_tls-ddd7a6418f92471c,libwayland_sys-777c50386e90a516,libdlib-c4e8d4863cbfe191,liblibloading-fd22cbb1bebecf86,libraw_window_handle-ae6b6a8f0ac721af,liblibc-9127009e093ab63a,libserde_json-6847aad6f723fbe8,libitoa-1e9e3b22820c4a15,libzmij-3fd0fbc0da54c581,libserde_core-5fd845d23c47aa2d,libjieba_rs-5d54162749ab4fdb,libbytecount-8d4d802501f5967d,libphf-3e7e9ffa059d9130,libphf_shared-9f0e7c2f40df8424,libsiphasher-c7de3e9dcb058a9d,librustc_hash-105436fed76fb454,libinclude_flate-1c771568723bdba6,libinclude_flate_compress-70575b6f9c8c9d73,libzstd-dde791637c9ee42e,libzstd_safe-6fa4af368fbdafad,libzstd_sys-31dafd920456efe3,liblibflate-c3dfce9b37b81a27,libcrc32fast-50c3872860c5e32e,libcfg_if-6d8dca19095bb388,libdary_heap-3aa4432a6e16f86c,libadler32-d2d7ba18941ba22d,liblibflate_lz77-540711a4759fcad0,librle_decode_fast-bbbc282feffe6cce,libno_std_io2-565b582c2535e6d5,libregex-bea17cf82cb5b258,libregex_automata-4c07318ccf41c884,libaho_corasick-7e5681298892715c,libmemchr-dd562790afd60fed,libregex_syntax-7010b26951f94357,libcedarwood-4642e78c2660efd6,libsmallvec-b290ba95a815d323,libwinsafe-ca47a15b7f225ae9}.rlib" "<sysroot>/lib/rustlib/x86_64-unknown-linux-gnu/lib/{libstd-*,libpanic_unwind-*,libobject-*,libmemchr-*,libaddr2line-*,libgimli-*,libcfg_if-*,librustc_demangle-*,libstd_detect-*,libhashbrown-*,librustc_std_workspace_alloc-*,libminiz_oxide-*,libadler2-*,libunwind-*,liblibc-*,librustc_std_workspace_core-*,liballoc-*,libcore-*,libcompiler_builtins-*}.rlib" "-Wl,-Bdynamic" "-lwayland-client" "-lm" "-ldl" "-lcomctl32" "-lgdi32" "-lmsimg32" "-luser32" "-lkernel32" "-luser32" "-lole32" "-lcomdlg32" "-luser32" "-luxtheme" "-lcomctl32" "-lgcc_s" "-lutil" "-lrt" "-lpthread" "-lm" "-ldl" "-lc" "-L" "/opt/rustwide/target/release/deps/rustcL0Wnki/raw-dylibs" "-B<sysroot>/lib/rustlib/x86_64-unknown-linux-gnu/bin/gcc-ld" "-fuse-ld=lld" "-Wl,--eh-frame-hdr" "-Wl,-z,noexecstack" "-L" "/opt/rustwide/target/release/build/zstd-sys-dc0ef90a40bbec68/out" "-L" "/usr/lib/x86_64-linux-gnu" "-L" "<sysroot>/lib/rustlib/x86_64-unknown-linux-gnu/lib" "-o" "/opt/rustwide/target/release/deps/ak47-95609f7510f4c838" "-Wl,--gc-sections" "-pie" "-Wl,-z,relro,-z,now" "-Wl,-O1" "-Wl,--strip-debug" "-nodefaultlibs"
[INFO] [stdout]   = note: some arguments are omitted. use `--verbose` to show all linker arguments
[INFO] [stdout]   = note: rust-lld: error: unable to find library -lcomctl32
[INFO] [stdout]           rust-lld: error: unable to find library -lgdi32
[INFO] [stdout]           rust-lld: error: unable to find library -lmsimg32
[INFO] [stdout]           rust-lld: error: unable to find library -luser32
[INFO] [stdout]           rust-lld: error: unable to find library -lkernel32
[INFO] [stdout]           rust-lld: error: unable to find library -luser32
[INFO] [stdout]           rust-lld: error: unable to find library -lole32
[INFO] [stdout]           rust-lld: error: unable to find library -lcomdlg32
[INFO] [stdout]           rust-lld: error: unable to find library -luser32
[INFO] [stdout]           rust-lld: error: unable to find library -luxtheme
[INFO] [stdout]           rust-lld: error: unable to find library -lcomctl32
[INFO] [stdout]           collect2: error: ld returned 1 exit status
[INFO] [stdout]           
[INFO] [stdout] 
[INFO] [stdout] 
[INFO] [stderr] error: could not compile `ak47` (bin "ak47") due to 1 previous error
[INFO] running `Command { std: "docker" "inspect" "d03999754495b4df6fb605a5638947447b3b92fa1ba09b7faee9986b462bed34", kill_on_drop: false }`
[INFO] running `Command { std: "docker" "rm" "-f" "d03999754495b4df6fb605a5638947447b3b92fa1ba09b7faee9986b462bed34", kill_on_drop: false }`
[INFO] [stdout] d03999754495b4df6fb605a5638947447b3b92fa1ba09b7faee9986b462bed34
