[INFO] cloning repository https://github.com/lexicone42/shorten-rs
[INFO] running `Command { std: "git" "-c" "credential.helper=" "-c" "credential.helper=/workspace/cargo-home/bin/git-credential-null" "clone" "--bare" "https://github.com/lexicone42/shorten-rs" "/workspace/cache/git-repos/https%3A%2F%2Fgithub.com%2Flexicone42%2Fshorten-rs", kill_on_drop: false }`
[INFO] [stderr] Cloning into bare repository '/workspace/cache/git-repos/https%3A%2F%2Fgithub.com%2Flexicone42%2Fshorten-rs'...
[INFO] running `Command { std: "git" "rev-parse" "HEAD", kill_on_drop: false }`
[INFO] [stdout] 9ad49d1771524ec3f1ff27d15e10f639f2d9afc5
[INFO] testing lexicone42/shorten-rs against 1.98.0-beta.8+cargoflags=--release for beta-release-1.99-2
[INFO] running `Command { std: "git" "clone" "/workspace/cache/git-repos/https%3A%2F%2Fgithub.com%2Flexicone42%2Fshorten-rs" "/workspace/builds/worker-4-tc1/source", kill_on_drop: false }`
[INFO] [stderr] Cloning into '/workspace/builds/worker-4-tc1/source'...
[INFO] [stderr] done.
[INFO] started tweaking git repo https://github.com/lexicone42/shorten-rs
[INFO] finished tweaking git repo https://github.com/lexicone42/shorten-rs
[INFO] tweaked toml for git repo https://github.com/lexicone42/shorten-rs written to /workspace/builds/worker-4-tc1/source/Cargo.toml
[INFO] validating manifest of git repo https://github.com/lexicone42/shorten-rs on toolchain 1.98.0-beta.8
[INFO] running `Command { std: CARGO_HOME="/workspace/cargo-home" RUSTUP_HOME="/workspace/rustup-home" "/workspace/cargo-home/bin/cargo" "+1.98.0-beta.8" "metadata" "--manifest-path" "Cargo.toml" "--no-deps", kill_on_drop: false }`
[INFO] crate git repo https://github.com/lexicone42/shorten-rs already has a lockfile, it will not be regenerated
[INFO] running `Command { std: CARGO_HOME="/workspace/cargo-home" RUSTUP_HOME="/workspace/rustup-home" "/workspace/cargo-home/bin/cargo" "+1.98.0-beta.8" "fetch" "--manifest-path" "Cargo.toml", kill_on_drop: false }`
[INFO] [stderr]     Blocking waiting for file lock on package cache
[INFO] running `Command { std: "docker" "create" "-v" "/var/lib/crater-agent-workspace/builds/worker-4-tc1/source:/opt/rustwide/workdir:ro,Z" "-v" "/var/lib/crater-agent-workspace/builds/worker-4-tc1/target:/opt/rustwide/target:rw,Z" "-v" "/var/lib/crater-agent-workspace/cargo-home:/opt/rustwide/cargo-home:ro,Z" "-v" "/var/lib/crater-agent-workspace/rustup-home:/opt/rustwide/rustup-home:ro,Z" "-m" "1610612736" "--network" "none" "ghcr.io/rust-lang/crates-build-env/linux@sha256:8683fc1fc2eb5c9ac98e0d076ab094b2ffac7f99da555d2b6a2e27f346de2ec7" "sleep" "infinity", kill_on_drop: false }`
[INFO] [stdout] 2341a9205cc81c42e75537d8194921c3a16f08ddde781b46fc5e2ac1a09ff1ed
[INFO] running `Command { std: "docker" "start" "2341a9205cc81c42e75537d8194921c3a16f08ddde781b46fc5e2ac1a09ff1ed", kill_on_drop: false }`
[INFO] running `Command { std: "docker" "inspect" "2341a9205cc81c42e75537d8194921c3a16f08ddde781b46fc5e2ac1a09ff1ed", kill_on_drop: false }`
[INFO] running `Command { std: "docker" "exec" "-e" "SOURCE_DIR=/opt/rustwide/workdir" "-e" "CARGO_HOME=/opt/rustwide/cargo-home" "-e" "RUSTUP_HOME=/opt/rustwide/rustup-home" "-e" "CARGO_TARGET_DIR=/opt/rustwide/target" "-w" "/opt/rustwide/workdir" "--user" "0:0" "2341a9205cc81c42e75537d8194921c3a16f08ddde781b46fc5e2ac1a09ff1ed" "/opt/rustwide/cargo-home/bin/cargo" "+1.98.0-beta.8" "metadata" "--no-deps" "--format-version=1", kill_on_drop: false }`
[INFO] running `Command { std: "docker" "inspect" "2341a9205cc81c42e75537d8194921c3a16f08ddde781b46fc5e2ac1a09ff1ed", kill_on_drop: false }`
[INFO] running `Command { std: "docker" "exec" "-e" "SOURCE_DIR=/opt/rustwide/workdir" "-e" "CARGO_HOME=/opt/rustwide/cargo-home" "-e" "RUSTUP_HOME=/opt/rustwide/rustup-home" "-e" "CARGO_TARGET_DIR=/opt/rustwide/target" "-e" "CARGO_INCREMENTAL=0" "-e" "RUST_BACKTRACE=full" "-e" "RUSTFLAGS=--cap-lints=warn" "-e" "RUSTDOCFLAGS=--cap-lints=warn" "-w" "/opt/rustwide/workdir" "--user" "0:0" "2341a9205cc81c42e75537d8194921c3a16f08ddde781b46fc5e2ac1a09ff1ed" "/opt/rustwide/cargo-home/bin/cargo" "+1.98.0-beta.8" "build" "--frozen" "--message-format=json" "--release", kill_on_drop: false }`
[INFO] [stderr]    Compiling shorten-rs v0.1.0 (/opt/rustwide/workdir)
[INFO] [stderr]     Finished `release` profile [optimized] target(s) in 0.31s
[INFO] running `Command { std: "docker" "inspect" "2341a9205cc81c42e75537d8194921c3a16f08ddde781b46fc5e2ac1a09ff1ed", kill_on_drop: false }`
[INFO] running `Command { std: "docker" "exec" "-e" "SOURCE_DIR=/opt/rustwide/workdir" "-e" "CARGO_HOME=/opt/rustwide/cargo-home" "-e" "RUSTUP_HOME=/opt/rustwide/rustup-home" "-e" "CARGO_TARGET_DIR=/opt/rustwide/target" "-e" "CARGO_INCREMENTAL=0" "-e" "RUST_BACKTRACE=full" "-e" "RUSTFLAGS=--cap-lints=warn" "-e" "RUSTDOCFLAGS=--cap-lints=warn" "-w" "/opt/rustwide/workdir" "--user" "0:0" "2341a9205cc81c42e75537d8194921c3a16f08ddde781b46fc5e2ac1a09ff1ed" "/opt/rustwide/cargo-home/bin/cargo" "+1.98.0-beta.8" "test" "--frozen" "--no-run" "--message-format=json" "--release", kill_on_drop: false }`
[INFO] [stderr]    Compiling shorten-rs v0.1.0 (/opt/rustwide/workdir)
[INFO] [stdout] error[E0433]: cannot find module or crate `shn` in this scope
[INFO] [stdout]   --> tests/decode_tests.rs:41:22
[INFO] [stdout]    |
[INFO] [stdout] 41 |     let mut reader = shn::ShnReader::open(shn_path).expect("failed to open SHN");
[INFO] [stdout]    |                      ^^^ use of unresolved module or unlinked crate `shn`
[INFO] [stdout]    |
[INFO] [stdout]    = help: if you wanted to use a crate named `shn`, use `cargo add shn` to add it to your `Cargo.toml`
[INFO] [stdout] 
[INFO] [stdout] 
[INFO] [stdout] error[E0433]: cannot find module or crate `shn` in this scope
[INFO] [stdout]    --> tests/decode_tests.rs:113:22
[INFO] [stdout]     |
[INFO] [stdout] 113 |     let mut reader = shn::ShnReader::open(shn_path).expect("failed to open SHN");
[INFO] [stdout]     |                      ^^^ use of unresolved module or unlinked crate `shn`
[INFO] [stdout]     |
[INFO] [stdout]     = help: if you wanted to use a crate named `shn`, use `cargo add shn` to add it to your `Cargo.toml`
[INFO] [stdout] 
[INFO] [stdout] 
[INFO] [stdout] error[E0433]: cannot find module or crate `shn` in this scope
[INFO] [stdout]  --> examples/smoke_test.rs:3:22
[INFO] [stdout]   |
[INFO] [stdout] 3 |     let mut reader = shn::ShnReader::open(&path).expect("open failed");
[INFO] [stdout]   |                      ^^^ use of unresolved module or unlinked crate `shn`
[INFO] [stdout]   |
[INFO] [stdout]   = help: if you wanted to use a crate named `shn`, use `cargo add shn` to add it to your `Cargo.toml`
[INFO] [stdout] 
[INFO] [stdout] 
[INFO] [stdout] For more information about this error, try `rustc --explain E0433`.
[INFO] [stdout] 
[INFO] [stderr] error: could not compile `shorten-rs` (example "smoke_test") due to 1 previous error
[INFO] [stderr] warning: build failed, waiting for other jobs to finish...
[INFO] [stdout] For more information about this error, try `rustc --explain E0433`.
[INFO] [stdout] 
[INFO] [stderr] error: could not compile `shorten-rs` (test "decode_tests") due to 2 previous errors
[INFO] running `Command { std: "docker" "inspect" "2341a9205cc81c42e75537d8194921c3a16f08ddde781b46fc5e2ac1a09ff1ed", kill_on_drop: false }`
[INFO] running `Command { std: "docker" "rm" "-f" "2341a9205cc81c42e75537d8194921c3a16f08ddde781b46fc5e2ac1a09ff1ed", kill_on_drop: false }`
[INFO] [stdout] 2341a9205cc81c42e75537d8194921c3a16f08ddde781b46fc5e2ac1a09ff1ed
