[INFO] cloning repository https://github.com/leonardglaeser/ms_rss_reader_tutorial
[INFO] running `Command { std: "git" "-c" "credential.helper=" "-c" "credential.helper=/workspace/cargo-home/bin/git-credential-null" "clone" "--bare" "https://github.com/leonardglaeser/ms_rss_reader_tutorial" "/workspace/cache/git-repos/https%3A%2F%2Fgithub.com%2Fleonardglaeser%2Fms_rss_reader_tutorial", kill_on_drop: false }`
[INFO] [stderr] Cloning into bare repository '/workspace/cache/git-repos/https%3A%2F%2Fgithub.com%2Fleonardglaeser%2Fms_rss_reader_tutorial'...
[INFO] running `Command { std: "git" "rev-parse" "HEAD", kill_on_drop: false }`
[INFO] [stdout] 499ba0c520e0808235a3d4ecb3395a904918849c
[INFO] testing leonardglaeser/ms_rss_reader_tutorial against 1.98.0-beta.8+cargoflags=--release for beta-release-1.99-2
[INFO] running `Command { std: "git" "clone" "/workspace/cache/git-repos/https%3A%2F%2Fgithub.com%2Fleonardglaeser%2Fms_rss_reader_tutorial" "/workspace/builds/worker-3-tc1/source", kill_on_drop: false }`
[INFO] [stderr] Cloning into '/workspace/builds/worker-3-tc1/source'...
[INFO] [stderr] done.
[INFO] started tweaking git repo https://github.com/leonardglaeser/ms_rss_reader_tutorial
[INFO] finished tweaking git repo https://github.com/leonardglaeser/ms_rss_reader_tutorial
[INFO] tweaked toml for git repo https://github.com/leonardglaeser/ms_rss_reader_tutorial written to /workspace/builds/worker-3-tc1/source/Cargo.toml
[INFO] validating manifest of git repo https://github.com/leonardglaeser/ms_rss_reader_tutorial on toolchain 1.98.0-beta.8
[INFO] running `Command { std: CARGO_HOME="/workspace/cargo-home" RUSTUP_HOME="/workspace/rustup-home" "/workspace/cargo-home/bin/cargo" "+1.98.0-beta.8" "metadata" "--manifest-path" "Cargo.toml" "--no-deps", kill_on_drop: false }`
[INFO] crate git repo https://github.com/leonardglaeser/ms_rss_reader_tutorial already has a lockfile, it will not be regenerated
[INFO] running `Command { std: CARGO_HOME="/workspace/cargo-home" RUSTUP_HOME="/workspace/rustup-home" "/workspace/cargo-home/bin/cargo" "+1.98.0-beta.8" "fetch" "--manifest-path" "Cargo.toml", kill_on_drop: false }`
[INFO] [stderr]  Downloading crates ...
[INFO] [stderr]   Downloaded windows_aarch64_gnullvm v0.42.0
[INFO] [stderr]   Downloaded windows_x86_64_gnullvm v0.42.0
[INFO] [stderr]   Downloaded windows_aarch64_msvc v0.42.0
[INFO] [stderr]   Downloaded windows_i686_gnu v0.42.0
[INFO] [stderr]   Downloaded windows_x86_64_msvc v0.42.0
[INFO] [stderr]   Downloaded windows_x86_64_gnu v0.42.0
[INFO] [stderr]   Downloaded windows_i686_msvc v0.42.0
[INFO] [stderr]   Downloaded windows v0.43.0
[INFO] running `Command { std: "docker" "create" "-v" "/var/lib/crater-agent-workspace/builds/worker-3-tc1/source:/opt/rustwide/workdir:ro,Z" "-v" "/var/lib/crater-agent-workspace/builds/worker-3-tc1/target:/opt/rustwide/target:rw,Z" "-v" "/var/lib/crater-agent-workspace/cargo-home:/opt/rustwide/cargo-home:ro,Z" "-v" "/var/lib/crater-agent-workspace/rustup-home:/opt/rustwide/rustup-home:ro,Z" "-m" "1610612736" "--network" "none" "ghcr.io/rust-lang/crates-build-env/linux@sha256:8683fc1fc2eb5c9ac98e0d076ab094b2ffac7f99da555d2b6a2e27f346de2ec7" "sleep" "infinity", kill_on_drop: false }`
[INFO] [stdout] cf294a1f873f36420da2bcb39872f7f549effaa5ef80e2766f3c7b62b8c8d405
[INFO] running `Command { std: "docker" "start" "cf294a1f873f36420da2bcb39872f7f549effaa5ef80e2766f3c7b62b8c8d405", kill_on_drop: false }`
[INFO] running `Command { std: "docker" "inspect" "cf294a1f873f36420da2bcb39872f7f549effaa5ef80e2766f3c7b62b8c8d405", kill_on_drop: false }`
[INFO] running `Command { std: "docker" "exec" "-e" "SOURCE_DIR=/opt/rustwide/workdir" "-e" "CARGO_HOME=/opt/rustwide/cargo-home" "-e" "RUSTUP_HOME=/opt/rustwide/rustup-home" "-e" "CARGO_TARGET_DIR=/opt/rustwide/target" "-w" "/opt/rustwide/workdir" "--user" "0:0" "cf294a1f873f36420da2bcb39872f7f549effaa5ef80e2766f3c7b62b8c8d405" "/opt/rustwide/cargo-home/bin/cargo" "+1.98.0-beta.8" "metadata" "--no-deps" "--format-version=1", kill_on_drop: false }`
[INFO] running `Command { std: "docker" "inspect" "cf294a1f873f36420da2bcb39872f7f549effaa5ef80e2766f3c7b62b8c8d405", kill_on_drop: false }`
[INFO] running `Command { std: "docker" "exec" "-e" "SOURCE_DIR=/opt/rustwide/workdir" "-e" "CARGO_HOME=/opt/rustwide/cargo-home" "-e" "RUSTUP_HOME=/opt/rustwide/rustup-home" "-e" "CARGO_TARGET_DIR=/opt/rustwide/target" "-e" "CARGO_INCREMENTAL=0" "-e" "RUST_BACKTRACE=full" "-e" "RUSTFLAGS=--cap-lints=warn" "-e" "RUSTDOCFLAGS=--cap-lints=warn" "-w" "/opt/rustwide/workdir" "--user" "0:0" "cf294a1f873f36420da2bcb39872f7f549effaa5ef80e2766f3c7b62b8c8d405" "/opt/rustwide/cargo-home/bin/cargo" "+1.98.0-beta.8" "build" "--frozen" "--message-format=json" "--release", kill_on_drop: false }`
[INFO] [stderr]    Compiling windows v0.43.0
[INFO] [stderr]    Compiling ms_rss_reader_tutorial v0.1.0 (/opt/rustwide/workdir)
[INFO] [stdout] error: linking with `cc` failed: exit status: 1
[INFO] [stdout]   |
[INFO] [stdout]   = note:  "cc" "-m64" "/opt/rustwide/target/release/deps/rustcAKzn1u/symbols.o" "<2 object files omitted>" "-Wl,--as-needed" "-Wl,-Bstatic" "/opt/rustwide/target/release/deps/libwindows-7acc7002d05617de.rlib" "<sysroot>/lib/rustlib/x86_64-unknown-linux-gnu/lib/{libstd-*,libpanic_unwind-*,libobject-*,libmemchr-*,libaddr2line-*,libgimli-*,libcfg_if-*,librustc_demangle-*,libstd_detect-*,libhashbrown-*,librustc_std_workspace_alloc-*,libminiz_oxide-*,libadler2-*,libunwind-*,liblibc-*,librustc_std_workspace_core-*,liballoc-*,libcore-*,libcompiler_builtins-*}.rlib" "-Wl,-Bdynamic" "-lgcc_s" "-lutil" "-lrt" "-lpthread" "-lm" "-ldl" "-lc" "-L" "/opt/rustwide/target/release/deps/rustcAKzn1u/raw-dylibs" "-B<sysroot>/lib/rustlib/x86_64-unknown-linux-gnu/bin/gcc-ld" "-fuse-ld=lld" "-Wl,--eh-frame-hdr" "-Wl,-z,noexecstack" "-L" "<sysroot>/lib/rustlib/x86_64-unknown-linux-gnu/lib" "-o" "/opt/rustwide/target/release/deps/ms_rss_reader_tutorial-1fc7d3fb1a760cc4" "-Wl,--gc-sections" "-pie" "-Wl,-z,relro,-z,now" "-Wl,-O1" "-Wl,--strip-debug" "-nodefaultlibs"
[INFO] [stdout]   = note: some arguments are omitted. use `--verbose` to show all linker arguments
[INFO] [stdout]   = note: rust-lld: error: undefined symbol: LoadLibraryA
[INFO] [stdout]           >>> referenced by windows.68afc1cbfe89a20b-cgu.00
[INFO] [stdout]           >>>               windows-7acc7002d05617de.windows.68afc1cbfe89a20b-cgu.00.rcgu.o:(<windows::core::factory_cache::FactoryCache<windows::Windows::Web::Syndication::SyndicationClient, windows::core::generic_factory::IGenericFactory>>::call::<windows::Windows::Web::Syndication::SyndicationClient, <windows::Windows::Web::Syndication::SyndicationClient>::new::{closure#0}>) in archive /opt/rustwide/target/release/deps/libwindows-7acc7002d05617de.rlib
[INFO] [stdout]           >>> referenced by windows.68afc1cbfe89a20b-cgu.00
[INFO] [stdout]           >>>               windows-7acc7002d05617de.windows.68afc1cbfe89a20b-cgu.00.rcgu.o:(<windows::core::factory_cache::FactoryCache<windows::Windows::Web::Syndication::SyndicationClient, windows::core::generic_factory::IGenericFactory>>::call::<windows::Windows::Web::Syndication::SyndicationClient, <windows::Windows::Web::Syndication::SyndicationClient>::new::{closure#0}>) in archive /opt/rustwide/target/release/deps/libwindows-7acc7002d05617de.rlib
[INFO] [stdout]           >>> referenced by windows.68afc1cbfe89a20b-cgu.00
[INFO] [stdout]           >>>               windows-7acc7002d05617de.windows.68afc1cbfe89a20b-cgu.00.rcgu.o:(<windows::core::factory_cache::FactoryCache<windows::Windows::Web::Syndication::SyndicationClient, windows::core::generic_factory::IGenericFactory>>::call::<windows::Windows::Web::Syndication::SyndicationClient, <windows::Windows::Web::Syndication::SyndicationClient>::new::{closure#0}>) in archive /opt/rustwide/target/release/deps/libwindows-7acc7002d05617de.rlib
[INFO] [stdout]           >>> referenced 4 more times
[INFO] [stdout]           
[INFO] [stdout]           rust-lld: error: undefined symbol: GetProcAddress
[INFO] [stdout]           >>> referenced by windows.68afc1cbfe89a20b-cgu.00
[INFO] [stdout]           >>>               windows-7acc7002d05617de.windows.68afc1cbfe89a20b-cgu.00.rcgu.o:(<windows::core::factory_cache::FactoryCache<windows::Windows::Web::Syndication::SyndicationClient, windows::core::generic_factory::IGenericFactory>>::call::<windows::Windows::Web::Syndication::SyndicationClient, <windows::Windows::Web::Syndication::SyndicationClient>::new::{closure#0}>) in archive /opt/rustwide/target/release/deps/libwindows-7acc7002d05617de.rlib
[INFO] [stdout]           >>> referenced by windows.68afc1cbfe89a20b-cgu.00
[INFO] [stdout]           >>>               windows-7acc7002d05617de.windows.68afc1cbfe89a20b-cgu.00.rcgu.o:(<windows::core::factory_cache::FactoryCache<windows::Windows::Web::Syndication::SyndicationClient, windows::core::generic_factory::IGenericFactory>>::call::<windows::Windows::Web::Syndication::SyndicationClient, <windows::Windows::Web::Syndication::SyndicationClient>::new::{closure#0}>) in archive /opt/rustwide/target/release/deps/libwindows-7acc7002d05617de.rlib
[INFO] [stdout]           >>> referenced by windows.68afc1cbfe89a20b-cgu.00
[INFO] [stdout]           >>>               windows-7acc7002d05617de.windows.68afc1cbfe89a20b-cgu.00.rcgu.o:(<windows::core::factory_cache::FactoryCache<windows::Windows::Web::Syndication::SyndicationClient, windows::core::generic_factory::IGenericFactory>>::call::<windows::Windows::Web::Syndication::SyndicationClient, <windows::Windows::Web::Syndication::SyndicationClient>::new::{closure#0}>) in archive /opt/rustwide/target/release/deps/libwindows-7acc7002d05617de.rlib
[INFO] [stdout]           >>> referenced 4 more times
[INFO] [stdout]           
[INFO] [stdout]           rust-lld: error: undefined symbol: GetLastError
[INFO] [stdout]           >>> referenced by windows.68afc1cbfe89a20b-cgu.00
[INFO] [stdout]           >>>               windows-7acc7002d05617de.windows.68afc1cbfe89a20b-cgu.00.rcgu.o:(<windows::core::factory_cache::FactoryCache<windows::Windows::Web::Syndication::SyndicationClient, windows::core::generic_factory::IGenericFactory>>::call::<windows::Windows::Web::Syndication::SyndicationClient, <windows::Windows::Web::Syndication::SyndicationClient>::new::{closure#0}>) in archive /opt/rustwide/target/release/deps/libwindows-7acc7002d05617de.rlib
[INFO] [stdout]           >>> referenced by windows.68afc1cbfe89a20b-cgu.00
[INFO] [stdout]           >>>               windows-7acc7002d05617de.windows.68afc1cbfe89a20b-cgu.00.rcgu.o:(<windows::core::factory_cache::FactoryCache<windows::Windows::Web::Syndication::SyndicationClient, windows::core::generic_factory::IGenericFactory>>::call::<windows::Windows::Web::Syndication::SyndicationClient, <windows::Windows::Web::Syndication::SyndicationClient>::new::{closure#0}>) in archive /opt/rustwide/target/release/deps/libwindows-7acc7002d05617de.rlib
[INFO] [stdout]           >>> referenced by windows.68afc1cbfe89a20b-cgu.00
[INFO] [stdout]           >>>               windows-7acc7002d05617de.windows.68afc1cbfe89a20b-cgu.00.rcgu.o:(<windows::core::factory_cache::FactoryCache<windows::Windows::Web::Syndication::SyndicationClient, windows::core::generic_factory::IGenericFactory>>::call::<windows::Windows::Web::Syndication::SyndicationClient, <windows::Windows::Web::Syndication::SyndicationClient>::new::{closure#0}>) in archive /opt/rustwide/target/release/deps/libwindows-7acc7002d05617de.rlib
[INFO] [stdout]           >>> referenced 12 more times
[INFO] [stdout]           
[INFO] [stdout]           rust-lld: error: undefined symbol: FreeLibrary
[INFO] [stdout]           >>> referenced by windows.68afc1cbfe89a20b-cgu.00
[INFO] [stdout]           >>>               windows-7acc7002d05617de.windows.68afc1cbfe89a20b-cgu.00.rcgu.o:(<windows::core::factory_cache::FactoryCache<windows::Windows::Web::Syndication::SyndicationClient, windows::core::generic_factory::IGenericFactory>>::call::<windows::Windows::Web::Syndication::SyndicationClient, <windows::Windows::Web::Syndication::SyndicationClient>::new::{closure#0}>) in archive /opt/rustwide/target/release/deps/libwindows-7acc7002d05617de.rlib
[INFO] [stdout]           >>> referenced by windows.68afc1cbfe89a20b-cgu.00
[INFO] [stdout]           >>>               windows-7acc7002d05617de.windows.68afc1cbfe89a20b-cgu.00.rcgu.o:(<windows::core::factory_cache::FactoryCache<windows::Windows::Web::Syndication::SyndicationClient, windows::core::generic_factory::IGenericFactory>>::call::<windows::Windows::Web::Syndication::SyndicationClient, <windows::Windows::Web::Syndication::SyndicationClient>::new::{closure#0}>) in archive /opt/rustwide/target/release/deps/libwindows-7acc7002d05617de.rlib
[INFO] [stdout]           >>> referenced by windows.68afc1cbfe89a20b-cgu.00
[INFO] [stdout]           >>>               windows-7acc7002d05617de.windows.68afc1cbfe89a20b-cgu.00.rcgu.o:(<windows::core::factory_cache::FactoryCache<windows::Windows::Web::Syndication::SyndicationClient, windows::core::generic_factory::IGenericFactory>>::call::<windows::Windows::Web::Syndication::SyndicationClient, <windows::Windows::Web::Syndication::SyndicationClient>::new::{closure#0}>) in archive /opt/rustwide/target/release/deps/libwindows-7acc7002d05617de.rlib
[INFO] [stdout]           >>> referenced 4 more times
[INFO] [stdout]           
[INFO] [stdout]           rust-lld: error: undefined symbol: GetProcessHeap
[INFO] [stdout]           >>> referenced by windows.68afc1cbfe89a20b-cgu.00
[INFO] [stdout]           >>>               windows-7acc7002d05617de.windows.68afc1cbfe89a20b-cgu.00.rcgu.o:(<windows::core::factory_cache::FactoryCache<windows::Windows::Web::Syndication::SyndicationClient, windows::core::generic_factory::IGenericFactory>>::call::<windows::Windows::Web::Syndication::SyndicationClient, <windows::Windows::Web::Syndication::SyndicationClient>::new::{closure#0}>) in archive /opt/rustwide/target/release/deps/libwindows-7acc7002d05617de.rlib
[INFO] [stdout]           >>> referenced by windows.68afc1cbfe89a20b-cgu.00
[INFO] [stdout]           >>>               windows-7acc7002d05617de.windows.68afc1cbfe89a20b-cgu.00.rcgu.o:(<windows::core::factory_cache::FactoryCache<windows::Windows::Web::Syndication::SyndicationClient, windows::core::generic_factory::IGenericFactory>>::call::<windows::Windows::Web::Syndication::SyndicationClient, <windows::Windows::Web::Syndication::SyndicationClient>::new::{closure#0}>) in archive /opt/rustwide/target/release/deps/libwindows-7acc7002d05617de.rlib
[INFO] [stdout]           >>> referenced by windows.68afc1cbfe89a20b-cgu.00
[INFO] [stdout]           >>>               windows-7acc7002d05617de.windows.68afc1cbfe89a20b-cgu.00.rcgu.o:(windows::core::factory_cache::factory::<windows::Windows::Foundation::Uri, windows::Windows::Foundation::IUriRuntimeClassFactory> (.llvm.15921417243230627942)) in archive /opt/rustwide/target/release/deps/libwindows-7acc7002d05617de.rlib
[INFO] [stdout]           >>> referenced 10 more times
[INFO] [stdout]           
[INFO] [stdout]           rust-lld: error: undefined symbol: HeapFree
[INFO] [stdout]           >>> referenced by windows.68afc1cbfe89a20b-cgu.00
[INFO] [stdout]           >>>               windows-7acc7002d05617de.windows.68afc1cbfe89a20b-cgu.00.rcgu.o:(<windows::core::factory_cache::FactoryCache<windows::Windows::Web::Syndication::SyndicationClient, windows::core::generic_factory::IGenericFactory>>::call::<windows::Windows::Web::Syndication::SyndicationClient, <windows::Windows::Web::Syndication::SyndicationClient>::new::{closure#0}>) in archive /opt/rustwide/target/release/deps/libwindows-7acc7002d05617de.rlib
[INFO] [stdout]           >>> referenced by windows.68afc1cbfe89a20b-cgu.00
[INFO] [stdout]           >>>               windows-7acc7002d05617de.windows.68afc1cbfe89a20b-cgu.00.rcgu.o:(<windows::core::factory_cache::FactoryCache<windows::Windows::Web::Syndication::SyndicationClient, windows::core::generic_factory::IGenericFactory>>::call::<windows::Windows::Web::Syndication::SyndicationClient, <windows::Windows::Web::Syndication::SyndicationClient>::new::{closure#0}>) in archive /opt/rustwide/target/release/deps/libwindows-7acc7002d05617de.rlib
[INFO] [stdout]           >>> referenced by windows.68afc1cbfe89a20b-cgu.00
[INFO] [stdout]           >>>               windows-7acc7002d05617de.windows.68afc1cbfe89a20b-cgu.00.rcgu.o:(windows::core::factory_cache::factory::<windows::Windows::Foundation::Uri, windows::Windows::Foundation::IUriRuntimeClassFactory> (.llvm.15921417243230627942)) in archive /opt/rustwide/target/release/deps/libwindows-7acc7002d05617de.rlib
[INFO] [stdout]           >>> referenced 7 more times
[INFO] [stdout]           
[INFO] [stdout]           rust-lld: error: undefined symbol: FormatMessageW
[INFO] [stdout]           >>> referenced by windows.68afc1cbfe89a20b-cgu.04
[INFO] [stdout]           >>>               windows-7acc7002d05617de.windows.68afc1cbfe89a20b-cgu.04.rcgu.o:(<windows::core::hresult::HRESULT>::message) in archive /opt/rustwide/target/release/deps/libwindows-7acc7002d05617de.rlib
[INFO] [stdout]           
[INFO] [stdout]           rust-lld: error: undefined symbol: GetErrorInfo
[INFO] [stdout]           >>> referenced by windows.68afc1cbfe89a20b-cgu.09
[INFO] [stdout]           >>>               windows-7acc7002d05617de.windows.68afc1cbfe89a20b-cgu.09.rcgu.o:(<windows::core::error::Error>::new) in archive /opt/rustwide/target/release/deps/libwindows-7acc7002d05617de.rlib
[INFO] [stdout]           >>> referenced by windows.68afc1cbfe89a20b-cgu.09
[INFO] [stdout]           >>>               windows-7acc7002d05617de.windows.68afc1cbfe89a20b-cgu.09.rcgu.o:(<windows::core::error::Error as core::convert::From<windows::core::hresult::HRESULT>>::from) in archive /opt/rustwide/target/release/deps/libwindows-7acc7002d05617de.rlib
[INFO] [stdout]           >>> referenced by windows.68afc1cbfe89a20b-cgu.09
[INFO] [stdout]           >>>               windows-7acc7002d05617de.windows.68afc1cbfe89a20b-cgu.09.rcgu.o:(<windows::core::error::Error as core::convert::From<windows::core::hresult::HRESULT>>::from) in archive /opt/rustwide/target/release/deps/libwindows-7acc7002d05617de.rlib
[INFO] [stdout]           
[INFO] [stdout]           rust-lld: error: undefined symbol: SysStringLen
[INFO] [stdout]           >>> referenced by windows.68afc1cbfe89a20b-cgu.09
[INFO] [stdout]           >>>               windows-7acc7002d05617de.windows.68afc1cbfe89a20b-cgu.09.rcgu.o:(<windows::core::error::Error>::message) in archive /opt/rustwide/target/release/deps/libwindows-7acc7002d05617de.rlib
[INFO] [stdout]           >>> referenced by windows.68afc1cbfe89a20b-cgu.09
[INFO] [stdout]           >>>               windows-7acc7002d05617de.windows.68afc1cbfe89a20b-cgu.09.rcgu.o:(<windows::core::error::Error>::message) in archive /opt/rustwide/target/release/deps/libwindows-7acc7002d05617de.rlib
[INFO] [stdout]           >>> referenced by windows.68afc1cbfe89a20b-cgu.09
[INFO] [stdout]           >>>               windows-7acc7002d05617de.windows.68afc1cbfe89a20b-cgu.09.rcgu.o:(<windows::core::error::Error as core::convert::From<windows::core::hresult::HRESULT>>::from) in archive /opt/rustwide/target/release/deps/libwindows-7acc7002d05617de.rlib
[INFO] [stdout]           
[INFO] [stdout]           rust-lld: error: undefined symbol: SysFreeString
[INFO] [stdout]           >>> referenced by windows.68afc1cbfe89a20b-cgu.09
[INFO] [stdout]           >>>               windows-7acc7002d05617de.windows.68afc1cbfe89a20b-cgu.09.rcgu.o:(<windows::core::error::Error>::message) in archive /opt/rustwide/target/release/deps/libwindows-7acc7002d05617de.rlib
[INFO] [stdout]           >>> referenced by windows.68afc1cbfe89a20b-cgu.09
[INFO] [stdout]           >>>               windows-7acc7002d05617de.windows.68afc1cbfe89a20b-cgu.09.rcgu.o:(<windows::core::error::Error>::message) in archive /opt/rustwide/target/release/deps/libwindows-7acc7002d05617de.rlib
[INFO] [stdout]           >>> referenced by windows.68afc1cbfe89a20b-cgu.09
[INFO] [stdout]           >>>               windows-7acc7002d05617de.windows.68afc1cbfe89a20b-cgu.09.rcgu.o:(<windows::core::error::Error>::message) in archive /opt/rustwide/target/release/deps/libwindows-7acc7002d05617de.rlib
[INFO] [stdout]           >>> referenced 8 more times
[INFO] [stdout]           
[INFO] [stdout]           rust-lld: error: undefined symbol: HeapAlloc
[INFO] [stdout]           >>> referenced by windows.68afc1cbfe89a20b-cgu.09
[INFO] [stdout]           >>>               windows-7acc7002d05617de.windows.68afc1cbfe89a20b-cgu.09.rcgu.o:(<windows::core::error::Error as core::convert::From<windows::core::hresult::HRESULT>>::from) in archive /opt/rustwide/target/release/deps/libwindows-7acc7002d05617de.rlib
[INFO] [stdout]           >>> referenced by windows.68afc1cbfe89a20b-cgu.08
[INFO] [stdout]           >>>               windows-7acc7002d05617de.windows.68afc1cbfe89a20b-cgu.08.rcgu.o:(<windows::core::strings::hstring::HSTRING>::from_wide) in archive /opt/rustwide/target/release/deps/libwindows-7acc7002d05617de.rlib
[INFO] [stdout]           >>> referenced by windows.68afc1cbfe89a20b-cgu.08
[INFO] [stdout]           >>>               windows-7acc7002d05617de.windows.68afc1cbfe89a20b-cgu.08.rcgu.o:(<windows::core::strings::hstring::HSTRING as core::convert::From<&str>>::from) in archive /opt/rustwide/target/release/deps/libwindows-7acc7002d05617de.rlib
[INFO] [stdout]           
[INFO] [stdout]           rust-lld: error: undefined symbol: CreateEventW
[INFO] [stdout]           >>> referenced by windows.68afc1cbfe89a20b-cgu.08
[INFO] [stdout]           >>>               windows-7acc7002d05617de.windows.68afc1cbfe89a20b-cgu.08.rcgu.o:(<windows::core::waiter::Waiter>::new) in archive /opt/rustwide/target/release/deps/libwindows-7acc7002d05617de.rlib
[INFO] [stdout]           
[INFO] [stdout]           rust-lld: error: undefined symbol: SetEvent
[INFO] [stdout]           >>> referenced by windows.68afc1cbfe89a20b-cgu.08
[INFO] [stdout]           >>>               windows-7acc7002d05617de.windows.68afc1cbfe89a20b-cgu.08.rcgu.o:(<windows::core::waiter::WaiterSignaler>::signal) in archive /opt/rustwide/target/release/deps/libwindows-7acc7002d05617de.rlib
[INFO] [stdout]           
[INFO] [stdout]           rust-lld: error: undefined symbol: WaitForSingleObject
[INFO] [stdout]           >>> referenced by windows.68afc1cbfe89a20b-cgu.08
[INFO] [stdout]           >>>               windows-7acc7002d05617de.windows.68afc1cbfe89a20b-cgu.08.rcgu.o:(<windows::core::waiter::Waiter as core::ops::drop::Drop>::drop) in archive /opt/rustwide/target/release/deps/libwindows-7acc7002d05617de.rlib
[INFO] [stdout]           
[INFO] [stdout]           rust-lld: error: undefined symbol: CloseHandle
[INFO] [stdout]           >>> referenced by windows.68afc1cbfe89a20b-cgu.08
[INFO] [stdout]           >>>               windows-7acc7002d05617de.windows.68afc1cbfe89a20b-cgu.08.rcgu.o:(<windows::core::waiter::Waiter as core::ops::drop::Drop>::drop) in archive /opt/rustwide/target/release/deps/libwindows-7acc7002d05617de.rlib
[INFO] [stdout]           
[INFO] [stdout]           rust-lld: error: undefined symbol: MessageBoxA
[INFO] [stdout]           >>> referenced by ms_rss_reader_tutorial.127ce232ecf029e8-cgu.0
[INFO] [stdout]           >>>               /opt/rustwide/target/release/deps/ms_rss_reader_tutorial-1fc7d3fb1a760cc4.ms_rss_reader_tutorial.127ce232ecf029e8-cgu.0.rcgu.o:(ms_rss_reader_tutorial::main)
[INFO] [stdout]           collect2: error: ld returned 1 exit status
[INFO] [stdout]           
[INFO] [stdout] 
[INFO] [stdout] 
[INFO] [stderr] error: could not compile `ms_rss_reader_tutorial` (bin "ms_rss_reader_tutorial") due to 1 previous error
[INFO] running `Command { std: "docker" "inspect" "cf294a1f873f36420da2bcb39872f7f549effaa5ef80e2766f3c7b62b8c8d405", kill_on_drop: false }`
[INFO] running `Command { std: "docker" "rm" "-f" "cf294a1f873f36420da2bcb39872f7f549effaa5ef80e2766f3c7b62b8c8d405", kill_on_drop: false }`
[INFO] [stdout] cf294a1f873f36420da2bcb39872f7f549effaa5ef80e2766f3c7b62b8c8d405
