[INFO] cloning repository https://github.com/lcrownover/hpcidmtxn-rs
[INFO] running `Command { std: "git" "-c" "credential.helper=" "-c" "credential.helper=/workspace/cargo-home/bin/git-credential-null" "clone" "--bare" "https://github.com/lcrownover/hpcidmtxn-rs" "/workspace/cache/git-repos/https%3A%2F%2Fgithub.com%2Flcrownover%2Fhpcidmtxn-rs", kill_on_drop: false }`
[INFO] [stderr] Cloning into bare repository '/workspace/cache/git-repos/https%3A%2F%2Fgithub.com%2Flcrownover%2Fhpcidmtxn-rs'...
[INFO] running `Command { std: "git" "rev-parse" "HEAD", kill_on_drop: false }`
[INFO] [stdout] 97121662e30f623a6c0de165f25523f32a59eb92
[INFO] testing lcrownover/hpcidmtxn-rs against 1.98.0-beta.8+cargoflags=--release for beta-release-1.99-2
[INFO] running `Command { std: "git" "clone" "/workspace/cache/git-repos/https%3A%2F%2Fgithub.com%2Flcrownover%2Fhpcidmtxn-rs" "/workspace/builds/worker-2-tc1/source", kill_on_drop: false }`
[INFO] [stderr] Cloning into '/workspace/builds/worker-2-tc1/source'...
[INFO] [stderr] done.
[INFO] started tweaking git repo https://github.com/lcrownover/hpcidmtxn-rs
[INFO] finished tweaking git repo https://github.com/lcrownover/hpcidmtxn-rs
[INFO] tweaked toml for git repo https://github.com/lcrownover/hpcidmtxn-rs written to /workspace/builds/worker-2-tc1/source/Cargo.toml
[INFO] validating manifest of git repo https://github.com/lcrownover/hpcidmtxn-rs on toolchain 1.98.0-beta.8
[INFO] running `Command { std: CARGO_HOME="/workspace/cargo-home" RUSTUP_HOME="/workspace/rustup-home" "/workspace/cargo-home/bin/cargo" "+1.98.0-beta.8" "metadata" "--manifest-path" "Cargo.toml" "--no-deps", kill_on_drop: false }`
[INFO] crate git repo https://github.com/lcrownover/hpcidmtxn-rs already has a lockfile, it will not be regenerated
[INFO] running `Command { std: CARGO_HOME="/workspace/cargo-home" RUSTUP_HOME="/workspace/rustup-home" "/workspace/cargo-home/bin/cargo" "+1.98.0-beta.8" "fetch" "--manifest-path" "Cargo.toml", kill_on_drop: false }`
[INFO] [stderr]     Updating crates.io index
[INFO] [stderr]  Downloading crates ...
[INFO] [stderr]   Downloaded thiserror-impl v1.0.37
[INFO] [stderr]   Downloaded proc-macro2 v1.0.47
[INFO] [stderr]   Downloaded thiserror v1.0.37
[INFO] [stderr]   Downloaded bumpalo v3.11.1
[INFO] [stderr]   Downloaded futures-io v0.3.25
[INFO] [stderr]   Downloaded futures-core v0.3.25
[INFO] [stderr]   Downloaded futures-task v0.3.25
[INFO] [stderr]   Downloaded remove_dir_all v0.5.3
[INFO] [stderr]   Downloaded futures-sink v0.3.25
[INFO] [stderr]   Downloaded http-range-header v0.3.0
[INFO] [stderr]   Downloaded sync_wrapper v0.1.1
[INFO] [stderr]   Downloaded fastrand v1.8.0
[INFO] [stderr]   Downloaded security-framework-sys v2.6.1
[INFO] [stderr]   Downloaded core-foundation v0.9.3
[INFO] [stderr]   Downloaded clap_derive v4.0.18
[INFO] [stderr]   Downloaded matchit v0.5.0
[INFO] [stderr]   Downloaded axum-core v0.2.9
[INFO] [stderr]   Downloaded tokio-native-tls v0.3.0
[INFO] [stderr]   Downloaded tempfile v3.3.0
[INFO] [stderr]   Downloaded core-foundation-sys v0.8.3
[INFO] [stderr]   Downloaded futures-channel v0.3.25
[INFO] [stderr]   Downloaded schannel v0.1.20
[INFO] [stderr]   Downloaded pin-project-internal v1.0.12
[INFO] [stderr]   Downloaded native-tls v0.2.10
[INFO] [stderr]   Downloaded openssl-sys v0.9.76
[INFO] [stderr]   Downloaded pin-project v1.0.12
[INFO] [stderr]   Downloaded security-framework v2.7.0
[INFO] [stderr]   Downloaded tower-http v0.3.4
[INFO] [stderr]   Downloaded axum v0.5.17
[INFO] [stderr]   Downloaded syn v1.0.103
[INFO] [stderr]   Downloaded serde_json v1.0.87
[INFO] [stderr]   Downloaded futures-util v0.3.25
[INFO] [stderr]   Downloaded clap v4.0.18
[INFO] [stderr]   Downloaded openssl v0.10.42
[INFO] running `Command { std: "docker" "create" "-v" "/var/lib/crater-agent-workspace/builds/worker-2-tc1/source:/opt/rustwide/workdir:ro,Z" "-v" "/var/lib/crater-agent-workspace/builds/worker-2-tc1/target:/opt/rustwide/target:rw,Z" "-v" "/var/lib/crater-agent-workspace/cargo-home:/opt/rustwide/cargo-home:ro,Z" "-v" "/var/lib/crater-agent-workspace/rustup-home:/opt/rustwide/rustup-home:ro,Z" "-m" "1610612736" "--network" "none" "ghcr.io/rust-lang/crates-build-env/linux@sha256:8683fc1fc2eb5c9ac98e0d076ab094b2ffac7f99da555d2b6a2e27f346de2ec7" "sleep" "infinity", kill_on_drop: false }`
[INFO] [stdout] 6354ab654e774b8104ccb40467a6dbe2a82610abf0972e173c260b38744a7f34
[INFO] running `Command { std: "docker" "start" "6354ab654e774b8104ccb40467a6dbe2a82610abf0972e173c260b38744a7f34", kill_on_drop: false }`
[INFO] running `Command { std: "docker" "inspect" "6354ab654e774b8104ccb40467a6dbe2a82610abf0972e173c260b38744a7f34", kill_on_drop: false }`
[INFO] running `Command { std: "docker" "exec" "-e" "SOURCE_DIR=/opt/rustwide/workdir" "-e" "CARGO_HOME=/opt/rustwide/cargo-home" "-e" "RUSTUP_HOME=/opt/rustwide/rustup-home" "-e" "CARGO_TARGET_DIR=/opt/rustwide/target" "-w" "/opt/rustwide/workdir" "--user" "0:0" "6354ab654e774b8104ccb40467a6dbe2a82610abf0972e173c260b38744a7f34" "/opt/rustwide/cargo-home/bin/cargo" "+1.98.0-beta.8" "metadata" "--no-deps" "--format-version=1", kill_on_drop: false }`
[INFO] running `Command { std: "docker" "inspect" "6354ab654e774b8104ccb40467a6dbe2a82610abf0972e173c260b38744a7f34", kill_on_drop: false }`
[INFO] running `Command { std: "docker" "exec" "-e" "SOURCE_DIR=/opt/rustwide/workdir" "-e" "CARGO_HOME=/opt/rustwide/cargo-home" "-e" "RUSTUP_HOME=/opt/rustwide/rustup-home" "-e" "CARGO_TARGET_DIR=/opt/rustwide/target" "-e" "CARGO_INCREMENTAL=0" "-e" "RUST_BACKTRACE=full" "-e" "RUSTFLAGS=--cap-lints=warn" "-e" "RUSTDOCFLAGS=--cap-lints=warn" "-w" "/opt/rustwide/workdir" "--user" "0:0" "6354ab654e774b8104ccb40467a6dbe2a82610abf0972e173c260b38744a7f34" "/opt/rustwide/cargo-home/bin/cargo" "+1.98.0-beta.8" "build" "--frozen" "--message-format=json" "--release", kill_on_drop: false }`
[INFO] [stderr]    Compiling proc-macro2 v1.0.47
[INFO] [stderr]    Compiling unicode-ident v1.0.5
[INFO] [stderr]    Compiling quote v1.0.21
[INFO] [stderr]    Compiling syn v1.0.103
[INFO] [stderr]    Compiling libc v0.2.135
[INFO] [stderr]    Compiling log v0.4.17
[INFO] [stderr]    Compiling once_cell v1.15.0
[INFO] [stderr]    Compiling pin-project-lite v0.2.9
[INFO] [stderr]    Compiling memchr v2.5.0
[INFO] [stderr]    Compiling futures-core v0.3.25
[INFO] [stderr]    Compiling bytes v1.2.1
[INFO] [stderr]    Compiling futures-task v0.3.25
[INFO] [stderr]    Compiling itoa v1.0.4
[INFO] [stderr]    Compiling futures-util v0.3.25
[INFO] [stderr]    Compiling slab v0.4.7
[INFO] [stderr]    Compiling tokio v1.21.2
[INFO] [stderr]    Compiling cc v1.0.73
[INFO] [stderr]    Compiling tracing-core v0.1.30
[INFO] [stderr]    Compiling pin-utils v0.1.0
[INFO] [stderr]    Compiling futures-io v0.3.25
[INFO] [stderr]    Compiling tower-service v0.3.2
[INFO] [stderr]    Compiling futures-sink v0.3.25
[INFO] [stderr]    Compiling openssl v0.10.42
[INFO] [stderr]    Compiling futures-channel v0.3.25
[INFO] [stderr]    Compiling serde v1.0.145
[INFO] [stderr]    Compiling httparse v1.8.0
[INFO] [stderr]    Compiling foreign-types-shared v0.1.1
[INFO] [stderr]    Compiling indexmap v1.9.1
[INFO] [stderr]    Compiling percent-encoding v2.2.0
[INFO] [stderr]    Compiling foreign-types v0.3.2
[INFO] [stderr]    Compiling native-tls v0.2.10
[INFO] [stderr]    Compiling try-lock v0.2.3
[INFO] [stderr]    Compiling tinyvec_macros v0.1.0
[INFO] [stderr]    Compiling tinyvec v1.6.0
[INFO] [stderr]    Compiling want v0.3.0
[INFO] [stderr]    Compiling form_urlencoded v1.1.0
[INFO] [stderr]    Compiling ryu v1.0.11
[INFO] [stderr]    Compiling openssl-probe v0.1.5
[INFO] [stderr]    Compiling httpdate v1.0.2
[INFO] [stderr]    Compiling tower-layer v0.3.2
[INFO] [stderr]    Compiling async-trait v0.1.58
[INFO] [stderr]    Compiling mime v0.3.16
[INFO] [stderr]    Compiling proc-macro-error-attr v1.0.4
[INFO] [stderr]    Compiling encoding_rs v0.8.31
[INFO] [stderr]    Compiling unicode-bidi v0.3.8
[INFO] [stderr]    Compiling serde_json v1.0.87
[INFO] [stderr]    Compiling http v0.2.8
[INFO] [stderr]    Compiling tracing v0.1.37
[INFO] [stderr]    Compiling socket2 v0.4.7
[INFO] [stderr]    Compiling num_cpus v1.13.1
[INFO] [stderr]    Compiling mio v0.8.4
[INFO] [stderr]    Compiling openssl-sys v0.9.76
[INFO] [stderr]    Compiling os_str_bytes v6.3.0
[INFO] [stderr]    Compiling unicode-normalization v0.1.22
[INFO] [stderr]    Compiling thiserror v1.0.37
[INFO] [stderr]    Compiling http-range-header v0.3.0
[INFO] [stderr]    Compiling idna v0.3.0
[INFO] [stderr]    Compiling clap_lex v0.3.0
[INFO] [stderr]    Compiling atty v0.2.14
[INFO] [stderr]    Compiling ipnet v2.5.0
[INFO] [stderr]    Compiling matchit v0.5.0
[INFO] [stderr]    Compiling sync_wrapper v0.1.1
[INFO] [stderr]    Compiling base64 v0.13.1
[INFO] [stderr]    Compiling url v2.3.1
[INFO] [stderr]    Compiling http-body v0.4.5
[INFO] [stderr]    Compiling proc-macro-error v1.0.4
[INFO] [stderr]    Compiling serde_urlencoded v0.7.1
[INFO] [stderr]    Compiling tokio-macros v1.8.0
[INFO] [stderr]    Compiling openssl-macros v0.1.0
[INFO] [stderr]    Compiling pin-project-internal v1.0.12
[INFO] [stderr]    Compiling clap_derive v4.0.18
[INFO] [stderr]    Compiling thiserror-impl v1.0.37
[INFO] [stderr]    Compiling axum-core v0.2.9
[INFO] [stderr]    Compiling pin-project v1.0.12
[INFO] [stderr]    Compiling clap v4.0.18
[INFO] [stderr]    Compiling tokio-util v0.7.4
[INFO] [stderr]    Compiling tower v0.4.13
[INFO] [stderr]    Compiling tokio-native-tls v0.3.0
[INFO] [stderr]    Compiling tower-http v0.3.4
[INFO] [stderr]    Compiling h2 v0.3.14
[INFO] [stderr]    Compiling hyper v0.14.20
[INFO] [stderr]    Compiling hyper-tls v0.5.0
[INFO] [stderr]    Compiling axum v0.5.17
[INFO] [stderr]    Compiling reqwest v0.11.12
[INFO] [stderr]    Compiling hpcidmtxn-rs v0.1.0 (/opt/rustwide/workdir)
[INFO] [stdout] error[E0425]: cannot find value `pirg` in this scope
[INFO] [stdout]   --> src/bin/testfunc.rs:13:51
[INFO] [stdout]    |
[INFO] [stdout] 13 |         let command = Command::new("grep").args(&[pirg, &path]).output()?;
[INFO] [stdout]    |                                                   ^^^^ not found in this scope
[INFO] [stdout] 
[INFO] [stdout] 
[INFO] [stdout] error[E0425]: cannot find type `UserQueryCommand` in this scope
[INFO] [stdout]   --> src/bin/testfunc.rs:28:53
[INFO] [stdout]    |
[INFO] [stdout] 28 | fn get_users_in_group(group: &String, query_source: UserQueryCommand) -> Result<Vec<String>, Box<dyn std::error::Error>> {
[INFO] [stdout]    |                                                     ^^^^^^^^^^^^^^^^ not found in this scope
[INFO] [stdout] 
[INFO] [stdout] 
[INFO] [stdout] error[E0425]: cannot find value `pirg` in this scope
[INFO] [stdout]   --> src/bin/testfunc.rs:31:55
[INFO] [stdout]    |
[INFO] [stdout] 31 |             let command = Command::new("grep").args(&[pirg, &path]).output()?;
[INFO] [stdout]    |                                                       ^^^^ not found in this scope
[INFO] [stdout] 
[INFO] [stdout] 
[INFO] [stdout] error[E0425]: cannot find value `users` in this scope
[INFO] [stdout]   --> src/bin/testfunc.rs:60:5
[INFO] [stdout]    |
[INFO] [stdout] 60 |     users = get_users_in_group("docker", )
[INFO] [stdout]    |     ^^^^^
[INFO] [stdout]    |
[INFO] [stdout] help: you might have meant to introduce a new binding
[INFO] [stdout]    |
[INFO] [stdout] 60 |     let users = get_users_in_group("docker", )
[INFO] [stdout]    |     +++
[INFO] [stdout] 
[INFO] [stdout] 
[INFO] [stdout] error[E0050]: method `get_users` has 2 parameters but the declaration in trait `UserQueryableSource::get_users` has 1
[INFO] [stdout]   --> src/bin/testfunc.rs:12:18
[INFO] [stdout]    |
[INFO] [stdout]  8 |     fn get_users(&self) -> Result<Vec<String>, Box<dyn std::error::Error>>;
[INFO] [stdout]    |                  ----- trait requires 1 parameter
[INFO] [stdout] ...
[INFO] [stdout] 12 |     fn get_users(&self, path: String) -> Result<Vec<String>, Box<dyn std::error::Error>> {
[INFO] [stdout]    |                  ^^^^^^^^^^^^^^^^^^^ expected 1 parameter, found 2
[INFO] [stdout] 
[INFO] [stdout] 
[INFO] [stdout] error[E0061]: this function takes 2 arguments but 1 argument was supplied
[INFO] [stdout]   --> src/bin/testfunc.rs:60:13
[INFO] [stdout]    |
[INFO] [stdout] 60 |     users = get_users_in_group("docker", )
[INFO] [stdout]    |             ^^^^^^^^^^^^^^^^^^------------
[INFO] [stdout]    |                               ||
[INFO] [stdout]    |                               |expected `&String`, found `&str`
[INFO] [stdout]    |                               argument #2 is missing
[INFO] [stdout]    |
[INFO] [stdout]    = note: expected reference `&String`
[INFO] [stdout]               found reference `&'static str`
[INFO] [stdout] note: function defined here
[INFO] [stdout]   --> src/bin/testfunc.rs:28:4
[INFO] [stdout]    |
[INFO] [stdout] 28 | fn get_users_in_group(group: &String, query_source: UserQueryCommand) -> Result<Vec<String>, Box<dyn std::error::Error>> {
[INFO] [stdout]    |    ^^^^^^^^^^^^^^^^^^ --------------  ------------------------------
[INFO] [stdout] help: provide the argument
[INFO] [stdout]    |
[INFO] [stdout] 60 -     users = get_users_in_group("docker", )
[INFO] [stdout] 60 +     users = get_users_in_group(/* &String */, /* query_source */)
[INFO] [stdout]    |
[INFO] [stdout] 
[INFO] [stdout] 
[INFO] [stdout] error[E0433]: cannot find type `UserQueryCommand` in this scope
[INFO] [stdout]   --> src/bin/testfunc.rs:30:9
[INFO] [stdout]    |
[INFO] [stdout] 30 |         UserQueryCommand::GroupFile(path) => {
[INFO] [stdout]    |         ^^^^^^^^^^^^^^^^ use of undeclared type `UserQueryCommand`
[INFO] [stdout] 
[INFO] [stdout] 
[INFO] [stdout] error[E0433]: cannot find type `UserQueryCommand` in this scope
[INFO] [stdout]   --> src/bin/testfunc.rs:43:9
[INFO] [stdout]    |
[INFO] [stdout] 43 |         UserQueryCommand::GetentGroup => {
[INFO] [stdout]    |         ^^^^^^^^^^^^^^^^ use of undeclared type `UserQueryCommand`
[INFO] [stdout] 
[INFO] [stdout] 
[INFO] [stdout] Some errors have detailed explanations: E0050, E0061, E0425, E0433.
[INFO] [stdout] 
[INFO] [stdout] For more information about an error, try `rustc --explain E0050`.
[INFO] [stdout] 
[INFO] [stderr] error: could not compile `hpcidmtxn-rs` (bin "testfunc") due to 8 previous errors
[INFO] [stderr] warning: build failed, waiting for other jobs to finish...
[INFO] running `Command { std: "docker" "inspect" "6354ab654e774b8104ccb40467a6dbe2a82610abf0972e173c260b38744a7f34", kill_on_drop: false }`
[INFO] running `Command { std: "docker" "rm" "-f" "6354ab654e774b8104ccb40467a6dbe2a82610abf0972e173c260b38744a7f34", kill_on_drop: false }`
[INFO] [stdout] 6354ab654e774b8104ccb40467a6dbe2a82610abf0972e173c260b38744a7f34
