[INFO] cloning repository https://github.com/lamco-admin/lamboot
[INFO] running `Command { std: "git" "-c" "credential.helper=" "-c" "credential.helper=/workspace/cargo-home/bin/git-credential-null" "clone" "--bare" "https://github.com/lamco-admin/lamboot" "/workspace/cache/git-repos/https%3A%2F%2Fgithub.com%2Flamco-admin%2Flamboot", kill_on_drop: false }`
[INFO] [stderr] Cloning into bare repository '/workspace/cache/git-repos/https%3A%2F%2Fgithub.com%2Flamco-admin%2Flamboot'...
[INFO] running `Command { std: "git" "rev-parse" "HEAD", kill_on_drop: false }`
[INFO] [stdout] 22fb98ba453f982f1fe1638efc40cc9a2b4a36fc
[INFO] testing lamco-admin/lamboot against 1.98.0-beta.8+cargoflags=--release for beta-release-1.99-2
[INFO] running `Command { std: "git" "clone" "/workspace/cache/git-repos/https%3A%2F%2Fgithub.com%2Flamco-admin%2Flamboot" "/workspace/builds/worker-3-tc1/source", kill_on_drop: false }`
[INFO] [stderr] Cloning into '/workspace/builds/worker-3-tc1/source'...
[INFO] [stderr] done.
[INFO] removed /workspace/builds/worker-3-tc1/source/rust-toolchain.toml
[INFO] started tweaking git repo https://github.com/lamco-admin/lamboot
[INFO] finished tweaking git repo https://github.com/lamco-admin/lamboot
[INFO] tweaked toml for git repo https://github.com/lamco-admin/lamboot written to /workspace/builds/worker-3-tc1/source/Cargo.toml
[INFO] validating manifest of git repo https://github.com/lamco-admin/lamboot on toolchain 1.98.0-beta.8
[INFO] running `Command { std: CARGO_HOME="/workspace/cargo-home" RUSTUP_HOME="/workspace/rustup-home" "/workspace/cargo-home/bin/cargo" "+1.98.0-beta.8" "metadata" "--manifest-path" "Cargo.toml" "--no-deps", kill_on_drop: false }`
[INFO] crate git repo https://github.com/lamco-admin/lamboot already has a lockfile, it will not be regenerated
[INFO] running `Command { std: CARGO_HOME="/workspace/cargo-home" RUSTUP_HOME="/workspace/rustup-home" "/workspace/cargo-home/bin/cargo" "+1.98.0-beta.8" "fetch" "--manifest-path" "Cargo.toml", kill_on_drop: false }`
[INFO] [stderr]     Updating crates.io index
[INFO] [stderr]  Downloading crates ...
[INFO] [stderr]   Downloaded ext4-view v0.9.3
[INFO] [stderr]   Downloaded uguid v2.2.1
[INFO] [stderr]   Downloaded typenum v1.20.0
[INFO] [stderr]   Downloaded bitflags v2.9.4
[INFO] [stderr]   Downloaded ptr_meta v0.3.1
[INFO] [stderr]   Downloaded ptr_meta_derive v0.3.1
[INFO] [stderr]   Downloaded cpio_reader v0.1.2
[INFO] [stderr]   Downloaded uefi-macros v0.19.0
[INFO] [stderr]   Downloaded bit_field v0.10.3
[INFO] [stderr]   Downloaded lamfold-romfs v0.1.0
[INFO] [stderr]   Downloaded lamfold-cpio v0.1.0
[INFO] [stderr]   Downloaded lamfold-iso v0.1.0
[INFO] [stderr]   Downloaded lamfold-udf v0.1.0
[INFO] [stderr]   Downloaded lamfold-squash v0.1.0
[INFO] [stderr]   Downloaded doc-comment v0.3.4
[INFO] [stderr]   Downloaded lamfold-cramfs v0.1.0
[INFO] [stderr]   Downloaded ucs2 v0.3.3
[INFO] [stderr]   Downloaded lamxfs v0.1.0
[INFO] [stderr]   Downloaded lamfold-erofs v0.1.1
[INFO] [stderr]   Downloaded lamlvm v0.1.1
[INFO] [stderr]   Downloaded lamfold v0.1.1
[INFO] [stderr]   Downloaded lzokay v2.0.1
[INFO] [stderr]   Downloaded lamexfat v0.1.0
[INFO] [stderr]   Downloaded snafu-derive v0.7.5
[INFO] [stderr]   Downloaded uefi-raw v0.14.0
[INFO] [stderr]   Downloaded lz4_flex v0.13.1
[INFO] [stderr]   Downloaded lambutter v0.3.1
[INFO] [stderr]   Downloaded snafu v0.7.5
[INFO] [stderr]   Downloaded lamfat v0.4.2
[INFO] [stderr]   Downloaded ruzstd v0.7.3
[INFO] [stderr]   Downloaded ruzstd v0.8.3
[INFO] [stderr]   Downloaded uefi v0.37.0
[INFO] [stderr]   Downloaded lamzfs v0.1.1
[INFO] running `Command { std: "docker" "create" "-v" "/var/lib/crater-agent-workspace/builds/worker-3-tc1/source:/opt/rustwide/workdir:ro,Z" "-v" "/var/lib/crater-agent-workspace/builds/worker-3-tc1/target:/opt/rustwide/target:rw,Z" "-v" "/var/lib/crater-agent-workspace/cargo-home:/opt/rustwide/cargo-home:ro,Z" "-v" "/var/lib/crater-agent-workspace/rustup-home:/opt/rustwide/rustup-home:ro,Z" "-m" "1610612736" "--network" "none" "ghcr.io/rust-lang/crates-build-env/linux@sha256:8683fc1fc2eb5c9ac98e0d076ab094b2ffac7f99da555d2b6a2e27f346de2ec7" "sleep" "infinity", kill_on_drop: false }`
[INFO] [stdout] f8dc442a47eb96aee13839638c5edbbe50f16776164cf26f7a8d0a6ee1a264f2
[INFO] running `Command { std: "docker" "start" "f8dc442a47eb96aee13839638c5edbbe50f16776164cf26f7a8d0a6ee1a264f2", kill_on_drop: false }`
[INFO] running `Command { std: "docker" "inspect" "f8dc442a47eb96aee13839638c5edbbe50f16776164cf26f7a8d0a6ee1a264f2", kill_on_drop: false }`
[INFO] running `Command { std: "docker" "exec" "-e" "SOURCE_DIR=/opt/rustwide/workdir" "-e" "CARGO_HOME=/opt/rustwide/cargo-home" "-e" "RUSTUP_HOME=/opt/rustwide/rustup-home" "-e" "CARGO_TARGET_DIR=/opt/rustwide/target" "-w" "/opt/rustwide/workdir" "--user" "0:0" "f8dc442a47eb96aee13839638c5edbbe50f16776164cf26f7a8d0a6ee1a264f2" "/opt/rustwide/cargo-home/bin/cargo" "+1.98.0-beta.8" "metadata" "--no-deps" "--format-version=1", kill_on_drop: false }`
[INFO] running `Command { std: "docker" "inspect" "f8dc442a47eb96aee13839638c5edbbe50f16776164cf26f7a8d0a6ee1a264f2", kill_on_drop: false }`
[INFO] running `Command { std: "docker" "exec" "-e" "SOURCE_DIR=/opt/rustwide/workdir" "-e" "CARGO_HOME=/opt/rustwide/cargo-home" "-e" "RUSTUP_HOME=/opt/rustwide/rustup-home" "-e" "CARGO_TARGET_DIR=/opt/rustwide/target" "-e" "CARGO_INCREMENTAL=0" "-e" "RUST_BACKTRACE=full" "-e" "RUSTFLAGS=--cap-lints=warn" "-e" "RUSTDOCFLAGS=--cap-lints=warn" "-w" "/opt/rustwide/workdir" "--user" "0:0" "f8dc442a47eb96aee13839638c5edbbe50f16776164cf26f7a8d0a6ee1a264f2" "/opt/rustwide/cargo-home/bin/cargo" "+1.98.0-beta.8" "build" "--frozen" "--message-format=json" "--release", kill_on_drop: false }`
[INFO] [stderr]    Compiling proc-macro2 v1.0.101
[INFO] [stderr]    Compiling quote v1.0.41
[INFO] [stderr]    Compiling unicode-ident v1.0.19
[INFO] [stderr]    Compiling typenum v1.20.0
[INFO] [stderr]    Compiling cfg-if v1.0.3
[INFO] [stderr]    Compiling zerocopy v0.8.50
[INFO] [stderr]    Compiling bitflags v2.9.4
[INFO] [stderr]    Compiling adler2 v2.0.1
[INFO] [stderr]    Compiling const-oid v0.10.2
[INFO] [stderr]    Compiling cpufeatures v0.2.17
[INFO] [stderr]    Compiling cpufeatures v0.3.0
[INFO] [stderr]    Compiling lz4_flex v0.13.1
[INFO] [stderr]    Compiling ruzstd v0.8.3
[INFO] [stderr]    Compiling log v0.4.28
[INFO] [stderr]    Compiling uguid v2.2.1
[INFO] [stderr]    Compiling generic-array v0.14.7
[INFO] [stderr]    Compiling bit_field v0.10.3
[INFO] [stderr]    Compiling syn v1.0.109
[INFO] [stderr]    Compiling crc-catalog v2.4.0
[INFO] [stderr]    Compiling doc-comment v0.3.4
[INFO] [stderr]    Compiling miniz_oxide v0.9.1
[INFO] [stderr]    Compiling serde_core v1.0.228
[INFO] [stderr]    Compiling crc v3.4.0
[INFO] [stderr]    Compiling uefi-raw v0.14.0
[INFO] [stderr]    Compiling heck v0.4.1
[INFO] [stderr]    Compiling serde v1.0.228
[INFO] [stderr]    Compiling memchr v2.8.0
[INFO] [stderr]    Compiling pin-project-lite v0.2.17
[INFO] [stderr]    Compiling ucs2 v0.3.3
[INFO] [stderr]    Compiling tracing-core v0.1.36
[INFO] [stderr]    Compiling minimal-lexical v0.2.1
[INFO] [stderr]    Compiling adler v1.0.2
[INFO] [stderr]    Compiling cpio_reader v0.1.2
[INFO] [stderr]    Compiling miniz_oxide v0.8.9
[INFO] [stderr]    Compiling embedded-io v0.6.1
[INFO] [stderr]    Compiling miniz_oxide v0.7.4
[INFO] [stderr]    Compiling ruzstd v0.7.3
[INFO] [stderr]    Compiling lamfat v0.4.2
[INFO] [stderr]    Compiling lamxfs v0.1.0
[INFO] [stderr]    Compiling ext4-view v0.9.3
[INFO] [stderr]    Compiling tracing v0.1.44
[INFO] [stderr]    Compiling lamexfat v0.1.0
[INFO] [stderr]    Compiling nom v7.1.3
[INFO] [stderr]    Compiling syn v2.0.106
[INFO] [stderr]    Compiling lamzfs v0.1.1
[INFO] [stderr]    Compiling hybrid-array v0.4.12
[INFO] [stderr]    Compiling block-buffer v0.10.4
[INFO] [stderr]    Compiling crypto-common v0.1.7
[INFO] [stderr]    Compiling digest v0.10.7
[INFO] [stderr]    Compiling crypto-common v0.2.2
[INFO] [stderr]    Compiling block-buffer v0.12.0
[INFO] [stderr]    Compiling sha2 v0.10.9
[INFO] [stderr]    Compiling lamboot-fs-tests v0.16.5 (/opt/rustwide/workdir/lamboot-fs-tests)
[INFO] [stdout] warning: struct `LoopbackEntry` is never constructed
[INFO] [stdout]   --> lamboot-fs-tests/src/../../lamboot-core/src/loopback_cfg.rs:18:19
[INFO] [stdout]    |
[INFO] [stdout] 18 | pub(crate) struct LoopbackEntry {
[INFO] [stdout]    |                   ^^^^^^^^^^^^^
[INFO] [stdout]    |
[INFO] [stdout]    = note: `#[warn(dead_code)]` (part of `#[warn(unused)]`) on by default
[INFO] [stdout] 
[INFO] [stdout] 
[INFO] [stdout] warning: function `parse_first_menuentry` is never used
[INFO] [stdout]   --> lamboot-fs-tests/src/../../lamboot-core/src/loopback_cfg.rs:30:15
[INFO] [stdout]    |
[INFO] [stdout] 30 | pub(crate) fn parse_first_menuentry(cfg: &str, iso_path: &str) -> Option<LoopbackEntry> {
[INFO] [stdout]    |               ^^^^^^^^^^^^^^^^^^^^^
[INFO] [stdout] 
[INFO] [stdout] 
[INFO] [stdout] warning: function `first_word` is never used
[INFO] [stdout]   --> lamboot-fs-tests/src/../../lamboot-core/src/loopback_cfg.rs:89:4
[INFO] [stdout]    |
[INFO] [stdout] 89 | fn first_word(line: &str) -> &str {
[INFO] [stdout]    |    ^^^^^^^^^^
[INFO] [stdout] 
[INFO] [stdout] 
[INFO] [stdout] warning: function `strip_kw` is never used
[INFO] [stdout]   --> lamboot-fs-tests/src/../../lamboot-core/src/loopback_cfg.rs:95:4
[INFO] [stdout]    |
[INFO] [stdout] 95 | fn strip_kw<'a>(line: &'a str, kws: &[&str]) -> Option<&'a str> {
[INFO] [stdout]    |    ^^^^^^^^
[INFO] [stdout] 
[INFO] [stdout] 
[INFO] [stdout] warning: function `count_braces` is never used
[INFO] [stdout]    --> lamboot-fs-tests/src/../../lamboot-core/src/loopback_cfg.rs:106:4
[INFO] [stdout]     |
[INFO] [stdout] 106 | fn count_braces(line: &str) -> i32 {
[INFO] [stdout]     |    ^^^^^^^^^^^^
[INFO] [stdout] 
[INFO] [stdout] 
[INFO] [stdout] warning: function `substitute_iso_path` is never used
[INFO] [stdout]    --> lamboot-fs-tests/src/../../lamboot-core/src/loopback_cfg.rs:116:4
[INFO] [stdout]     |
[INFO] [stdout] 116 | fn substitute_iso_path(args: &str, iso_path: &str) -> String {
[INFO] [stdout]     |    ^^^^^^^^^^^^^^^^^^^
[INFO] [stdout] 
[INFO] [stdout] 
[INFO] [stdout] warning: struct `DistroRecipe` is never constructed
[INFO] [stdout]   --> lamboot-fs-tests/src/../../lamboot-core/src/distro_iso.rs:42:19
[INFO] [stdout]    |
[INFO] [stdout] 42 | pub(crate) struct DistroRecipe {
[INFO] [stdout]    |                   ^^^^^^^^^^^^
[INFO] [stdout] 
[INFO] [stdout] 
[INFO] [stdout] warning: constant `TABLE` is never used
[INFO] [stdout]   --> lamboot-fs-tests/src/../../lamboot-core/src/distro_iso.rs:68:7
[INFO] [stdout]    |
[INFO] [stdout] 68 | const TABLE: &[DistroRecipe] = &[
[INFO] [stdout]    |       ^^^^^
[INFO] [stdout] 
[INFO] [stdout] 
[INFO] [stdout] warning: function `fingerprint` is never used
[INFO] [stdout]    --> lamboot-fs-tests/src/../../lamboot-core/src/distro_iso.rs:157:15
[INFO] [stdout]     |
[INFO] [stdout] 157 | pub(crate) fn fingerprint(mut exists: impl FnMut(&str) -> bool) -> Option<&'static DistroRecipe> {
[INFO] [stdout]     |               ^^^^^^^^^^^
[INFO] [stdout] 
[INFO] [stdout] 
[INFO] [stdout] warning: function `split_glob` is never used
[INFO] [stdout]    --> lamboot-fs-tests/src/../../lamboot-core/src/distro_iso.rs:164:15
[INFO] [stdout]     |
[INFO] [stdout] 164 | pub(crate) fn split_glob(candidate: &str) -> Option<(&str, &str)> {
[INFO] [stdout]     |               ^^^^^^^^^^
[INFO] [stdout] 
[INFO] [stdout] 
[INFO] [stdout] warning: function `glob_pick` is never used
[INFO] [stdout]    --> lamboot-fs-tests/src/../../lamboot-core/src/distro_iso.rs:173:15
[INFO] [stdout]     |
[INFO] [stdout] 173 | pub(crate) fn glob_pick<'a>(names: &[&'a str], prefix: &str) -> Option<&'a str> {
[INFO] [stdout]     |               ^^^^^^^^^
[INFO] [stdout] 
[INFO] [stdout] 
[INFO] [stdout] warning: function `render_cmdline` is never used
[INFO] [stdout]    --> lamboot-fs-tests/src/../../lamboot-core/src/distro_iso.rs:185:15
[INFO] [stdout]     |
[INFO] [stdout] 185 | pub(crate) fn render_cmdline(template: &str, iso_path: &str, label: &str) -> String {
[INFO] [stdout]     |               ^^^^^^^^^^^^^^
[INFO] [stdout] 
[INFO] [stdout] 
[INFO] [stdout] warning: function `escape_label` is never used
[INFO] [stdout]    --> lamboot-fs-tests/src/../../lamboot-core/src/distro_iso.rs:195:4
[INFO] [stdout]     |
[INFO] [stdout] 195 | fn escape_label(label: &str) -> String {
[INFO] [stdout]     |    ^^^^^^^^^^^^
[INFO] [stdout] 
[INFO] [stdout] 
[INFO] [stderr]    Compiling digest v0.11.3
[INFO] [stderr]    Compiling sha2 v0.11.0
[INFO] [stderr]    Compiling lzma-rust2 v0.16.4
[INFO] [stderr]    Compiling zerocopy-derive v0.8.50
[INFO] [stderr]    Compiling ptr_meta_derive v0.3.1
[INFO] [stderr]    Compiling uefi-macros v0.19.0
[INFO] [stderr]    Compiling serde_derive v1.0.228
[INFO] [stderr]    Compiling snafu-derive v0.7.5
[INFO] [stderr]    Compiling ptr_meta v0.3.1
[INFO] [stderr]    Compiling uefi v0.37.0
[INFO] [stderr]    Compiling snafu v0.7.5
[INFO] [stderr]    Compiling lamlvm v0.1.1
[INFO] [stderr]    Compiling lzokay v2.0.1
[INFO] [stderr]    Compiling lamfold v0.1.1
[INFO] [stderr]    Compiling lambutter v0.3.1
[INFO] [stderr]    Compiling mem-quick v0.16.5 (/opt/rustwide/workdir/lamboot-modules/mem-quick)
[INFO] [stderr]    Compiling pci-inventory v0.16.5 (/opt/rustwide/workdir/lamboot-modules/pci-inventory)
[INFO] [stderr]    Compiling nvme-diag v0.16.5 (/opt/rustwide/workdir/lamboot-modules/nvme-diag)
[INFO] [stderr]    Compiling diag-shell v0.16.5 (/opt/rustwide/workdir/lamboot-modules/diag-shell)
[INFO] [stderr]    Compiling lamfold-cpio v0.1.0
[INFO] [stderr]    Compiling lamfold-udf v0.1.0
[INFO] [stderr]    Compiling lamfold-cramfs v0.1.0
[INFO] [stderr]    Compiling lamfold-erofs v0.1.1
[INFO] [stderr]    Compiling lamfold-squash v0.1.0
[INFO] [stderr]    Compiling lamfold-iso v0.1.0
[INFO] [stderr]    Compiling lamfold-romfs v0.1.0
[INFO] [stdout] error: linking with `cc` failed: exit status: 1
[INFO] [stdout]   |
[INFO] [stdout]   = note:  "cc" "-m64" "<1 object files omitted>" "-Wl,--as-needed" "-Wl,-Bstatic" "<sysroot>/lib/rustlib/x86_64-unknown-linux-gnu/lib/libcompiler_builtins-*.rlib" "-L" "/opt/rustwide/target/release/deps/rustcT7MKnZ/raw-dylibs" "-Wl,-Bdynamic" "-B<sysroot>/lib/rustlib/x86_64-unknown-linux-gnu/bin/gcc-ld" "-fuse-ld=lld" "-Wl,--eh-frame-hdr" "-Wl,-z,noexecstack" "-L" "<sysroot>/lib/rustlib/x86_64-unknown-linux-gnu/lib" "-o" "/opt/rustwide/target/release/deps/mem_quick-705e49882b2b4b1f" "-Wl,--gc-sections" "-pie" "-Wl,-z,relro,-z,now" "-Wl,--strip-all" "-nodefaultlibs"
[INFO] [stdout]   = note: some arguments are omitted. use `--verbose` to show all linker arguments
[INFO] [stdout]   = note: rust-lld: error: undefined symbol: main
[INFO] [stdout]           >>> referenced by /usr/lib/gcc/x86_64-linux-gnu/15/../../../x86_64-linux-gnu/Scrt1.o:(_start)
[INFO] [stdout]           
[INFO] [stdout]           rust-lld: error: undefined symbol: __libc_start_main
[INFO] [stdout]           >>> referenced by /usr/lib/gcc/x86_64-linux-gnu/15/../../../x86_64-linux-gnu/Scrt1.o:(_start)
[INFO] [stdout]           collect2: error: ld returned 1 exit status
[INFO] [stdout]           
[INFO] [stdout] 
[INFO] [stdout] 
[INFO] [stderr] error: could not compile `mem-quick` (bin "mem-quick") due to 1 previous error
[INFO] [stderr] warning: build failed, waiting for other jobs to finish...
[INFO] [stdout] error: linking with `cc` failed: exit status: 1
[INFO] [stdout]   |
[INFO] [stdout]   = note:  "cc" "-m64" "<1 object files omitted>" "-Wl,--as-needed" "-Wl,-Bstatic" "<sysroot>/lib/rustlib/x86_64-unknown-linux-gnu/lib/libcompiler_builtins-*.rlib" "-L" "/opt/rustwide/target/release/deps/rustcemdT6j/raw-dylibs" "-Wl,-Bdynamic" "-B<sysroot>/lib/rustlib/x86_64-unknown-linux-gnu/bin/gcc-ld" "-fuse-ld=lld" "-Wl,--eh-frame-hdr" "-Wl,-z,noexecstack" "-L" "<sysroot>/lib/rustlib/x86_64-unknown-linux-gnu/lib" "-o" "/opt/rustwide/target/release/deps/nvme_diag-67e2851c8c832768" "-Wl,--gc-sections" "-pie" "-Wl,-z,relro,-z,now" "-Wl,--strip-all" "-nodefaultlibs"
[INFO] [stdout]   = note: some arguments are omitted. use `--verbose` to show all linker arguments
[INFO] [stdout]   = note: rust-lld: error: undefined symbol: main
[INFO] [stdout]           >>> referenced by /usr/lib/gcc/x86_64-linux-gnu/15/../../../x86_64-linux-gnu/Scrt1.o:(_start)
[INFO] [stdout]           
[INFO] [stdout]           rust-lld: error: undefined symbol: __libc_start_main
[INFO] [stdout]           >>> referenced by /usr/lib/gcc/x86_64-linux-gnu/15/../../../x86_64-linux-gnu/Scrt1.o:(_start)
[INFO] [stdout]           collect2: error: ld returned 1 exit status
[INFO] [stdout]           
[INFO] [stdout] 
[INFO] [stdout] 
[INFO] [stderr] error: could not compile `nvme-diag` (bin "nvme-diag") due to 1 previous error
[INFO] [stdout] error: linking with `cc` failed: exit status: 1
[INFO] [stdout]   |
[INFO] [stdout]   = note:  "cc" "-m64" "<1 object files omitted>" "-Wl,--as-needed" "-Wl,-Bstatic" "<sysroot>/lib/rustlib/x86_64-unknown-linux-gnu/lib/libcompiler_builtins-*.rlib" "-L" "/opt/rustwide/target/release/deps/rustcKDcvfz/raw-dylibs" "-Wl,-Bdynamic" "-B<sysroot>/lib/rustlib/x86_64-unknown-linux-gnu/bin/gcc-ld" "-fuse-ld=lld" "-Wl,--eh-frame-hdr" "-Wl,-z,noexecstack" "-L" "<sysroot>/lib/rustlib/x86_64-unknown-linux-gnu/lib" "-o" "/opt/rustwide/target/release/deps/pci_inventory-f9cc7dc271cd72e6" "-Wl,--gc-sections" "-pie" "-Wl,-z,relro,-z,now" "-Wl,--strip-all" "-nodefaultlibs"
[INFO] [stdout]   = note: some arguments are omitted. use `--verbose` to show all linker arguments
[INFO] [stdout]   = note: rust-lld: error: undefined symbol: rust_eh_personality
[INFO] [stdout]           >>> referenced by pci_inventory.9305084b369ac712-cgu.0
[INFO] [stdout]           >>>               /opt/rustwide/target/release/deps/pci_inventory-f9cc7dc271cd72e6.pci_inventory.9305084b369ac712-cgu.0.rcgu.o:(DW.ref.rust_eh_personality)
[INFO] [stdout]           
[INFO] [stdout]           rust-lld: error: undefined symbol: main
[INFO] [stdout]           >>> referenced by /usr/lib/gcc/x86_64-linux-gnu/15/../../../x86_64-linux-gnu/Scrt1.o:(_start)
[INFO] [stdout]           
[INFO] [stdout]           rust-lld: error: undefined symbol: __libc_start_main
[INFO] [stdout]           >>> referenced by /usr/lib/gcc/x86_64-linux-gnu/15/../../../x86_64-linux-gnu/Scrt1.o:(_start)
[INFO] [stdout]           collect2: error: ld returned 1 exit status
[INFO] [stdout]           
[INFO] [stdout] 
[INFO] [stdout] 
[INFO] [stderr] error: could not compile `pci-inventory` (bin "pci-inventory") due to 1 previous error
[INFO] [stdout] error: linking with `cc` failed: exit status: 1
[INFO] [stdout]   |
[INFO] [stdout]   = note:  "cc" "-m64" "<1 object files omitted>" "-Wl,--as-needed" "-Wl,-Bstatic" "<sysroot>/lib/rustlib/x86_64-unknown-linux-gnu/lib/libcompiler_builtins-*.rlib" "-L" "/opt/rustwide/target/release/deps/rustc3GfUC4/raw-dylibs" "-Wl,-Bdynamic" "-B<sysroot>/lib/rustlib/x86_64-unknown-linux-gnu/bin/gcc-ld" "-fuse-ld=lld" "-Wl,--eh-frame-hdr" "-Wl,-z,noexecstack" "-L" "<sysroot>/lib/rustlib/x86_64-unknown-linux-gnu/lib" "-o" "/opt/rustwide/target/release/deps/diag_shell-7d4866577f4f2e14" "-Wl,--gc-sections" "-pie" "-Wl,-z,relro,-z,now" "-Wl,--strip-all" "-nodefaultlibs"
[INFO] [stdout]   = note: some arguments are omitted. use `--verbose` to show all linker arguments
[INFO] [stdout]   = note: rust-lld: error: undefined symbol: main
[INFO] [stdout]           >>> referenced by /usr/lib/gcc/x86_64-linux-gnu/15/../../../x86_64-linux-gnu/Scrt1.o:(_start)
[INFO] [stdout]           
[INFO] [stdout]           rust-lld: error: undefined symbol: __libc_start_main
[INFO] [stdout]           >>> referenced by /usr/lib/gcc/x86_64-linux-gnu/15/../../../x86_64-linux-gnu/Scrt1.o:(_start)
[INFO] [stdout]           
[INFO] [stdout]           rust-lld: error: undefined symbol: rust_eh_personality
[INFO] [stdout]           >>> referenced by diag_shell.8e0b61526e9c13ba-cgu.0
[INFO] [stdout]           >>>               /opt/rustwide/target/release/deps/diag_shell-7d4866577f4f2e14.diag_shell.8e0b61526e9c13ba-cgu.0.rcgu.o:(DW.ref.rust_eh_personality)
[INFO] [stdout]           collect2: error: ld returned 1 exit status
[INFO] [stdout]           
[INFO] [stdout] 
[INFO] [stdout] 
[INFO] [stderr] error: could not compile `diag-shell` (bin "diag-shell") due to 1 previous error
[INFO] running `Command { std: "docker" "inspect" "f8dc442a47eb96aee13839638c5edbbe50f16776164cf26f7a8d0a6ee1a264f2", kill_on_drop: false }`
[INFO] running `Command { std: "docker" "rm" "-f" "f8dc442a47eb96aee13839638c5edbbe50f16776164cf26f7a8d0a6ee1a264f2", kill_on_drop: false }`
[INFO] [stdout] f8dc442a47eb96aee13839638c5edbbe50f16776164cf26f7a8d0a6ee1a264f2
