[INFO] cloning repository https://github.com/kurtbuilds/watchexec-simple
[INFO] running `Command { std: "git" "-c" "credential.helper=" "-c" "credential.helper=/workspace/cargo-home/bin/git-credential-null" "clone" "--bare" "https://github.com/kurtbuilds/watchexec-simple" "/workspace/cache/git-repos/https%3A%2F%2Fgithub.com%2Fkurtbuilds%2Fwatchexec-simple", kill_on_drop: false }`
[INFO] [stderr] Cloning into bare repository '/workspace/cache/git-repos/https%3A%2F%2Fgithub.com%2Fkurtbuilds%2Fwatchexec-simple'...
[INFO] running `Command { std: "git" "rev-parse" "HEAD", kill_on_drop: false }`
[INFO] [stdout] 68eee93f60cf574403b1fc97b73e42cf8e6d92e9
[INFO] testing kurtbuilds/watchexec-simple against 1.98.0-beta.8+cargoflags=--release for beta-release-1.99-2
[INFO] running `Command { std: "git" "clone" "/workspace/cache/git-repos/https%3A%2F%2Fgithub.com%2Fkurtbuilds%2Fwatchexec-simple" "/workspace/builds/worker-2-tc1/source", kill_on_drop: false }`
[INFO] [stderr] Cloning into '/workspace/builds/worker-2-tc1/source'...
[INFO] [stderr] done.
[INFO] started tweaking git repo https://github.com/kurtbuilds/watchexec-simple
[INFO] finished tweaking git repo https://github.com/kurtbuilds/watchexec-simple
[INFO] tweaked toml for git repo https://github.com/kurtbuilds/watchexec-simple written to /workspace/builds/worker-2-tc1/source/Cargo.toml
[INFO] validating manifest of git repo https://github.com/kurtbuilds/watchexec-simple on toolchain 1.98.0-beta.8
[INFO] running `Command { std: CARGO_HOME="/workspace/cargo-home" RUSTUP_HOME="/workspace/rustup-home" "/workspace/cargo-home/bin/cargo" "+1.98.0-beta.8" "metadata" "--manifest-path" "Cargo.toml" "--no-deps", kill_on_drop: false }`
[INFO] crate git repo https://github.com/kurtbuilds/watchexec-simple already has a lockfile, it will not be regenerated
[INFO] running `Command { std: CARGO_HOME="/workspace/cargo-home" RUSTUP_HOME="/workspace/rustup-home" "/workspace/cargo-home/bin/cargo" "+1.98.0-beta.8" "fetch" "--manifest-path" "Cargo.toml", kill_on_drop: false }`
[INFO] [stderr]     Updating crates.io index
[INFO] [stderr]  Downloading crates ...
[INFO] [stderr]   Downloaded thread_local v1.1.7
[INFO] [stderr]   Downloaded tracing-log v0.1.4
[INFO] [stderr]   Downloaded smallvec v1.11.1
[INFO] [stderr]   Downloaded lazycell v1.3.0
[INFO] [stderr]   Downloaded fsevent-sys v2.0.1
[INFO] [stderr]   Downloaded fsevent v0.4.0
[INFO] [stderr]   Downloaded utf8parse v0.2.1
[INFO] [stderr]   Downloaded shell-escape v0.1.5
[INFO] [stderr]   Downloaded phf_codegen v0.11.2
[INFO] [stderr]   Downloaded dirs-sys v0.3.7
[INFO] [stderr]   Downloaded clap_lex v0.5.1
[INFO] [stderr]   Downloaded anstyle v1.0.4
[INFO] [stderr]   Downloaded ctrlc v3.4.1
[INFO] [stderr]   Downloaded which v4.4.2
[INFO] [stderr]   Downloaded errno v0.3.5
[INFO] [stderr]   Downloaded thiserror-impl v1.0.50
[INFO] [stderr]   Downloaded anstyle-wincon v3.0.1
[INFO] [stderr]   Downloaded anstyle-query v1.0.0
[INFO] [stderr]   Downloaded winapi-util v0.1.6
[INFO] [stderr]   Downloaded home v0.5.5
[INFO] [stderr]   Downloaded walkdir v2.4.0
[INFO] [stderr]   Downloaded miow v0.2.2
[INFO] [stderr]   Downloaded filetime v0.2.22
[INFO] [stderr]   Downloaded globset v0.4.13
[INFO] [stderr]   Downloaded pin-project-lite v0.2.13
[INFO] [stderr]   Downloaded inotify v0.7.1
[INFO] [stderr]   Downloaded redox_users v0.4.3
[INFO] [stderr]   Downloaded colorchoice v1.0.0
[INFO] [stderr]   Downloaded signal-hook-registry v1.4.1
[INFO] [stderr]   Downloaded net2 v0.2.39
[INFO] [stderr]   Downloaded dirs v4.0.0
[INFO] [stderr]   Downloaded anstream v0.6.4
[INFO] [stderr]   Downloaded thiserror v1.0.50
[INFO] [stderr]   Downloaded redox_syscall v0.3.5
[INFO] [stderr]   Downloaded clap_derive v4.4.2
[INFO] [stderr]   Downloaded serde_derive v1.0.189
[INFO] [stderr]   Downloaded anstyle-parse v0.2.2
[INFO] [stderr]   Downloaded proc-macro2 v1.0.69
[INFO] [stderr]   Downloaded serde v1.0.189
[INFO] [stderr]   Downloaded bitflags v2.4.1
[INFO] [stderr]   Downloaded terminfo v0.8.0
[INFO] [stderr]   Downloaded clap v4.4.6
[INFO] [stderr]   Downloaded ignore v0.4.20
[INFO] [stderr]   Downloaded notify v4.0.17
[INFO] [stderr]   Downloaded syn v2.0.38
[INFO] [stderr]   Downloaded mio v0.6.23
[INFO] [stderr]   Downloaded tracing-subscriber v0.3.17
[INFO] [stderr]   Downloaded clearscreen v2.0.1
[INFO] [stderr]   Downloaded clap_builder v4.4.6
[INFO] [stderr]   Downloaded command-group v2.1.0
[INFO] [stderr]   Downloaded nix v0.27.1
[INFO] [stderr]   Downloaded nix v0.26.4
[INFO] [stderr]   Downloaded rustix v0.38.20
[INFO] [stderr]   Downloaded bstr v1.7.0
[INFO] [stderr]   Downloaded libc v0.2.149
[INFO] [stderr]   Downloaded linux-raw-sys v0.4.10
[INFO] running `Command { std: "docker" "create" "-v" "/var/lib/crater-agent-workspace/builds/worker-2-tc1/source:/opt/rustwide/workdir:ro,Z" "-v" "/var/lib/crater-agent-workspace/builds/worker-2-tc1/target:/opt/rustwide/target:rw,Z" "-v" "/var/lib/crater-agent-workspace/cargo-home:/opt/rustwide/cargo-home:ro,Z" "-v" "/var/lib/crater-agent-workspace/rustup-home:/opt/rustwide/rustup-home:ro,Z" "-m" "1610612736" "--network" "none" "ghcr.io/rust-lang/crates-build-env/linux@sha256:8683fc1fc2eb5c9ac98e0d076ab094b2ffac7f99da555d2b6a2e27f346de2ec7" "sleep" "infinity", kill_on_drop: false }`
[INFO] [stdout] 77394e2affef1cad852921339564930347553adbfca9b898a84629501db02368
[INFO] running `Command { std: "docker" "start" "77394e2affef1cad852921339564930347553adbfca9b898a84629501db02368", kill_on_drop: false }`
[INFO] running `Command { std: "docker" "inspect" "77394e2affef1cad852921339564930347553adbfca9b898a84629501db02368", kill_on_drop: false }`
[INFO] running `Command { std: "docker" "exec" "-e" "SOURCE_DIR=/opt/rustwide/workdir" "-e" "CARGO_HOME=/opt/rustwide/cargo-home" "-e" "RUSTUP_HOME=/opt/rustwide/rustup-home" "-e" "CARGO_TARGET_DIR=/opt/rustwide/target" "-w" "/opt/rustwide/workdir" "--user" "0:0" "77394e2affef1cad852921339564930347553adbfca9b898a84629501db02368" "/opt/rustwide/cargo-home/bin/cargo" "+1.98.0-beta.8" "metadata" "--no-deps" "--format-version=1", kill_on_drop: false }`
[INFO] running `Command { std: "docker" "inspect" "77394e2affef1cad852921339564930347553adbfca9b898a84629501db02368", kill_on_drop: false }`
[INFO] running `Command { std: "docker" "exec" "-e" "SOURCE_DIR=/opt/rustwide/workdir" "-e" "CARGO_HOME=/opt/rustwide/cargo-home" "-e" "RUSTUP_HOME=/opt/rustwide/rustup-home" "-e" "CARGO_TARGET_DIR=/opt/rustwide/target" "-e" "CARGO_INCREMENTAL=0" "-e" "RUST_BACKTRACE=full" "-e" "RUSTFLAGS=--cap-lints=warn" "-e" "RUSTDOCFLAGS=--cap-lints=warn" "-w" "/opt/rustwide/workdir" "--user" "0:0" "77394e2affef1cad852921339564930347553adbfca9b898a84629501db02368" "/opt/rustwide/cargo-home/bin/cargo" "+1.98.0-beta.8" "build" "--frozen" "--message-format=json" "--release", kill_on_drop: false }`
[INFO] [stderr]    Compiling libc v0.2.149
[INFO] [stderr]    Compiling proc-macro2 v1.0.69
[INFO] [stderr]    Compiling unicode-ident v1.0.12
[INFO] [stderr]    Compiling memchr v2.6.4
[INFO] [stderr]    Compiling log v0.4.20
[INFO] [stderr]    Compiling siphasher v0.3.11
[INFO] [stderr]    Compiling rand_core v0.6.4
[INFO] [stderr]    Compiling once_cell v1.18.0
[INFO] [stderr]    Compiling autocfg v1.1.0
[INFO] [stderr]    Compiling bitflags v2.4.1
[INFO] [stderr]    Compiling utf8parse v0.2.1
[INFO] [stderr]    Compiling cfg-if v0.1.10
[INFO] [stderr]    Compiling rustix v0.38.20
[INFO] [stderr]    Compiling regex-syntax v0.8.2
[INFO] [stderr]    Compiling anstyle-query v1.0.0
[INFO] [stderr]    Compiling linux-raw-sys v0.4.10
[INFO] [stderr]    Compiling colorchoice v1.0.0
[INFO] [stderr]    Compiling anstyle v1.0.4
[INFO] [stderr]    Compiling anstyle-parse v0.2.2
[INFO] [stderr]    Compiling lazy_static v1.4.0
[INFO] [stderr]    Compiling phf_shared v0.11.2
[INFO] [stderr]    Compiling rand v0.8.5
[INFO] [stderr]    Compiling tracing-core v0.1.32
[INFO] [stderr]    Compiling same-file v1.0.6
[INFO] [stderr]    Compiling thiserror v1.0.50
[INFO] [stderr]    Compiling walkdir v2.4.0
[INFO] [stderr]    Compiling anstream v0.6.4
[INFO] [stderr]    Compiling thread_local v1.1.7
[INFO] [stderr]    Compiling lazycell v1.3.0
[INFO] [stderr]    Compiling clap_lex v0.5.1
[INFO] [stderr]    Compiling strsim v0.10.0
[INFO] [stderr]    Compiling signal-hook v0.3.17
[INFO] [stderr]    Compiling slab v0.4.9
[INFO] [stderr]    Compiling home v0.5.5
[INFO] [stderr]    Compiling overload v0.1.1
[INFO] [stderr]    Compiling heck v0.4.1
[INFO] [stderr]    Compiling either v1.9.0
[INFO] [stderr]    Compiling nu-ansi-term v0.46.0
[INFO] [stderr]    Compiling quote v1.0.33
[INFO] [stderr]    Compiling clap_builder v4.4.6
[INFO] [stderr]    Compiling tracing-log v0.1.4
[INFO] [stderr]    Compiling phf_generator v0.11.2
[INFO] [stderr]    Compiling sharded-slab v0.1.7
[INFO] [stderr]    Compiling pin-project-lite v0.2.13
[INFO] [stderr]    Compiling syn v2.0.38
[INFO] [stderr]    Compiling phf_codegen v0.11.2
[INFO] [stderr]    Compiling smallvec v1.11.1
[INFO] [stderr]    Compiling phf v0.11.2
[INFO] [stderr]    Compiling terminfo v0.8.0
[INFO] [stderr]    Compiling shell-escape v0.1.5
[INFO] [stderr]    Compiling glob v0.3.1
[INFO] [stderr]    Compiling tracing-subscriber v0.3.17
[INFO] [stderr]    Compiling aho-corasick v1.1.2
[INFO] [stderr]    Compiling bstr v1.7.0
[INFO] [stderr]    Compiling nom v7.1.3
[INFO] [stderr]    Compiling dirs-sys v0.3.7
[INFO] [stderr]    Compiling net2 v0.2.39
[INFO] [stderr]    Compiling iovec v0.1.4
[INFO] [stderr]    Compiling nix v0.26.4
[INFO] [stderr]    Compiling inotify-sys v0.1.5
[INFO] [stderr]    Compiling filetime v0.2.22
[INFO] [stderr]    Compiling signal-hook-registry v1.4.1
[INFO] [stderr]    Compiling nix v0.27.1
[INFO] [stderr]    Compiling inotify v0.7.1
[INFO] [stderr]    Compiling mio v0.6.23
[INFO] [stderr]    Compiling dirs v4.0.0
[INFO] [stderr]    Compiling mio-extras v2.0.6
[INFO] [stderr]    Compiling which v4.4.2
[INFO] [stderr]    Compiling regex-automata v0.4.3
[INFO] [stderr]    Compiling command-group v2.1.0
[INFO] [stderr]    Compiling notify v4.0.17
[INFO] [stderr]    Compiling ctrlc v3.4.1
[INFO] [stderr]    Compiling thiserror-impl v1.0.50
[INFO] [stderr]    Compiling clap_derive v4.4.2
[INFO] [stderr]    Compiling tracing-attributes v0.1.27
[INFO] [stderr]    Compiling tracing v0.1.40
[INFO] [stderr]    Compiling regex v1.10.2
[INFO] [stderr]    Compiling clap v4.4.6
[INFO] [stderr]    Compiling globset v0.4.13
[INFO] [stderr]    Compiling ignore v0.4.20
[INFO] [stderr]    Compiling clearscreen v2.0.1
[INFO] [stderr]    Compiling watchexec-simple v0.2.0 (/opt/rustwide/workdir)
[INFO] [stderr]     Finished `release` profile [optimized] target(s) in 1m 00s
[INFO] running `Command { std: "docker" "inspect" "77394e2affef1cad852921339564930347553adbfca9b898a84629501db02368", kill_on_drop: false }`
[INFO] running `Command { std: "docker" "exec" "-e" "SOURCE_DIR=/opt/rustwide/workdir" "-e" "CARGO_HOME=/opt/rustwide/cargo-home" "-e" "RUSTUP_HOME=/opt/rustwide/rustup-home" "-e" "CARGO_TARGET_DIR=/opt/rustwide/target" "-e" "CARGO_INCREMENTAL=0" "-e" "RUST_BACKTRACE=full" "-e" "RUSTFLAGS=--cap-lints=warn" "-e" "RUSTDOCFLAGS=--cap-lints=warn" "-w" "/opt/rustwide/workdir" "--user" "0:0" "77394e2affef1cad852921339564930347553adbfca9b898a84629501db02368" "/opt/rustwide/cargo-home/bin/cargo" "+1.98.0-beta.8" "test" "--frozen" "--no-run" "--message-format=json" "--release", kill_on_drop: false }`
[INFO] [stderr]    Compiling watchexec-simple v0.2.0 (/opt/rustwide/workdir)
[INFO] [stdout] error[E0599]: no associated function or constant named `new` found for struct `filter::Filter` in the current scope
[INFO] [stdout]   --> src/filter.rs:80:34
[INFO] [stdout]    |
[INFO] [stdout] 47 | pub struct Filter {
[INFO] [stdout]    | ----------------- associated function or constant `new` not found for this struct
[INFO] [stdout] ...
[INFO] [stdout] 80 |         let mut filter = Filter::new();
[INFO] [stdout]    |                                  ^^^ associated function or constant not found in `filter::Filter`
[INFO] [stdout]    |
[INFO] [stdout]    = help: items from traits can only be used if the trait is implemented and in scope
[INFO] [stdout]    = note: the following trait defines an item `new`, perhaps you need to implement it:
[INFO] [stdout]            candidate #1: `Watcher`
[INFO] [stdout] 
[INFO] [stdout] 
[INFO] [stdout] error[E0599]: no associated function or constant named `new` found for struct `filter::Filter` in the current scope
[INFO] [stdout]   --> src/filter.rs:92:34
[INFO] [stdout]    |
[INFO] [stdout] 47 | pub struct Filter {
[INFO] [stdout]    | ----------------- associated function or constant `new` not found for this struct
[INFO] [stdout] ...
[INFO] [stdout] 92 |         let mut filter = Filter::new();
[INFO] [stdout]    |                                  ^^^ associated function or constant not found in `filter::Filter`
[INFO] [stdout]    |
[INFO] [stdout]    = help: items from traits can only be used if the trait is implemented and in scope
[INFO] [stdout]    = note: the following trait defines an item `new`, perhaps you need to implement it:
[INFO] [stdout]            candidate #1: `Watcher`
[INFO] [stdout] 
[INFO] [stdout] 
[INFO] [stdout] error[E0599]: no associated function or constant named `new` found for struct `filter::Filter` in the current scope
[INFO] [stdout]    --> src/filter.rs:104:34
[INFO] [stdout]     |
[INFO] [stdout]  47 | pub struct Filter {
[INFO] [stdout]     | ----------------- associated function or constant `new` not found for this struct
[INFO] [stdout] ...
[INFO] [stdout] 104 |         let mut filter = Filter::new();
[INFO] [stdout]     |                                  ^^^ associated function or constant not found in `filter::Filter`
[INFO] [stdout]     |
[INFO] [stdout]     = help: items from traits can only be used if the trait is implemented and in scope
[INFO] [stdout]     = note: the following trait defines an item `new`, perhaps you need to implement it:
[INFO] [stdout]             candidate #1: `Watcher`
[INFO] [stdout] 
[INFO] [stdout] 
[INFO] [stdout] For more information about this error, try `rustc --explain E0599`.
[INFO] [stdout] 
[INFO] [stderr] error: could not compile `watchexec-simple` (bin "watchexec" test) due to 3 previous errors
[INFO] running `Command { std: "docker" "inspect" "77394e2affef1cad852921339564930347553adbfca9b898a84629501db02368", kill_on_drop: false }`
[INFO] running `Command { std: "docker" "rm" "-f" "77394e2affef1cad852921339564930347553adbfca9b898a84629501db02368", kill_on_drop: false }`
[INFO] [stdout] 77394e2affef1cad852921339564930347553adbfca9b898a84629501db02368
