[INFO] cloning repository https://github.com/kstrckr/stm32f3disco_mvp
[INFO] running `Command { std: "git" "-c" "credential.helper=" "-c" "credential.helper=/workspace/cargo-home/bin/git-credential-null" "clone" "--bare" "https://github.com/kstrckr/stm32f3disco_mvp" "/workspace/cache/git-repos/https%3A%2F%2Fgithub.com%2Fkstrckr%2Fstm32f3disco_mvp", kill_on_drop: false }`
[INFO] [stderr] Cloning into bare repository '/workspace/cache/git-repos/https%3A%2F%2Fgithub.com%2Fkstrckr%2Fstm32f3disco_mvp'...
[INFO] running `Command { std: "git" "rev-parse" "HEAD", kill_on_drop: false }`
[INFO] [stdout] bae3739d066366648a1585b71661c2bbcb217991
[INFO] testing kstrckr/stm32f3disco_mvp against 1.98.0-beta.8+cargoflags=--release for beta-release-1.99-2
[INFO] running `Command { std: "git" "clone" "/workspace/cache/git-repos/https%3A%2F%2Fgithub.com%2Fkstrckr%2Fstm32f3disco_mvp" "/workspace/builds/worker-5-tc1/source", kill_on_drop: false }`
[INFO] [stderr] Cloning into '/workspace/builds/worker-5-tc1/source'...
[INFO] [stderr] done.
[INFO] removed /workspace/builds/worker-5-tc1/source/.cargo/config
[INFO] started tweaking git repo https://github.com/kstrckr/stm32f3disco_mvp
[INFO] finished tweaking git repo https://github.com/kstrckr/stm32f3disco_mvp
[INFO] tweaked toml for git repo https://github.com/kstrckr/stm32f3disco_mvp written to /workspace/builds/worker-5-tc1/source/Cargo.toml
[INFO] validating manifest of git repo https://github.com/kstrckr/stm32f3disco_mvp on toolchain 1.98.0-beta.8
[INFO] running `Command { std: CARGO_HOME="/workspace/cargo-home" RUSTUP_HOME="/workspace/rustup-home" "/workspace/cargo-home/bin/cargo" "+1.98.0-beta.8" "metadata" "--manifest-path" "Cargo.toml" "--no-deps", kill_on_drop: false }`
[INFO] crate git repo https://github.com/kstrckr/stm32f3disco_mvp already has a lockfile, it will not be regenerated
[INFO] running `Command { std: CARGO_HOME="/workspace/cargo-home" RUSTUP_HOME="/workspace/rustup-home" "/workspace/cargo-home/bin/cargo" "+1.98.0-beta.8" "fetch" "--manifest-path" "Cargo.toml", kill_on_drop: false }`
[INFO] [stderr]     Blocking waiting for file lock on package cache
[INFO] [stderr]     Updating crates.io index
[INFO] [stderr]     Blocking waiting for file lock on package cache
[INFO] [stderr]  Downloading crates ...
[INFO] [stderr]   Downloaded embedded-hal v0.2.5
[INFO] [stderr]   Downloaded nb v1.0.0
[INFO] [stderr]   Downloaded stm32f3-discovery v0.6.0
[INFO] [stderr]   Downloaded switch-hal v0.3.2
[INFO] [stderr]   Downloaded stm32f3xx-hal v0.6.1
[INFO] [stderr]   Downloaded cast v0.2.5
[INFO] [stderr]   Downloaded typenum v1.13.0
[INFO] [stderr]   Downloaded rtcc v0.2.0
[INFO] [stderr]   Downloaded panic-itm v0.4.2
[INFO] [stderr]   Downloaded cortex-m-rt-macros v0.1.8
[INFO] [stderr]   Downloaded volatile-register v0.2.0
[INFO] [stderr]   Downloaded r0 v0.2.2
[INFO] [stderr]   Downloaded aligned v0.3.4
[INFO] [stderr]   Downloaded embedded-dma v0.1.2
[INFO] [stderr]   Downloaded as-slice v0.1.5
[INFO] [stderr]   Downloaded lsm303dlhc v0.2.0
[INFO] [stderr]   Downloaded stm32-usbd v0.5.1
[INFO] [stderr]   Downloaded lsm303agr v0.1.1
[INFO] [stderr]   Downloaded generic-array v0.13.3
[INFO] [stderr]   Downloaded generic-array v0.11.2
[INFO] [stderr]   Downloaded accelerometer v0.12.0
[INFO] [stderr]   Downloaded cortex-m v0.6.7
[INFO] [stderr]   Downloaded generic-array v0.14.4
[INFO] [stderr]   Downloaded usb-device v0.2.8
[INFO] [stderr]   Downloaded paste v1.0.5
[INFO] [stderr]   Downloaded proc-macro2 v1.0.26
[INFO] [stderr]   Downloaded cortex-m-rt v0.6.13
[INFO] [stderr]   Downloaded cortex-m v0.7.2
[INFO] [stderr]   Downloaded micromath v1.1.1
[INFO] [stderr]   Downloaded syn v1.0.72
[INFO] [stderr]   Downloaded stm32f3 v0.12.1
[INFO] running `Command { std: "docker" "create" "-v" "/var/lib/crater-agent-workspace/builds/worker-5-tc1/source:/opt/rustwide/workdir:ro,Z" "-v" "/var/lib/crater-agent-workspace/builds/worker-5-tc1/target:/opt/rustwide/target:rw,Z" "-v" "/var/lib/crater-agent-workspace/cargo-home:/opt/rustwide/cargo-home:ro,Z" "-v" "/var/lib/crater-agent-workspace/rustup-home:/opt/rustwide/rustup-home:ro,Z" "-m" "1610612736" "--network" "none" "ghcr.io/rust-lang/crates-build-env/linux@sha256:8683fc1fc2eb5c9ac98e0d076ab094b2ffac7f99da555d2b6a2e27f346de2ec7" "sleep" "infinity", kill_on_drop: false }`
[INFO] [stdout] aab8d1840543358a0495e210ca2a48e86ac31407b59128adb3da71b43c83b0ec
[INFO] running `Command { std: "docker" "start" "aab8d1840543358a0495e210ca2a48e86ac31407b59128adb3da71b43c83b0ec", kill_on_drop: false }`
[INFO] running `Command { std: "docker" "inspect" "aab8d1840543358a0495e210ca2a48e86ac31407b59128adb3da71b43c83b0ec", kill_on_drop: false }`
[INFO] running `Command { std: "docker" "exec" "-e" "SOURCE_DIR=/opt/rustwide/workdir" "-e" "CARGO_HOME=/opt/rustwide/cargo-home" "-e" "RUSTUP_HOME=/opt/rustwide/rustup-home" "-e" "CARGO_TARGET_DIR=/opt/rustwide/target" "-w" "/opt/rustwide/workdir" "--user" "0:0" "aab8d1840543358a0495e210ca2a48e86ac31407b59128adb3da71b43c83b0ec" "/opt/rustwide/cargo-home/bin/cargo" "+1.98.0-beta.8" "metadata" "--no-deps" "--format-version=1", kill_on_drop: false }`
[INFO] running `Command { std: "docker" "inspect" "aab8d1840543358a0495e210ca2a48e86ac31407b59128adb3da71b43c83b0ec", kill_on_drop: false }`
[INFO] running `Command { std: "docker" "exec" "-e" "SOURCE_DIR=/opt/rustwide/workdir" "-e" "CARGO_HOME=/opt/rustwide/cargo-home" "-e" "RUSTUP_HOME=/opt/rustwide/rustup-home" "-e" "CARGO_TARGET_DIR=/opt/rustwide/target" "-e" "CARGO_INCREMENTAL=0" "-e" "RUST_BACKTRACE=full" "-e" "RUSTFLAGS=--cap-lints=warn" "-e" "RUSTDOCFLAGS=--cap-lints=warn" "-w" "/opt/rustwide/workdir" "--user" "0:0" "aab8d1840543358a0495e210ca2a48e86ac31407b59128adb3da71b43c83b0ec" "/opt/rustwide/cargo-home/bin/cargo" "+1.98.0-beta.8" "build" "--frozen" "--message-format=json" "--release", kill_on_drop: false }`
[INFO] [stderr]    Compiling typenum v1.13.0
[INFO] [stderr]    Compiling semver v0.9.0
[INFO] [stderr]    Compiling version_check v0.9.3
[INFO] [stderr]    Compiling nb v1.0.0
[INFO] [stderr]    Compiling cortex-m v0.7.2
[INFO] [stderr]    Compiling proc-macro2 v1.0.26
[INFO] [stderr]    Compiling stable_deref_trait v1.2.0
[INFO] [stderr]    Compiling vcell v0.1.3
[INFO] [stderr]    Compiling num-traits v0.2.14
[INFO] [stderr]    Compiling syn v1.0.72
[INFO] [stderr]    Compiling bitfield v0.13.2
[INFO] [stderr]    Compiling num-integer v0.1.44
[INFO] [stderr]    Compiling cortex-m v0.6.7
[INFO] [stderr]    Compiling cortex-m-rt v0.6.13
[INFO] [stderr]    Compiling stm32f3 v0.12.1
[INFO] [stderr]    Compiling stm32-usbd v0.5.1
[INFO] [stderr]    Compiling volatile-register v0.2.0
[INFO] [stderr]    Compiling nb v0.1.3
[INFO] [stderr]    Compiling r0 v0.2.2
[INFO] [stderr]    Compiling usb-device v0.2.8
[INFO] [stderr]    Compiling embedded-hal v0.2.5
[INFO] [stderr]    Compiling embedded-dma v0.1.2
[INFO] [stderr]    Compiling paste v1.0.5
[INFO] [stderr]    Compiling stm32f3-discovery v0.6.0
[INFO] [stderr]    Compiling switch-hal v0.3.2
[INFO] [stderr]    Compiling lsm303agr v0.1.1
[INFO] [stderr]    Compiling rustc_version v0.2.3
[INFO] [stderr]    Compiling generic-array v0.14.4
[INFO] [stderr]    Compiling bare-metal v0.2.5
[INFO] [stderr]    Compiling cast v0.2.5
[INFO] [stderr]    Compiling quote v1.0.9
[INFO] [stderr]    Compiling panic-itm v0.4.2
[INFO] [stderr]    Compiling generic-array v0.12.4
[INFO] [stderr]    Compiling generic-array v0.13.3
[INFO] [stderr]    Compiling generic-array v0.11.2
[INFO] [stderr]    Compiling chrono v0.4.19
[INFO] [stderr]    Compiling micromath v1.1.1
[INFO] [stderr]    Compiling as-slice v0.1.5
[INFO] [stderr]    Compiling lsm303dlhc v0.2.0
[INFO] [stderr]    Compiling accelerometer v0.12.0
[INFO] [stderr]    Compiling aligned v0.3.4
[INFO] [stderr]    Compiling rtcc v0.2.0
[INFO] [stderr]    Compiling cortex-m-rt-macros v0.1.8
[INFO] [stderr]    Compiling stm32f3xx-hal v0.6.1
[INFO] [stderr]    Compiling stm32f3disco_mvp v0.1.0 (/opt/rustwide/workdir)
[INFO] [stdout] warning: unused import: `dma::ReadBuffer`
[INFO] [stdout]  --> src/main.rs:9:66
[INFO] [stdout]   |
[INFO] [stdout] 9 | use hal::{pac, prelude::*, stm32, serial::Serial, rcc, i2c::I2c, dma::ReadBuffer};
[INFO] [stdout]   |                                                                  ^^^^^^^^^^^^^^^
[INFO] [stdout]   |
[INFO] [stdout]   = note: `#[warn(unused_imports)]` (part of `#[warn(unused)]`) on by default
[INFO] [stdout] 
[INFO] [stdout] 
[INFO] [stdout] warning: unused attribute
[INFO] [stdout]  --> src/main.rs:3:24
[INFO] [stdout]   |
[INFO] [stdout] 3 | #![cfg_attr(not(test), no_std)]
[INFO] [stdout]   |                        ^^^^^^ help: remove this attribute
[INFO] [stdout]   |
[INFO] [stdout] note: attribute also specified here
[INFO] [stdout]  --> src/main.rs:1:1
[INFO] [stdout]   |
[INFO] [stdout] 1 | #![no_std]
[INFO] [stdout]   | ^^^^^^^^^^
[INFO] [stdout]   = note: `#[warn(unused_attributes)]` (part of `#[warn(unused)]`) on by default
[INFO] [stdout] 
[INFO] [stdout] 
[INFO] [stdout] warning: unused variable: `max_measurements`
[INFO] [stdout]    --> src/main.rs:155:9
[INFO] [stdout]     |
[INFO] [stdout] 155 |     let max_measurements = 1000;
[INFO] [stdout]     |         ^^^^^^^^^^^^^^^^ help: if this is intentional, prefix it with an underscore: `_max_measurements`
[INFO] [stdout]     |
[INFO] [stdout]     = note: `#[warn(unused_variables)]` (part of `#[warn(unused)]`) on by default
[INFO] [stdout] 
[INFO] [stdout] 
[INFO] [stdout] warning: fields `rx`, `rx_cahnnel`, and `delay` are never read
[INFO] [stdout]   --> src/main.rs:25:5
[INFO] [stdout]    |
[INFO] [stdout] 23 | struct IOStruct {
[INFO] [stdout]    |        -------- fields in this struct
[INFO] [stdout] 24 |     tx: hal::serial::Tx<stm32::USART1>,
[INFO] [stdout] 25 |     rx: hal::serial::Rx<stm32::USART1>,
[INFO] [stdout]    |     ^^
[INFO] [stdout] 26 |     tx_channel: hal::dma::dma1::C4,
[INFO] [stdout] 27 |     rx_cahnnel: hal::dma::dma1::C5,
[INFO] [stdout]    |     ^^^^^^^^^^
[INFO] [stdout] 28 |     delay: hal::delay::Delay,
[INFO] [stdout]    |     ^^^^^
[INFO] [stdout]    |
[INFO] [stdout]    = note: `#[warn(dead_code)]` (part of `#[warn(unused)]`) on by default
[INFO] [stdout] 
[INFO] [stdout] 
[INFO] [stdout] warning: variable `destruct_RCC` should have a snake case name
[INFO] [stdout]   --> src/main.rs:37:37
[INFO] [stdout]    |
[INFO] [stdout] 37 | ...   let pac::Peripherals { RCC: destruct_RCC, DMA1: destruct_DMA1, FLASH: destruct_FLASH, GPIOA: destruct_gpioa, GPIOB: destruct_g...
[INFO] [stdout]    |                                   ^^^^^^^^^^^^ help: convert the identifier to snake case: `destruct_rcc`
[INFO] [stdout]    |
[INFO] [stdout]    = note: `#[warn(non_snake_case)]` (part of `#[warn(nonstandard_style)]`) on by default
[INFO] [stdout] 
[INFO] [stdout] 
[INFO] [stdout] warning: variable `destruct_DMA1` should have a snake case name
[INFO] [stdout]   --> src/main.rs:37:57
[INFO] [stdout]    |
[INFO] [stdout] 37 | ...   let pac::Peripherals { RCC: destruct_RCC, DMA1: destruct_DMA1, FLASH: destruct_FLASH, GPIOA: destruct_gpioa, GPIOB: destruct_g...
[INFO] [stdout]    |                                                       ^^^^^^^^^^^^^ help: convert the identifier to snake case: `destruct_dma1`
[INFO] [stdout] 
[INFO] [stdout] 
[INFO] [stdout] warning: variable `destruct_FLASH` should have a snake case name
[INFO] [stdout]   --> src/main.rs:37:79
[INFO] [stdout]    |
[INFO] [stdout] 37 | ...MA1: destruct_DMA1, FLASH: destruct_FLASH, GPIOA: destruct_gpioa, GPIOB: destruct_gpiob, .. } = device_periphs;
[INFO] [stdout]    |                               ^^^^^^^^^^^^^^ help: convert the identifier to snake case: `destruct_flash`
[INFO] [stdout] 
[INFO] [stdout] 
[INFO] [stdout] error: linking with `cc` failed: exit status: 1
[INFO] [stdout]   |
[INFO] [stdout]   = note:  "cc" "-m64" "/opt/rustwide/target/release/deps/rustc3TaPoQ/symbols.o" "<2 object files omitted>" "-Wl,--as-needed" "-Wl,-Bstatic" "/opt/rustwide/target/release/deps/{liblsm303agr-4c5de68dff081a0c,libstm32f3_discovery-35c7b467eab60f84,libswitch_hal-e5866362ac1a475d,libstm32f3xx_hal-a399fa5dbb14cf8b,librtcc-ee62cbd16c26e906,libchrono-f68541a8a46a371a,libnum_integer-619919b5f5b8b4c0,libnum_traits-4f6f5a5a5a79f2c0,libcfg_if-193575a6b29a3ab9,libstm32_usbd-b0cf4867a8aa029d,libusb_device-b11ac986c9776593,libembedded_dma-4e1cbc6d9103c753,libstm32f3-3783c1600c390086,libcortex_m-7320c0e0aaa85638,libaligned-2703e9bd5c0f985e,libas_slice-43b02ad5166512b8,libstable_deref_trait-a29767d027e9758c,libgeneric_array-c3f9e3666a983441,libgeneric_array-a9a7ef318bbe3ee2,liblsm303dlhc-7f9ff09859e9aadd,libgeneric_array-bd5d06a68f9d3eb8,libcast-19f5c545d1eb7bdd,libaccelerometer-64285a7b831363eb,libmicromath-9cd836a0eb90dac5,libgeneric_array-65407da8d0467c5f,libtypenum-6be424be47cd2d98,libcortex_m_rt-a848c66b06789f18,libr0-bef85f24d06ad812,libcortex_m-f7b4aa8478cf6ec2,libembedded_hal-b3e7fb14a2b855a6,libvoid-58d61b18b44b0b6c,libnb-b475641debbed990,libnb-0ed08ab834253dbb,libvolatile_register-ef78299d01944509,libvcell-08d90b29746419e9,libbare_metal-803bef466edead4e,libpanic_itm-876136b6b91f4c10}.rlib" "<sysroot>/lib/rustlib/x86_64-unknown-linux-gnu/lib/{libstd-*,libpanic_unwind-*,libobject-*,libmemchr-*,libaddr2line-*,libgimli-*,libcfg_if-*,librustc_demangle-*,libstd_detect-*,libhashbrown-*,librustc_std_workspace_alloc-*,libminiz_oxide-*,libadler2-*,libunwind-*,liblibc-*,librustc_std_workspace_core-*,liballoc-*,libcore-*,libcompiler_builtins-*}.rlib" "-Wl,-Bdynamic" "-lgcc_s" "-lutil" "-lrt" "-lpthread" "-lm" "-ldl" "-lc" "-L" "/opt/rustwide/target/release/deps/rustc3TaPoQ/raw-dylibs" "-B<sysroot>/lib/rustlib/x86_64-unknown-linux-gnu/bin/gcc-ld" "-fuse-ld=lld" "-Wl,--eh-frame-hdr" "-Wl,-z,noexecstack" "-L" "/opt/rustwide/target/release/build/cortex-m-rt-41733de21b3b1d4d/out" "-L" "/opt/rustwide/target/release/build/stm32f3-discovery-d9e87ee21b60000b/out" "-L" "/opt/rustwide/target/release/build/stm32f3-05d505e939d35be9/out" "-L" "<sysroot>/lib/rustlib/x86_64-unknown-linux-gnu/lib" "-o" "/opt/rustwide/target/release/deps/stm32f3disco_mvp-51b72a57c544f687" "-Wl,--gc-sections" "-pie" "-Wl,-z,relro,-z,now" "-Wl,-O1" "-Wl,--strip-debug" "-nodefaultlibs"
[INFO] [stdout]   = note: some arguments are omitted. use `--verbose` to show all linker arguments
[INFO] [stdout]   = note: rust-lld: error: undefined symbol: __primask_r
[INFO] [stdout]           >>> referenced by stm32f3disco_mvp.ab7ac8c90081672-cgu.0
[INFO] [stdout]           >>>               /opt/rustwide/target/release/deps/stm32f3disco_mvp-51b72a57c544f687.stm32f3disco_mvp.ab7ac8c90081672-cgu.0.rcgu.o:(stm32f3disco_mvp::__cortex_m_rt_main)
[INFO] [stdout]           >>> referenced by stm32f3xx_hal.c9c17a97f6c3229b-cgu.0
[INFO] [stdout]           >>>               stm32f3xx_hal-a399fa5dbb14cf8b.stm32f3xx_hal.c9c17a97f6c3229b-cgu.0.rcgu.o:(<stm32f3xx_hal::serial::Tx<stm32f3::stm32f303::USART1> as stm32f3xx_hal::dma::Target>::enable_dma) in archive /opt/rustwide/target/release/deps/libstm32f3xx_hal-a399fa5dbb14cf8b.rlib
[INFO] [stdout]           >>> referenced by stm32f3xx_hal.c9c17a97f6c3229b-cgu.0
[INFO] [stdout]           >>>               stm32f3xx_hal-a399fa5dbb14cf8b.stm32f3xx_hal.c9c17a97f6c3229b-cgu.0.rcgu.o:(<stm32f3xx_hal::serial::Tx<stm32f3::stm32f303::USART1> as stm32f3xx_hal::dma::Target>::disable_dma) in archive /opt/rustwide/target/release/deps/libstm32f3xx_hal-a399fa5dbb14cf8b.rlib
[INFO] [stdout]           >>> referenced 2 more times
[INFO] [stdout]           
[INFO] [stdout]           rust-lld: error: undefined symbol: __cpsid
[INFO] [stdout]           >>> referenced by stm32f3xx_hal.c9c17a97f6c3229b-cgu.0
[INFO] [stdout]           >>>               stm32f3xx_hal-a399fa5dbb14cf8b.stm32f3xx_hal.c9c17a97f6c3229b-cgu.0.rcgu.o:(<stm32f3xx_hal::serial::Tx<stm32f3::stm32f303::USART1> as stm32f3xx_hal::dma::Target>::enable_dma) in archive /opt/rustwide/target/release/deps/libstm32f3xx_hal-a399fa5dbb14cf8b.rlib
[INFO] [stdout]           >>> referenced by stm32f3xx_hal.c9c17a97f6c3229b-cgu.0
[INFO] [stdout]           >>>               stm32f3xx_hal-a399fa5dbb14cf8b.stm32f3xx_hal.c9c17a97f6c3229b-cgu.0.rcgu.o:(<stm32f3xx_hal::serial::Tx<stm32f3::stm32f303::USART1> as stm32f3xx_hal::dma::Target>::disable_dma) in archive /opt/rustwide/target/release/deps/libstm32f3xx_hal-a399fa5dbb14cf8b.rlib
[INFO] [stdout]           >>> referenced by stm32f3disco_mvp.ab7ac8c90081672-cgu.0
[INFO] [stdout]           >>>               /opt/rustwide/target/release/deps/stm32f3disco_mvp-51b72a57c544f687.stm32f3disco_mvp.ab7ac8c90081672-cgu.0.rcgu.o:(stm32f3disco_mvp::__cortex_m_rt_main)
[INFO] [stdout]           >>> referenced 2 more times
[INFO] [stdout]           
[INFO] [stdout]           rust-lld: error: undefined symbol: __cpsie
[INFO] [stdout]           >>> referenced by stm32f3xx_hal.c9c17a97f6c3229b-cgu.0
[INFO] [stdout]           >>>               stm32f3xx_hal-a399fa5dbb14cf8b.stm32f3xx_hal.c9c17a97f6c3229b-cgu.0.rcgu.o:(<stm32f3xx_hal::serial::Tx<stm32f3::stm32f303::USART1> as stm32f3xx_hal::dma::Target>::enable_dma) in archive /opt/rustwide/target/release/deps/libstm32f3xx_hal-a399fa5dbb14cf8b.rlib
[INFO] [stdout]           >>> referenced by stm32f3xx_hal.c9c17a97f6c3229b-cgu.0
[INFO] [stdout]           >>>               stm32f3xx_hal-a399fa5dbb14cf8b.stm32f3xx_hal.c9c17a97f6c3229b-cgu.0.rcgu.o:(<stm32f3xx_hal::serial::Tx<stm32f3::stm32f303::USART1> as stm32f3xx_hal::dma::Target>::disable_dma) in archive /opt/rustwide/target/release/deps/libstm32f3xx_hal-a399fa5dbb14cf8b.rlib
[INFO] [stdout]           >>> referenced by stm32f3disco_mvp.ab7ac8c90081672-cgu.0
[INFO] [stdout]           >>>               /opt/rustwide/target/release/deps/stm32f3disco_mvp-51b72a57c544f687.stm32f3disco_mvp.ab7ac8c90081672-cgu.0.rcgu.o:(stm32f3disco_mvp::__cortex_m_rt_main)
[INFO] [stdout]           >>> referenced 2 more times
[INFO] [stdout]           collect2: error: ld returned 1 exit status
[INFO] [stdout]           
[INFO] [stdout] 
[INFO] [stdout] 
[INFO] [stderr] error: could not compile `stm32f3disco_mvp` (bin "stm32f3disco_mvp") due to 1 previous error; 7 warnings emitted
[INFO] running `Command { std: "docker" "inspect" "aab8d1840543358a0495e210ca2a48e86ac31407b59128adb3da71b43c83b0ec", kill_on_drop: false }`
[INFO] running `Command { std: "docker" "rm" "-f" "aab8d1840543358a0495e210ca2a48e86ac31407b59128adb3da71b43c83b0ec", kill_on_drop: false }`
[INFO] [stdout] aab8d1840543358a0495e210ca2a48e86ac31407b59128adb3da71b43c83b0ec
