[INFO] cloning repository https://github.com/ksleifjsslsls/silent-berry2
[INFO] running `Command { std: "git" "-c" "credential.helper=" "-c" "credential.helper=/workspace/cargo-home/bin/git-credential-null" "clone" "--bare" "https://github.com/ksleifjsslsls/silent-berry2" "/workspace/cache/git-repos/https%3A%2F%2Fgithub.com%2Fksleifjsslsls%2Fsilent-berry2", kill_on_drop: false }`
[INFO] [stderr] Cloning into bare repository '/workspace/cache/git-repos/https%3A%2F%2Fgithub.com%2Fksleifjsslsls%2Fsilent-berry2'...
[INFO] running `Command { std: "git" "rev-parse" "HEAD", kill_on_drop: false }`
[INFO] [stdout] b991836b10663830d786d316f3026f66d797f4b4
[INFO] testing ksleifjsslsls/silent-berry2 against 1.99.0-beta.1+cargoflags=--release for beta-release-1.99-2
[INFO] running `Command { std: "git" "clone" "/workspace/cache/git-repos/https%3A%2F%2Fgithub.com%2Fksleifjsslsls%2Fsilent-berry2" "/workspace/builds/worker-0-tc2/source", kill_on_drop: false }`
[INFO] [stderr] Cloning into '/workspace/builds/worker-0-tc2/source'...
[INFO] [stderr] done.
[INFO] started tweaking git repo https://github.com/ksleifjsslsls/silent-berry2
[INFO] finished tweaking git repo https://github.com/ksleifjsslsls/silent-berry2
[INFO] tweaked toml for git repo https://github.com/ksleifjsslsls/silent-berry2 written to /workspace/builds/worker-0-tc2/source/Cargo.toml
[INFO] validating manifest of git repo https://github.com/ksleifjsslsls/silent-berry2 on toolchain 1.99.0-beta.1
[INFO] running `Command { std: CARGO_HOME="/workspace/cargo-home" RUSTUP_HOME="/workspace/rustup-home" "/workspace/cargo-home/bin/cargo" "+1.99.0-beta.1" "metadata" "--manifest-path" "Cargo.toml" "--no-deps", kill_on_drop: false }`
[INFO] crate git repo https://github.com/ksleifjsslsls/silent-berry2 already has a lockfile, it will not be regenerated
[INFO] running `Command { std: CARGO_HOME="/workspace/cargo-home" RUSTUP_HOME="/workspace/rustup-home" "/workspace/cargo-home/bin/cargo" "+1.99.0-beta.1" "fetch" "--manifest-path" "Cargo.toml", kill_on_drop: false }`
[INFO] running `Command { std: "docker" "create" "-v" "/var/lib/crater-agent-workspace/builds/worker-0-tc2/source:/opt/rustwide/workdir:ro,Z" "-v" "/var/lib/crater-agent-workspace/builds/worker-0-tc2/target:/opt/rustwide/target:rw,Z" "-v" "/var/lib/crater-agent-workspace/cargo-home:/opt/rustwide/cargo-home:ro,Z" "-v" "/var/lib/crater-agent-workspace/rustup-home:/opt/rustwide/rustup-home:ro,Z" "-m" "1610612736" "--network" "none" "ghcr.io/rust-lang/crates-build-env/linux@sha256:8683fc1fc2eb5c9ac98e0d076ab094b2ffac7f99da555d2b6a2e27f346de2ec7" "sleep" "infinity", kill_on_drop: false }`
[INFO] [stdout] 8856efba61faea9f9083647c1ff004b48bfd54e6f1005c49a76531234e0286c3
[INFO] running `Command { std: "docker" "start" "8856efba61faea9f9083647c1ff004b48bfd54e6f1005c49a76531234e0286c3", kill_on_drop: false }`
[INFO] running `Command { std: "docker" "inspect" "8856efba61faea9f9083647c1ff004b48bfd54e6f1005c49a76531234e0286c3", kill_on_drop: false }`
[INFO] running `Command { std: "docker" "exec" "-e" "SOURCE_DIR=/opt/rustwide/workdir" "-e" "CARGO_HOME=/opt/rustwide/cargo-home" "-e" "RUSTUP_HOME=/opt/rustwide/rustup-home" "-e" "CARGO_TARGET_DIR=/opt/rustwide/target" "-w" "/opt/rustwide/workdir" "--user" "0:0" "8856efba61faea9f9083647c1ff004b48bfd54e6f1005c49a76531234e0286c3" "/opt/rustwide/cargo-home/bin/cargo" "+1.99.0-beta.1" "metadata" "--no-deps" "--format-version=1", kill_on_drop: false }`
[INFO] running `Command { std: "docker" "inspect" "8856efba61faea9f9083647c1ff004b48bfd54e6f1005c49a76531234e0286c3", kill_on_drop: false }`
[INFO] running `Command { std: "docker" "exec" "-e" "SOURCE_DIR=/opt/rustwide/workdir" "-e" "CARGO_HOME=/opt/rustwide/cargo-home" "-e" "RUSTUP_HOME=/opt/rustwide/rustup-home" "-e" "CARGO_TARGET_DIR=/opt/rustwide/target" "-e" "CARGO_INCREMENTAL=0" "-e" "RUST_BACKTRACE=full" "-e" "RUSTFLAGS=--cap-lints=warn" "-e" "RUSTDOCFLAGS=--cap-lints=warn" "-w" "/opt/rustwide/workdir" "--user" "0:0" "8856efba61faea9f9083647c1ff004b48bfd54e6f1005c49a76531234e0286c3" "/opt/rustwide/cargo-home/bin/cargo" "+1.99.0-beta.1" "build" "--frozen" "--message-format=json" "--release", kill_on_drop: false }`
[INFO] [stderr]    Compiling proc-macro2 v1.0.86
[INFO] [stderr]    Compiling unicode-ident v1.0.12
[INFO] [stderr]    Compiling serde v1.0.204
[INFO] [stderr]    Compiling syn v1.0.109
[INFO] [stderr]    Compiling getrandom v0.1.16
[INFO] [stderr]    Compiling cfg-if v1.0.0
[INFO] [stderr]    Compiling cc v1.1.1
[INFO] [stderr]    Compiling thiserror v1.0.62
[INFO] [stderr]    Compiling libc v0.2.155
[INFO] [stderr]    Compiling ppv-lite86 v0.2.17
[INFO] [stderr]    Compiling serde_json v1.0.120
[INFO] [stderr]    Compiling faster-hex v0.6.1
[INFO] [stderr]    Compiling heapsize v0.4.2
[INFO] [stderr]    Compiling ckb_schemars v0.8.19
[INFO] [stderr]    Compiling ryu v1.0.18
[INFO] [stderr]    Compiling anyhow v1.0.86
[INFO] [stderr]    Compiling itoa v1.0.11
[INFO] [stderr]    Compiling dyn-clone v1.0.17
[INFO] [stderr]    Compiling convert_case v0.4.0
[INFO] [stderr]    Compiling cty v0.2.2
[INFO] [stderr]    Compiling crossbeam-utils v0.8.20
[INFO] [stderr]    Compiling blake2b-ref v0.3.1
[INFO] [stderr]    Compiling siphasher v0.3.11
[INFO] [stderr]    Compiling version_check v0.9.4
[INFO] [stderr]    Compiling once_cell v1.19.0
[INFO] [stderr]    Compiling paste v1.0.15
[INFO] [stderr]    Compiling log v0.4.22
[INFO] [stderr]    Compiling adler v1.0.2
[INFO] [stderr]    Compiling crc32fast v1.4.2
[INFO] [stderr]    Compiling phf_shared v0.8.0
[INFO] [stderr]    Compiling typenum v1.17.0
[INFO] [stderr]    Compiling generic-array v0.14.7
[INFO] [stderr]    Compiling same-file v1.0.6
[INFO] [stderr]    Compiling miniz_oxide v0.7.4
[INFO] [stderr]    Compiling golomb-coded-set v0.2.1
[INFO] [stderr]    Compiling merkle-cbt v0.3.2
[INFO] [stderr]    Compiling walkdir v2.5.0
[INFO] [stderr]    Compiling getrandom v0.2.15
[INFO] [stderr]    Compiling ckb-merkle-mountain-range v0.5.2
[INFO] [stderr]    Compiling bit-vec v0.6.3
[INFO] [stderr]    Compiling rand_core v0.5.1
[INFO] [stderr]    Compiling ckb-constant v0.119.0
[INFO] [stderr]    Compiling autocfg v1.3.0
[INFO] [stderr]    Compiling pin-project-lite v0.2.14
[INFO] [stderr]    Compiling quote v1.0.36
[INFO] [stderr]    Compiling futures-core v0.3.30
[INFO] [stderr]    Compiling rand_chacha v0.2.2
[INFO] [stderr]    Compiling syn v2.0.70
[INFO] [stderr]    Compiling phf v0.8.0
[INFO] [stderr]    Compiling slab v0.4.9
[INFO] [stderr]    Compiling cpufeatures v0.2.13
[INFO] [stderr]    Compiling rustix v0.38.34
[INFO] [stderr]    Compiling futures-sink v0.3.30
[INFO] [stderr]    Compiling flate2 v1.0.30
[INFO] [stderr]    Compiling rand v0.7.3
[INFO] [stderr]    Compiling rand_pcg v0.2.1
[INFO] [stderr]    Compiling crossbeam-channel v0.5.13
[INFO] [stderr]    Compiling futures-channel v0.3.30
[INFO] [stderr]    Compiling blake2b-rs v0.2.0
[INFO] [stderr]    Compiling secp256k1-sys v0.10.1
[INFO] [stderr]    Compiling includedir v0.6.0
[INFO] [stderr]    Compiling linux-raw-sys v0.4.14
[INFO] [stderr]    Compiling ckb-channel v0.119.0
[INFO] [stderr]    Compiling bitflags v2.6.0
[INFO] [stderr]    Compiling futures-task v0.3.30
[INFO] [stderr]    Compiling block-buffer v0.10.4
[INFO] [stderr]    Compiling crypto-common v0.1.6
[INFO] [stderr]    Compiling futures-io v0.3.30
[INFO] [stderr]    Compiling pin-utils v0.1.0
[INFO] [stderr]    Compiling memchr v2.7.4
[INFO] [stderr]    Compiling ckb-std v0.16.4
[INFO] [stderr]    Compiling ckb-hash v0.119.0
[INFO] [stderr]    Compiling digest v0.10.7
[INFO] [stderr]    Compiling rand_core v0.6.4
[INFO] [stderr]    Compiling signal-hook-registry v1.4.2
[INFO] [stderr]    Compiling mio v1.0.2
[INFO] [stderr]    Compiling unicode-width v0.1.13
[INFO] [stderr]    Compiling byteorder v1.5.0
[INFO] [stderr]    Compiling sha2 v0.10.8
[INFO] [stderr]    Compiling sha-1 v0.10.1
[INFO] [stderr]    Compiling rand_chacha v0.3.1
[INFO] [stderr]    Compiling phf_generator v0.8.0
[INFO] [stderr]    Compiling sparse-merkle-tree v0.6.1
[INFO] [stderr]    Compiling phf_codegen v0.8.0
[INFO] [stderr]    Compiling fastrand v2.1.1
[INFO] [stderr]    Compiling includedir_codegen v0.6.0
[INFO] [stderr]    Compiling buddy-alloc v0.6.0
[INFO] [stderr]    Compiling hex v0.4.3
[INFO] [stderr]    Compiling base64 v0.21.7
[INFO] [stderr]    Compiling xxhash-rust v0.8.12
[INFO] [stderr]    Compiling ckb-system-scripts v0.5.4
[INFO] [stderr]    Compiling gcd v2.3.0
[INFO] [stderr]    Compiling rand v0.8.5
[INFO] [stderr]    Compiling sha1 v0.10.6
[INFO] [stderr]    Compiling memmap2 v0.5.10
[INFO] [stderr]    Compiling serde_derive_internals v0.26.0
[INFO] [stderr]    Compiling ahash v0.7.8
[INFO] [stderr]    Compiling plain v0.2.3
[INFO] [stderr]    Compiling cfg-if v0.1.10
[INFO] [stderr]    Compiling lazy_static v1.5.0
[INFO] [stderr]    Compiling eaglesong v0.1.0
[INFO] [stderr]    Compiling either v1.13.0
[INFO] [stderr]    Compiling ckb-vm v0.24.12
[INFO] [stderr]    Compiling ckb-logger v0.119.0
[INFO] [stderr]    Compiling ckb-vm-definitions v0.24.12
[INFO] [stderr]    Compiling ckb-script v0.119.0
[INFO] [stderr]    Compiling bitflags v1.3.2
[INFO] [stderr]    Compiling ckb-systemtime v0.119.0
[INFO] [stderr]    Compiling ckb-always-success-script v0.0.1
[INFO] [stderr]    Compiling hashbrown v0.12.3
[INFO] [stderr]    Compiling numext-constructor v0.1.6
[INFO] [stderr]    Compiling scroll_derive v0.10.5
[INFO] [stderr]    Compiling ckb_schemars_derive v0.8.19
[INFO] [stderr]    Compiling tempfile v3.12.0
[INFO] [stderr]    Compiling reflink-copy v0.1.19
[INFO] [stderr]    Compiling scroll v0.10.2
[INFO] [stderr]    Compiling lru v0.7.8
[INFO] [stderr]    Compiling goblin v0.4.0
[INFO] [stderr]    Compiling goblin v0.2.3
[INFO] [stderr]    Compiling serde_derive v1.0.204
[INFO] [stderr]    Compiling thiserror-impl v1.0.62
[INFO] [stderr]    Compiling derive_more v0.99.18
[INFO] [stderr]    Compiling futures-macro v0.3.30
[INFO] [stderr]    Compiling miette-derive v5.10.0
[INFO] [stderr]    Compiling tokio-macros v2.4.0
[INFO] [stderr]    Compiling num_enum_derive v0.7.3
[INFO] [stderr]    Compiling futures-util v0.3.30
[INFO] [stderr]    Compiling num_enum v0.7.3
[INFO] [stderr]    Compiling miette v5.10.0
[INFO] [stderr]    Compiling futures-executor v0.3.30
[INFO] [stderr]    Compiling futures v0.3.30
[INFO] [stderr]    Compiling bytes v1.6.0
[INFO] [stderr]    Compiling ckb-occupied-capacity-core v0.119.0
[INFO] [stderr]    Compiling numext-fixed-uint-core v0.1.6
[INFO] [stderr]    Compiling ssri v9.2.0
[INFO] [stderr]    Compiling toml v0.5.11
[INFO] [stderr]    Compiling ckb-occupied-capacity-macros v0.119.0
[INFO] [stderr]    Compiling ckb-occupied-capacity v0.119.0
[INFO] [stderr]    Compiling ckb-error v0.119.0
[INFO] [stderr]    Compiling molecule v0.8.0
[INFO] [stderr]    Compiling ckb-verification-traits v0.119.0
[INFO] [stderr]    Compiling tokio v1.39.3
[INFO] [stderr]    Compiling secp256k1 v0.29.1
[INFO] [stderr]    Compiling ckb-fixed-hash-core v0.119.0
[INFO] [stderr]    Compiling ckb-fixed-hash-macros v0.119.0
[INFO] [stderr]    Compiling ckb-fixed-hash v0.119.0
[INFO] [stderr]    Compiling ckb-crypto v0.119.0
[INFO] [stderr]    Compiling tokio-stream v0.1.15
[INFO] [stderr]    Compiling cacache v12.0.0
[INFO] [stderr]    Compiling numext-fixed-uint-hack v0.1.6
[INFO] [stderr]    Compiling numext-fixed-uint v0.1.6
[INFO] [stderr]    Compiling ckb-gen-types v0.119.0
[INFO] [stderr]    Compiling ckb-rational v0.119.0
[INFO] [stderr]    Compiling ckb-types v0.119.0
[INFO] [stderr]    Compiling ckb-resource v0.119.0
[INFO] [stderr]    Compiling spore-types v0.1.0 (/opt/rustwide/workdir/crate/spore-types)
[INFO] [stderr]    Compiling types v0.1.0 (/opt/rustwide/workdir/crate/types)
[INFO] [stderr]    Compiling ckb-traits v0.119.0
[INFO] [stderr]    Compiling ckb-jsonrpc-types v0.119.0
[INFO] [stderr]    Compiling ckb-dao-utils v0.119.0
[INFO] [stderr]    Compiling ckb-pow v0.119.0
[INFO] [stderr]    Compiling utils v0.1.0 (/opt/rustwide/workdir/crate/utils)
[INFO] [stderr]    Compiling ckb-chain-spec v0.119.0
[INFO] [stderr]    Compiling ckb-mock-tx-types v0.119.0
[INFO] [stderr]    Compiling ckb-dao v0.119.0
[INFO] [stderr]    Compiling ckb-verification v0.119.0
[INFO] [stderr]    Compiling ckb-testtool v0.14.1
[INFO] [stderr]    Compiling tests v0.1.0 (/opt/rustwide/workdir/tests)
[INFO] [stderr]    Compiling dob-selling v0.1.0 (/opt/rustwide/workdir/contracts/dob-selling)
[INFO] [stderr]    Compiling withdrawal-intent v0.1.0 (/opt/rustwide/workdir/contracts/withdrawal-intent)
[INFO] [stderr]    Compiling buy-intent v0.1.0 (/opt/rustwide/workdir/contracts/buy-intent)
[INFO] [stderr]    Compiling account-book v0.1.0 (/opt/rustwide/workdir/contracts/account-book)
[INFO] [stdout] error: linking with `cc` failed: exit status: 1
[INFO] [stdout]   |
[INFO] [stdout]   = note:  "cc" "-m64" "/opt/rustwide/target/release/deps/rustc3rEodO/symbols.o" "<2 object files omitted>" "-Wl,--as-needed" "-Wl,-Bstatic" "/opt/rustwide/target/release/deps/{libutils-e02bc45bb1469953,libspore_types-fcd5a8f95f570932,libsparse_merkle_tree-3470f28b6110318c,libcfg_if-8963ba93e79e3cd0,libblake2b_rs-61dc8e6727e3a6ab,libcty-ec39a47eaaab7e33,libtypes-8f32e5987d6690e1,libnum_enum-38c05196e9979c54,libckb_std-83c95d99ebd142fe,libgcd-716f7297a407bad6,liblog-779b8b513a011fa2,libbuddy_alloc-820b5e6d6552ec73,libckb_gen_types-8881d75668a24f0c,libmolecule-923cfbf8096c84ac,libbytes-0a832f4e82aea734,libckb_hash-8799bb31349d44e1,libblake2b_ref-390ec80dcc7edcf1,libckb_error-d003b4695a18ede8,libanyhow-e65a39b6e61dac66,libnumext_fixed_uint-58a7bf7b38b992b3,libnumext_fixed_uint_core-e5985416e7fd4dfd,libheapsize-c9ad1306acd5d948,librand-d322595aae996ec5,librand_chacha-95f2d7a2d77b22e3,libppv_lite86-054a47c0f0735f09,librand_core-1c3c6023e2b432a6,libgetrandom-3089c7eb9e0eed6c,liblibc-0983ce526d8a65f6,libcfg_if-f8271732e6fda1bf,libckb_occupied_capacity-43f472b60d05c99e,libckb_occupied_capacity_core-da3e58d36b34144c,libckb_fixed_hash-edbd4314297b6819,libckb_fixed_hash_core-b0a601bf9adc4b7e,libfaster_hex-62594af0e83edebc,libthiserror-a3ad90ca13e48ef3,libckb_schemars-40d07850be94784e,libdyn_clone-c8c8eb6eb15bed16,libserde_json-e318f8b792cf6dd9,libitoa-5d9f91a323d53fd7,libryu-33a549c6fe05df4a,libserde-ca03ca538f74c542}.rlib" "<sysroot>/lib/rustlib/x86_64-unknown-linux-gnu/lib/{libstd-*,libpanic_unwind-*,libobject-*,libmemchr-*,libaddr2line-*,libgimli-*,libcfg_if-*,librustc_demangle-*,libstd_detect-*,libhashbrown-*,librustc_std_workspace_alloc-*,libminiz_oxide-*,libadler2-*,libunwind-*,liblibc-*,librustc_std_workspace_core-*,liballoc-*,libcore-*,libcompiler_builtins-*}.rlib" "-Wl,-Bdynamic" "-lgcc_s" "-lutil" "-lrt" "-lpthread" "-lm" "-ldl" "-lc" "-L" "/opt/rustwide/target/release/deps/rustc3rEodO/raw-dylibs" "-B<sysroot>/lib/rustlib/x86_64-unknown-linux-gnu/bin/gcc-ld" "-fuse-ld=lld" "-Wl,--eh-frame-hdr" "-Wl,-z,noexecstack" "-L" "/opt/rustwide/target/release/build/blake2b-rs-15c6ef7009cdd0dc/out" "-L" "<sysroot>/lib/rustlib/x86_64-unknown-linux-gnu/lib" "-o" "/opt/rustwide/target/release/deps/buy_intent-83d2cb28dcd15710" "-Wl,--gc-sections" "-pie" "-Wl,-z,relro,-z,now" "-Wl,-O1" "-nodefaultlibs"
[INFO] [stdout]   = note: some arguments are omitted. use `--verbose` to show all linker arguments
[INFO] [stdout]   = note: rust-lld: error: duplicate symbol: _start
[INFO] [stdout]           >>> defined at /usr/lib/gcc/x86_64-linux-gnu/15/../../../x86_64-linux-gnu/Scrt1.o:(_start)
[INFO] [stdout]           >>> defined at entry.rs:21 (/opt/rustwide/cargo-home/registry/src/index.crates.io-1949cf8c6b5b557f/ckb-std-0.16.4/src/entry.rs:21)
[INFO] [stdout]           >>>            /opt/rustwide/target/release/deps/buy_intent-83d2cb28dcd15710.buy_intent.64b70a2dc15bce7d-cgu.0.rcgu.o:(.text.unlikely._start+0x0)
[INFO] [stdout]           collect2: error: ld returned 1 exit status
[INFO] [stdout]           
[INFO] [stdout] 
[INFO] [stdout] 
[INFO] [stderr] error: could not compile `buy-intent` (bin "buy-intent") due to 1 previous error
[INFO] [stderr] warning: build failed, waiting for other jobs to finish...
[INFO] [stdout] error: linking with `cc` failed: exit status: 1
[INFO] [stdout]   |
[INFO] [stdout]   = note:  "cc" "-m64" "/opt/rustwide/target/release/deps/rustc6b333a/symbols.o" "<2 object files omitted>" "-Wl,--as-needed" "-Wl,-Bstatic" "/opt/rustwide/target/release/deps/{libutils-e02bc45bb1469953,libspore_types-fcd5a8f95f570932,libsparse_merkle_tree-3470f28b6110318c,libcfg_if-8963ba93e79e3cd0,libblake2b_rs-61dc8e6727e3a6ab,libcty-ec39a47eaaab7e33,libtypes-8f32e5987d6690e1,libnum_enum-38c05196e9979c54,libckb_std-83c95d99ebd142fe,libgcd-716f7297a407bad6,liblog-779b8b513a011fa2,libbuddy_alloc-820b5e6d6552ec73,libckb_gen_types-8881d75668a24f0c,libmolecule-923cfbf8096c84ac,libbytes-0a832f4e82aea734,libckb_hash-8799bb31349d44e1,libblake2b_ref-390ec80dcc7edcf1,libckb_error-d003b4695a18ede8,libanyhow-e65a39b6e61dac66,libnumext_fixed_uint-58a7bf7b38b992b3,libnumext_fixed_uint_core-e5985416e7fd4dfd,libheapsize-c9ad1306acd5d948,librand-d322595aae996ec5,librand_chacha-95f2d7a2d77b22e3,libppv_lite86-054a47c0f0735f09,librand_core-1c3c6023e2b432a6,libgetrandom-3089c7eb9e0eed6c,liblibc-0983ce526d8a65f6,libcfg_if-f8271732e6fda1bf,libckb_occupied_capacity-43f472b60d05c99e,libckb_occupied_capacity_core-da3e58d36b34144c,libckb_fixed_hash-edbd4314297b6819,libckb_fixed_hash_core-b0a601bf9adc4b7e,libfaster_hex-62594af0e83edebc,libthiserror-a3ad90ca13e48ef3,libckb_schemars-40d07850be94784e,libdyn_clone-c8c8eb6eb15bed16,libserde_json-e318f8b792cf6dd9,libitoa-5d9f91a323d53fd7,libryu-33a549c6fe05df4a,libserde-ca03ca538f74c542}.rlib" "<sysroot>/lib/rustlib/x86_64-unknown-linux-gnu/lib/{libstd-*,libpanic_unwind-*,libobject-*,libmemchr-*,libaddr2line-*,libgimli-*,libcfg_if-*,librustc_demangle-*,libstd_detect-*,libhashbrown-*,librustc_std_workspace_alloc-*,libminiz_oxide-*,libadler2-*,libunwind-*,liblibc-*,librustc_std_workspace_core-*,liballoc-*,libcore-*,libcompiler_builtins-*}.rlib" "-Wl,-Bdynamic" "-lgcc_s" "-lutil" "-lrt" "-lpthread" "-lm" "-ldl" "-lc" "-L" "/opt/rustwide/target/release/deps/rustc6b333a/raw-dylibs" "-B<sysroot>/lib/rustlib/x86_64-unknown-linux-gnu/bin/gcc-ld" "-fuse-ld=lld" "-Wl,--eh-frame-hdr" "-Wl,-z,noexecstack" "-L" "/opt/rustwide/target/release/build/blake2b-rs-15c6ef7009cdd0dc/out" "-L" "<sysroot>/lib/rustlib/x86_64-unknown-linux-gnu/lib" "-o" "/opt/rustwide/target/release/deps/dob_selling-423b4ca5dd0967f7" "-Wl,--gc-sections" "-pie" "-Wl,-z,relro,-z,now" "-Wl,-O1" "-nodefaultlibs"
[INFO] [stdout]   = note: some arguments are omitted. use `--verbose` to show all linker arguments
[INFO] [stdout]   = note: rust-lld: error: duplicate symbol: _start
[INFO] [stdout]           >>> defined at /usr/lib/gcc/x86_64-linux-gnu/15/../../../x86_64-linux-gnu/Scrt1.o:(_start)
[INFO] [stdout]           >>> defined at entry.rs:21 (/opt/rustwide/cargo-home/registry/src/index.crates.io-1949cf8c6b5b557f/ckb-std-0.16.4/src/entry.rs:21)
[INFO] [stdout]           >>>            /opt/rustwide/target/release/deps/dob_selling-423b4ca5dd0967f7.dob_selling.568cff76747c1388-cgu.0.rcgu.o:(.text.unlikely._start+0x0)
[INFO] [stdout]           collect2: error: ld returned 1 exit status
[INFO] [stdout]           
[INFO] [stdout] 
[INFO] [stdout] 
[INFO] [stderr] error: could not compile `dob-selling` (bin "dob-selling") due to 1 previous error
[INFO] [stdout] error: linking with `cc` failed: exit status: 1
[INFO] [stdout]   |
[INFO] [stdout]   = note:  "cc" "-m64" "/opt/rustwide/target/release/deps/rustc8ixVL3/symbols.o" "<2 object files omitted>" "-Wl,--as-needed" "-Wl,-Bstatic" "/opt/rustwide/target/release/deps/{libutils-e02bc45bb1469953,libsparse_merkle_tree-3470f28b6110318c,libcfg_if-8963ba93e79e3cd0,libblake2b_rs-61dc8e6727e3a6ab,libcty-ec39a47eaaab7e33,libtypes-8f32e5987d6690e1,libnum_enum-38c05196e9979c54,libspore_types-fcd5a8f95f570932,libckb_std-83c95d99ebd142fe,libgcd-716f7297a407bad6,liblog-779b8b513a011fa2,libbuddy_alloc-820b5e6d6552ec73,libckb_gen_types-8881d75668a24f0c,libmolecule-923cfbf8096c84ac,libbytes-0a832f4e82aea734,libckb_hash-8799bb31349d44e1,libblake2b_ref-390ec80dcc7edcf1,libckb_error-d003b4695a18ede8,libanyhow-e65a39b6e61dac66,libnumext_fixed_uint-58a7bf7b38b992b3,libnumext_fixed_uint_core-e5985416e7fd4dfd,libheapsize-c9ad1306acd5d948,librand-d322595aae996ec5,librand_chacha-95f2d7a2d77b22e3,libppv_lite86-054a47c0f0735f09,librand_core-1c3c6023e2b432a6,libgetrandom-3089c7eb9e0eed6c,liblibc-0983ce526d8a65f6,libcfg_if-f8271732e6fda1bf,libckb_occupied_capacity-43f472b60d05c99e,libckb_occupied_capacity_core-da3e58d36b34144c,libckb_fixed_hash-edbd4314297b6819,libckb_fixed_hash_core-b0a601bf9adc4b7e,libfaster_hex-62594af0e83edebc,libthiserror-a3ad90ca13e48ef3,libckb_schemars-40d07850be94784e,libdyn_clone-c8c8eb6eb15bed16,libserde_json-e318f8b792cf6dd9,libitoa-5d9f91a323d53fd7,libryu-33a549c6fe05df4a,libserde-ca03ca538f74c542}.rlib" "<sysroot>/lib/rustlib/x86_64-unknown-linux-gnu/lib/{libstd-*,libpanic_unwind-*,libobject-*,libmemchr-*,libaddr2line-*,libgimli-*,libcfg_if-*,librustc_demangle-*,libstd_detect-*,libhashbrown-*,librustc_std_workspace_alloc-*,libminiz_oxide-*,libadler2-*,libunwind-*,liblibc-*,librustc_std_workspace_core-*,liballoc-*,libcore-*,libcompiler_builtins-*}.rlib" "-Wl,-Bdynamic" "-lgcc_s" "-lutil" "-lrt" "-lpthread" "-lm" "-ldl" "-lc" "-L" "/opt/rustwide/target/release/deps/rustc8ixVL3/raw-dylibs" "-B<sysroot>/lib/rustlib/x86_64-unknown-linux-gnu/bin/gcc-ld" "-fuse-ld=lld" "-Wl,--eh-frame-hdr" "-Wl,-z,noexecstack" "-L" "/opt/rustwide/target/release/build/blake2b-rs-15c6ef7009cdd0dc/out" "-L" "<sysroot>/lib/rustlib/x86_64-unknown-linux-gnu/lib" "-o" "/opt/rustwide/target/release/deps/withdrawal_intent-9a7c25955797900d" "-Wl,--gc-sections" "-pie" "-Wl,-z,relro,-z,now" "-Wl,-O1" "-nodefaultlibs"
[INFO] [stdout]   = note: some arguments are omitted. use `--verbose` to show all linker arguments
[INFO] [stdout]   = note: rust-lld: error: duplicate symbol: _start
[INFO] [stdout]           >>> defined at /usr/lib/gcc/x86_64-linux-gnu/15/../../../x86_64-linux-gnu/Scrt1.o:(_start)
[INFO] [stdout]           >>> defined at entry.rs:21 (/opt/rustwide/cargo-home/registry/src/index.crates.io-1949cf8c6b5b557f/ckb-std-0.16.4/src/entry.rs:21)
[INFO] [stdout]           >>>            /opt/rustwide/target/release/deps/withdrawal_intent-9a7c25955797900d.withdrawal_intent.c4abb88e89704894-cgu.0.rcgu.o:(.text.unlikely._start+0x0)
[INFO] [stdout]           collect2: error: ld returned 1 exit status
[INFO] [stdout]           
[INFO] [stdout] 
[INFO] [stdout] 
[INFO] [stderr] error: could not compile `withdrawal-intent` (bin "withdrawal-intent") due to 1 previous error
[INFO] [stdout] error: linking with `cc` failed: exit status: 1
[INFO] [stdout]   |
[INFO] [stdout]   = note:  "cc" "-m64" "/opt/rustwide/target/release/deps/rustcuQoRYV/symbols.o" "<2 object files omitted>" "-Wl,--as-needed" "-Wl,-Bstatic" "/opt/rustwide/target/release/deps/{libutils-e02bc45bb1469953,libspore_types-fcd5a8f95f570932,libsparse_merkle_tree-3470f28b6110318c,libcfg_if-8963ba93e79e3cd0,libblake2b_rs-61dc8e6727e3a6ab,libcty-ec39a47eaaab7e33,libtypes-8f32e5987d6690e1,libnum_enum-38c05196e9979c54,libckb_std-83c95d99ebd142fe,libgcd-716f7297a407bad6,liblog-779b8b513a011fa2,libbuddy_alloc-820b5e6d6552ec73,libckb_gen_types-8881d75668a24f0c,libmolecule-923cfbf8096c84ac,libbytes-0a832f4e82aea734,libckb_hash-8799bb31349d44e1,libblake2b_ref-390ec80dcc7edcf1,libckb_error-d003b4695a18ede8,libanyhow-e65a39b6e61dac66,libnumext_fixed_uint-58a7bf7b38b992b3,libnumext_fixed_uint_core-e5985416e7fd4dfd,libheapsize-c9ad1306acd5d948,librand-d322595aae996ec5,librand_chacha-95f2d7a2d77b22e3,libppv_lite86-054a47c0f0735f09,librand_core-1c3c6023e2b432a6,libgetrandom-3089c7eb9e0eed6c,liblibc-0983ce526d8a65f6,libcfg_if-f8271732e6fda1bf,libckb_occupied_capacity-43f472b60d05c99e,libckb_occupied_capacity_core-da3e58d36b34144c,libckb_fixed_hash-edbd4314297b6819,libckb_fixed_hash_core-b0a601bf9adc4b7e,libfaster_hex-62594af0e83edebc,libthiserror-a3ad90ca13e48ef3,libckb_schemars-40d07850be94784e,libdyn_clone-c8c8eb6eb15bed16,libserde_json-e318f8b792cf6dd9,libitoa-5d9f91a323d53fd7,libryu-33a549c6fe05df4a,libserde-ca03ca538f74c542}.rlib" "<sysroot>/lib/rustlib/x86_64-unknown-linux-gnu/lib/{libstd-*,libpanic_unwind-*,libobject-*,libmemchr-*,libaddr2line-*,libgimli-*,libcfg_if-*,librustc_demangle-*,libstd_detect-*,libhashbrown-*,librustc_std_workspace_alloc-*,libminiz_oxide-*,libadler2-*,libunwind-*,liblibc-*,librustc_std_workspace_core-*,liballoc-*,libcore-*,libcompiler_builtins-*}.rlib" "-Wl,-Bdynamic" "-lgcc_s" "-lutil" "-lrt" "-lpthread" "-lm" "-ldl" "-lc" "-L" "/opt/rustwide/target/release/deps/rustcuQoRYV/raw-dylibs" "-B<sysroot>/lib/rustlib/x86_64-unknown-linux-gnu/bin/gcc-ld" "-fuse-ld=lld" "-Wl,--eh-frame-hdr" "-Wl,-z,noexecstack" "-L" "/opt/rustwide/target/release/build/blake2b-rs-15c6ef7009cdd0dc/out" "-L" "<sysroot>/lib/rustlib/x86_64-unknown-linux-gnu/lib" "-o" "/opt/rustwide/target/release/deps/account_book-213d96b606f168e6" "-Wl,--gc-sections" "-pie" "-Wl,-z,relro,-z,now" "-Wl,-O1" "-nodefaultlibs"
[INFO] [stdout]   = note: some arguments are omitted. use `--verbose` to show all linker arguments
[INFO] [stdout]   = note: rust-lld: error: duplicate symbol: _start
[INFO] [stdout]           >>> defined at /usr/lib/gcc/x86_64-linux-gnu/15/../../../x86_64-linux-gnu/Scrt1.o:(_start)
[INFO] [stdout]           >>> defined at entry.rs:21 (/opt/rustwide/cargo-home/registry/src/index.crates.io-1949cf8c6b5b557f/ckb-std-0.16.4/src/entry.rs:21)
[INFO] [stdout]           >>>            /opt/rustwide/target/release/deps/account_book-213d96b606f168e6.account_book.565a7c7ac3885b50-cgu.0.rcgu.o:(.text.unlikely._start+0x0)
[INFO] [stdout]           collect2: error: ld returned 1 exit status
[INFO] [stdout]           
[INFO] [stdout] 
[INFO] [stdout] 
[INFO] [stderr] error: could not compile `account-book` (bin "account-book") due to 1 previous error
[INFO] running `Command { std: "docker" "inspect" "8856efba61faea9f9083647c1ff004b48bfd54e6f1005c49a76531234e0286c3", kill_on_drop: false }`
[INFO] running `Command { std: "docker" "rm" "-f" "8856efba61faea9f9083647c1ff004b48bfd54e6f1005c49a76531234e0286c3", kill_on_drop: false }`
[INFO] [stdout] 8856efba61faea9f9083647c1ff004b48bfd54e6f1005c49a76531234e0286c3
