[INFO] cloning repository https://github.com/krichard410/moloch-dao-substrate
[INFO] running `Command { std: "git" "-c" "credential.helper=" "-c" "credential.helper=/workspace/cargo-home/bin/git-credential-null" "clone" "--bare" "https://github.com/krichard410/moloch-dao-substrate" "/workspace/cache/git-repos/https%3A%2F%2Fgithub.com%2Fkrichard410%2Fmoloch-dao-substrate", kill_on_drop: false }`
[INFO] [stderr] Cloning into bare repository '/workspace/cache/git-repos/https%3A%2F%2Fgithub.com%2Fkrichard410%2Fmoloch-dao-substrate'...
[INFO] running `Command { std: "git" "rev-parse" "HEAD", kill_on_drop: false }`
[INFO] [stdout] 5a0ce30811f88527ca60be0aa9407cd7eeef6804
[INFO] testing krichard410/moloch-dao-substrate against 1.99.0-beta.1+cargoflags=--release for beta-release-1.99-2
[INFO] running `Command { std: "git" "clone" "/workspace/cache/git-repos/https%3A%2F%2Fgithub.com%2Fkrichard410%2Fmoloch-dao-substrate" "/workspace/builds/worker-2-tc2/source", kill_on_drop: false }`
[INFO] [stderr] Cloning into '/workspace/builds/worker-2-tc2/source'...
[INFO] [stderr] done.
[INFO] [stderr] Updating files:   8% (1178/14362)
Updating files:   9% (1293/14362)
Updating files:  10% (1437/14362)
Updating files:  11% (1580/14362)
Updating files:  12% (1724/14362)
Updating files:  13% (1868/14362)
Updating files:  14% (2011/14362)
Updating files:  15% (2155/14362)
Updating files:  16% (2298/14362)
Updating files:  17% (2442/14362)
Updating files:  18% (2586/14362)
Updating files:  19% (2729/14362)
Updating files:  20% (2873/14362)
Updating files:  21% (3017/14362)
Updating files:  22% (3160/14362)
Updating files:  23% (3304/14362)
Updating files:  24% (3447/14362)
Updating files:  25% (3591/14362)
Updating files:  26% (3735/14362)
Updating files:  27% (3878/14362)
Updating files:  28% (4022/14362)
Updating files:  29% (4165/14362)
Updating files:  30% (4309/14362)
Updating files:  31% (4453/14362)
Updating files:  32% (4596/14362)
Updating files:  33% (4740/14362)
Updating files:  34% (4884/14362)
Updating files:  35% (5027/14362)
Updating files:  36% (5171/14362)
Updating files:  37% (5314/14362)
Updating files:  38% (5458/14362)
Updating files:  39% (5602/14362)
Updating files:  40% (5745/14362)
Updating files:  41% (5889/14362)
Updating files:  42% (6033/14362)
Updating files:  43% (6176/14362)
Updating files:  44% (6320/14362)
Updating files:  45% (6463/14362)
Updating files:  46% (6607/14362)
Updating files:  47% (6751/14362)
Updating files:  48% (6894/14362)
Updating files:  48% (6967/14362)
Updating files:  49% (7038/14362)
Updating files:  50% (7181/14362)
Updating files:  51% (7325/14362)
Updating files:  52% (7469/14362)
Updating files:  53% (7612/14362)
Updating files:  54% (7756/14362)
Updating files:  55% (7900/14362)
Updating files:  56% (8043/14362)
Updating files:  57% (8187/14362)
Updating files:  58% (8330/14362)
Updating files:  59% (8474/14362)
Updating files:  60% (8618/14362)
Updating files:  60% (8696/14362)
Updating files:  61% (8761/14362)
Updating files:  62% (8905/14362)
Updating files:  62% (9019/14362)
Updating files:  63% (9049/14362)
Updating files:  64% (9192/14362)
Updating files:  64% (9219/14362)
Updating files:  65% (9336/14362)
Updating files:  66% (9479/14362)
Updating files:  66% (9521/14362)
Updating files:  67% (9623/14362)
Updating files:  67% (9744/14362)
Updating files:  68% (9767/14362)
Updating files:  69% (9910/14362)
Updating files:  69% (9966/14362)
Updating files:  70% (10054/14362)
Updating files:  70% (10148/14362)
Updating files:  71% (10198/14362)
Updating files:  72% (10341/14362)
Updating files:  72% (10454/14362)
Updating files:  73% (10485/14362)
Updating files:  74% (10628/14362)
Updating files:  74% (10758/14362)
Updating files:  75% (10772/14362)
Updating files:  76% (10916/14362)
Updating files:  77% (11059/14362)
Updating files:  78% (11203/14362)
Updating files:  79% (11346/14362)
Updating files:  79% (11471/14362)
Updating files:  80% (11490/14362)
Updating files:  81% (11634/14362)
Updating files:  81% (11681/14362)
Updating files:  82% (11777/14362)
Updating files:  83% (11921/14362)
Updating files:  84% (12065/14362)
Updating files:  85% (12208/14362)
Updating files:  86% (12352/14362)
Updating files:  87% (12495/14362)
Updating files:  88% (12639/14362)
Updating files:  88% (12724/14362)
Updating files:  89% (12783/14362)
Updating files:  89% (12882/14362)
Updating files:  90% (12926/14362)
Updating files:  91% (13070/14362)
Updating files:  92% (13214/14362)
Updating files:  93% (13357/14362)
Updating files:  94% (13501/14362)
Updating files:  95% (13644/14362)
Updating files:  96% (13788/14362)
Updating files:  97% (13932/14362)
Updating files:  97% (13982/14362)
Updating files:  98% (14075/14362)
Updating files:  99% (14219/14362)
Updating files: 100% (14362/14362)
Updating files: 100% (14362/14362), done.
[INFO] started tweaking git repo https://github.com/krichard410/moloch-dao-substrate
[INFO] finished tweaking git repo https://github.com/krichard410/moloch-dao-substrate
[INFO] tweaked toml for git repo https://github.com/krichard410/moloch-dao-substrate written to /workspace/builds/worker-2-tc2/source/Cargo.toml
[INFO] validating manifest of git repo https://github.com/krichard410/moloch-dao-substrate on toolchain 1.99.0-beta.1
[INFO] running `Command { std: CARGO_HOME="/workspace/cargo-home" RUSTUP_HOME="/workspace/rustup-home" "/workspace/cargo-home/bin/cargo" "+1.99.0-beta.1" "metadata" "--manifest-path" "Cargo.toml" "--no-deps", kill_on_drop: false }`
[INFO] crate git repo https://github.com/krichard410/moloch-dao-substrate already has a lockfile, it will not be regenerated
[INFO] running `Command { std: CARGO_HOME="/workspace/cargo-home" RUSTUP_HOME="/workspace/rustup-home" "/workspace/cargo-home/bin/cargo" "+1.99.0-beta.1" "fetch" "--manifest-path" "Cargo.toml", kill_on_drop: false }`
[INFO] running `Command { std: "docker" "create" "-v" "/var/lib/crater-agent-workspace/builds/worker-2-tc2/source:/opt/rustwide/workdir:ro,Z" "-v" "/var/lib/crater-agent-workspace/builds/worker-2-tc2/target:/opt/rustwide/target:rw,Z" "-v" "/var/lib/crater-agent-workspace/cargo-home:/opt/rustwide/cargo-home:ro,Z" "-v" "/var/lib/crater-agent-workspace/rustup-home:/opt/rustwide/rustup-home:ro,Z" "-m" "1610612736" "--network" "none" "ghcr.io/rust-lang/crates-build-env/linux@sha256:8683fc1fc2eb5c9ac98e0d076ab094b2ffac7f99da555d2b6a2e27f346de2ec7" "sleep" "infinity", kill_on_drop: false }`
[INFO] [stdout] 592d73b06d688e58d2204c4e97b4150f1740cb9209116d621647f4a351aed8b7
[INFO] running `Command { std: "docker" "start" "592d73b06d688e58d2204c4e97b4150f1740cb9209116d621647f4a351aed8b7", kill_on_drop: false }`
[INFO] running `Command { std: "docker" "inspect" "592d73b06d688e58d2204c4e97b4150f1740cb9209116d621647f4a351aed8b7", kill_on_drop: false }`
[INFO] running `Command { std: "docker" "exec" "-e" "SOURCE_DIR=/opt/rustwide/workdir" "-e" "CARGO_HOME=/opt/rustwide/cargo-home" "-e" "RUSTUP_HOME=/opt/rustwide/rustup-home" "-e" "CARGO_TARGET_DIR=/opt/rustwide/target" "-w" "/opt/rustwide/workdir" "--user" "0:0" "592d73b06d688e58d2204c4e97b4150f1740cb9209116d621647f4a351aed8b7" "/opt/rustwide/cargo-home/bin/cargo" "+1.99.0-beta.1" "metadata" "--no-deps" "--format-version=1", kill_on_drop: false }`
[INFO] running `Command { std: "docker" "inspect" "592d73b06d688e58d2204c4e97b4150f1740cb9209116d621647f4a351aed8b7", kill_on_drop: false }`
[INFO] running `Command { std: "docker" "exec" "-e" "SOURCE_DIR=/opt/rustwide/workdir" "-e" "CARGO_HOME=/opt/rustwide/cargo-home" "-e" "RUSTUP_HOME=/opt/rustwide/rustup-home" "-e" "CARGO_TARGET_DIR=/opt/rustwide/target" "-e" "CARGO_INCREMENTAL=0" "-e" "RUST_BACKTRACE=full" "-e" "RUSTFLAGS=--cap-lints=warn" "-e" "RUSTDOCFLAGS=--cap-lints=warn" "-w" "/opt/rustwide/workdir" "--user" "0:0" "592d73b06d688e58d2204c4e97b4150f1740cb9209116d621647f4a351aed8b7" "/opt/rustwide/cargo-home/bin/cargo" "+1.99.0-beta.1" "build" "--frozen" "--message-format=json" "--release", kill_on_drop: false }`
[INFO] [stderr]    Compiling libc v0.2.71
[INFO] [stderr]    Compiling proc-macro2 v1.0.18
[INFO] [stderr]    Compiling unicode-xid v0.2.0
[INFO] [stderr]    Compiling syn v1.0.31
[INFO] [stderr]    Compiling cfg-if v0.1.10
[INFO] [stderr]    Compiling autocfg v1.0.0
[INFO] [stderr]    Compiling log v0.4.8
[INFO] [stderr]    Compiling scopeguard v1.1.0
[INFO] [stderr]    Compiling smallvec v1.4.0
[INFO] [stderr]    Compiling getrandom v0.1.14
[INFO] [stderr]    Compiling lock_api v0.3.4
[INFO] [stderr]    Compiling memchr v2.3.3
[INFO] [stderr]    Compiling futures v0.1.29
[INFO] [stderr]    Compiling byteorder v1.3.4
[INFO] [stderr]    Compiling slab v0.4.2
[INFO] [stderr]    Compiling serde v1.0.111
[INFO] [stderr]    Compiling lazy_static v1.4.0
[INFO] [stderr]    Compiling proc-macro-hack v0.5.16
[INFO] [stderr]    Compiling quote v1.0.7
[INFO] [stderr]    Compiling either v1.5.3
[INFO] [stderr]    Compiling futures-core v0.3.5
[INFO] [stderr]    Compiling pin-utils v0.1.0
[INFO] [stderr]    Compiling futures-sink v0.3.5
[INFO] [stderr]    Compiling typenum v1.12.0
[INFO] [stderr]    Compiling proc-macro-nested v0.1.5
[INFO] [stderr]    Compiling futures-channel v0.3.5
[INFO] [stderr]    Compiling futures-io v0.3.5
[INFO] [stderr]    Compiling ppv-lite86 v0.2.8
[INFO] [stderr]    Compiling parking_lot_core v0.7.2
[INFO] [stderr]    Compiling num_cpus v1.13.0
[INFO] [stderr]    Compiling jobserver v0.1.21
[INFO] [stderr]    Compiling rand_core v0.5.1
[INFO] [stderr]    Compiling parking_lot v0.10.2
[INFO] [stderr]    Compiling cc v1.0.54
[INFO] [stderr]    Compiling rand_chacha v0.2.2
[INFO] [stderr]    Compiling rand_pcg v0.2.1
[INFO] [stderr]    Compiling arrayvec v0.5.1
[INFO] [stderr]    Compiling once_cell v1.4.0
[INFO] [stderr]    Compiling rand v0.7.3
[INFO] [stderr]    Compiling futures-task v0.3.5
[INFO] [stderr]    Compiling byte-tools v0.3.1
[INFO] [stderr]    Compiling opaque-debug v0.2.3
[INFO] [stderr]    Compiling block-padding v0.1.5
[INFO] [stderr]    Compiling generic-array v0.12.3
[INFO] [stderr]    Compiling static_assertions v1.1.0
[INFO] [stderr]    Compiling crunchy v0.2.2
[INFO] [stderr]    Compiling fake-simd v0.1.2
[INFO] [stderr]    Compiling unicode-normalization v0.1.12
[INFO] [stderr]    Compiling subtle v1.0.0
[INFO] [stderr]    Compiling arrayref v0.3.6
[INFO] [stderr]    Compiling constant_time_eq v0.1.5
[INFO] [stderr]    Compiling keccak v0.1.0
[INFO] [stderr]    Compiling subtle v2.2.3
[INFO] [stderr]    Compiling libm v0.2.1
[INFO] [stderr]    Compiling clear_on_drop v0.2.4
[INFO] [stderr]    Compiling digest v0.8.1
[INFO] [stderr]    Compiling block-buffer v0.7.3
[INFO] [stderr]    Compiling crypto-mac v0.7.0
[INFO] [stderr]    Compiling num-traits v0.2.11
[INFO] [stderr]    Compiling sha2 v0.8.2
[INFO] [stderr]    Compiling hmac v0.7.1
[INFO] [stderr]    Compiling rustc-hex v2.1.0
[INFO] [stderr]    Compiling hmac-drbg v0.2.0
[INFO] [stderr]    Compiling radium v0.3.0
[INFO] [stderr]    Compiling byte-slice-cast v0.3.5
[INFO] [stderr]    Compiling bitvec v0.17.4
[INFO] [stderr]    Compiling num-integer v0.1.42
[INFO] [stderr]    Compiling arrayvec v0.4.12
[INFO] [stderr]    Compiling uint v0.8.3
[INFO] [stderr]    Compiling aho-corasick v0.7.10
[INFO] [stderr]    Compiling thread_local v1.0.1
[INFO] [stderr]    Compiling libsecp256k1 v0.3.5
[INFO] [stderr]    Compiling regex-syntax v0.6.18
[INFO] [stderr]    Compiling autocfg v0.1.7
[INFO] [stderr]    Compiling nodrop v0.1.14
[INFO] [stderr]    Compiling fixed-hash v0.6.1
[INFO] [stderr]    Compiling num-bigint v0.2.6
[INFO] [stderr]    Compiling gimli v0.21.0
[INFO] [stderr]    Compiling blake2-rfc v0.2.18
[INFO] [stderr]    Compiling num-rational v0.2.4
[INFO] [stderr]    Compiling rustc-demangle v0.1.16
[INFO] [stderr]    Compiling failure_derive v0.1.8
[INFO] [stderr]    Compiling object v0.19.0
[INFO] [stderr]    Compiling regex v1.3.9
[INFO] [stderr]    Compiling synstructure v0.12.4
[INFO] [stderr]    Compiling addr2line v0.12.1
[INFO] [stderr]    Compiling parity-util-mem v0.6.1
[INFO] [stderr]    Compiling backtrace v0.3.48
[INFO] [stderr]    Compiling serde_derive v1.0.111
[INFO] [stderr]    Compiling pin-project-internal v0.4.20
[INFO] [stderr]    Compiling futures-macro v0.3.5
[INFO] [stderr]    Compiling zeroize_derive v1.0.0
[INFO] [stderr]    Compiling zeroize v1.1.0
[INFO] [stderr]    Compiling curve25519-dalek v2.1.0
[INFO] [stderr]    Compiling pin-project v0.4.20
[INFO] [stderr]    Compiling futures-util v0.3.5
[INFO] [stderr]    Compiling impl-trait-for-tuples v0.1.3
[INFO] [stderr]    Compiling parity-util-mem-derive v0.1.0
[INFO] [stderr]    Compiling fnv v1.0.7
[INFO] [stderr]    Compiling maybe-uninit v2.0.0
[INFO] [stderr]    Compiling sp-std v2.0.0-rc3 (https://github.com/paritytech/substrate.git?tag=v2.0.0-rc3#34695a85)
[INFO] [stderr]    Compiling failure v0.1.8
[INFO] [stderr]    Compiling sp-debug-derive v2.0.0-rc3 (https://github.com/paritytech/substrate.git?tag=v2.0.0-rc3#34695a85)
[INFO] [stderr]    Compiling ref-cast-impl v1.0.1
[INFO] [stderr]    Compiling futures-executor v0.3.5
[INFO] [stderr]    Compiling tracing-core v0.1.10
[INFO] [stderr]    Compiling parity-wasm v0.41.0
[INFO] [stderr]    Compiling ref-cast v1.0.1
[INFO] [stderr]    Compiling futures v0.3.5
[INFO] [stderr]    Compiling tracing-attributes v0.1.8
[INFO] [stderr]    Compiling hash-db v0.15.2
[INFO] [stderr]    Compiling memory_units v0.3.0
[INFO] [stderr]    Compiling merlin v2.0.0
[INFO] [stderr]    Compiling derive_more v0.99.7
[INFO] [stderr]    Compiling Inflector v0.11.4
[INFO] [stderr]    Compiling pbkdf2 v0.3.0
[INFO] [stderr]    Compiling tracing v0.1.15
[INFO] [stderr]    Compiling semver-parser v0.7.0
[INFO] [stderr]    Compiling environmental v1.1.1
[INFO] [stderr]    Compiling tiny-keccak v2.0.2
[INFO] [stderr]    Compiling semver v0.9.0
[INFO] [stderr]    Compiling sp-tracing v2.0.0-rc3 (https://github.com/paritytech/substrate.git?tag=v2.0.0-rc3#34695a85)
[INFO] [stderr]    Compiling wasmi-validation v0.3.0
[INFO] [stderr]    Compiling schnorrkel v0.9.1
[INFO] [stderr]    Compiling indexmap v1.4.0
[INFO] [stderr]    Compiling hex v0.4.2
[INFO] [stderr]    Compiling toml v0.5.6
[INFO] [stderr]    Compiling impl-serde v0.3.1
[INFO] [stderr]    Compiling impl-serde v0.2.3
[INFO] [stderr]    Compiling sp-storage v2.0.0-rc3 (https://github.com/paritytech/substrate.git?tag=v2.0.0-rc3#34695a85)
[INFO] [stderr]    Compiling wasmi v0.6.2
[INFO] [stderr]    Compiling rustc-hash v1.1.0
[INFO] [stderr]    Compiling tiny-bip39 v0.7.3
[INFO] [stderr]    Compiling substrate-bip39 v0.4.1
[INFO] [stderr]    Compiling rustc_version v0.2.3
[INFO] [stderr]    Compiling proc-macro-crate v0.1.4
[INFO] [stderr]    Compiling parity-scale-codec-derive v1.2.0
[INFO] [stderr]    Compiling sp-runtime-interface-proc-macro v2.0.0-rc3 (https://github.com/paritytech/substrate.git?tag=v2.0.0-rc3#34695a85)
[INFO] [stderr]    Compiling twox-hash v1.5.0
[INFO] [stderr]    Compiling hash256-std-hasher v0.15.2
[INFO] [stderr]    Compiling base58 v0.1.0
[INFO] [stderr]    Compiling const-random-macro v0.1.8
[INFO] [stderr]    Compiling hashbrown v0.6.3
[INFO] [stderr]    Compiling iovec v0.1.4
[INFO] [stderr]    Compiling const-random v0.1.8
[INFO] [stderr]    Compiling ahash v0.2.18
[INFO] [stderr]    Compiling which v3.1.1
[INFO] [stderr]    Compiling bytes v0.5.4
[INFO] [stderr]    Compiling unicode-segmentation v1.6.0
[INFO] [stderr]    Compiling itoa v0.4.5
[INFO] [stderr]    Compiling anyhow v1.0.31
[INFO] [stderr]    Compiling heck v0.3.1
[INFO] [stderr]    Compiling trie-root v0.16.0
[INFO] [stderr]    Compiling parity-scale-codec v1.3.0
[INFO] [stderr]    Compiling crossbeam-utils v0.7.2
[INFO] [stderr]    Compiling spin v0.5.2
[INFO] [stderr]    Compiling trie-db v0.20.1
[INFO] [stderr]    Compiling itertools v0.8.2
[INFO] [stderr]    Compiling parking_lot_core v0.6.2
[INFO] [stderr]    Compiling sp-panic-handler v2.0.0-rc3 (https://github.com/paritytech/substrate.git?tag=v2.0.0-rc3#34695a85)
[INFO] [stderr]    Compiling ring v0.16.14
[INFO] [stderr]    Compiling prost-derive v0.6.1
[INFO] [stderr]    Compiling parking_lot v0.9.0
[INFO] [stderr]    Compiling smallvec v0.6.13
[INFO] [stderr]    Compiling prost-build v0.6.1
[INFO] [stderr]    Compiling paste-impl v0.1.16
[INFO] [stderr]    Compiling net2 v0.2.34
[INFO] [stderr]    Compiling matches v0.1.8
[INFO] [stderr]    Compiling prost v0.6.1
[INFO] [stderr]    Compiling integer-sqrt v0.1.3
[INFO] [stderr]    Compiling fixedbitset v0.2.0
[INFO] [stderr]    Compiling untrusted v0.7.1
[INFO] [stderr]    Compiling remove_dir_all v0.5.2
[INFO] [stderr]    Compiling tempfile v3.1.0
[INFO] [stderr]    Compiling prost-types v0.6.1
[INFO] [stderr]    Compiling petgraph v0.5.1
[INFO] [stderr]    Compiling mio v0.6.22
[INFO] [stderr]    Compiling paste v0.1.16
[INFO] [stderr]    Compiling unicode-bidi v0.3.4
[INFO] [stderr]    Compiling multimap v0.8.1
[INFO] [stderr]    Compiling thiserror-impl v1.0.19
[INFO] [stderr]    Compiling impl-codec v0.4.2
[INFO] [stderr]    Compiling sp-wasm-interface v2.0.0-rc3 (https://github.com/paritytech/substrate.git?tag=v2.0.0-rc3#34695a85)
[INFO] [stderr]    Compiling primitive-types v0.7.2
[INFO] [stderr]    Compiling sp-externalities v0.8.0-rc3 (https://github.com/paritytech/substrate.git?tag=v2.0.0-rc3#34695a85)
[INFO] [stderr]    Compiling sp-arithmetic v2.0.0-rc3 (https://github.com/paritytech/substrate.git?tag=v2.0.0-rc3#34695a85)
[INFO] [stderr]    Compiling sha-1 v0.8.2
[INFO] [stderr]    Compiling memoffset v0.5.4
[INFO] [stderr]    Compiling thiserror v1.0.19
[INFO] [stderr]    Compiling idna v0.2.0
[INFO] [stdout] error[E0283]: type annotations needed
[INFO] [stdout]     --> /opt/rustwide/cargo-home/git/checkouts/substrate-ef701c1d76c9f8aa/34695a8/primitives/arithmetic/src/fixed_point.rs:524:32
[INFO] [stdout]      |
[INFO] [stdout]  524 |                   let accuracy = P::ACCURACY.saturated_into();
[INFO] [stdout]      |                                              ^^^^^^^^^^^^^^ cannot infer type
[INFO] [stdout] ...
[INFO] [stdout] 1561 | / implement_fixed!(
[INFO] [stdout] 1562 | |     FixedI64,
[INFO] [stdout] 1563 | |     test_fixed_i64,
[INFO] [stdout] 1564 | |     i64,
[INFO] [stdout] ...    |
[INFO] [stdout] 1567 | |     "_Fixed Point 64 bits signed, range = [-9223372036.854775808, 9223372036.854775807]_",
[INFO] [stdout] 1568 | | );
[INFO] [stdout]      | |_- in this macro invocation
[INFO] [stdout]      |
[INFO] [stdout]      = note: cannot satisfy `<P as PerThing>::Inner: UniqueSaturatedInto<_>`
[INFO] [stdout] note: required by a bound in `SaturatedConversion::saturated_into`
[INFO] [stdout]     --> /opt/rustwide/cargo-home/git/checkouts/substrate-ef701c1d76c9f8aa/34695a8/primitives/arithmetic/src/traits.rs:178:46
[INFO] [stdout]      |
[INFO] [stdout]  178 |     fn saturated_into<T>(self) -> T where Self: UniqueSaturatedInto<T> {
[INFO] [stdout]      |                                                 ^^^^^^^^^^^^^^^^^^^^^^ required by this bound in `SaturatedConversion::saturated_into`
[INFO] [stdout]      = note: this error originates in the macro `implement_fixed` (in Nightly builds, run with -Z macro-backtrace for more info)
[INFO] [stdout] 
[INFO] [stdout] 
[INFO] [stdout] error[E0283]: type annotations needed
[INFO] [stdout]     --> /opt/rustwide/cargo-home/git/checkouts/substrate-ef701c1d76c9f8aa/34695a8/primitives/arithmetic/src/fixed_point.rs:524:32
[INFO] [stdout]      |
[INFO] [stdout]  524 |                   let accuracy = P::ACCURACY.saturated_into();
[INFO] [stdout]      |                                              ^^^^^^^^^^^^^^ cannot infer type
[INFO] [stdout] ...
[INFO] [stdout] 1570 | / implement_fixed!(
[INFO] [stdout] 1571 | |     FixedI128,
[INFO] [stdout] 1572 | |     test_fixed_i128,
[INFO] [stdout] 1573 | |     i128,
[INFO] [stdout] ...    |
[INFO] [stdout] 1577 | |         [-170141183460469231731.687303715884105728, 170141183460469231731.687303715884105727]_",
[INFO] [stdout] 1578 | | );
[INFO] [stdout]      | |_- in this macro invocation
[INFO] [stdout]      |
[INFO] [stdout]      = note: cannot satisfy `<P as PerThing>::Inner: UniqueSaturatedInto<_>`
[INFO] [stdout] note: required by a bound in `SaturatedConversion::saturated_into`
[INFO] [stdout]     --> /opt/rustwide/cargo-home/git/checkouts/substrate-ef701c1d76c9f8aa/34695a8/primitives/arithmetic/src/traits.rs:178:46
[INFO] [stdout]      |
[INFO] [stdout]  178 |     fn saturated_into<T>(self) -> T where Self: UniqueSaturatedInto<T> {
[INFO] [stdout]      |                                                 ^^^^^^^^^^^^^^^^^^^^^^ required by this bound in `SaturatedConversion::saturated_into`
[INFO] [stdout]      = note: this error originates in the macro `implement_fixed` (in Nightly builds, run with -Z macro-backtrace for more info)
[INFO] [stdout] 
[INFO] [stdout] 
[INFO] [stdout] error[E0283]: type annotations needed
[INFO] [stdout]     --> /opt/rustwide/cargo-home/git/checkouts/substrate-ef701c1d76c9f8aa/34695a8/primitives/arithmetic/src/fixed_point.rs:524:32
[INFO] [stdout]      |
[INFO] [stdout]  524 |                   let accuracy = P::ACCURACY.saturated_into();
[INFO] [stdout]      |                                              ^^^^^^^^^^^^^^ cannot infer type
[INFO] [stdout] ...
[INFO] [stdout] 1580 | / implement_fixed!(
[INFO] [stdout] 1581 | |     FixedU128,
[INFO] [stdout] 1582 | |     test_fixed_u128,
[INFO] [stdout] 1583 | |     u128,
[INFO] [stdout] ...    |
[INFO] [stdout] 1587 | |         [0.000000000000000000, 340282366920938463463.374607431768211455]_",
[INFO] [stdout] 1588 | | );
[INFO] [stdout]      | |_- in this macro invocation
[INFO] [stdout]      |
[INFO] [stdout]      = note: cannot satisfy `<P as PerThing>::Inner: UniqueSaturatedInto<_>`
[INFO] [stdout] note: required by a bound in `SaturatedConversion::saturated_into`
[INFO] [stdout]     --> /opt/rustwide/cargo-home/git/checkouts/substrate-ef701c1d76c9f8aa/34695a8/primitives/arithmetic/src/traits.rs:178:46
[INFO] [stdout]      |
[INFO] [stdout]  178 |     fn saturated_into<T>(self) -> T where Self: UniqueSaturatedInto<T> {
[INFO] [stdout]      |                                                 ^^^^^^^^^^^^^^^^^^^^^^ required by this bound in `SaturatedConversion::saturated_into`
[INFO] [stdout]      = note: this error originates in the macro `implement_fixed` (in Nightly builds, run with -Z macro-backtrace for more info)
[INFO] [stdout] 
[INFO] [stdout] 
[INFO] [stderr]    Compiling futures_codec v0.3.4
[INFO] [stderr]    Compiling crossbeam-epoch v0.8.2
[INFO] [stdout] For more information about this error, try `rustc --explain E0283`.
[INFO] [stdout] 
[INFO] [stderr] error: could not compile `sp-arithmetic` (lib) due to 3 previous errors
[INFO] [stderr] warning: build failed, waiting for other jobs to finish...
[INFO] running `Command { std: "docker" "inspect" "592d73b06d688e58d2204c4e97b4150f1740cb9209116d621647f4a351aed8b7", kill_on_drop: false }`
[INFO] running `Command { std: "docker" "rm" "-f" "592d73b06d688e58d2204c4e97b4150f1740cb9209116d621647f4a351aed8b7", kill_on_drop: false }`
[INFO] [stdout] 592d73b06d688e58d2204c4e97b4150f1740cb9209116d621647f4a351aed8b7
