[INFO] cloning repository https://github.com/knoxfighter/factorio-server-manager-rework
[INFO] running `Command { std: "git" "-c" "credential.helper=" "-c" "credential.helper=/workspace/cargo-home/bin/git-credential-null" "clone" "--bare" "https://github.com/knoxfighter/factorio-server-manager-rework" "/workspace/cache/git-repos/https%3A%2F%2Fgithub.com%2Fknoxfighter%2Ffactorio-server-manager-rework", kill_on_drop: false }`
[INFO] [stderr] Cloning into bare repository '/workspace/cache/git-repos/https%3A%2F%2Fgithub.com%2Fknoxfighter%2Ffactorio-server-manager-rework'...
[INFO] running `Command { std: "git" "rev-parse" "HEAD", kill_on_drop: false }`
[INFO] [stdout] a87316079c203b303adc2262b6d53c24597310e0
[INFO] testing knoxfighter/factorio-server-manager-rework against 1.99.0-beta.1+cargoflags=--release for beta-release-1.99-2
[INFO] running `Command { std: "git" "clone" "/workspace/cache/git-repos/https%3A%2F%2Fgithub.com%2Fknoxfighter%2Ffactorio-server-manager-rework" "/workspace/builds/worker-3-tc2/source", kill_on_drop: false }`
[INFO] [stderr] Cloning into '/workspace/builds/worker-3-tc2/source'...
[INFO] [stderr] done.
[INFO] started tweaking git repo https://github.com/knoxfighter/factorio-server-manager-rework
[INFO] finished tweaking git repo https://github.com/knoxfighter/factorio-server-manager-rework
[INFO] tweaked toml for git repo https://github.com/knoxfighter/factorio-server-manager-rework written to /workspace/builds/worker-3-tc2/source/Cargo.toml
[INFO] validating manifest of git repo https://github.com/knoxfighter/factorio-server-manager-rework on toolchain 1.99.0-beta.1
[INFO] running `Command { std: CARGO_HOME="/workspace/cargo-home" RUSTUP_HOME="/workspace/rustup-home" "/workspace/cargo-home/bin/cargo" "+1.99.0-beta.1" "metadata" "--manifest-path" "Cargo.toml" "--no-deps", kill_on_drop: false }`
[INFO] crate git repo https://github.com/knoxfighter/factorio-server-manager-rework already has a lockfile, it will not be regenerated
[INFO] running `Command { std: CARGO_HOME="/workspace/cargo-home" RUSTUP_HOME="/workspace/rustup-home" "/workspace/cargo-home/bin/cargo" "+1.99.0-beta.1" "fetch" "--manifest-path" "Cargo.toml", kill_on_drop: false }`
[INFO] running `Command { std: "docker" "create" "-v" "/var/lib/crater-agent-workspace/builds/worker-3-tc2/source:/opt/rustwide/workdir:ro,Z" "-v" "/var/lib/crater-agent-workspace/builds/worker-3-tc2/target:/opt/rustwide/target:rw,Z" "-v" "/var/lib/crater-agent-workspace/cargo-home:/opt/rustwide/cargo-home:ro,Z" "-v" "/var/lib/crater-agent-workspace/rustup-home:/opt/rustwide/rustup-home:ro,Z" "-m" "1610612736" "--network" "none" "ghcr.io/rust-lang/crates-build-env/linux@sha256:8683fc1fc2eb5c9ac98e0d076ab094b2ffac7f99da555d2b6a2e27f346de2ec7" "sleep" "infinity", kill_on_drop: false }`
[INFO] [stdout] adeceddf3e7312eea7954d133f118af4bdf749e7839ffc48c052568d968396bd
[INFO] running `Command { std: "docker" "start" "adeceddf3e7312eea7954d133f118af4bdf749e7839ffc48c052568d968396bd", kill_on_drop: false }`
[INFO] running `Command { std: "docker" "inspect" "adeceddf3e7312eea7954d133f118af4bdf749e7839ffc48c052568d968396bd", kill_on_drop: false }`
[INFO] running `Command { std: "docker" "exec" "-e" "SOURCE_DIR=/opt/rustwide/workdir" "-e" "CARGO_HOME=/opt/rustwide/cargo-home" "-e" "RUSTUP_HOME=/opt/rustwide/rustup-home" "-e" "CARGO_TARGET_DIR=/opt/rustwide/target" "-w" "/opt/rustwide/workdir" "--user" "0:0" "adeceddf3e7312eea7954d133f118af4bdf749e7839ffc48c052568d968396bd" "/opt/rustwide/cargo-home/bin/cargo" "+1.99.0-beta.1" "metadata" "--no-deps" "--format-version=1", kill_on_drop: false }`
[INFO] running `Command { std: "docker" "inspect" "adeceddf3e7312eea7954d133f118af4bdf749e7839ffc48c052568d968396bd", kill_on_drop: false }`
[INFO] running `Command { std: "docker" "exec" "-e" "SOURCE_DIR=/opt/rustwide/workdir" "-e" "CARGO_HOME=/opt/rustwide/cargo-home" "-e" "RUSTUP_HOME=/opt/rustwide/rustup-home" "-e" "CARGO_TARGET_DIR=/opt/rustwide/target" "-e" "CARGO_INCREMENTAL=0" "-e" "RUST_BACKTRACE=full" "-e" "RUSTFLAGS=--cap-lints=warn" "-e" "RUSTDOCFLAGS=--cap-lints=warn" "-w" "/opt/rustwide/workdir" "--user" "0:0" "adeceddf3e7312eea7954d133f118af4bdf749e7839ffc48c052568d968396bd" "/opt/rustwide/cargo-home/bin/cargo" "+1.99.0-beta.1" "build" "--frozen" "--message-format=json" "--release", kill_on_drop: false }`
[INFO] [stderr]    Compiling unicode-ident v1.0.19
[INFO] [stderr]    Compiling proc-macro2 v1.0.101
[INFO] [stderr]    Compiling quote v1.0.41
[INFO] [stderr]    Compiling cfg-if v1.0.3
[INFO] [stderr]    Compiling libc v0.2.177
[INFO] [stderr]    Compiling once_cell v1.21.3
[INFO] [stderr]    Compiling pin-project-lite v0.2.16
[INFO] [stderr]    Compiling futures-core v0.3.31
[INFO] [stderr]    Compiling rustversion v1.0.22
[INFO] [stderr]    Compiling futures-sink v0.3.31
[INFO] [stderr]    Compiling itoa v1.0.15
[INFO] [stderr]    Compiling memchr v2.7.6
[INFO] [stderr]    Compiling futures-channel v0.3.31
[INFO] [stderr]    Compiling smallvec v1.15.1
[INFO] [stderr]    Compiling wasm-bindgen-shared v0.2.104
[INFO] [stderr]    Compiling futures-io v0.3.31
[INFO] [stderr]    Compiling pin-utils v0.1.0
[INFO] [stderr]    Compiling futures-task v0.3.31
[INFO] [stderr]    Compiling slab v0.4.11
[INFO] [stderr]    Compiling bumpalo v3.19.0
[INFO] [stderr]    Compiling log v0.4.28
[INFO] [stderr]    Compiling tracing-core v0.1.34
[INFO] [stderr]    Compiling typenum v1.19.0
[INFO] [stderr]    Compiling wasm-bindgen v0.2.104
[INFO] [stderr]    Compiling generic-array v0.14.7
[INFO] [stderr]    Compiling thiserror v2.0.17
[INFO] [stderr]    Compiling stable_deref_trait v1.2.1
[INFO] [stderr]    Compiling dioxus-core-types v0.7.0-rc.1
[INFO] [stderr]    Compiling slotmap v1.0.7
[INFO] [stderr]    Compiling anyhow v1.0.100
[INFO] [stderr]    Compiling libloading v0.8.9
[INFO] [stderr]    Compiling zerocopy v0.8.27
[INFO] [stderr]    Compiling rustc-hash v2.1.1
[INFO] [stderr]    Compiling httparse v1.10.1
[INFO] [stderr]    Compiling syn v2.0.106
[INFO] [stderr]    Compiling longest-increasing-subsequence v0.1.0
[INFO] [stderr]    Compiling const_format_proc_macros v0.2.34
[INFO] [stderr]    Compiling writeable v0.6.1
[INFO] [stderr]    Compiling unicode-segmentation v1.12.0
[INFO] [stderr]    Compiling serde_json v1.0.145
[INFO] [stderr]    Compiling parking_lot_core v0.9.12
[INFO] [stderr]    Compiling memmap2 v0.9.8
[INFO] [stderr]    Compiling socket2 v0.6.0
[INFO] [stderr]    Compiling parking_lot v0.12.5
[INFO] [stderr]    Compiling mio v1.0.4
[INFO] [stderr]    Compiling litemap v0.8.0
[INFO] [stderr]    Compiling ryu v1.0.20
[INFO] [stderr]    Compiling convert_case v0.8.0
[INFO] [stderr]    Compiling const_format v0.2.35
[INFO] [stderr]    Compiling find-msvc-tools v0.1.4
[INFO] [stderr]    Compiling icu_normalizer_data v2.0.0
[INFO] [stderr]    Compiling icu_properties_data v2.0.1
[INFO] [stderr]    Compiling lazy-js-bundle v0.7.0-rc.1
[INFO] [stderr]    Compiling cc v1.2.41
[INFO] [stderr]    Compiling proc-macro2-diagnostics v0.10.1
[INFO] [stderr]    Compiling tower-service v0.3.3
[INFO] [stderr]    Compiling getrandom v0.3.3
[INFO] [stderr]    Compiling mime v0.3.17
[INFO] [stderr]    Compiling base64 v0.22.1
[INFO] [stderr]    Compiling bitflags v2.9.4
[INFO] [stderr]    Compiling sync_wrapper v1.0.2
[INFO] [stderr]    Compiling tower-layer v0.3.3
[INFO] [stderr]    Compiling rustls-pki-types v1.12.0
[INFO] [stderr]    Compiling rand_core v0.9.3
[INFO] [stderr]    Compiling getrandom v0.2.16
[INFO] [stderr]    Compiling form_urlencoded v1.2.2
[INFO] [stderr]    Compiling utf8_iter v1.0.4
[INFO] [stderr]    Compiling untrusted v0.9.0
[INFO] [stderr]    Compiling cpufeatures v0.2.17
[INFO] [stderr]    Compiling block-buffer v0.10.4
[INFO] [stderr]    Compiling crypto-common v0.1.6
[INFO] [stderr]    Compiling serde_core v1.0.228
[INFO] [stderr]    Compiling euclid v0.22.11
[INFO] [stderr]    Compiling keyboard-types v0.7.0
[INFO] [stderr]    Compiling digest v0.10.7
[INFO] [stderr]    Compiling sha1 v0.10.6
[INFO] [stderr]    Compiling ring v0.17.14
[INFO] [stderr]    Compiling try-lock v0.2.5
[INFO] [stderr]    Compiling powerfmt v0.2.0
[INFO] [stderr]    Compiling num-conv v0.1.0
[INFO] [stderr]    Compiling rustls v0.23.32
[INFO] [stderr]    Compiling atomic-waker v1.1.2
[INFO] [stderr]    Compiling time-core v0.1.6
[INFO] [stderr]    Compiling serde v1.0.228
[INFO] [stderr]    Compiling deranged v0.5.4
[INFO] [stderr]    Compiling want v0.3.1
[INFO] [stderr]    Compiling dioxus-document v0.7.0-rc.1
[INFO] [stderr]    Compiling time-macros v0.2.24
[INFO] [stderr]    Compiling encoding_rs v0.8.35
[INFO] [stderr]    Compiling cookie v0.18.1
[INFO] [stderr]    Compiling ciborium-io v0.2.2
[INFO] [stderr]    Compiling data-encoding v2.9.0
[INFO] [stderr]    Compiling subtle v2.6.1
[INFO] [stderr]    Compiling unicase v2.8.1
[INFO] [stderr]    Compiling utf-8 v0.7.6
[INFO] [stderr]    Compiling wasm-bindgen-backend v0.2.104
[INFO] [stderr]    Compiling synstructure v0.13.2
[INFO] [stderr]    Compiling darling_core v0.21.3
[INFO] [stderr]    Compiling dioxus-rsx v0.7.0-rc.1
[INFO] [stderr]    Compiling wasm-bindgen-macro-support v0.2.104
[INFO] [stderr]    Compiling serde_derive v1.0.228
[INFO] [stderr]    Compiling futures-macro v0.3.31
[INFO] [stderr]    Compiling tracing-attributes v0.1.30
[INFO] [stderr]    Compiling futures-util v0.3.31
[INFO] [stderr]    Compiling zerofrom-derive v0.1.6
[INFO] [stderr]    Compiling wasm-bindgen-macro v0.2.104
[INFO] [stderr]    Compiling thiserror-impl v2.0.17
[INFO] [stderr]    Compiling tracing v0.1.41
[INFO] [stderr]    Compiling yoke-derive v0.8.0
[INFO] [stderr]    Compiling zerofrom v0.1.6
[INFO] [stderr]    Compiling zerovec-derive v0.11.1
[INFO] [stderr]    Compiling pin-project-internal v1.1.10
[INFO] [stderr]    Compiling displaydoc v0.2.5
[INFO] [stderr]    Compiling yoke v0.8.0
[INFO] [stderr]    Compiling warnings-macro v0.2.0
[INFO] [stderr]    Compiling generational-box v0.7.0-rc.1
[INFO] [stderr]    Compiling zerocopy-derive v0.8.27
[INFO] [stderr]    Compiling zerotrie v0.2.2
[INFO] [stderr]    Compiling zerovec v0.11.4
[INFO] [stderr]    Compiling pin-project v1.1.10
[INFO] [stderr]    Compiling warnings v0.2.1
[INFO] [stderr]    Compiling js-sys v0.3.81
[INFO] [stderr]    Compiling darling_macro v0.21.3
[INFO] [stderr]    Compiling darling v0.21.3
[INFO] [stderr]    Compiling dioxus-cli-config v0.7.0-rc.1
[INFO] [stderr]    Compiling const-serialize-macro v0.7.0-rc.1
[INFO] [stderr]    Compiling enumset_derive v0.14.0
[INFO] [stderr]    Compiling dioxus-core-macro v0.7.0-rc.1
[INFO] [stderr]    Compiling bytes v1.10.1
[INFO] [stderr]    Compiling subsecond-types v0.7.0-rc.1
[INFO] [stderr]    Compiling subsecond v0.7.0-rc.1
[INFO] [stderr]    Compiling tinystr v0.8.1
[INFO] [stderr]    Compiling icu_locale_core v2.0.0
[INFO] [stderr]    Compiling potential_utf v0.1.3
[INFO] [stderr]    Compiling icu_collections v2.0.0
[INFO] [stderr]    Compiling http v1.3.1
[INFO] [stderr]    Compiling dioxus-core v0.7.0-rc.1
[INFO] [stderr]    Compiling tokio v1.47.1
[INFO] [stderr]    Compiling icu_provider v2.0.0
[INFO] [stderr]    Compiling icu_properties v2.0.1
[INFO] [stderr]    Compiling http-body v1.0.1
[INFO] [stderr]    Compiling icu_normalizer v2.0.0
[INFO] [stderr]    Compiling ppv-lite86 v0.2.21
[INFO] [stderr]    Compiling idna_adapter v1.2.1
[INFO] [stderr]    Compiling web-sys v0.3.81
[INFO] [stderr]    Compiling idna v1.1.0
[INFO] [stderr]    Compiling dioxus-signals v0.7.0-rc.1
[INFO] [stderr]    Compiling rand_chacha v0.9.0
[INFO] [stderr]    Compiling wasm-bindgen-futures v0.4.54
[INFO] [stderr]    Compiling http-body-util v0.1.3
[INFO] [stderr]    Compiling dioxus-hooks v0.7.0-rc.1
[INFO] [stderr]    Compiling enumset v1.1.10
[INFO] [stderr]    Compiling dioxus-html-internal-macro v0.7.0-rc.1
[INFO] [stderr]    Compiling async-trait v0.1.89
[INFO] [stderr]    Compiling rand v0.9.2
[INFO] [stderr]    Compiling half v2.7.0
[INFO] [stderr]    Compiling dioxus-html v0.7.0-rc.1
[INFO] [stderr]    Compiling ciborium-ll v0.2.2
[INFO] [stderr]    Compiling time v0.3.44
[INFO] [stderr]    Compiling tungstenite v0.27.0
[INFO] [stderr]    Compiling axum-core v0.5.5
[INFO] [stderr]    Compiling rustls-webpki v0.103.7
[INFO] [stderr]    Compiling tower v0.5.2
[INFO] [stderr]    Compiling hyper v1.7.0
[INFO] [stderr]    Compiling url v2.5.7
[INFO] [stderr]    Compiling dioxus-history v0.7.0-rc.1
[INFO] [stderr]    Compiling const-serialize v0.7.0-rc.1
[INFO] [stderr]    Compiling mime_guess v2.0.5
[INFO] [stderr]    Compiling multer v3.1.0
[INFO] [stderr]    Compiling uuid v1.18.1
[INFO] [stderr]    Compiling regex-syntax v0.8.7
[INFO] [stderr]    Compiling ipnet v2.11.0
[INFO] [stderr]    Compiling psl-types v2.0.11
[INFO] [stderr]    Compiling thiserror v1.0.69
[INFO] [stderr]    Compiling litrs v0.4.2
[INFO] [stderr]    Compiling document-features v0.2.11
[INFO] [stderr]    Compiling hyper-util v0.1.17
[INFO] [stderr]    Compiling publicsuffix v2.3.0
[INFO] [stderr]    Compiling regex-automata v0.4.12
[INFO] [stderr]    Compiling cfb v0.7.3
[INFO] [stderr]    Compiling tokio-rustls v0.26.4
[INFO] [stderr]    Compiling manganis-core v0.7.0-rc.1
[INFO] [stderr]    Compiling ciborium v0.2.2
[INFO] [stderr]    Compiling serde_urlencoded v0.7.1
[INFO] [stderr]    Compiling thiserror-impl v1.0.69
[INFO] [stderr]    Compiling sledgehammer_bindgen_macro v0.6.1
[INFO] [stderr]    Compiling webpki-roots v1.0.3
[INFO] [stderr]    Compiling dioxus-interpreter-js v0.7.0-rc.1
[INFO] [stderr]    Compiling iri-string v0.7.8
[INFO] [stderr]    Compiling rustc-hash v1.1.0
[INFO] [stderr]    Compiling spin v0.9.8
[INFO] [stderr]    Compiling inventory v0.3.21
[INFO] [stderr]    Compiling sha2 v0.10.9
[INFO] [stderr]    Compiling dioxus-fullstack-core v0.7.0-rc.1
[INFO] [stderr]    Compiling wasm-streams v0.4.2
[INFO] [stderr]    Compiling sledgehammer_bindgen v0.6.0
[INFO] [stderr]    Compiling sledgehammer_utils v0.3.1
[INFO] [stderr]    Compiling sharded-slab v0.1.7
[INFO] [stderr]    Compiling tower-http v0.6.6
[INFO] [stderr]    Compiling hyper-rustls v0.27.7
[INFO] [stderr]    Compiling matchers v0.2.0
[INFO] [stderr]    Compiling gloo-utils v0.2.0
[INFO] [stderr]    Compiling infer v0.19.0
[INFO] [stderr]    Compiling cookie_store v0.21.1
[INFO] [stderr]    Compiling tokio-util v0.7.16
[INFO] [stderr]    Compiling dioxus-devtools-types v0.7.0-rc.1
[INFO] [stderr]    Compiling headers-core v0.3.0
[INFO] [stderr]    Compiling futures-executor v0.3.31
[INFO] [stderr]    Compiling derive_more-impl v2.0.1
[INFO] [stderr]    Compiling async-stream-impl v0.3.6
[INFO] [stderr]    Compiling charset v0.1.5
[INFO] [stderr]    Compiling macro-string v0.1.4
[INFO] [stderr]    Compiling tracing-log v0.2.0
[INFO] [stderr]    Compiling dioxus-web v0.7.0-rc.1
[INFO] [stderr]    Compiling serde_path_to_error v0.1.20
[INFO] [stderr]    Compiling thread_local v1.1.9
[INFO] [stderr]    Compiling send_wrapper v0.6.0
[INFO] [stderr]    Compiling httpdate v1.0.3
[INFO] [stderr]    Compiling base16 v0.2.1
[INFO] [stderr]    Compiling nu-ansi-term v0.50.3
[INFO] [stderr]    Compiling xxhash-rust v0.8.15
[INFO] [stderr]    Compiling matchit v0.8.4
[INFO] [stderr]    Compiling dunce v1.0.5
[INFO] [stderr]    Compiling manganis-macro v0.7.0-rc.1
[INFO] [stderr]    Compiling dioxus-fullstack-macro v0.7.0-rc.1
[INFO] [stderr]    Compiling dioxus-router-macro v0.7.0-rc.1
[INFO] [stderr]    Compiling axum v0.8.6
[INFO] [stderr]    Compiling tracing-subscriber v0.3.20
[INFO] [stderr]    Compiling headers v0.4.1
[INFO] [stderr]    Compiling derive_more v2.0.1
[INFO] [stderr]    Compiling content_disposition v0.4.0
[INFO] [stderr]    Compiling async-stream v0.3.6
[INFO] [stderr]    Compiling reqwest v0.12.23
[INFO] [stderr]    Compiling futures v0.3.31
[INFO] [stderr]    Compiling dioxus-devtools v0.7.0-rc.1
[INFO] [stderr]    Compiling dioxus-asset-resolver v0.7.0-rc.1
[INFO] [stderr]    Compiling gloo-net v0.6.0
[INFO] [stderr]    Compiling async-tungstenite v0.31.0
[INFO] [stderr]    Compiling serde-wasm-bindgen v0.6.5
[INFO] [stderr]    Compiling gloo-timers v0.3.0
[INFO] [stderr]    Compiling serde_qs v0.15.0
[INFO] [stderr]    Compiling dioxus-stores-macro v0.7.0-rc.1
[INFO] [stderr]    Compiling const-str v0.7.0
[INFO] [stderr]    Compiling dioxus-stores v0.7.0-rc.1
[INFO] [stderr]    Compiling dioxus-fullstack v0.7.0-rc.1
[INFO] [stderr]    Compiling dioxus-logger v0.7.0-rc.1
[INFO] [stderr]    Compiling dioxus-router v0.7.0-rc.1
[INFO] [stderr]    Compiling manganis v0.7.0-rc.1
[INFO] [stderr]    Compiling dioxus-config-macro v0.7.0-rc.1
[INFO] [stderr]    Compiling lazy-js-bundle v0.6.2
[INFO] [stderr]    Compiling dioxus-config-macros v0.7.0-rc.1
[INFO] [stderr]    Compiling dioxus-primitives v0.0.1 (https://github.com/DioxusLabs/components#3571d90a)
[INFO] [stderr]    Compiling dioxus v0.7.0-rc.1
[INFO] [stderr]    Compiling dioxus-time v0.7.0-rc.1 (https://github.com/ealmloff/dioxus-std?branch=0.7#5ec9cdf9)
[INFO] [stderr]    Compiling factorio-manager v0.1.0 (/opt/rustwide/workdir)
[INFO] [stdout] error[E0277]: the trait bound `ReadSignal<std::option::Option<String>>: SuperFrom<[u16; 3], _>` is not satisfied
[INFO] [stdout]   --> src/views/instances/new_instance.rs:35:24
[INFO] [stdout]    |
[INFO] [stdout] 35 |                 value: version.clone(),
[INFO] [stdout]    |                 -----  ^^^^^^^^^^^^^^^ the trait `SuperFrom<[u16; 3], _>` is not implemented for `ReadSignal<std::option::Option<String>>`
[INFO] [stdout]    |                 |
[INFO] [stdout]    |                 required by a bound introduced by this call
[INFO] [stdout]    |
[INFO] [stdout] help: the trait `SuperFrom<T, dioxus::prelude::ReadFromMarker<M>>` is conditionally implemented for `ReadSignal<O>`
[INFO] [stdout]   --> /opt/rustwide/cargo-home/registry/src/index.crates.io-1949cf8c6b5b557f/dioxus-signals-0.7.0-rc.1/src/props.rs:7:1
[INFO] [stdout]    |
[INFO] [stdout]  7 | / impl<T, O, M> SuperFrom<T, ReadFromMarker<M>> for ReadSignal<O>
[INFO] [stdout]  8 | | where
[INFO] [stdout]  9 | |     O: SuperFrom<T, M> + 'static,
[INFO] [stdout]    | |        --------------- unsatisfied requirement introduced here: `std::option::Option<String>: SuperFrom<[u16; 3], _>`
[INFO] [stdout] 10 | |     T: 'static,
[INFO] [stdout]    | |_______________^
[INFO] [stdout]    = note: required for `[u16; 3]` to implement `SuperInto<ReadSignal<std::option::Option<String>>, _>`
[INFO] [stdout] note: required by a bound in `dioxus_primitives::select::components::option::SelectOptionPropsBuilder::<((), __text_value, __disabled, __id, __index, __aria_label, __aria_roledescription, __attributes, __children), T>::value`
[INFO] [stdout]   --> /opt/rustwide/cargo-home/git/checkouts/components-c3e2707fcc33b190/3571d90/primitives/src/select/components/option.rs:14:10
[INFO] [stdout]    |
[INFO] [stdout] 14 | #[derive(Props, Clone, PartialEq)]
[INFO] [stdout]    |          ^^^^^ required by this bound in `SelectOptionPropsBuilder::<((), __text_value, __disabled, __id, __index, __aria_label, __aria_roledescription, __attributes, __children), T>::value`
[INFO] [stdout] ...
[INFO] [stdout] 17 |     pub value: ReadSignal<T>,
[INFO] [stdout]    |         ----- required by a bound in this associated function
[INFO] [stdout]    = note: this error originates in the derive macro `Props` (in Nightly builds, run with -Z macro-backtrace for more info)
[INFO] [stdout] 
[INFO] [stdout] 
[INFO] [stdout] error[E0277]: the trait bound `ReadSignal<std::option::Option<String>>: SuperFrom<[u16; 3], _>` is not satisfied
[INFO] [stdout]   --> src/views/instances/new_instance.rs:36:29
[INFO] [stdout]    |
[INFO] [stdout] 36 |                 text_value: version.clone(),
[INFO] [stdout]    |                 ----------  ^^^^^^^^^^^^^^^ the trait `SuperFrom<[u16; 3], _>` is not implemented for `ReadSignal<std::option::Option<String>>`
[INFO] [stdout]    |                 |
[INFO] [stdout]    |                 required by a bound introduced by this call
[INFO] [stdout]    |
[INFO] [stdout] help: the trait `SuperFrom<T, dioxus::prelude::ReadFromMarker<M>>` is conditionally implemented for `ReadSignal<O>`
[INFO] [stdout]   --> /opt/rustwide/cargo-home/registry/src/index.crates.io-1949cf8c6b5b557f/dioxus-signals-0.7.0-rc.1/src/props.rs:7:1
[INFO] [stdout]    |
[INFO] [stdout]  7 | / impl<T, O, M> SuperFrom<T, ReadFromMarker<M>> for ReadSignal<O>
[INFO] [stdout]  8 | | where
[INFO] [stdout]  9 | |     O: SuperFrom<T, M> + 'static,
[INFO] [stdout]    | |        --------------- unsatisfied requirement introduced here: `std::option::Option<String>: SuperFrom<[u16; 3], _>`
[INFO] [stdout] 10 | |     T: 'static,
[INFO] [stdout]    | |_______________^
[INFO] [stdout]    = note: required for `[u16; 3]` to implement `SuperInto<ReadSignal<std::option::Option<String>>, _>`
[INFO] [stdout] note: required by a bound in `dioxus_primitives::select::components::option::SelectOptionPropsBuilder::<(__value, (), __disabled, __id, __index, __aria_label, __aria_roledescription, __attributes, __children), T>::text_value`
[INFO] [stdout]   --> /opt/rustwide/cargo-home/git/checkouts/components-c3e2707fcc33b190/3571d90/primitives/src/select/components/option.rs:14:10
[INFO] [stdout]    |
[INFO] [stdout] 14 | #[derive(Props, Clone, PartialEq)]
[INFO] [stdout]    |          ^^^^^ required by this bound in `SelectOptionPropsBuilder::<(__value, (), __disabled, __id, __index, __aria_label, __aria_roledescription, __attributes, __children), T>::text_value`
[INFO] [stdout] ...
[INFO] [stdout] 21 |     pub text_value: ReadSignal<Option<String>>,
[INFO] [stdout]    |         ---------- required by a bound in this associated function
[INFO] [stdout]    = note: this error originates in the derive macro `Props` (in Nightly builds, run with -Z macro-backtrace for more info)
[INFO] [stdout] 
[INFO] [stdout] 
[INFO] [stdout] error[E0277]: the trait bound `[u16; 3]: IntoDynNode<core::nodes::FromNodeIterator>` is not satisfied
[INFO] [stdout]   --> src/views/instances/new_instance.rs:37:17
[INFO] [stdout]    |
[INFO] [stdout] 31 | /         rsx! {
[INFO] [stdout] 32 | |             SelectOption::<Option<String>> {
[INFO] [stdout] 33 | |                 class: "select-option",
[INFO] [stdout] 34 | |                 index,
[INFO] [stdout] ...  |
[INFO] [stdout] 37 | |                 {version.clone()}
[INFO] [stdout]    | |                 ^---------------^
[INFO] [stdout]    | |                 ||
[INFO] [stdout]    | |                 |this tail expression is of type `[u16; 3]`
[INFO] [stdout]    | |                 the trait `Iterator` is not implemented for `[u16; 3]`
[INFO] [stdout] ...  |
[INFO] [stdout] 47 | |         }
[INFO] [stdout]    | |_________- required by a bound introduced by this call
[INFO] [stdout]    |
[INFO] [stdout]    = help: the following other types implement trait `IntoDynNode<A>`:
[INFO] [stdout]              &dioxus::prelude::VNode
[INFO] [stdout]              &std::option::Option<dioxus::prelude::VNode>
[INFO] [stdout]              &std::result::Result<dioxus::prelude::VNode, dioxus::prelude::RenderError>
[INFO] [stdout]              &str
[INFO] [stdout]              ()
[INFO] [stdout]              Arguments<'_>
[INFO] [stdout]              DynamicNode
[INFO] [stdout]              Loader<T>
[INFO] [stdout]            and 10 others
[INFO] [stdout]    = note: required for `[u16; 3]` to implement `IntoDynNode<core::nodes::FromNodeIterator>`
[INFO] [stdout] 
[INFO] [stdout] 
[INFO] [stdout] For more information about this error, try `rustc --explain E0277`.
[INFO] [stdout] 
[INFO] [stderr] error: could not compile `factorio-manager` (bin "factorio-manager") due to 3 previous errors
[INFO] running `Command { std: "docker" "inspect" "adeceddf3e7312eea7954d133f118af4bdf749e7839ffc48c052568d968396bd", kill_on_drop: false }`
[INFO] running `Command { std: "docker" "rm" "-f" "adeceddf3e7312eea7954d133f118af4bdf749e7839ffc48c052568d968396bd", kill_on_drop: false }`
[INFO] [stdout] adeceddf3e7312eea7954d133f118af4bdf749e7839ffc48c052568d968396bd
