[INFO] cloning repository https://github.com/kendra-pdx/ws2812
[INFO] running `Command { std: "git" "-c" "credential.helper=" "-c" "credential.helper=/workspace/cargo-home/bin/git-credential-null" "clone" "--bare" "https://github.com/kendra-pdx/ws2812" "/workspace/cache/git-repos/https%3A%2F%2Fgithub.com%2Fkendra-pdx%2Fws2812", kill_on_drop: false }`
[INFO] [stderr] Cloning into bare repository '/workspace/cache/git-repos/https%3A%2F%2Fgithub.com%2Fkendra-pdx%2Fws2812'...
[INFO] running `Command { std: "git" "rev-parse" "HEAD", kill_on_drop: false }`
[INFO] [stdout] 1c6cce627d268d920d52da561d7222419a5e20f0
[INFO] testing kendra-pdx/ws2812 against 1.99.0-beta.1+cargoflags=--release for beta-release-1.99-2
[INFO] running `Command { std: "git" "clone" "/workspace/cache/git-repos/https%3A%2F%2Fgithub.com%2Fkendra-pdx%2Fws2812" "/workspace/builds/worker-5-tc2/source", kill_on_drop: false }`
[INFO] [stderr] Cloning into '/workspace/builds/worker-5-tc2/source'...
[INFO] [stderr] done.
[INFO] removed /workspace/builds/worker-5-tc2/source/.cargo/config.toml
[INFO] removed /workspace/builds/worker-5-tc2/source/rust-toolchain.toml
[INFO] started tweaking git repo https://github.com/kendra-pdx/ws2812
[INFO] finished tweaking git repo https://github.com/kendra-pdx/ws2812
[INFO] tweaked toml for git repo https://github.com/kendra-pdx/ws2812 written to /workspace/builds/worker-5-tc2/source/Cargo.toml
[INFO] validating manifest of git repo https://github.com/kendra-pdx/ws2812 on toolchain 1.99.0-beta.1
[INFO] running `Command { std: CARGO_HOME="/workspace/cargo-home" RUSTUP_HOME="/workspace/rustup-home" "/workspace/cargo-home/bin/cargo" "+1.99.0-beta.1" "metadata" "--manifest-path" "Cargo.toml" "--no-deps", kill_on_drop: false }`
[INFO] crate git repo https://github.com/kendra-pdx/ws2812 already has a lockfile, it will not be regenerated
[INFO] running `Command { std: CARGO_HOME="/workspace/cargo-home" RUSTUP_HOME="/workspace/rustup-home" "/workspace/cargo-home/bin/cargo" "+1.99.0-beta.1" "fetch" "--manifest-path" "Cargo.toml", kill_on_drop: false }`
[INFO] [stderr]     Blocking waiting for file lock on package cache
[ERROR] error running command: no output for 300 seconds
[INFO] testing kendra-pdx/ws2812 against 1.99.0-beta.1+cargoflags=--release for beta-release-1.99-2
[INFO] running `Command { std: "git" "clone" "/workspace/cache/git-repos/https%3A%2F%2Fgithub.com%2Fkendra-pdx%2Fws2812" "/workspace/builds/worker-5-tc2/source", kill_on_drop: false }`
[INFO] [stderr] Cloning into '/workspace/builds/worker-5-tc2/source'...
[INFO] [stderr] done.
[INFO] removed /workspace/builds/worker-5-tc2/source/.cargo/config.toml
[INFO] removed /workspace/builds/worker-5-tc2/source/rust-toolchain.toml
[INFO] started tweaking git repo https://github.com/kendra-pdx/ws2812
[INFO] finished tweaking git repo https://github.com/kendra-pdx/ws2812
[INFO] tweaked toml for git repo https://github.com/kendra-pdx/ws2812 written to /workspace/builds/worker-5-tc2/source/Cargo.toml
[INFO] validating manifest of git repo https://github.com/kendra-pdx/ws2812 on toolchain 1.99.0-beta.1
[INFO] running `Command { std: CARGO_HOME="/workspace/cargo-home" RUSTUP_HOME="/workspace/rustup-home" "/workspace/cargo-home/bin/cargo" "+1.99.0-beta.1" "metadata" "--manifest-path" "Cargo.toml" "--no-deps", kill_on_drop: false }`
[INFO] crate git repo https://github.com/kendra-pdx/ws2812 already has a lockfile, it will not be regenerated
[INFO] running `Command { std: CARGO_HOME="/workspace/cargo-home" RUSTUP_HOME="/workspace/rustup-home" "/workspace/cargo-home/bin/cargo" "+1.99.0-beta.1" "fetch" "--manifest-path" "Cargo.toml", kill_on_drop: false }`
[INFO] [stderr]     Blocking waiting for file lock on package cache
[ERROR] error running command: no output for 300 seconds
[INFO] testing kendra-pdx/ws2812 against 1.99.0-beta.1+cargoflags=--release for beta-release-1.99-2
[INFO] running `Command { std: "git" "clone" "/workspace/cache/git-repos/https%3A%2F%2Fgithub.com%2Fkendra-pdx%2Fws2812" "/workspace/builds/worker-5-tc2/source", kill_on_drop: false }`
[INFO] [stderr] Cloning into '/workspace/builds/worker-5-tc2/source'...
[INFO] [stderr] done.
[INFO] removed /workspace/builds/worker-5-tc2/source/.cargo/config.toml
[INFO] removed /workspace/builds/worker-5-tc2/source/rust-toolchain.toml
[INFO] started tweaking git repo https://github.com/kendra-pdx/ws2812
[INFO] finished tweaking git repo https://github.com/kendra-pdx/ws2812
[INFO] tweaked toml for git repo https://github.com/kendra-pdx/ws2812 written to /workspace/builds/worker-5-tc2/source/Cargo.toml
[INFO] validating manifest of git repo https://github.com/kendra-pdx/ws2812 on toolchain 1.99.0-beta.1
[INFO] running `Command { std: CARGO_HOME="/workspace/cargo-home" RUSTUP_HOME="/workspace/rustup-home" "/workspace/cargo-home/bin/cargo" "+1.99.0-beta.1" "metadata" "--manifest-path" "Cargo.toml" "--no-deps", kill_on_drop: false }`
[INFO] crate git repo https://github.com/kendra-pdx/ws2812 already has a lockfile, it will not be regenerated
[INFO] running `Command { std: CARGO_HOME="/workspace/cargo-home" RUSTUP_HOME="/workspace/rustup-home" "/workspace/cargo-home/bin/cargo" "+1.99.0-beta.1" "fetch" "--manifest-path" "Cargo.toml", kill_on_drop: false }`
[INFO] [stderr]     Blocking waiting for file lock on package cache
[INFO] [stderr]     Blocking waiting for file lock on package cache
[ERROR] error running command: no output for 300 seconds
[INFO] testing kendra-pdx/ws2812 against 1.99.0-beta.1+cargoflags=--release for beta-release-1.99-2
[INFO] running `Command { std: "git" "clone" "/workspace/cache/git-repos/https%3A%2F%2Fgithub.com%2Fkendra-pdx%2Fws2812" "/workspace/builds/worker-5-tc2/source", kill_on_drop: false }`
[INFO] [stderr] Cloning into '/workspace/builds/worker-5-tc2/source'...
[INFO] [stderr] done.
[INFO] removed /workspace/builds/worker-5-tc2/source/.cargo/config.toml
[INFO] removed /workspace/builds/worker-5-tc2/source/rust-toolchain.toml
[INFO] started tweaking git repo https://github.com/kendra-pdx/ws2812
[INFO] finished tweaking git repo https://github.com/kendra-pdx/ws2812
[INFO] tweaked toml for git repo https://github.com/kendra-pdx/ws2812 written to /workspace/builds/worker-5-tc2/source/Cargo.toml
[INFO] validating manifest of git repo https://github.com/kendra-pdx/ws2812 on toolchain 1.99.0-beta.1
[INFO] running `Command { std: CARGO_HOME="/workspace/cargo-home" RUSTUP_HOME="/workspace/rustup-home" "/workspace/cargo-home/bin/cargo" "+1.99.0-beta.1" "metadata" "--manifest-path" "Cargo.toml" "--no-deps", kill_on_drop: false }`
[INFO] crate git repo https://github.com/kendra-pdx/ws2812 already has a lockfile, it will not be regenerated
[INFO] running `Command { std: CARGO_HOME="/workspace/cargo-home" RUSTUP_HOME="/workspace/rustup-home" "/workspace/cargo-home/bin/cargo" "+1.99.0-beta.1" "fetch" "--manifest-path" "Cargo.toml", kill_on_drop: false }`
[INFO] [stderr]     Blocking waiting for file lock on package cache
[ERROR] error running command: no output for 300 seconds
[INFO] testing kendra-pdx/ws2812 against 1.99.0-beta.1+cargoflags=--release for beta-release-1.99-2
[INFO] running `Command { std: "git" "clone" "/workspace/cache/git-repos/https%3A%2F%2Fgithub.com%2Fkendra-pdx%2Fws2812" "/workspace/builds/worker-5-tc2/source", kill_on_drop: false }`
[INFO] [stderr] Cloning into '/workspace/builds/worker-5-tc2/source'...
[INFO] [stderr] done.
[INFO] removed /workspace/builds/worker-5-tc2/source/.cargo/config.toml
[INFO] removed /workspace/builds/worker-5-tc2/source/rust-toolchain.toml
[INFO] started tweaking git repo https://github.com/kendra-pdx/ws2812
[INFO] finished tweaking git repo https://github.com/kendra-pdx/ws2812
[INFO] tweaked toml for git repo https://github.com/kendra-pdx/ws2812 written to /workspace/builds/worker-5-tc2/source/Cargo.toml
[INFO] validating manifest of git repo https://github.com/kendra-pdx/ws2812 on toolchain 1.99.0-beta.1
[INFO] running `Command { std: CARGO_HOME="/workspace/cargo-home" RUSTUP_HOME="/workspace/rustup-home" "/workspace/cargo-home/bin/cargo" "+1.99.0-beta.1" "metadata" "--manifest-path" "Cargo.toml" "--no-deps", kill_on_drop: false }`
[INFO] crate git repo https://github.com/kendra-pdx/ws2812 already has a lockfile, it will not be regenerated
[INFO] running `Command { std: CARGO_HOME="/workspace/cargo-home" RUSTUP_HOME="/workspace/rustup-home" "/workspace/cargo-home/bin/cargo" "+1.99.0-beta.1" "fetch" "--manifest-path" "Cargo.toml", kill_on_drop: false }`
[INFO] [stderr]     Blocking waiting for file lock on package cache
[INFO] [stderr]     Blocking waiting for file lock on package cache
[INFO] running `Command { std: "docker" "create" "-v" "/var/lib/crater-agent-workspace/builds/worker-5-tc2/source:/opt/rustwide/workdir:ro,Z" "-v" "/var/lib/crater-agent-workspace/builds/worker-5-tc2/target:/opt/rustwide/target:rw,Z" "-v" "/var/lib/crater-agent-workspace/cargo-home:/opt/rustwide/cargo-home:ro,Z" "-v" "/var/lib/crater-agent-workspace/rustup-home:/opt/rustwide/rustup-home:ro,Z" "-m" "1610612736" "--network" "none" "ghcr.io/rust-lang/crates-build-env/linux@sha256:8683fc1fc2eb5c9ac98e0d076ab094b2ffac7f99da555d2b6a2e27f346de2ec7" "sleep" "infinity", kill_on_drop: false }`
[INFO] [stdout] c2eff66eb0231b680a1bdeab5fa226e3069772cbcb09d7cfb58834599250e694
[INFO] running `Command { std: "docker" "start" "c2eff66eb0231b680a1bdeab5fa226e3069772cbcb09d7cfb58834599250e694", kill_on_drop: false }`
[INFO] running `Command { std: "docker" "inspect" "c2eff66eb0231b680a1bdeab5fa226e3069772cbcb09d7cfb58834599250e694", kill_on_drop: false }`
[INFO] running `Command { std: "docker" "exec" "-e" "SOURCE_DIR=/opt/rustwide/workdir" "-e" "CARGO_HOME=/opt/rustwide/cargo-home" "-e" "RUSTUP_HOME=/opt/rustwide/rustup-home" "-e" "CARGO_TARGET_DIR=/opt/rustwide/target" "-w" "/opt/rustwide/workdir" "--user" "0:0" "c2eff66eb0231b680a1bdeab5fa226e3069772cbcb09d7cfb58834599250e694" "/opt/rustwide/cargo-home/bin/cargo" "+1.99.0-beta.1" "metadata" "--no-deps" "--format-version=1", kill_on_drop: false }`
[INFO] running `Command { std: "docker" "inspect" "c2eff66eb0231b680a1bdeab5fa226e3069772cbcb09d7cfb58834599250e694", kill_on_drop: false }`
[INFO] running `Command { std: "docker" "exec" "-e" "SOURCE_DIR=/opt/rustwide/workdir" "-e" "CARGO_HOME=/opt/rustwide/cargo-home" "-e" "RUSTUP_HOME=/opt/rustwide/rustup-home" "-e" "CARGO_TARGET_DIR=/opt/rustwide/target" "-e" "CARGO_INCREMENTAL=0" "-e" "RUST_BACKTRACE=full" "-e" "RUSTFLAGS=--cap-lints=warn" "-e" "RUSTDOCFLAGS=--cap-lints=warn" "-w" "/opt/rustwide/workdir" "--user" "0:0" "c2eff66eb0231b680a1bdeab5fa226e3069772cbcb09d7cfb58834599250e694" "/opt/rustwide/cargo-home/bin/cargo" "+1.99.0-beta.1" "build" "--frozen" "--message-format=json" "--release", kill_on_drop: false }`
[INFO] [stderr]    Compiling proc-macro2 v1.0.101
[INFO] [stderr]    Compiling unicode-ident v1.0.18
[INFO] [stderr]    Compiling defmt v1.0.1
[INFO] [stderr]    Compiling thiserror v2.0.15
[INFO] [stderr]    Compiling defmt-macros v1.0.1
[INFO] [stderr]    Compiling ident_case v1.0.1
[INFO] [stderr]    Compiling esp-metadata-generated v0.4.0
[INFO] [stderr]    Compiling hashbrown v0.16.1
[INFO] [stderr]    Compiling byteorder v1.5.0
[INFO] [stderr]    Compiling litrs v0.4.2
[INFO] [stderr]    Compiling equivalent v1.0.2
[INFO] [stderr]    Compiling serde_core v1.0.228
[INFO] [stderr]    Compiling stable_deref_trait v1.2.0
[INFO] [stderr]    Compiling version_check v0.9.5
[INFO] [stderr]    Compiling hash32 v0.3.1
[INFO] [stderr]    Compiling serde v1.0.228
[INFO] [stderr]    Compiling futures-core v0.3.31
[INFO] [stderr]    Compiling typenum v1.18.0
[INFO] [stderr]    Compiling cfg-if v1.0.1
[INFO] [stderr]    Compiling generic-array v0.14.7
[INFO] [stderr]    Compiling futures-sink v0.3.31
[INFO] [stderr]    Compiling critical-section v1.2.0
[INFO] [stderr]    Compiling heapless v0.8.0
[INFO] [stderr]    Compiling heapless v0.9.3
[INFO] [stderr]    Compiling indexmap v2.13.0
[INFO] [stderr]    Compiling autocfg v1.5.0
[INFO] [stderr]    Compiling quote v1.0.40
[INFO] [stderr]    Compiling fnv v1.0.7
[INFO] [stderr]    Compiling syn v2.0.106
[INFO] [stderr]    Compiling libm v0.2.15
[INFO] [stderr]    Compiling document-features v0.2.11
[INFO] [stderr]    Compiling embedded-io-async v0.6.1
[INFO] [stderr]    Compiling proc-macro-error-attr2 v2.0.0
[INFO] [stderr]    Compiling num-traits v0.2.19
[INFO] [stderr]    Compiling winnow v0.7.14
[INFO] [stderr]    Compiling nb v1.1.0
[INFO] [stderr]    Compiling embassy-sync v0.8.0
[INFO] [stderr]    Compiling itoa v1.0.15
[INFO] [stderr]    Compiling strsim v0.11.1
[INFO] [stderr]    Compiling somni-parser v0.2.2
[INFO] [stderr]    Compiling unsafe-libyaml v0.2.11
[INFO] [stderr]    Compiling ryu v1.0.20
[INFO] [stderr]    Compiling somni-expr v0.2.0
[INFO] [stderr]    Compiling esp-rom-sys v0.1.4
[INFO] [stderr]    Compiling embassy-sync v0.7.2
[INFO] [stderr]    Compiling toml_datetime v0.7.5+spec-1.1.0
[INFO] [stderr]    Compiling object v0.37.3
[INFO] [stderr]    Compiling pin-utils v0.1.0
[INFO] [stderr]    Compiling pin-project-lite v0.2.16
[INFO] [stderr]    Compiling embedded-hal-async v1.0.0
[INFO] [stderr]    Compiling toml_parser v1.0.6+spec-1.1.0
[INFO] [stderr]    Compiling futures-task v0.3.31
[INFO] [stderr]    Compiling embassy-hal-internal v0.4.0
[INFO] [stderr]    Compiling esp32c6 v0.23.2
[INFO] [stderr]    Compiling embassy-sync v0.6.2
[INFO] [stderr]    Compiling futures-util v0.3.31
[INFO] [stderr]    Compiling nb v0.1.3
[INFO] [stderr]    Compiling esp-sync v0.2.1
[INFO] [stderr]    Compiling embedded-storage v0.3.1
[INFO] [stderr]    Compiling memchr v2.7.5
[INFO] [stderr]    Compiling vcell v0.1.3
[INFO] [stderr]    Compiling crossbeam-utils v0.8.21
[INFO] [stderr]    Compiling portable-atomic v1.11.1
[INFO] [stderr]    Compiling void v1.0.2
[INFO] [stderr]    Compiling heck v0.5.0
[INFO] [stderr]    Compiling toml_edit v0.23.10+spec-1.0.0
[INFO] [stderr]    Compiling instability v0.3.12
[INFO] [stderr]    Compiling embedded-hal v1.0.0
[INFO] [stderr]    Compiling embedded-hal v0.2.7
[INFO] [stderr]    Compiling embedded-storage-async v0.4.1
[INFO] [stderr]    Compiling block-buffer v0.10.4
[INFO] [stderr]    Compiling proc-macro-crate v3.4.0
[INFO] [stderr]    Compiling proc-macro-error2 v2.0.1
[INFO] [stderr]    Compiling darling_core v0.21.2
[INFO] [stderr]    Compiling darling_core v0.23.0
[INFO] [stderr]    Compiling crypto-common v0.1.6
[INFO] [stderr]    Compiling termcolor v1.4.1
[INFO] [stderr]    Compiling indoc v2.0.6
[INFO] [stderr]    Compiling gcd v2.3.0
[INFO] [stderr]    Compiling digest v0.10.7
[INFO] [stderr]    Compiling embedded-can v0.4.1
[INFO] [stderr]    Compiling esp-config v0.7.0
[INFO] [stderr]    Compiling rand_core v0.10.1
[INFO] [stderr]    Compiling rand_core v0.9.3
[INFO] [stderr]    Compiling rand_core v0.6.4
[INFO] [stderr]    Compiling bytemuck v1.24.0
[INFO] [stderr]    Compiling bitflags v2.9.2
[INFO] [stderr]    Compiling ufmt-write v0.1.0
[INFO] [stderr]    Compiling crossbeam v0.8.4
[INFO] [stderr]    Compiling thiserror-impl v2.0.15
[INFO] [stderr]    Compiling serde_derive v1.0.228
[INFO] [stderr]    Compiling bitfield-macros v0.19.1
[INFO] [stderr]    Compiling strum_macros v0.27.2
[INFO] [stderr]    Compiling delegate v0.13.4
[INFO] [stderr]    Compiling esp-hal-procmacros v0.22.0
[INFO] [stderr]    Compiling bitfield v0.19.1
[INFO] [stderr]    Compiling derive-new v0.7.0
[INFO] [stderr]    Compiling defmt-parser v1.0.0
[INFO] [stderr]    Compiling darling_macro v0.23.0
[INFO] [stderr]    Compiling darling_macro v0.21.2
[INFO] [stderr]    Compiling darling v0.23.0
[INFO] [stderr]    Compiling strum v0.27.2
[INFO] [stderr]    Compiling darling v0.21.2
[INFO] [stderr]    Compiling enumset_derive v0.13.1
[INFO] [stderr]    Compiling defmt v0.3.100
[INFO] [stderr]    Compiling embedded-io v0.7.1
[INFO] [stderr]    Compiling embassy-futures v0.1.2
[INFO] [stderr]    Compiling serde_yaml v0.9.34+deprecated
[INFO] [stderr]    Compiling enumset v1.1.9
[INFO] [stderr]    Compiling embedded-io v0.6.1
[INFO] [stderr]    Compiling embedded-io-async v0.7.0
[INFO] [stderr]    Compiling fugit v0.3.7
[INFO] [stderr]    Compiling embassy-embedded-hal v0.6.0
[INFO] [stdout] error[E0433]: cannot find module or crate `riscv` in this scope
[INFO] [stdout]   --> /opt/rustwide/cargo-home/registry/src/index.crates.io-1949cf8c6b5b557f/esp-sync-0.2.1/src/raw.rs:71:25
[INFO] [stdout]    |
[INFO] [stdout] 71 |                         riscv::interrupt::enable();
[INFO] [stdout]    |                         ^^^^^ use of unresolved module or unlinked crate `riscv`
[INFO] [stdout]    |
[INFO] [stdout]    = help: if you wanted to use a crate named `riscv`, use `cargo add riscv` to add it to your `Cargo.toml`
[INFO] [stdout] 
[INFO] [stdout] 
[INFO] [stdout] For more information about this error, try `rustc --explain E0433`.
[INFO] [stdout] 
[INFO] [stderr] error: could not compile `esp-sync` (lib) due to 1 previous error
[INFO] [stderr] warning: build failed, waiting for other jobs to finish...
[INFO] running `Command { std: "docker" "inspect" "c2eff66eb0231b680a1bdeab5fa226e3069772cbcb09d7cfb58834599250e694", kill_on_drop: false }`
[INFO] running `Command { std: "docker" "rm" "-f" "c2eff66eb0231b680a1bdeab5fa226e3069772cbcb09d7cfb58834599250e694", kill_on_drop: false }`
[INFO] [stdout] c2eff66eb0231b680a1bdeab5fa226e3069772cbcb09d7cfb58834599250e694
