[INFO] cloning repository https://github.com/kdarkhan/rust-node-exporter
[INFO] running `Command { std: "git" "-c" "credential.helper=" "-c" "credential.helper=/workspace/cargo-home/bin/git-credential-null" "clone" "--bare" "https://github.com/kdarkhan/rust-node-exporter" "/workspace/cache/git-repos/https%3A%2F%2Fgithub.com%2Fkdarkhan%2Frust-node-exporter", kill_on_drop: false }`
[INFO] [stderr] Cloning into bare repository '/workspace/cache/git-repos/https%3A%2F%2Fgithub.com%2Fkdarkhan%2Frust-node-exporter'...
[INFO] running `Command { std: "git" "rev-parse" "HEAD", kill_on_drop: false }`
[INFO] [stdout] 71a50e8ad4d689512827beeb58d7a4278b641882
[INFO] testing kdarkhan/rust-node-exporter against 1.98.0-beta.8+cargoflags=--release for beta-release-1.99-2
[INFO] running `Command { std: "git" "clone" "/workspace/cache/git-repos/https%3A%2F%2Fgithub.com%2Fkdarkhan%2Frust-node-exporter" "/workspace/builds/worker-7-tc1/source", kill_on_drop: false }`
[INFO] [stderr] Cloning into '/workspace/builds/worker-7-tc1/source'...
[INFO] [stderr] done.
[INFO] started tweaking git repo https://github.com/kdarkhan/rust-node-exporter
[INFO] finished tweaking git repo https://github.com/kdarkhan/rust-node-exporter
[INFO] tweaked toml for git repo https://github.com/kdarkhan/rust-node-exporter written to /workspace/builds/worker-7-tc1/source/Cargo.toml
[INFO] validating manifest of git repo https://github.com/kdarkhan/rust-node-exporter on toolchain 1.98.0-beta.8
[INFO] running `Command { std: CARGO_HOME="/workspace/cargo-home" RUSTUP_HOME="/workspace/rustup-home" "/workspace/cargo-home/bin/cargo" "+1.98.0-beta.8" "metadata" "--manifest-path" "Cargo.toml" "--no-deps", kill_on_drop: false }`
[INFO] crate git repo https://github.com/kdarkhan/rust-node-exporter already has a lockfile, it will not be regenerated
[INFO] running `Command { std: CARGO_HOME="/workspace/cargo-home" RUSTUP_HOME="/workspace/rustup-home" "/workspace/cargo-home/bin/cargo" "+1.98.0-beta.8" "fetch" "--manifest-path" "Cargo.toml", kill_on_drop: false }`
[INFO] [stderr]     Updating crates.io index
[INFO] [stderr]  Downloading crates ...
[INFO] [stderr]   Downloaded serde_derive v1.0.214
[INFO] [stderr]   Downloaded unicode-ident v1.0.0
[INFO] [stderr]   Downloaded anstyle-wincon v3.0.6
[INFO] [stderr]   Downloaded ctrlc v3.4.7
[INFO] [stderr]   Downloaded serde v1.0.214
[INFO] [stderr]   Downloaded clang-sys v1.3.2
[INFO] [stderr]   Downloaded clap v4.5.39
[INFO] [stderr]   Downloaded prettyplease v0.2.25
[INFO] [stderr]   Downloaded proc-macro2 v1.0.89
[INFO] [stderr]   Downloaded hidapi v2.6.3
[INFO] [stderr]   Downloaded clap_builder v4.5.39
[INFO] [stderr]   Downloaded bindgen v0.72.0
[INFO] [stderr]   Downloaded syn v2.0.87
[INFO] running `Command { std: "docker" "create" "-v" "/var/lib/crater-agent-workspace/builds/worker-7-tc1/source:/opt/rustwide/workdir:ro,Z" "-v" "/var/lib/crater-agent-workspace/builds/worker-7-tc1/target:/opt/rustwide/target:rw,Z" "-v" "/var/lib/crater-agent-workspace/cargo-home:/opt/rustwide/cargo-home:ro,Z" "-v" "/var/lib/crater-agent-workspace/rustup-home:/opt/rustwide/rustup-home:ro,Z" "-m" "1610612736" "--network" "none" "ghcr.io/rust-lang/crates-build-env/linux@sha256:8683fc1fc2eb5c9ac98e0d076ab094b2ffac7f99da555d2b6a2e27f346de2ec7" "sleep" "infinity", kill_on_drop: false }`
[INFO] [stdout] 31a159fcc7b1e387082d8b53da2e032227bfc3690d26bb7b0d9598144f8128a0
[INFO] running `Command { std: "docker" "start" "31a159fcc7b1e387082d8b53da2e032227bfc3690d26bb7b0d9598144f8128a0", kill_on_drop: false }`
[INFO] running `Command { std: "docker" "inspect" "31a159fcc7b1e387082d8b53da2e032227bfc3690d26bb7b0d9598144f8128a0", kill_on_drop: false }`
[INFO] running `Command { std: "docker" "exec" "-e" "SOURCE_DIR=/opt/rustwide/workdir" "-e" "CARGO_HOME=/opt/rustwide/cargo-home" "-e" "RUSTUP_HOME=/opt/rustwide/rustup-home" "-e" "CARGO_TARGET_DIR=/opt/rustwide/target" "-w" "/opt/rustwide/workdir" "--user" "0:0" "31a159fcc7b1e387082d8b53da2e032227bfc3690d26bb7b0d9598144f8128a0" "/opt/rustwide/cargo-home/bin/cargo" "+1.98.0-beta.8" "metadata" "--no-deps" "--format-version=1", kill_on_drop: false }`
[INFO] running `Command { std: "docker" "inspect" "31a159fcc7b1e387082d8b53da2e032227bfc3690d26bb7b0d9598144f8128a0", kill_on_drop: false }`
[INFO] running `Command { std: "docker" "exec" "-e" "SOURCE_DIR=/opt/rustwide/workdir" "-e" "CARGO_HOME=/opt/rustwide/cargo-home" "-e" "RUSTUP_HOME=/opt/rustwide/rustup-home" "-e" "CARGO_TARGET_DIR=/opt/rustwide/target" "-e" "CARGO_INCREMENTAL=0" "-e" "RUST_BACKTRACE=full" "-e" "RUSTFLAGS=--cap-lints=warn" "-e" "RUSTDOCFLAGS=--cap-lints=warn" "-w" "/opt/rustwide/workdir" "--user" "0:0" "31a159fcc7b1e387082d8b53da2e032227bfc3690d26bb7b0d9598144f8128a0" "/opt/rustwide/cargo-home/bin/cargo" "+1.98.0-beta.8" "build" "--frozen" "--message-format=json" "--release", kill_on_drop: false }`
[INFO] [stderr]    Compiling proc-macro2 v1.0.89
[INFO] [stderr]    Compiling unicode-ident v1.0.0
[INFO] [stderr]    Compiling glob v0.3.0
[INFO] [stderr]    Compiling memchr v2.5.0
[INFO] [stderr]    Compiling cfg-if v1.0.0
[INFO] [stderr]    Compiling prettyplease v0.2.25
[INFO] [stderr]    Compiling libc v0.2.172
[INFO] [stderr]    Compiling log v0.4.17
[INFO] [stderr]    Compiling minimal-lexical v0.2.1
[INFO] [stderr]    Compiling pkg-config v0.3.25
[INFO] [stderr]    Compiling bindgen v0.72.0
[INFO] [stderr]    Compiling serde v1.0.214
[INFO] [stderr]    Compiling either v1.6.1
[INFO] [stderr]    Compiling cfg_aliases v0.2.1
[INFO] [stderr]    Compiling libloading v0.7.3
[INFO] [stderr]    Compiling utf8parse v0.2.2
[INFO] [stderr]    Compiling cc v1.0.73
[INFO] [stderr]    Compiling regex-syntax v0.6.25
[INFO] [stderr]    Compiling itertools v0.13.0
[INFO] [stderr]    Compiling anstyle-parse v0.2.6
[INFO] [stderr]    Compiling nix v0.30.1
[INFO] [stderr]    Compiling anstyle v1.0.10
[INFO] [stderr]    Compiling is_terminal_polyfill v1.70.1
[INFO] [stderr]    Compiling shlex v1.1.0
[INFO] [stderr]    Compiling colorchoice v1.0.3
[INFO] [stderr]    Compiling anstyle-query v1.1.2
[INFO] [stderr]    Compiling bitflags v2.6.0
[INFO] [stderr]    Compiling rustc-hash v2.1.1
[INFO] [stderr]    Compiling serde_json v1.0.140
[INFO] [stderr]    Compiling strsim v0.11.1
[INFO] [stderr]    Compiling heck v0.5.0
[INFO] [stderr]    Compiling clap_lex v0.7.4
[INFO] [stderr]    Compiling clang-sys v1.3.2
[INFO] [stderr]    Compiling anstream v0.6.18
[INFO] [stderr]    Compiling itoa v1.0.2
[INFO] [stderr]    Compiling quote v1.0.37
[INFO] [stderr]    Compiling ryu v1.0.10
[INFO] [stderr]    Compiling clap_builder v4.5.39
[INFO] [stderr]    Compiling nom v7.1.1
[INFO] [stderr]    Compiling aho-corasick v0.7.18
[INFO] [stderr]    Compiling syn v2.0.87
[INFO] [stderr]    Compiling hidapi v2.6.3
[INFO] [stderr]    Compiling regex v1.5.5
[INFO] [stderr]    Compiling cexpr v0.6.0
[INFO] [stderr]    Compiling ctrlc v3.4.7
[INFO] [stderr]    Compiling serde_derive v1.0.214
[INFO] [stderr]    Compiling clap_derive v4.5.32
[INFO] [stderr]    Compiling clap v4.5.39
[INFO] [stderr]    Compiling rust-node-exporter v0.2.5 (/opt/rustwide/workdir)
[INFO] [stderr]    Compiling quick-xml v0.37.5
[INFO] [stderr] error: failed to run custom build command for `rust-node-exporter v0.2.5 (/opt/rustwide/workdir)`
[INFO] [stderr] note: To improve backtraces for build dependencies, set the CARGO_PROFILE_RELEASE_BUILD_OVERRIDE_DEBUG=true environment variable to enable debug information generation.
[INFO] [stderr] 
[INFO] [stderr] Caused by:
[INFO] [stderr]   process didn't exit successfully: `/opt/rustwide/target/release/build/rust-node-exporter-1127b9e74ba12150/build-script-build` (exit status: 101)
[INFO] [stderr]   --- stdout
[INFO] [stderr]   cargo:rustc-link-lib=sensors
[INFO] [stderr]   cargo:rerun-if-changed=wrapper.h
[INFO] [stderr]   cargo:rerun-if-env-changed=TARGET
[INFO] [stderr]   cargo:rerun-if-env-changed=BINDGEN_EXTRA_CLANG_ARGS_x86_64-unknown-linux-gnu
[INFO] [stderr]   cargo:rerun-if-env-changed=BINDGEN_EXTRA_CLANG_ARGS_x86_64_unknown_linux_gnu
[INFO] [stderr]   cargo:rerun-if-env-changed=BINDGEN_EXTRA_CLANG_ARGS
[INFO] [stderr]   cargo:rerun-if-changed=wrapper.h
[INFO] [stderr] 
[INFO] [stderr]   --- stderr
[INFO] [stderr]   wrapper.h:1:10: fatal error: 'sensors/sensors.h' file not found
[INFO] [stderr] 
[INFO] [stderr]   thread 'main' (1129) panicked at build.rs:27:10:
[INFO] [stderr]   Unable to generate bindings: ClangDiagnostic("wrapper.h:1:10: fatal error: 'sensors/sensors.h' file not found\n")
[INFO] [stderr]   stack backtrace:
[INFO] [stderr]      0:     0x64e0a0584271 - <<std[97b98282bc616a66]::sys::backtrace::BacktraceLock>::print::DisplayBacktrace as core[832e9a552fc17241]::fmt::Display>::fmt
[INFO] [stderr]      1:     0x64e0a0599d8a - core[832e9a552fc17241]::fmt::write
[INFO] [stderr]      2:     0x64e0a058909c - <std[97b98282bc616a66]::sys::stdio::unix::Stderr as std[97b98282bc616a66]::io::Write>::write_fmt
[INFO] [stderr]      3:     0x64e0a0565c86 - std[97b98282bc616a66]::panicking::default_hook::{closure#0}
[INFO] [stderr]      4:     0x64e0a057e6a1 - std[97b98282bc616a66]::panicking::default_hook
[INFO] [stderr]      5:     0x64e0a057e9cb - std[97b98282bc616a66]::panicking::panic_with_hook
[INFO] [stderr]      6:     0x64e0a0565d32 - std[97b98282bc616a66]::panicking::panic_handler::{closure#0}
[INFO] [stderr]      7:     0x64e0a055d499 - std[97b98282bc616a66]::sys::backtrace::__rust_end_short_backtrace::<std[97b98282bc616a66]::panicking::panic_handler::{closure#0}, !>
[INFO] [stderr]      8:     0x64e0a056652d - __rustc[e3d8617bb01b7f69]::rust_begin_unwind
[INFO] [stderr]      9:     0x64e0a059a5ac - core[832e9a552fc17241]::panicking::panic_fmt
[INFO] [stderr]     10:     0x64e0a059a382 - core[832e9a552fc17241]::result::unwrap_failed
[INFO] [stderr]     11:     0x64e0a00c8fbb - <core[832e9a552fc17241]::result::Result<bindgen[b8d7635ee58c4cf3]::Bindings, bindgen[b8d7635ee58c4cf3]::BindgenError>>::expect
[INFO] [stderr]     12:     0x64e0a00c8bba - build_script_build[7ee8e319b25bcb12]::main
[INFO] [stderr]     13:     0x64e0a00c9de3 - <fn() as core[832e9a552fc17241]::ops::function::FnOnce<()>>::call_once
[INFO] [stderr]     14:     0x64e0a00c89b6 - std[97b98282bc616a66]::sys::backtrace::__rust_begin_short_backtrace::<fn(), ()>
[INFO] [stderr]     15:     0x64e0a00c89c9 - std[97b98282bc616a66]::rt::lang_start::<()>::{closure#0}
[INFO] [stderr]     16:     0x64e0a057d917 - std[97b98282bc616a66]::rt::lang_start_internal
[INFO] [stderr]     17:     0x64e0a00c89a1 - std[97b98282bc616a66]::rt::lang_start::<()>
[INFO] [stderr]     18:     0x64e0a00ca185 - main
[INFO] [stderr]     19:     0x7c5df0e70601 - <unknown>
[INFO] [stderr]     20:     0x7c5df0e70718 - __libc_start_main
[INFO] [stderr]     21:     0x64e0a00c8145 - _start
[INFO] [stderr]     22:                0x0 - <unknown>
[INFO] [stderr] warning: build failed, waiting for other jobs to finish...
[INFO] running `Command { std: "docker" "inspect" "31a159fcc7b1e387082d8b53da2e032227bfc3690d26bb7b0d9598144f8128a0", kill_on_drop: false }`
[INFO] running `Command { std: "docker" "rm" "-f" "31a159fcc7b1e387082d8b53da2e032227bfc3690d26bb7b0d9598144f8128a0", kill_on_drop: false }`
[INFO] [stdout] 31a159fcc7b1e387082d8b53da2e032227bfc3690d26bb7b0d9598144f8128a0
