[INFO] cloning repository https://github.com/karl-ourmachinery/tm-rust
[INFO] running `Command { std: "git" "-c" "credential.helper=" "-c" "credential.helper=/workspace/cargo-home/bin/git-credential-null" "clone" "--bare" "https://github.com/karl-ourmachinery/tm-rust" "/workspace/cache/git-repos/https%3A%2F%2Fgithub.com%2Fkarl-ourmachinery%2Ftm-rust", kill_on_drop: false }`
[INFO] [stderr] Cloning into bare repository '/workspace/cache/git-repos/https%3A%2F%2Fgithub.com%2Fkarl-ourmachinery%2Ftm-rust'...
[INFO] running `Command { std: "git" "rev-parse" "HEAD", kill_on_drop: false }`
[INFO] [stdout] 9aebb721860340e5040e8214aed6356c972dc334
[INFO] testing karl-ourmachinery/tm-rust against 1.99.0-beta.1+cargoflags=--release for beta-release-1.99-2
[INFO] running `Command { std: "git" "clone" "/workspace/cache/git-repos/https%3A%2F%2Fgithub.com%2Fkarl-ourmachinery%2Ftm-rust" "/workspace/builds/worker-0-tc2/source", kill_on_drop: false }`
[INFO] [stderr] Cloning into '/workspace/builds/worker-0-tc2/source'...
[INFO] [stderr] done.
[INFO] started tweaking git repo https://github.com/karl-ourmachinery/tm-rust
[INFO] finished tweaking git repo https://github.com/karl-ourmachinery/tm-rust
[INFO] tweaked toml for git repo https://github.com/karl-ourmachinery/tm-rust written to /workspace/builds/worker-0-tc2/source/Cargo.toml
[INFO] validating manifest of git repo https://github.com/karl-ourmachinery/tm-rust on toolchain 1.99.0-beta.1
[INFO] running `Command { std: CARGO_HOME="/workspace/cargo-home" RUSTUP_HOME="/workspace/rustup-home" "/workspace/cargo-home/bin/cargo" "+1.99.0-beta.1" "metadata" "--manifest-path" "Cargo.toml" "--no-deps", kill_on_drop: false }`
[INFO] crate git repo https://github.com/karl-ourmachinery/tm-rust already has a lockfile, it will not be regenerated
[INFO] running `Command { std: CARGO_HOME="/workspace/cargo-home" RUSTUP_HOME="/workspace/rustup-home" "/workspace/cargo-home/bin/cargo" "+1.99.0-beta.1" "fetch" "--manifest-path" "Cargo.toml", kill_on_drop: false }`
[INFO] running `Command { std: "docker" "create" "-v" "/var/lib/crater-agent-workspace/builds/worker-0-tc2/source:/opt/rustwide/workdir:ro,Z" "-v" "/var/lib/crater-agent-workspace/builds/worker-0-tc2/target:/opt/rustwide/target:rw,Z" "-v" "/var/lib/crater-agent-workspace/cargo-home:/opt/rustwide/cargo-home:ro,Z" "-v" "/var/lib/crater-agent-workspace/rustup-home:/opt/rustwide/rustup-home:ro,Z" "-m" "1610612736" "--network" "none" "ghcr.io/rust-lang/crates-build-env/linux@sha256:8683fc1fc2eb5c9ac98e0d076ab094b2ffac7f99da555d2b6a2e27f346de2ec7" "sleep" "infinity", kill_on_drop: false }`
[INFO] [stdout] 2b6f9093e5fdf16f2e00b53bd3cd75a75310837781023b9157bad2f9a0b0d870
[INFO] running `Command { std: "docker" "start" "2b6f9093e5fdf16f2e00b53bd3cd75a75310837781023b9157bad2f9a0b0d870", kill_on_drop: false }`
[INFO] running `Command { std: "docker" "inspect" "2b6f9093e5fdf16f2e00b53bd3cd75a75310837781023b9157bad2f9a0b0d870", kill_on_drop: false }`
[INFO] running `Command { std: "docker" "exec" "-e" "SOURCE_DIR=/opt/rustwide/workdir" "-e" "CARGO_HOME=/opt/rustwide/cargo-home" "-e" "RUSTUP_HOME=/opt/rustwide/rustup-home" "-e" "CARGO_TARGET_DIR=/opt/rustwide/target" "-w" "/opt/rustwide/workdir" "--user" "0:0" "2b6f9093e5fdf16f2e00b53bd3cd75a75310837781023b9157bad2f9a0b0d870" "/opt/rustwide/cargo-home/bin/cargo" "+1.99.0-beta.1" "metadata" "--no-deps" "--format-version=1", kill_on_drop: false }`
[INFO] running `Command { std: "docker" "inspect" "2b6f9093e5fdf16f2e00b53bd3cd75a75310837781023b9157bad2f9a0b0d870", kill_on_drop: false }`
[INFO] running `Command { std: "docker" "exec" "-e" "SOURCE_DIR=/opt/rustwide/workdir" "-e" "CARGO_HOME=/opt/rustwide/cargo-home" "-e" "RUSTUP_HOME=/opt/rustwide/rustup-home" "-e" "CARGO_TARGET_DIR=/opt/rustwide/target" "-e" "CARGO_INCREMENTAL=0" "-e" "RUST_BACKTRACE=full" "-e" "RUSTFLAGS=--cap-lints=warn" "-e" "RUSTDOCFLAGS=--cap-lints=warn" "-w" "/opt/rustwide/workdir" "--user" "0:0" "2b6f9093e5fdf16f2e00b53bd3cd75a75310837781023b9157bad2f9a0b0d870" "/opt/rustwide/cargo-home/bin/cargo" "+1.99.0-beta.1" "build" "--frozen" "--message-format=json" "--release", kill_on_drop: false }`
[INFO] [stderr]    Compiling libc v0.2.86
[INFO] [stderr]    Compiling memchr v2.3.4
[INFO] [stderr]    Compiling glob v0.3.0
[INFO] [stderr]    Compiling cc v1.0.67
[INFO] [stderr]    Compiling version_check v0.9.2
[INFO] [stderr]    Compiling log v0.4.14
[INFO] [stderr]    Compiling proc-macro2 v1.0.24
[INFO] [stderr]    Compiling bitflags v1.2.1
[INFO] [stderr]    Compiling bindgen v0.53.3
[INFO] [stderr]    Compiling once_cell v1.7.0
[INFO] [stderr]    Compiling quick-error v1.2.3
[INFO] [stderr]    Compiling unicode-width v0.1.8
[INFO] [stderr]    Compiling regex-syntax v0.6.22
[INFO] [stderr]    Compiling unicode-xid v0.2.1
[INFO] [stderr]    Compiling vec_map v0.8.2
[INFO] [stderr]    Compiling ansi_term v0.11.0
[INFO] [stderr]    Compiling thread_local v1.1.3
[INFO] [stderr]    Compiling textwrap v0.11.0
[INFO] [stderr]    Compiling humantime v1.3.0
[INFO] [stderr]    Compiling termcolor v1.1.2
[INFO] [stderr]    Compiling strsim v0.8.0
[INFO] [stderr]    Compiling lazy_static v1.4.0
[INFO] [stderr]    Compiling shlex v0.1.1
[INFO] [stderr]    Compiling nom v5.1.2
[INFO] [stderr]    Compiling rustc-hash v1.1.0
[INFO] [stderr]    Compiling peeking_take_while v0.1.2
[INFO] [stderr]    Compiling cfg-if v0.1.10
[INFO] [stderr]    Compiling lazycell v1.3.0
[INFO] [stderr]    Compiling aho-corasick v0.7.15
[INFO] [stderr]    Compiling clang-sys v0.29.3
[INFO] [stderr]    Compiling atty v0.2.14
[INFO] [stderr]    Compiling quote v1.0.9
[INFO] [stderr]    Compiling clap v2.33.3
[INFO] [stderr]    Compiling which v3.1.1
[INFO] [stderr]    Compiling libloading v0.5.2
[INFO] [stderr]    Compiling regex v1.4.3
[INFO] [stderr]    Compiling cexpr v0.4.0
[INFO] [stderr]    Compiling env_logger v0.7.1
[INFO] [stderr]    Compiling tm-rust v0.1.0 (/opt/rustwide/workdir)
[INFO] [stderr] error: failed to run custom build command for `tm-rust v0.1.0 (/opt/rustwide/workdir)`
[INFO] [stderr] note: To improve backtraces for build dependencies, set the CARGO_PROFILE_RELEASE_BUILD_OVERRIDE_DEBUG=true environment variable to enable debug information generation.
[INFO] [stderr] 
[INFO] [stderr] Caused by:
[INFO] [stderr]   process didn't exit successfully: `/opt/rustwide/target/release/build/tm-rust-b1d984fece30871b/build-script-build` (exit status: 101)
[INFO] [stderr]   --- stdout
[INFO] [stderr]   cargo:rerun-if-changed=wrapper.h
[INFO] [stderr] 
[INFO] [stderr]   --- stderr
[INFO] [stderr]   include_wrapper.h:1:10: fatal error: 'foundation/allocator.h' file not found
[INFO] [stderr]   include_wrapper.h:1:10: fatal error: 'foundation/allocator.h' file not found, err: true
[INFO] [stderr] 
[INFO] [stderr]   thread 'main' (1198) panicked at build.rs:24:10:
[INFO] [stderr]   Unable to generate bindings: ()
[INFO] [stderr]   stack backtrace:
[INFO] [stderr]      0:     0x61326b81c681 - <<std[104cf6e2632825ea]::sys::backtrace::BacktraceLock>::print::DisplayBacktrace as core[7c831bd917ebf35f]::fmt::Display>::fmt
[INFO] [stderr]      1:     0x61326b8328ca - core[7c831bd917ebf35f]::fmt::write
[INFO] [stderr]      2:     0x61326b82173c - <std[104cf6e2632825ea]::sys::stdio::unix::Stderr as core[7c831bd917ebf35f]::io::write::Write>::write_fmt
[INFO] [stderr]      3:     0x61326b7fcfa6 - std[104cf6e2632825ea]::panicking::default_hook::{closure#0}
[INFO] [stderr]      4:     0x61326b8171c1 - std[104cf6e2632825ea]::panicking::default_hook
[INFO] [stderr]      5:     0x61326b81737b - std[104cf6e2632825ea]::panicking::panic_with_hook
[INFO] [stderr]      6:     0x61326b7fd052 - std[104cf6e2632825ea]::panicking::panic_handler::{closure#0}
[INFO] [stderr]      7:     0x61326b7f5929 - std[104cf6e2632825ea]::sys::backtrace::__rust_end_short_backtrace::<std[104cf6e2632825ea]::panicking::panic_handler::{closure#0}, !>
[INFO] [stderr]      8:     0x61326b7fd86d - __rustc[b0d56fa5b193ad05]::rust_begin_unwind
[INFO] [stderr]      9:     0x61326b83306c - core[7c831bd917ebf35f]::panicking::panic_fmt
[INFO] [stderr]     10:     0x61326b832e42 - core[7c831bd917ebf35f]::result::unwrap_failed
[INFO] [stderr]     11:     0x61326b51d128 - <core[7c831bd917ebf35f]::result::Result<bindgen[f64f3ec21b05e11]::Bindings, ()>>::expect
[INFO] [stderr]     12:     0x61326b51ce8f - build_script_build[ac281002b4ab79e3]::main
[INFO] [stderr]     13:     0x61326b51dd4b - <fn() as core[7c831bd917ebf35f]::ops::function::FnOnce<()>>::call_once
[INFO] [stderr]     14:     0x61326b51cc06 - std[104cf6e2632825ea]::sys::backtrace::__rust_begin_short_backtrace::<fn(), ()>
[INFO] [stderr]     15:     0x61326b51cd09 - std[104cf6e2632825ea]::rt::lang_start::<()>::{closure#0}
[INFO] [stderr]     16:     0x61326b8165f9 - std[104cf6e2632825ea]::rt::lang_start_internal
[INFO] [stderr]     17:     0x61326b51cb81 - std[104cf6e2632825ea]::rt::lang_start::<()>
[INFO] [stderr]     18:     0x61326b51dfd5 - main
[INFO] [stderr]     19:     0x78018970c601 - <unknown>
[INFO] [stderr]     20:     0x78018970c718 - __libc_start_main
[INFO] [stderr]     21:     0x61326b51c645 - _start
[INFO] [stderr]     22:                0x0 - <unknown>
[INFO] [stderr] warning: build failed, waiting for other jobs to finish...
[INFO] running `Command { std: "docker" "inspect" "2b6f9093e5fdf16f2e00b53bd3cd75a75310837781023b9157bad2f9a0b0d870", kill_on_drop: false }`
[INFO] running `Command { std: "docker" "rm" "-f" "2b6f9093e5fdf16f2e00b53bd3cd75a75310837781023b9157bad2f9a0b0d870", kill_on_drop: false }`
[INFO] [stdout] 2b6f9093e5fdf16f2e00b53bd3cd75a75310837781023b9157bad2f9a0b0d870
