[INFO] cloning repository https://github.com/julianandrews/goban-screenhack
[INFO] running `Command { std: "git" "-c" "credential.helper=" "-c" "credential.helper=/workspace/cargo-home/bin/git-credential-null" "clone" "--bare" "https://github.com/julianandrews/goban-screenhack" "/workspace/cache/git-repos/https%3A%2F%2Fgithub.com%2Fjulianandrews%2Fgoban-screenhack", kill_on_drop: false }`
[INFO] [stderr] Cloning into bare repository '/workspace/cache/git-repos/https%3A%2F%2Fgithub.com%2Fjulianandrews%2Fgoban-screenhack'...
[INFO] running `Command { std: "git" "rev-parse" "HEAD", kill_on_drop: false }`
[INFO] [stdout] 93f020589fbcb47439950e07942006b67bce2ee7
[INFO] testing julianandrews/goban-screenhack against 1.98.0-beta.8+cargoflags=--release for beta-release-1.99-2
[INFO] running `Command { std: "git" "clone" "/workspace/cache/git-repos/https%3A%2F%2Fgithub.com%2Fjulianandrews%2Fgoban-screenhack" "/workspace/builds/worker-7-tc1/source", kill_on_drop: false }`
[INFO] [stderr] Cloning into '/workspace/builds/worker-7-tc1/source'...
[INFO] [stderr] done.
[INFO] started tweaking git repo https://github.com/julianandrews/goban-screenhack
[INFO] finished tweaking git repo https://github.com/julianandrews/goban-screenhack
[INFO] tweaked toml for git repo https://github.com/julianandrews/goban-screenhack written to /workspace/builds/worker-7-tc1/source/Cargo.toml
[INFO] validating manifest of git repo https://github.com/julianandrews/goban-screenhack on toolchain 1.98.0-beta.8
[INFO] running `Command { std: CARGO_HOME="/workspace/cargo-home" RUSTUP_HOME="/workspace/rustup-home" "/workspace/cargo-home/bin/cargo" "+1.98.0-beta.8" "metadata" "--manifest-path" "Cargo.toml" "--no-deps", kill_on_drop: false }`
[INFO] crate git repo https://github.com/julianandrews/goban-screenhack already has a lockfile, it will not be regenerated
[INFO] running `Command { std: CARGO_HOME="/workspace/cargo-home" RUSTUP_HOME="/workspace/rustup-home" "/workspace/cargo-home/bin/cargo" "+1.98.0-beta.8" "fetch" "--manifest-path" "Cargo.toml", kill_on_drop: false }`
[INFO] [stderr]     Updating crates.io index
[INFO] [stderr]  Downloading crates ...
[INFO] [stderr]   Downloaded rand_core v0.6.1
[INFO] [stderr]   Downloaded getrandom v0.2.1
[INFO] [stderr]   Downloaded wasi v0.10.1+wasi-snapshot-preview1
[INFO] [stderr]   Downloaded sgf-parse v3.1.1
[INFO] [stderr]   Downloaded downcast-rs v1.2.0
[INFO] [stderr]   Downloaded cfg-if v0.1.10
[INFO] [stderr]   Downloaded scoped-tls v1.0.0
[INFO] [stderr]   Downloaded rand v0.8.4
[INFO] [stderr]   Downloaded glutin_egl_sys v0.1.5
[INFO] [stderr]   Downloaded android_glue v0.2.3
[INFO] [stderr]   Downloaded core-video-sys v0.1.4
[INFO] [stderr]   Downloaded gl v0.14.0
[INFO] [stderr]   Downloaded memchr v2.3.4
[INFO] [stderr]   Downloaded strsim v0.9.3
[INFO] [stderr]   Downloaded osmesa-sys v0.1.2
[INFO] [stderr]   Downloaded getopts v0.2.21
[INFO] [stderr]   Downloaded xcursor v0.3.3
[INFO] [stderr]   Downloaded xdg v2.2.0
[INFO] [stderr]   Downloaded version_check v0.9.2
[INFO] [stderr]   Downloaded raw-window-handle v0.3.3
[INFO] [stderr]   Downloaded glutin_wgl_sys v0.1.5
[INFO] [stderr]   Downloaded glutin_emscripten_sys v0.1.1
[INFO] [stderr]   Downloaded percent-encoding v2.1.0
[INFO] [stderr]   Downloaded glutin_glx_sys v0.1.7
[INFO] [stderr]   Downloaded andrew v0.3.1
[INFO] [stderr]   Downloaded num_enum v0.5.1
[INFO] [stderr]   Downloaded num_enum_derive v0.5.1
[INFO] [stderr]   Downloaded maybe-uninit v2.0.0
[INFO] [stderr]   Downloaded cocoa-foundation v0.1.0
[INFO] [stderr]   Downloaded wayland-egl v0.28.3
[INFO] [stderr]   Downloaded memoffset v0.6.4
[INFO] [stderr]   Downloaded core-graphics-types v0.1.1
[INFO] [stderr]   Downloaded darling_macro v0.10.2
[INFO] [stderr]   Downloaded mio-misc v1.2.1
[INFO] [stderr]   Downloaded ndk-macro v0.2.0
[INFO] [stderr]   Downloaded crossbeam v0.8.1
[INFO] [stderr]   Downloaded pkg-config v0.3.19
[INFO] [stderr]   Downloaded crossbeam-queue v0.3.2
[INFO] [stderr]   Downloaded wayland-cursor v0.28.3
[INFO] [stderr]   Downloaded ab_glyph_rasterizer v0.1.4
[INFO] [stderr]   Downloaded instant v0.1.9
[INFO] [stderr]   Downloaded glutin_gles2_sys v0.1.5
[INFO] [stderr]   Downloaded wayland-sys v0.28.3
[INFO] [stderr]   Downloaded ndk-glue v0.3.0
[INFO] [stderr]   Downloaded proc-macro-crate v0.1.5
[INFO] [stderr]   Downloaded shared_library v0.1.9
[INFO] [stderr]   Downloaded cgl v0.3.2
[INFO] [stderr]   Downloaded calloop v0.6.5
[INFO] [stderr]   Downloaded core-foundation v0.9.1
[INFO] [stderr]   Downloaded core-foundation-sys v0.8.2
[INFO] [stderr]   Downloaded unicode-xid v0.2.1
[INFO] [stderr]   Downloaded dlib v0.4.2
[INFO] [stderr]   Downloaded quote v1.0.8
[INFO] [stderr]   Downloaded core-graphics v0.19.2
[INFO] [stderr]   Downloaded memmap2 v0.1.0
[INFO] [stderr]   Downloaded owned_ttf_parser v0.6.0
[INFO] [stderr]   Downloaded lock_api v0.4.2
[INFO] [stderr]   Downloaded thiserror v1.0.23
[INFO] [stderr]   Downloaded libloading v0.7.0
[INFO] [stderr]   Downloaded wayland-scanner v0.28.3
[INFO] [stderr]   Downloaded wayland-commons v0.28.3
[INFO] [stderr]   Downloaded darling v0.10.2
[INFO] [stderr]   Downloaded core-foundation-sys v0.7.0
[INFO] [stderr]   Downloaded gl_generator v0.14.0
[INFO] [stderr]   Downloaded libloading v0.6.7
[INFO] [stderr]   Downloaded smallvec v1.6.1
[INFO] [stderr]   Downloaded rusttype v0.9.2
[INFO] [stderr]   Downloaded parking_lot_core v0.8.2
[INFO] [stderr]   Downloaded redox_syscall v0.1.57
[INFO] [stderr]   Downloaded core-foundation v0.7.0
[INFO] [stderr]   Downloaded core-graphics v0.22.2
[INFO] [stderr]   Downloaded once_cell v1.5.2
[INFO] [stderr]   Downloaded log v0.4.13
[INFO] [stderr]   Downloaded parking_lot v0.11.1
[INFO] [stderr]   Downloaded walkdir v2.3.1
[INFO] [stderr]   Downloaded darling_core v0.10.2
[INFO] [stderr]   Downloaded ndk v0.3.0
[INFO] [stderr]   Downloaded thiserror-impl v1.0.23
[INFO] [stderr]   Downloaded miow v0.3.7
[INFO] [stderr]   Downloaded crossbeam-utils v0.8.5
[INFO] [stderr]   Downloaded proc-macro2 v1.0.24
[INFO] [stderr]   Downloaded cocoa v0.24.0
[INFO] [stderr]   Downloaded derivative v2.1.3
[INFO] [stderr]   Downloaded cc v1.0.66
[INFO] [stderr]   Downloaded x11-dl v2.18.5
[INFO] [stderr]   Downloaded xml-rs v0.8.3
[INFO] [stderr]   Downloaded serde v1.0.119
[INFO] [stderr]   Downloaded crossbeam-epoch v0.9.5
[INFO] [stderr]   Downloaded glutin v0.27.0
[INFO] [stderr]   Downloaded wayland-client v0.28.3
[INFO] [stderr]   Downloaded toml v0.5.8
[INFO] [stderr]   Downloaded mio v0.7.13
[INFO] [stderr]   Downloaded nix v0.18.0
[INFO] [stderr]   Downloaded ntapi v0.3.6
[INFO] [stderr]   Downloaded smithay-client-toolkit v0.12.3
[INFO] [stderr]   Downloaded wayland-protocols v0.28.3
[INFO] [stderr]   Downloaded nom v6.0.1
[INFO] [stderr]   Downloaded ttf-parser v0.6.2
[INFO] [stderr]   Downloaded syn v1.0.58
[INFO] [stderr]   Downloaded ndk-sys v0.2.1
[INFO] [stderr]   Downloaded winit v0.25.0
[INFO] [stderr]   Downloaded libc v0.2.97
[INFO] [stderr]   Downloaded khronos_api v3.1.0
[INFO] [stderr]   Downloaded nanovg-sys v1.0.2
[INFO] [stderr]   Downloaded nanovg v1.0.2
[INFO] running `Command { std: "docker" "create" "-v" "/var/lib/crater-agent-workspace/builds/worker-7-tc1/source:/opt/rustwide/workdir:ro,Z" "-v" "/var/lib/crater-agent-workspace/builds/worker-7-tc1/target:/opt/rustwide/target:rw,Z" "-v" "/var/lib/crater-agent-workspace/cargo-home:/opt/rustwide/cargo-home:ro,Z" "-v" "/var/lib/crater-agent-workspace/rustup-home:/opt/rustwide/rustup-home:ro,Z" "-m" "1610612736" "--network" "none" "ghcr.io/rust-lang/crates-build-env/linux@sha256:8683fc1fc2eb5c9ac98e0d076ab094b2ffac7f99da555d2b6a2e27f346de2ec7" "sleep" "infinity", kill_on_drop: false }`
[INFO] [stdout] 74d673d11129bb0d9ea264abee4d5b9e4742b709b0cb43a9d93f19bef2a7fc14
[INFO] running `Command { std: "docker" "start" "74d673d11129bb0d9ea264abee4d5b9e4742b709b0cb43a9d93f19bef2a7fc14", kill_on_drop: false }`
[INFO] running `Command { std: "docker" "inspect" "74d673d11129bb0d9ea264abee4d5b9e4742b709b0cb43a9d93f19bef2a7fc14", kill_on_drop: false }`
[INFO] running `Command { std: "docker" "exec" "-e" "SOURCE_DIR=/opt/rustwide/workdir" "-e" "CARGO_HOME=/opt/rustwide/cargo-home" "-e" "RUSTUP_HOME=/opt/rustwide/rustup-home" "-e" "CARGO_TARGET_DIR=/opt/rustwide/target" "-w" "/opt/rustwide/workdir" "--user" "0:0" "74d673d11129bb0d9ea264abee4d5b9e4742b709b0cb43a9d93f19bef2a7fc14" "/opt/rustwide/cargo-home/bin/cargo" "+1.98.0-beta.8" "metadata" "--no-deps" "--format-version=1", kill_on_drop: false }`
[INFO] running `Command { std: "docker" "inspect" "74d673d11129bb0d9ea264abee4d5b9e4742b709b0cb43a9d93f19bef2a7fc14", kill_on_drop: false }`
[INFO] running `Command { std: "docker" "exec" "-e" "SOURCE_DIR=/opt/rustwide/workdir" "-e" "CARGO_HOME=/opt/rustwide/cargo-home" "-e" "RUSTUP_HOME=/opt/rustwide/rustup-home" "-e" "CARGO_TARGET_DIR=/opt/rustwide/target" "-e" "CARGO_INCREMENTAL=0" "-e" "RUST_BACKTRACE=full" "-e" "RUSTFLAGS=--cap-lints=warn" "-e" "RUSTDOCFLAGS=--cap-lints=warn" "-w" "/opt/rustwide/workdir" "--user" "0:0" "74d673d11129bb0d9ea264abee4d5b9e4742b709b0cb43a9d93f19bef2a7fc14" "/opt/rustwide/cargo-home/bin/cargo" "+1.98.0-beta.8" "build" "--frozen" "--message-format=json" "--release", kill_on_drop: false }`
[INFO] [stderr]    Compiling libc v0.2.97
[INFO] [stderr]    Compiling xml-rs v0.8.3
[INFO] [stderr]    Compiling lazy_static v1.4.0
[INFO] [stderr]    Compiling log v0.4.13
[INFO] [stderr]    Compiling proc-macro2 v1.0.24
[INFO] [stderr]    Compiling pkg-config v0.3.19
[INFO] [stderr]    Compiling bitflags v1.2.1
[INFO] [stderr]    Compiling unicode-xid v0.2.1
[INFO] [stderr]    Compiling khronos_api v3.1.0
[INFO] [stderr]    Compiling cfg-if v0.1.10
[INFO] [stderr]    Compiling nix v0.18.0
[INFO] [stderr]    Compiling crossbeam-utils v0.8.5
[INFO] [stderr]    Compiling smallvec v1.6.1
[INFO] [stderr]    Compiling autocfg v1.0.1
[INFO] [stderr]    Compiling libloading v0.6.7
[INFO] [stderr]    Compiling memchr v2.3.4
[INFO] [stderr]    Compiling once_cell v1.5.2
[INFO] [stderr]    Compiling version_check v0.9.2
[INFO] [stderr]    Compiling scopeguard v1.1.0
[INFO] [stderr]    Compiling crossbeam-epoch v0.9.5
[INFO] [stderr]    Compiling downcast-rs v1.2.0
[INFO] [stderr]    Compiling scoped-tls v1.0.0
[INFO] [stderr]    Compiling crossbeam-queue v0.3.2
[INFO] [stderr]    Compiling maybe-uninit v2.0.0
[INFO] [stderr]    Compiling ttf-parser v0.6.2
[INFO] [stderr]    Compiling same-file v1.0.6
[INFO] [stderr]    Compiling nom v6.0.1
[INFO] [stderr]    Compiling ab_glyph_rasterizer v0.1.4
[INFO] [stderr]    Compiling getrandom v0.2.1
[INFO] [stderr]    Compiling walkdir v2.3.1
[INFO] [stderr]    Compiling crossbeam-channel v0.5.1
[INFO] [stderr]    Compiling dlib v0.4.2
[INFO] [stderr]    Compiling instant v0.1.9
[INFO] [stderr]    Compiling cc v1.0.66
[INFO] [stderr]    Compiling xdg v2.2.0
[INFO] [stderr]    Compiling wayland-sys v0.28.3
[INFO] [stderr]    Compiling gl_generator v0.14.0
[INFO] [stderr]    Compiling x11-dl v2.18.5
[INFO] [stderr]    Compiling lock_api v0.4.2
[INFO] [stderr]    Compiling winit v0.25.0
[INFO] [stderr]    Compiling memoffset v0.6.4
[INFO] [stderr]    Compiling ppv-lite86 v0.2.10
[INFO] [stderr]    Compiling percent-encoding v2.1.0
[INFO] [stderr]    Compiling quote v1.0.8
[INFO] [stderr]    Compiling libloading v0.7.0
[INFO] [stderr]    Compiling unicode-width v0.1.8
[INFO] [stderr]    Compiling sgf-parse v3.1.1
[INFO] [stderr]    Compiling getopts v0.2.21
[INFO] [stderr]    Compiling wayland-scanner v0.28.3
[INFO] [stderr]    Compiling nanovg-sys v1.0.2
[INFO] [stderr]    Compiling crossbeam-deque v0.8.0
[INFO] [stderr]    Compiling parking_lot_core v0.8.2
[INFO] [stderr]    Compiling mio v0.7.13
[INFO] [stderr]    Compiling memmap2 v0.1.0
[INFO] [stderr]    Compiling glutin_egl_sys v0.1.5
[INFO] [stderr]    Compiling glutin_glx_sys v0.1.7
[INFO] [stderr]    Compiling rand_core v0.6.1
[INFO] [stderr]    Compiling parking_lot v0.11.1
[INFO] [stderr]    Compiling owned_ttf_parser v0.6.0
[INFO] [stderr]    Compiling crossbeam v0.8.1
[INFO] [stderr]    Compiling gl v0.14.0
[INFO] [stderr]    Compiling rusttype v0.9.2
[INFO] [stderr]    Compiling mio-misc v1.2.1
[INFO] [stderr]    Compiling shared_library v0.1.9
[INFO] [stderr]    Compiling xcursor v0.3.3
[INFO] [stderr]    Compiling andrew v0.3.1
[INFO] [stderr]    Compiling raw-window-handle v0.3.3
[INFO] [stderr]    Compiling wayland-client v0.28.3
[INFO] [stderr]    Compiling wayland-protocols v0.28.3
[INFO] [stderr]    Compiling osmesa-sys v0.1.2
[INFO] [stderr]    Compiling rand_chacha v0.3.0
[INFO] [stderr]    Compiling rand v0.8.4
[INFO] [stderr]    Compiling wayland-commons v0.28.3
[INFO] [stderr]    Compiling calloop v0.6.5
[INFO] [stderr]    Compiling wayland-cursor v0.28.3
[INFO] [stderr]    Compiling wayland-egl v0.28.3
[INFO] [stderr] warning: nanovg-sys@1.0.2: In file included from nanovg_shim.c:14:
[INFO] [stderr] warning: nanovg-sys@1.0.2: nanovg/src/nanovg_gl.h: In function 'glnvg__blendFuncSeparate':
[INFO] [stderr] warning: nanovg-sys@1.0.2: nanovg/src/nanovg_gl.h:339:17: error: implicit declaration of function 'glBlendFuncSeparate'; did you mean 'glnvg__blendFuncSeparate'? [-Wimplicit-function-declaration]
[INFO] [stderr] warning: nanovg-sys@1.0.2:   339 |                 glBlendFuncSeparate(blend->srcRGB, blend->dstRGB, blend->srcAlpha,blend->dstAlpha);
[INFO] [stderr] warning: nanovg-sys@1.0.2:       |                 ^~~~~~~~~~~~~~~~~~~
[INFO] [stderr] warning: nanovg-sys@1.0.2:       |                 glnvg__blendFuncSeparate
[INFO] [stderr] warning: nanovg-sys@1.0.2: nanovg/src/nanovg_gl.h: In function 'glnvg__dumpShaderError':
[INFO] [stderr] warning: nanovg-sys@1.0.2: nanovg/src/nanovg_gl.h:402:9: error: implicit declaration of function 'glGetShaderInfoLog' [-Wimplicit-function-declaration]
[INFO] [stderr] warning: nanovg-sys@1.0.2:   402 |         glGetShaderInfoLog(shader, 512, &len, str);
[INFO] [stderr] warning: nanovg-sys@1.0.2:       |         ^~~~~~~~~~~~~~~~~~
[INFO] [stderr] warning: nanovg-sys@1.0.2: nanovg/src/nanovg_gl.h: In function 'glnvg__dumpProgramError':
[INFO] [stderr] warning: nanovg-sys@1.0.2: nanovg/src/nanovg_gl.h:412:9: error: implicit declaration of function 'glGetProgramInfoLog' [-Wimplicit-function-declaration]
[INFO] [stderr] warning: nanovg-sys@1.0.2:   412 |         glGetProgramInfoLog(prog, 512, &len, str);
[INFO] [stderr] warning: nanovg-sys@1.0.2:       |         ^~~~~~~~~~~~~~~~~~~
[INFO] [stderr] warning: nanovg-sys@1.0.2: nanovg/src/nanovg_gl.h: In function 'glnvg__createShader':
[INFO] [stderr] warning: nanovg-sys@1.0.2: nanovg/src/nanovg_gl.h:439:16: error: implicit declaration of function 'glCreateProgram' [-Wimplicit-function-declaration]
[INFO] [stderr] warning: nanovg-sys@1.0.2:   439 |         prog = glCreateProgram();
[INFO] [stderr] warning: nanovg-sys@1.0.2:       |                ^~~~~~~~~~~~~~~
[INFO] [stderr] warning: nanovg-sys@1.0.2: nanovg/src/nanovg_gl.h:440:16: error: implicit declaration of function 'glCreateShader'; did you mean 'glnvg__createShader'? [-Wimplicit-function-declaration]
[INFO] [stderr] warning: nanovg-sys@1.0.2:   440 |         vert = glCreateShader(GL_VERTEX_SHADER);
[INFO] [stderr] warning: nanovg-sys@1.0.2:       |                ^~~~~~~~~~~~~~
[INFO] [stderr] warning: nanovg-sys@1.0.2:       |                glnvg__createShader
[INFO] [stderr] warning: nanovg-sys@1.0.2: nanovg/src/nanovg_gl.h:443:9: error: implicit declaration of function 'glShaderSource' [-Wimplicit-function-declaration]
[INFO] [stderr] warning: nanovg-sys@1.0.2:   443 |         glShaderSource(vert, 3, str, 0);
[INFO] [stderr] warning: nanovg-sys@1.0.2:       |         ^~~~~~~~~~~~~~
[INFO] [stderr] warning: nanovg-sys@1.0.2: nanovg/src/nanovg_gl.h:447:9: error: implicit declaration of function 'glCompileShader' [-Wimplicit-function-declaration]
[INFO] [stderr] warning: nanovg-sys@1.0.2:   447 |         glCompileShader(vert);
[INFO] [stderr] warning: nanovg-sys@1.0.2:       |         ^~~~~~~~~~~~~~~
[INFO] [stderr] warning: nanovg-sys@1.0.2: nanovg/src/nanovg_gl.h:448:9: error: implicit declaration of function 'glGetShaderiv'; did you mean 'glGetMapiv'? [-Wimplicit-function-declaration]
[INFO] [stderr] warning: nanovg-sys@1.0.2:   448 |         glGetShaderiv(vert, GL_COMPILE_STATUS, &status);
[INFO] [stderr] warning: nanovg-sys@1.0.2:       |         ^~~~~~~~~~~~~
[INFO] [stderr] warning: nanovg-sys@1.0.2:       |         glGetMapiv
[INFO] [stderr] warning: nanovg-sys@1.0.2: nanovg/src/nanovg_gl.h:461:9: error: implicit declaration of function 'glAttachShader' [-Wimplicit-function-declaration]
[INFO] [stderr] warning: nanovg-sys@1.0.2:   461 |         glAttachShader(prog, vert);
[INFO] [stderr] warning: nanovg-sys@1.0.2:       |         ^~~~~~~~~~~~~~
[INFO] [stderr] warning: nanovg-sys@1.0.2: nanovg/src/nanovg_gl.h:464:9: error: implicit declaration of function 'glBindAttribLocation' [-Wimplicit-function-declaration]
[INFO] [stderr] warning: nanovg-sys@1.0.2:   464 |         glBindAttribLocation(prog, 0, "vertex");
[INFO] [stderr] warning: nanovg-sys@1.0.2:       |         ^~~~~~~~~~~~~~~~~~~~
[INFO] [stderr] warning: nanovg-sys@1.0.2: nanovg/src/nanovg_gl.h:467:9: error: implicit declaration of function 'glLinkProgram'; did you mean 'glHistogram'? [-Wimplicit-function-declaration]
[INFO] [stderr] warning: nanovg-sys@1.0.2:   467 |         glLinkProgram(prog);
[INFO] [stderr] warning: nanovg-sys@1.0.2:       |         ^~~~~~~~~~~~~
[INFO] [stderr] warning: nanovg-sys@1.0.2:       |         glHistogram
[INFO] [stderr] warning: nanovg-sys@1.0.2: nanovg/src/nanovg_gl.h:468:9: error: implicit declaration of function 'glGetProgramiv' [-Wimplicit-function-declaration]
[INFO] [stderr] warning: nanovg-sys@1.0.2:   468 |         glGetProgramiv(prog, GL_LINK_STATUS, &status);
[INFO] [stderr] warning: nanovg-sys@1.0.2:       |         ^~~~~~~~~~~~~~
[INFO] [stderr] warning: nanovg-sys@1.0.2: nanovg/src/nanovg_gl.h: In function 'glnvg__deleteShader':
[INFO] [stderr] warning: nanovg-sys@1.0.2: nanovg/src/nanovg_gl.h:484:17: error: implicit declaration of function 'glDeleteProgram' [-Wimplicit-function-declaration]
[INFO] [stderr] warning: nanovg-sys@1.0.2:   484 |                 glDeleteProgram(shader->prog);
[INFO] [stderr] warning: nanovg-sys@1.0.2:       |                 ^~~~~~~~~~~~~~~
[INFO] [stderr] warning: nanovg-sys@1.0.2: nanovg/src/nanovg_gl.h:486:17: error: implicit declaration of function 'glDeleteShader'; did you mean 'glnvg__deleteShader'? [-Wimplicit-function-declaration]
[INFO] [stderr] warning: nanovg-sys@1.0.2:   486 |                 glDeleteShader(shader->vert);
[INFO] [stderr] warning: nanovg-sys@1.0.2:       |                 ^~~~~~~~~~~~~~
[INFO] [stderr] warning: nanovg-sys@1.0.2:       |                 glnvg__deleteShader
[INFO] [stderr] warning: nanovg-sys@1.0.2: nanovg/src/nanovg_gl.h: In function 'glnvg__getUniforms':
[INFO] [stderr] warning: nanovg-sys@1.0.2: nanovg/src/nanovg_gl.h:493:43: error: implicit declaration of function 'glGetUniformLocation' [-Wimplicit-function-declaration]
[INFO] [stderr] warning: nanovg-sys@1.0.2:   493 |         shader->loc[GLNVG_LOC_VIEWSIZE] = glGetUniformLocation(shader->prog, "viewSize");
[INFO] [stderr] warning: nanovg-sys@1.0.2:       |                                           ^~~~~~~~~~~~~~~~~~~~
[INFO] [stderr] warning: nanovg-sys@1.0.2: nanovg/src/nanovg_gl.h:497:39: error: implicit declaration of function 'glGetUniformBlockIndex' [-Wimplicit-function-declaration]
[INFO] [stderr] warning: nanovg-sys@1.0.2:   497 |         shader->loc[GLNVG_LOC_FRAG] = glGetUniformBlockIndex(shader->prog, "frag");
[INFO] [stderr] warning: nanovg-sys@1.0.2:       |                                       ^~~~~~~~~~~~~~~~~~~~~~
[INFO] [stderr] warning: nanovg-sys@1.0.2: nanovg/src/nanovg_gl.h: In function 'glnvg__renderCreate':
[INFO] [stderr] warning: nanovg-sys@1.0.2: nanovg/src/nanovg_gl.h:691:9: error: implicit declaration of function 'glGenVertexArrays' [-Wimplicit-function-declaration]
[INFO] [stderr] warning: nanovg-sys@1.0.2:   691 |         glGenVertexArrays(1, &gl->vertArr);
[INFO] [stderr] warning: nanovg-sys@1.0.2:       |         ^~~~~~~~~~~~~~~~~
[INFO] [stderr] warning: nanovg-sys@1.0.2: nanovg/src/nanovg_gl.h:693:9: error: implicit declaration of function 'glGenBuffers'; did you mean 'glReadBuffer'? [-Wimplicit-function-declaration]
[INFO] [stderr] warning: nanovg-sys@1.0.2:   693 |         glGenBuffers(1, &gl->vertBuf);
[INFO] [stderr] warning: nanovg-sys@1.0.2:       |         ^~~~~~~~~~~~
[INFO] [stderr] warning: nanovg-sys@1.0.2:       |         glReadBuffer
[INFO] [stderr] warning: nanovg-sys@1.0.2: nanovg/src/nanovg_gl.h:697:9: error: implicit declaration of function 'glUniformBlockBinding' [-Wimplicit-function-declaration]
[INFO] [stderr] warning: nanovg-sys@1.0.2:   697 |         glUniformBlockBinding(gl->shader.prog, gl->shader.loc[GLNVG_LOC_FRAG], GLNVG_FRAG_BINDING);
[INFO] [stderr] warning: nanovg-sys@1.0.2:       |         ^~~~~~~~~~~~~~~~~~~~~
[INFO] [stderr] warning: nanovg-sys@1.0.2: nanovg/src/nanovg_gl.h: In function 'glnvg__renderCreateTexture':
[INFO] [stderr] warning: nanovg-sys@1.0.2: nanovg/src/nanovg_gl.h:805:17: error: implicit declaration of function 'glGenerateMipmap' [-Wimplicit-function-declaration]
[INFO] [stderr] warning: nanovg-sys@1.0.2:   805 |                 glGenerateMipmap(GL_TEXTURE_2D);
[INFO] [stderr] warning: nanovg-sys@1.0.2:       |                 ^~~~~~~~~~~~~~~~
[INFO] [stderr] warning: nanovg-sys@1.0.2: nanovg/src/nanovg_gl.h: In function 'glnvg__setUniforms':
[INFO] [stderr] warning: nanovg-sys@1.0.2: nanovg/src/nanovg_gl.h:977:9: error: implicit declaration of function 'glBindBufferRange' [-Wimplicit-function-declaration]
[INFO] [stderr] warning: nanovg-sys@1.0.2:   977 |         glBindBufferRange(GL_UNIFORM_BUFFER, GLNVG_FRAG_BINDING, gl->fragBuf, uniformOffset, sizeof(GLNVGfragUniforms));
[INFO] [stderr] warning: nanovg-sys@1.0.2:       |         ^~~~~~~~~~~~~~~~~
[INFO] [stderr] warning: nanovg-sys@1.0.2: nanovg/src/nanovg_gl.h: In function 'glnvg__fill':
[INFO] [stderr] warning: nanovg-sys@1.0.2: nanovg/src/nanovg_gl.h:1015:9: error: implicit declaration of function 'glStencilOpSeparate' [-Wimplicit-function-declaration]
[INFO] [stderr] warning: nanovg-sys@1.0.2:  1015 |         glStencilOpSeparate(GL_FRONT, GL_KEEP, GL_KEEP, GL_INCR_WRAP);
[INFO] [stderr] warning: nanovg-sys@1.0.2:       |         ^~~~~~~~~~~~~~~~~~~
[INFO] [stderr] warning: nanovg-sys@1.0.2: nanovg/src/nanovg_gl.h: In function 'glnvg__renderFlush':
[INFO] [stderr] warning: nanovg-sys@1.0.2: nanovg/src/nanovg_gl.h:1176:17: error: implicit declaration of function 'glUseProgram' [-Wimplicit-function-declaration]
[INFO] [stderr] warning: nanovg-sys@1.0.2:  1176 |                 glUseProgram(gl->shader.prog);
[INFO] [stderr] warning: nanovg-sys@1.0.2:       |                 ^~~~~~~~~~~~
[INFO] [stderr] warning: nanovg-sys@1.0.2: nanovg/src/nanovg_gl.h:1204:17: error: implicit declaration of function 'glBindBuffer'; did you mean 'glReadBuffer'? [-Wimplicit-function-declaration]
[INFO] [stderr] warning: nanovg-sys@1.0.2:  1204 |                 glBindBuffer(GL_UNIFORM_BUFFER, gl->fragBuf);
[INFO] [stderr] warning: nanovg-sys@1.0.2:       |                 ^~~~~~~~~~~~
[INFO] [stderr] warning: nanovg-sys@1.0.2:       |                 glReadBuffer
[INFO] [stderr] warning: nanovg-sys@1.0.2: nanovg/src/nanovg_gl.h:1205:17: error: implicit declaration of function 'glBufferData' [-Wimplicit-function-declaration]
[INFO] [stderr] warning: nanovg-sys@1.0.2:  1205 |                 glBufferData(GL_UNIFORM_BUFFER, gl->nuniforms * gl->fragSize, gl->uniforms, GL_STREAM_DRAW);
[INFO] [stderr] warning: nanovg-sys@1.0.2:       |                 ^~~~~~~~~~~~
[INFO] [stderr] warning: nanovg-sys@1.0.2: nanovg/src/nanovg_gl.h:1210:17: error: implicit declaration of function 'glBindVertexArray' [-Wimplicit-function-declaration]
[INFO] [stderr] warning: nanovg-sys@1.0.2:  1210 |                 glBindVertexArray(gl->vertArr);
[INFO] [stderr] warning: nanovg-sys@1.0.2:       |                 ^~~~~~~~~~~~~~~~~
[INFO] [stderr] warning: nanovg-sys@1.0.2: nanovg/src/nanovg_gl.h:1214:17: error: implicit declaration of function 'glEnableVertexAttribArray' [-Wimplicit-function-declaration]
[INFO] [stderr] warning: nanovg-sys@1.0.2:  1214 |                 glEnableVertexAttribArray(0);
[INFO] [stderr] warning: nanovg-sys@1.0.2:       |                 ^~~~~~~~~~~~~~~~~~~~~~~~~
[INFO] [stderr] warning: nanovg-sys@1.0.2: nanovg/src/nanovg_gl.h:1216:17: error: implicit declaration of function 'glVertexAttribPointer'; did you mean 'glVertexPointer'? [-Wimplicit-function-declaration]
[INFO] [stderr] warning: nanovg-sys@1.0.2:  1216 |                 glVertexAttribPointer(0, 2, GL_FLOAT, GL_FALSE, sizeof(NVGvertex), (const GLvoid*)(size_t)0);
[INFO] [stderr] warning: nanovg-sys@1.0.2:       |                 ^~~~~~~~~~~~~~~~~~~~~
[INFO] [stderr] warning: nanovg-sys@1.0.2:       |                 glVertexPointer
[INFO] [stderr] warning: nanovg-sys@1.0.2: nanovg/src/nanovg_gl.h:1220:17: error: implicit declaration of function 'glUniform1i' [-Wimplicit-function-declaration]
[INFO] [stderr] warning: nanovg-sys@1.0.2:  1220 |                 glUniform1i(gl->shader.loc[GLNVG_LOC_TEX], 0);
[INFO] [stderr] warning: nanovg-sys@1.0.2:       |                 ^~~~~~~~~~~
[INFO] [stderr] warning: nanovg-sys@1.0.2: nanovg/src/nanovg_gl.h:1221:17: error: implicit declaration of function 'glUniform2fv' [-Wimplicit-function-declaration]
[INFO] [stderr] warning: nanovg-sys@1.0.2:  1221 |                 glUniform2fv(gl->shader.loc[GLNVG_LOC_VIEWSIZE], 1, gl->view);
[INFO] [stderr] warning: nanovg-sys@1.0.2:       |                 ^~~~~~~~~~~~
[INFO] [stderr] warning: nanovg-sys@1.0.2: nanovg/src/nanovg_gl.h:1240:17: error: implicit declaration of function 'glDisableVertexAttribArray' [-Wimplicit-function-declaration]
[INFO] [stderr] warning: nanovg-sys@1.0.2:  1240 |                 glDisableVertexAttribArray(0);
[INFO] [stderr] warning: nanovg-sys@1.0.2:       |                 ^~~~~~~~~~~~~~~~~~~~~~~~~~
[INFO] [stderr] warning: nanovg-sys@1.0.2: nanovg/src/nanovg_gl.h: In function 'glnvg__renderDelete':
[INFO] [stderr] warning: nanovg-sys@1.0.2: nanovg/src/nanovg_gl.h:1529:17: error: implicit declaration of function 'glDeleteBuffers'; did you mean 'glSelectBuffer'? [-Wimplicit-function-declaration]
[INFO] [stderr] warning: nanovg-sys@1.0.2:  1529 |                 glDeleteBuffers(1, &gl->fragBuf);
[INFO] [stderr] warning: nanovg-sys@1.0.2:       |                 ^~~~~~~~~~~~~~~
[INFO] [stderr] warning: nanovg-sys@1.0.2:       |                 glSelectBuffer
[INFO] [stderr] warning: nanovg-sys@1.0.2: nanovg/src/nanovg_gl.h:1532:17: error: implicit declaration of function 'glDeleteVertexArrays' [-Wimplicit-function-declaration]
[INFO] [stderr] warning: nanovg-sys@1.0.2:  1532 |                 glDeleteVertexArrays(1, &gl->vertArr);
[INFO] [stderr] warning: nanovg-sys@1.0.2:       |                 ^~~~~~~~~~~~~~~~~~~~
[INFO] [stderr] error: failed to run custom build command for `nanovg-sys v1.0.2`
[INFO] [stderr] note: To improve backtraces for build dependencies, set the CARGO_PROFILE_RELEASE_BUILD_OVERRIDE_DEBUG=true environment variable to enable debug information generation.
[INFO] [stderr] 
[INFO] [stderr] Caused by:
[INFO] [stderr]   process didn't exit successfully: `/opt/rustwide/target/release/build/nanovg-sys-13304f63a6870242/build-script-build` (exit status: 1)
[INFO] [stderr]   --- stdout
[INFO] [stderr]   cargo:rustc-link-lib=GL
[INFO] [stderr]   TARGET = Some("x86_64-unknown-linux-gnu")
[INFO] [stderr]   OPT_LEVEL = Some("3")
[INFO] [stderr]   HOST = Some("x86_64-unknown-linux-gnu")
[INFO] [stderr]   CC_x86_64-unknown-linux-gnu = None
[INFO] [stderr]   CC_x86_64_unknown_linux_gnu = None
[INFO] [stderr]   HOST_CC = None
[INFO] [stderr]   CC = None
[INFO] [stderr]   CFLAGS_x86_64-unknown-linux-gnu = None
[INFO] [stderr]   CFLAGS_x86_64_unknown_linux_gnu = None
[INFO] [stderr]   HOST_CFLAGS = None
[INFO] [stderr]   CFLAGS = None
[INFO] [stderr]   CRATE_CC_NO_DEFAULTS = None
[INFO] [stderr]   DEBUG = Some("false")
[INFO] [stderr]   CARGO_CFG_TARGET_FEATURE = Some("fxsr,sse,sse2")
[INFO] [stderr]   CC_x86_64-unknown-linux-gnu = None
[INFO] [stderr]   CC_x86_64_unknown_linux_gnu = None
[INFO] [stderr]   HOST_CC = None
[INFO] [stderr]   CC = None
[INFO] [stderr]   CFLAGS_x86_64-unknown-linux-gnu = None
[INFO] [stderr]   CFLAGS_x86_64_unknown_linux_gnu = None
[INFO] [stderr]   HOST_CFLAGS = None
[INFO] [stderr]   CFLAGS = None
[INFO] [stderr]   CRATE_CC_NO_DEFAULTS = None
[INFO] [stderr]   CARGO_CFG_TARGET_FEATURE = Some("fxsr,sse,sse2")
[INFO] [stderr]   running: "cc" "-O3" "-ffunction-sections" "-fdata-sections" "-fPIC" "-m64" "-I" "nanovg/src" "-Wall" "-Wextra" "-w" "-DNANOVG_GL3_IMPLEMENTATION" "-o" "/opt/rustwide/target/release/build/nanovg-sys-7404bf82dacdbad1/out/nanovg/src/nanovg.o" "-c" "nanovg/src/nanovg.c"
[INFO] [stderr]   exit status: 0
[INFO] [stderr]   running: "cc" "-O3" "-ffunction-sections" "-fdata-sections" "-fPIC" "-m64" "-I" "nanovg/src" "-Wall" "-Wextra" "-w" "-DNANOVG_GL3_IMPLEMENTATION" "-o" "/opt/rustwide/target/release/build/nanovg-sys-7404bf82dacdbad1/out/nanovg_shim.o" "-c" "nanovg_shim.c"
[INFO] [stderr]   cargo:warning=In file included from nanovg_shim.c:14:
[INFO] [stderr]   cargo:warning=nanovg/src/nanovg_gl.h: In function 'glnvg__blendFuncSeparate':
[INFO] [stderr]   cargo:warning=nanovg/src/nanovg_gl.h:339:17: error: implicit declaration of function 'glBlendFuncSeparate'; did you mean 'glnvg__blendFuncSeparate'? [-Wimplicit-function-declaration]
[INFO] [stderr]   cargo:warning=  339 |                 glBlendFuncSeparate(blend->srcRGB, blend->dstRGB, blend->srcAlpha,blend->dstAlpha);
[INFO] [stderr]   cargo:warning=      |                 ^~~~~~~~~~~~~~~~~~~
[INFO] [stderr]   cargo:warning=      |                 glnvg__blendFuncSeparate
[INFO] [stderr]   cargo:warning=nanovg/src/nanovg_gl.h: In function 'glnvg__dumpShaderError':
[INFO] [stderr]   cargo:warning=nanovg/src/nanovg_gl.h:402:9: error: implicit declaration of function 'glGetShaderInfoLog' [-Wimplicit-function-declaration]
[INFO] [stderr]   cargo:warning=  402 |         glGetShaderInfoLog(shader, 512, &len, str);
[INFO] [stderr]   cargo:warning=      |         ^~~~~~~~~~~~~~~~~~
[INFO] [stderr]   cargo:warning=nanovg/src/nanovg_gl.h: In function 'glnvg__dumpProgramError':
[INFO] [stderr]   cargo:warning=nanovg/src/nanovg_gl.h:412:9: error: implicit declaration of function 'glGetProgramInfoLog' [-Wimplicit-function-declaration]
[INFO] [stderr]   cargo:warning=  412 |         glGetProgramInfoLog(prog, 512, &len, str);
[INFO] [stderr]   cargo:warning=      |         ^~~~~~~~~~~~~~~~~~~
[INFO] [stderr]   cargo:warning=nanovg/src/nanovg_gl.h: In function 'glnvg__createShader':
[INFO] [stderr]   cargo:warning=nanovg/src/nanovg_gl.h:439:16: error: implicit declaration of function 'glCreateProgram' [-Wimplicit-function-declaration]
[INFO] [stderr]   cargo:warning=  439 |         prog = glCreateProgram();
[INFO] [stderr]   cargo:warning=      |                ^~~~~~~~~~~~~~~
[INFO] [stderr]   cargo:warning=nanovg/src/nanovg_gl.h:440:16: error: implicit declaration of function 'glCreateShader'; did you mean 'glnvg__createShader'? [-Wimplicit-function-declaration]
[INFO] [stderr]   cargo:warning=  440 |         vert = glCreateShader(GL_VERTEX_SHADER);
[INFO] [stderr]   cargo:warning=      |                ^~~~~~~~~~~~~~
[INFO] [stderr]   cargo:warning=      |                glnvg__createShader
[INFO] [stderr]   cargo:warning=nanovg/src/nanovg_gl.h:443:9: error: implicit declaration of function 'glShaderSource' [-Wimplicit-function-declaration]
[INFO] [stderr]   cargo:warning=  443 |         glShaderSource(vert, 3, str, 0);
[INFO] [stderr]   cargo:warning=      |         ^~~~~~~~~~~~~~
[INFO] [stderr]   cargo:warning=nanovg/src/nanovg_gl.h:447:9: error: implicit declaration of function 'glCompileShader' [-Wimplicit-function-declaration]
[INFO] [stderr]   cargo:warning=  447 |         glCompileShader(vert);
[INFO] [stderr]   cargo:warning=      |         ^~~~~~~~~~~~~~~
[INFO] [stderr]   cargo:warning=nanovg/src/nanovg_gl.h:448:9: error: implicit declaration of function 'glGetShaderiv'; did you mean 'glGetMapiv'? [-Wimplicit-function-declaration]
[INFO] [stderr]   cargo:warning=  448 |         glGetShaderiv(vert, GL_COMPILE_STATUS, &status);
[INFO] [stderr]   cargo:warning=      |         ^~~~~~~~~~~~~
[INFO] [stderr]   cargo:warning=      |         glGetMapiv
[INFO] [stderr]   cargo:warning=nanovg/src/nanovg_gl.h:461:9: error: implicit declaration of function 'glAttachShader' [-Wimplicit-function-declaration]
[INFO] [stderr]   cargo:warning=  461 |         glAttachShader(prog, vert);
[INFO] [stderr]   cargo:warning=      |         ^~~~~~~~~~~~~~
[INFO] [stderr]   cargo:warning=nanovg/src/nanovg_gl.h:464:9: error: implicit declaration of function 'glBindAttribLocation' [-Wimplicit-function-declaration]
[INFO] [stderr]   cargo:warning=  464 |         glBindAttribLocation(prog, 0, "vertex");
[INFO] [stderr]   cargo:warning=      |         ^~~~~~~~~~~~~~~~~~~~
[INFO] [stderr]   cargo:warning=nanovg/src/nanovg_gl.h:467:9: error: implicit declaration of function 'glLinkProgram'; did you mean 'glHistogram'? [-Wimplicit-function-declaration]
[INFO] [stderr]   cargo:warning=  467 |         glLinkProgram(prog);
[INFO] [stderr]   cargo:warning=      |         ^~~~~~~~~~~~~
[INFO] [stderr]   cargo:warning=      |         glHistogram
[INFO] [stderr]   cargo:warning=nanovg/src/nanovg_gl.h:468:9: error: implicit declaration of function 'glGetProgramiv' [-Wimplicit-function-declaration]
[INFO] [stderr]   cargo:warning=  468 |         glGetProgramiv(prog, GL_LINK_STATUS, &status);
[INFO] [stderr]   cargo:warning=      |         ^~~~~~~~~~~~~~
[INFO] [stderr]   cargo:warning=nanovg/src/nanovg_gl.h: In function 'glnvg__deleteShader':
[INFO] [stderr]   cargo:warning=nanovg/src/nanovg_gl.h:484:17: error: implicit declaration of function 'glDeleteProgram' [-Wimplicit-function-declaration]
[INFO] [stderr]   cargo:warning=  484 |                 glDeleteProgram(shader->prog);
[INFO] [stderr]   cargo:warning=      |                 ^~~~~~~~~~~~~~~
[INFO] [stderr]   cargo:warning=nanovg/src/nanovg_gl.h:486:17: error: implicit declaration of function 'glDeleteShader'; did you mean 'glnvg__deleteShader'? [-Wimplicit-function-declaration]
[INFO] [stderr]   cargo:warning=  486 |                 glDeleteShader(shader->vert);
[INFO] [stderr]   cargo:warning=      |                 ^~~~~~~~~~~~~~
[INFO] [stderr]   cargo:warning=      |                 glnvg__deleteShader
[INFO] [stderr]   cargo:warning=nanovg/src/nanovg_gl.h: In function 'glnvg__getUniforms':
[INFO] [stderr]   cargo:warning=nanovg/src/nanovg_gl.h:493:43: error: implicit declaration of function 'glGetUniformLocation' [-Wimplicit-function-declaration]
[INFO] [stderr]   cargo:warning=  493 |         shader->loc[GLNVG_LOC_VIEWSIZE] = glGetUniformLocation(shader->prog, "viewSize");
[INFO] [stderr]   cargo:warning=      |                                           ^~~~~~~~~~~~~~~~~~~~
[INFO] [stderr]   cargo:warning=nanovg/src/nanovg_gl.h:497:39: error: implicit declaration of function 'glGetUniformBlockIndex' [-Wimplicit-function-declaration]
[INFO] [stderr]   cargo:warning=  497 |         shader->loc[GLNVG_LOC_FRAG] = glGetUniformBlockIndex(shader->prog, "frag");
[INFO] [stderr]   cargo:warning=      |                                       ^~~~~~~~~~~~~~~~~~~~~~
[INFO] [stderr]   cargo:warning=nanovg/src/nanovg_gl.h: In function 'glnvg__renderCreate':
[INFO] [stderr]   cargo:warning=nanovg/src/nanovg_gl.h:691:9: error: implicit declaration of function 'glGenVertexArrays' [-Wimplicit-function-declaration]
[INFO] [stderr]   cargo:warning=  691 |         glGenVertexArrays(1, &gl->vertArr);
[INFO] [stderr]   cargo:warning=      |         ^~~~~~~~~~~~~~~~~
[INFO] [stderr]   cargo:warning=nanovg/src/nanovg_gl.h:693:9: error: implicit declaration of function 'glGenBuffers'; did you mean 'glReadBuffer'? [-Wimplicit-function-declaration]
[INFO] [stderr]   cargo:warning=  693 |         glGenBuffers(1, &gl->vertBuf);
[INFO] [stderr]   cargo:warning=      |         ^~~~~~~~~~~~
[INFO] [stderr]   cargo:warning=      |         glReadBuffer
[INFO] [stderr]   cargo:warning=nanovg/src/nanovg_gl.h:697:9: error: implicit declaration of function 'glUniformBlockBinding' [-Wimplicit-function-declaration]
[INFO] [stderr]   cargo:warning=  697 |         glUniformBlockBinding(gl->shader.prog, gl->shader.loc[GLNVG_LOC_FRAG], GLNVG_FRAG_BINDING);
[INFO] [stderr]   cargo:warning=      |         ^~~~~~~~~~~~~~~~~~~~~
[INFO] [stderr]   cargo:warning=nanovg/src/nanovg_gl.h: In function 'glnvg__renderCreateTexture':
[INFO] [stderr]   cargo:warning=nanovg/src/nanovg_gl.h:805:17: error: implicit declaration of function 'glGenerateMipmap' [-Wimplicit-function-declaration]
[INFO] [stderr]   cargo:warning=  805 |                 glGenerateMipmap(GL_TEXTURE_2D);
[INFO] [stderr]   cargo:warning=      |                 ^~~~~~~~~~~~~~~~
[INFO] [stderr]   cargo:warning=nanovg/src/nanovg_gl.h: In function 'glnvg__setUniforms':
[INFO] [stderr]   cargo:warning=nanovg/src/nanovg_gl.h:977:9: error: implicit declaration of function 'glBindBufferRange' [-Wimplicit-function-declaration]
[INFO] [stderr]   cargo:warning=  977 |         glBindBufferRange(GL_UNIFORM_BUFFER, GLNVG_FRAG_BINDING, gl->fragBuf, uniformOffset, sizeof(GLNVGfragUniforms));
[INFO] [stderr]   cargo:warning=      |         ^~~~~~~~~~~~~~~~~
[INFO] [stderr]   cargo:warning=nanovg/src/nanovg_gl.h: In function 'glnvg__fill':
[INFO] [stderr]   cargo:warning=nanovg/src/nanovg_gl.h:1015:9: error: implicit declaration of function 'glStencilOpSeparate' [-Wimplicit-function-declaration]
[INFO] [stderr]   cargo:warning= 1015 |         glStencilOpSeparate(GL_FRONT, GL_KEEP, GL_KEEP, GL_INCR_WRAP);
[INFO] [stderr]   cargo:warning=      |         ^~~~~~~~~~~~~~~~~~~
[INFO] [stderr]   cargo:warning=nanovg/src/nanovg_gl.h: In function 'glnvg__renderFlush':
[INFO] [stderr]   cargo:warning=nanovg/src/nanovg_gl.h:1176:17: error: implicit declaration of function 'glUseProgram' [-Wimplicit-function-declaration]
[INFO] [stderr]   cargo:warning= 1176 |                 glUseProgram(gl->shader.prog);
[INFO] [stderr]   cargo:warning=      |                 ^~~~~~~~~~~~
[INFO] [stderr]   cargo:warning=nanovg/src/nanovg_gl.h:1204:17: error: implicit declaration of function 'glBindBuffer'; did you mean 'glReadBuffer'? [-Wimplicit-function-declaration]
[INFO] [stderr]   cargo:warning= 1204 |                 glBindBuffer(GL_UNIFORM_BUFFER, gl->fragBuf);
[INFO] [stderr]   cargo:warning=      |                 ^~~~~~~~~~~~
[INFO] [stderr]   cargo:warning=      |                 glReadBuffer
[INFO] [stderr]   cargo:warning=nanovg/src/nanovg_gl.h:1205:17: error: implicit declaration of function 'glBufferData' [-Wimplicit-function-declaration]
[INFO] [stderr]   cargo:warning= 1205 |                 glBufferData(GL_UNIFORM_BUFFER, gl->nuniforms * gl->fragSize, gl->uniforms, GL_STREAM_DRAW);
[INFO] [stderr]   cargo:warning=      |                 ^~~~~~~~~~~~
[INFO] [stderr]   cargo:warning=nanovg/src/nanovg_gl.h:1210:17: error: implicit declaration of function 'glBindVertexArray' [-Wimplicit-function-declaration]
[INFO] [stderr]   cargo:warning= 1210 |                 glBindVertexArray(gl->vertArr);
[INFO] [stderr]   cargo:warning=      |                 ^~~~~~~~~~~~~~~~~
[INFO] [stderr]   cargo:warning=nanovg/src/nanovg_gl.h:1214:17: error: implicit declaration of function 'glEnableVertexAttribArray' [-Wimplicit-function-declaration]
[INFO] [stderr]   cargo:warning= 1214 |                 glEnableVertexAttribArray(0);
[INFO] [stderr]   cargo:warning=      |                 ^~~~~~~~~~~~~~~~~~~~~~~~~
[INFO] [stderr]   cargo:warning=nanovg/src/nanovg_gl.h:1216:17: error: implicit declaration of function 'glVertexAttribPointer'; did you mean 'glVertexPointer'? [-Wimplicit-function-declaration]
[INFO] [stderr]   cargo:warning= 1216 |                 glVertexAttribPointer(0, 2, GL_FLOAT, GL_FALSE, sizeof(NVGvertex), (const GLvoid*)(size_t)0);
[INFO] [stderr]   cargo:warning=      |                 ^~~~~~~~~~~~~~~~~~~~~
[INFO] [stderr]   cargo:warning=      |                 glVertexPointer
[INFO] [stderr]   cargo:warning=nanovg/src/nanovg_gl.h:1220:17: error: implicit declaration of function 'glUniform1i' [-Wimplicit-function-declaration]
[INFO] [stderr]   cargo:warning= 1220 |                 glUniform1i(gl->shader.loc[GLNVG_LOC_TEX], 0);
[INFO] [stderr]   cargo:warning=      |                 ^~~~~~~~~~~
[INFO] [stderr]   cargo:warning=nanovg/src/nanovg_gl.h:1221:17: error: implicit declaration of function 'glUniform2fv' [-Wimplicit-function-declaration]
[INFO] [stderr]   cargo:warning= 1221 |                 glUniform2fv(gl->shader.loc[GLNVG_LOC_VIEWSIZE], 1, gl->view);
[INFO] [stderr]   cargo:warning=      |                 ^~~~~~~~~~~~
[INFO] [stderr]   cargo:warning=nanovg/src/nanovg_gl.h:1240:17: error: implicit declaration of function 'glDisableVertexAttribArray' [-Wimplicit-function-declaration]
[INFO] [stderr]   cargo:warning= 1240 |                 glDisableVertexAttribArray(0);
[INFO] [stderr]   cargo:warning=      |                 ^~~~~~~~~~~~~~~~~~~~~~~~~~
[INFO] [stderr]   cargo:warning=nanovg/src/nanovg_gl.h: In function 'glnvg__renderDelete':
[INFO] [stderr]   cargo:warning=nanovg/src/nanovg_gl.h:1529:17: error: implicit declaration of function 'glDeleteBuffers'; did you mean 'glSelectBuffer'? [-Wimplicit-function-declaration]
[INFO] [stderr]   cargo:warning= 1529 |                 glDeleteBuffers(1, &gl->fragBuf);
[INFO] [stderr]   cargo:warning=      |                 ^~~~~~~~~~~~~~~
[INFO] [stderr]   cargo:warning=      |                 glSelectBuffer
[INFO] [stderr]   cargo:warning=nanovg/src/nanovg_gl.h:1532:17: error: implicit declaration of function 'glDeleteVertexArrays' [-Wimplicit-function-declaration]
[INFO] [stderr]   cargo:warning= 1532 |                 glDeleteVertexArrays(1, &gl->vertArr);
[INFO] [stderr]   cargo:warning=      |                 ^~~~~~~~~~~~~~~~~~~~
[INFO] [stderr]   exit status: 1
[INFO] [stderr] 
[INFO] [stderr]   --- stderr
[INFO] [stderr]   fatal: not a git repository (or any parent up to mount point /opt/rustwide)
[INFO] [stderr]   Stopping at filesystem boundary (GIT_DISCOVERY_ACROSS_FILESYSTEM not set).
[INFO] [stderr] 
[INFO] [stderr] 
[INFO] [stderr]   error occurred: Command "cc" "-O3" "-ffunction-sections" "-fdata-sections" "-fPIC" "-m64" "-I" "nanovg/src" "-Wall" "-Wextra" "-w" "-DNANOVG_GL3_IMPLEMENTATION" "-o" "/opt/rustwide/target/release/build/nanovg-sys-7404bf82dacdbad1/out/nanovg_shim.o" "-c" "nanovg_shim.c" with args "cc" did not execute successfully (status code exit status: 1).
[INFO] [stderr] 
[INFO] [stderr] 
[INFO] [stderr] warning: build failed, waiting for other jobs to finish...
[INFO] running `Command { std: "docker" "inspect" "74d673d11129bb0d9ea264abee4d5b9e4742b709b0cb43a9d93f19bef2a7fc14", kill_on_drop: false }`
[INFO] running `Command { std: "docker" "rm" "-f" "74d673d11129bb0d9ea264abee4d5b9e4742b709b0cb43a9d93f19bef2a7fc14", kill_on_drop: false }`
[INFO] [stdout] 74d673d11129bb0d9ea264abee4d5b9e4742b709b0cb43a9d93f19bef2a7fc14
