[INFO] cloning repository https://github.com/jrmoulton/Bunnies-BFS-Rust
[INFO] running `Command { std: "git" "-c" "credential.helper=" "-c" "credential.helper=/workspace/cargo-home/bin/git-credential-null" "clone" "--bare" "https://github.com/jrmoulton/Bunnies-BFS-Rust" "/workspace/cache/git-repos/https%3A%2F%2Fgithub.com%2Fjrmoulton%2FBunnies-BFS-Rust", kill_on_drop: false }`
[INFO] [stderr] Cloning into bare repository '/workspace/cache/git-repos/https%3A%2F%2Fgithub.com%2Fjrmoulton%2FBunnies-BFS-Rust'...
[INFO] running `Command { std: "git" "rev-parse" "HEAD", kill_on_drop: false }`
[INFO] [stdout] 4a2b3bbaed48510804054e3705af95cb6de2bf01
[INFO] testing jrmoulton/Bunnies-BFS-Rust against 1.99.0-beta.1+cargoflags=--release for beta-release-1.99-2
[INFO] running `Command { std: "git" "clone" "/workspace/cache/git-repos/https%3A%2F%2Fgithub.com%2Fjrmoulton%2FBunnies-BFS-Rust" "/workspace/builds/worker-0-tc2/source", kill_on_drop: false }`
[INFO] [stderr] Cloning into '/workspace/builds/worker-0-tc2/source'...
[INFO] [stderr] done.
[INFO] started tweaking git repo https://github.com/jrmoulton/Bunnies-BFS-Rust
[INFO] finished tweaking git repo https://github.com/jrmoulton/Bunnies-BFS-Rust
[INFO] tweaked toml for git repo https://github.com/jrmoulton/Bunnies-BFS-Rust written to /workspace/builds/worker-0-tc2/source/Cargo.toml
[INFO] validating manifest of git repo https://github.com/jrmoulton/Bunnies-BFS-Rust on toolchain 1.99.0-beta.1
[INFO] running `Command { std: CARGO_HOME="/workspace/cargo-home" RUSTUP_HOME="/workspace/rustup-home" "/workspace/cargo-home/bin/cargo" "+1.99.0-beta.1" "metadata" "--manifest-path" "Cargo.toml" "--no-deps", kill_on_drop: false }`
[INFO] crate git repo https://github.com/jrmoulton/Bunnies-BFS-Rust already has a lockfile, it will not be regenerated
[INFO] running `Command { std: CARGO_HOME="/workspace/cargo-home" RUSTUP_HOME="/workspace/rustup-home" "/workspace/cargo-home/bin/cargo" "+1.99.0-beta.1" "fetch" "--manifest-path" "Cargo.toml", kill_on_drop: false }`
[INFO] running `Command { std: "docker" "create" "-v" "/var/lib/crater-agent-workspace/builds/worker-0-tc2/source:/opt/rustwide/workdir:ro,Z" "-v" "/var/lib/crater-agent-workspace/builds/worker-0-tc2/target:/opt/rustwide/target:rw,Z" "-v" "/var/lib/crater-agent-workspace/cargo-home:/opt/rustwide/cargo-home:ro,Z" "-v" "/var/lib/crater-agent-workspace/rustup-home:/opt/rustwide/rustup-home:ro,Z" "-m" "1610612736" "--network" "none" "ghcr.io/rust-lang/crates-build-env/linux@sha256:8683fc1fc2eb5c9ac98e0d076ab094b2ffac7f99da555d2b6a2e27f346de2ec7" "sleep" "infinity", kill_on_drop: false }`
[INFO] [stdout] 7404ef3e66c3b0265f284f8fc339424f1730e8575c36a0f3b1661687610f4b8c
[INFO] running `Command { std: "docker" "start" "7404ef3e66c3b0265f284f8fc339424f1730e8575c36a0f3b1661687610f4b8c", kill_on_drop: false }`
[INFO] running `Command { std: "docker" "inspect" "7404ef3e66c3b0265f284f8fc339424f1730e8575c36a0f3b1661687610f4b8c", kill_on_drop: false }`
[INFO] running `Command { std: "docker" "exec" "-e" "SOURCE_DIR=/opt/rustwide/workdir" "-e" "CARGO_HOME=/opt/rustwide/cargo-home" "-e" "RUSTUP_HOME=/opt/rustwide/rustup-home" "-e" "CARGO_TARGET_DIR=/opt/rustwide/target" "-w" "/opt/rustwide/workdir" "--user" "0:0" "7404ef3e66c3b0265f284f8fc339424f1730e8575c36a0f3b1661687610f4b8c" "/opt/rustwide/cargo-home/bin/cargo" "+1.99.0-beta.1" "metadata" "--no-deps" "--format-version=1", kill_on_drop: false }`
[INFO] running `Command { std: "docker" "inspect" "7404ef3e66c3b0265f284f8fc339424f1730e8575c36a0f3b1661687610f4b8c", kill_on_drop: false }`
[INFO] running `Command { std: "docker" "exec" "-e" "SOURCE_DIR=/opt/rustwide/workdir" "-e" "CARGO_HOME=/opt/rustwide/cargo-home" "-e" "RUSTUP_HOME=/opt/rustwide/rustup-home" "-e" "CARGO_TARGET_DIR=/opt/rustwide/target" "-e" "CARGO_INCREMENTAL=0" "-e" "RUST_BACKTRACE=full" "-e" "RUSTFLAGS=--cap-lints=warn" "-e" "RUSTDOCFLAGS=--cap-lints=warn" "-w" "/opt/rustwide/workdir" "--user" "0:0" "7404ef3e66c3b0265f284f8fc339424f1730e8575c36a0f3b1661687610f4b8c" "/opt/rustwide/cargo-home/bin/cargo" "+1.99.0-beta.1" "build" "--frozen" "--message-format=json" "--release", kill_on_drop: false }`
[INFO] [stderr]    Compiling regex v1.4.5
[INFO] [stderr]    Compiling console v0.7.7
[INFO] [stderr]    Compiling prep_bunnies_rs v0.1.0 (/opt/rustwide/workdir)
[INFO] [stdout] error[E0425]: cannot find value `temp` in this scope
[INFO] [stdout]   --> src/main.rs:91:21
[INFO] [stdout]    |
[INFO] [stdout] 91 |                     temp.hist = active.hist.clone();
[INFO] [stdout]    |                     ^^^^ not found in this scope
[INFO] [stdout] 
[INFO] [stdout] 
[INFO] [stdout] error[E0425]: cannot find value `temp` in this scope
[INFO] [stdout]   --> src/main.rs:92:21
[INFO] [stdout]    |
[INFO] [stdout] 92 |                     temp.hist.push(Point {
[INFO] [stdout]    |                     ^^^^ not found in this scope
[INFO] [stdout] 
[INFO] [stdout] 
[INFO] [stdout] error[E0425]: cannot find value `temp` in this scope
[INFO] [stdout]   --> src/main.rs:98:25
[INFO] [stdout]    |
[INFO] [stdout] 98 |                         temp.saldo = active.saldo;
[INFO] [stdout]    |                         ^^^^ not found in this scope
[INFO] [stdout] 
[INFO] [stdout] 
[INFO] [stdout] error[E0425]: cannot find value `temp` in this scope
[INFO] [stdout]   --> src/main.rs:99:41
[INFO] [stdout]    |
[INFO] [stdout] 99 |                         queue.insert(0, temp);
[INFO] [stdout]    |                                         ^^^^ not found in this scope
[INFO] [stdout] 
[INFO] [stdout] 
[INFO] [stdout] error[E0425]: cannot find value `temp` in this scope
[INFO] [stdout]    --> src/main.rs:101:25
[INFO] [stdout]     |
[INFO] [stdout] 101 |                         temp.hist.push(active.clone());
[INFO] [stdout]     |                         ^^^^ not found in this scope
[INFO] [stdout] 
[INFO] [stdout] 
[INFO] [stdout] error[E0425]: cannot find value `temp` in this scope
[INFO] [stdout]    --> src/main.rs:102:25
[INFO] [stdout]     |
[INFO] [stdout] 102 |                         temp.saldo = true;
[INFO] [stdout]     |                         ^^^^ not found in this scope
[INFO] [stdout] 
[INFO] [stdout] 
[INFO] [stdout] error[E0425]: cannot find value `temp` in this scope
[INFO] [stdout]    --> src/main.rs:103:41
[INFO] [stdout]     |
[INFO] [stdout] 103 |                         queue.insert(0, temp);
[INFO] [stdout]     |                                         ^^^^ not found in this scope
[INFO] [stdout] 
[INFO] [stdout] 
[INFO] [stdout] For more information about this error, try `rustc --explain E0425`.
[INFO] [stdout] 
[INFO] [stderr] error: could not compile `prep_bunnies_rs` (bin "prep_bunnies_rs") due to 7 previous errors
[INFO] running `Command { std: "docker" "inspect" "7404ef3e66c3b0265f284f8fc339424f1730e8575c36a0f3b1661687610f4b8c", kill_on_drop: false }`
[INFO] running `Command { std: "docker" "rm" "-f" "7404ef3e66c3b0265f284f8fc339424f1730e8575c36a0f3b1661687610f4b8c", kill_on_drop: false }`
[INFO] [stdout] 7404ef3e66c3b0265f284f8fc339424f1730e8575c36a0f3b1661687610f4b8c
