[INFO] cloning repository https://github.com/josemscnogueira/advent-of-code-2022
[INFO] running `Command { std: "git" "-c" "credential.helper=" "-c" "credential.helper=/workspace/cargo-home/bin/git-credential-null" "clone" "--bare" "https://github.com/josemscnogueira/advent-of-code-2022" "/workspace/cache/git-repos/https%3A%2F%2Fgithub.com%2Fjosemscnogueira%2Fadvent-of-code-2022", kill_on_drop: false }`
[INFO] [stderr] Cloning into bare repository '/workspace/cache/git-repos/https%3A%2F%2Fgithub.com%2Fjosemscnogueira%2Fadvent-of-code-2022'...
[INFO] running `Command { std: "git" "rev-parse" "HEAD", kill_on_drop: false }`
[INFO] [stdout] ef45d57a684a20f8f0520600a956e1754653790c
[INFO] testing josemscnogueira/advent-of-code-2022 against 1.99.0-beta.1+cargoflags=--release for beta-release-1.99-2
[INFO] running `Command { std: "git" "clone" "/workspace/cache/git-repos/https%3A%2F%2Fgithub.com%2Fjosemscnogueira%2Fadvent-of-code-2022" "/workspace/builds/worker-7-tc2/source", kill_on_drop: false }`
[INFO] [stderr] Cloning into '/workspace/builds/worker-7-tc2/source'...
[INFO] [stderr] done.
[INFO] started tweaking git repo https://github.com/josemscnogueira/advent-of-code-2022
[INFO] finished tweaking git repo https://github.com/josemscnogueira/advent-of-code-2022
[INFO] tweaked toml for git repo https://github.com/josemscnogueira/advent-of-code-2022 written to /workspace/builds/worker-7-tc2/source/Cargo.toml
[INFO] validating manifest of git repo https://github.com/josemscnogueira/advent-of-code-2022 on toolchain 1.99.0-beta.1
[INFO] running `Command { std: CARGO_HOME="/workspace/cargo-home" RUSTUP_HOME="/workspace/rustup-home" "/workspace/cargo-home/bin/cargo" "+1.99.0-beta.1" "metadata" "--manifest-path" "Cargo.toml" "--no-deps", kill_on_drop: false }`
[INFO] crate git repo https://github.com/josemscnogueira/advent-of-code-2022 already has a lockfile, it will not be regenerated
[INFO] running `Command { std: CARGO_HOME="/workspace/cargo-home" RUSTUP_HOME="/workspace/rustup-home" "/workspace/cargo-home/bin/cargo" "+1.99.0-beta.1" "fetch" "--manifest-path" "Cargo.toml", kill_on_drop: false }`
[INFO] running `Command { std: "docker" "create" "-v" "/var/lib/crater-agent-workspace/builds/worker-7-tc2/source:/opt/rustwide/workdir:ro,Z" "-v" "/var/lib/crater-agent-workspace/builds/worker-7-tc2/target:/opt/rustwide/target:rw,Z" "-v" "/var/lib/crater-agent-workspace/cargo-home:/opt/rustwide/cargo-home:ro,Z" "-v" "/var/lib/crater-agent-workspace/rustup-home:/opt/rustwide/rustup-home:ro,Z" "-m" "1610612736" "--network" "none" "ghcr.io/rust-lang/crates-build-env/linux@sha256:8683fc1fc2eb5c9ac98e0d076ab094b2ffac7f99da555d2b6a2e27f346de2ec7" "sleep" "infinity", kill_on_drop: false }`
[INFO] [stdout] 36ebfacde9d5a4e369284585814bae2eb7e197c455c4cb43dc3d6ca051c62be0
[INFO] running `Command { std: "docker" "start" "36ebfacde9d5a4e369284585814bae2eb7e197c455c4cb43dc3d6ca051c62be0", kill_on_drop: false }`
[INFO] running `Command { std: "docker" "inspect" "36ebfacde9d5a4e369284585814bae2eb7e197c455c4cb43dc3d6ca051c62be0", kill_on_drop: false }`
[INFO] running `Command { std: "docker" "exec" "-e" "SOURCE_DIR=/opt/rustwide/workdir" "-e" "CARGO_HOME=/opt/rustwide/cargo-home" "-e" "RUSTUP_HOME=/opt/rustwide/rustup-home" "-e" "CARGO_TARGET_DIR=/opt/rustwide/target" "-w" "/opt/rustwide/workdir" "--user" "0:0" "36ebfacde9d5a4e369284585814bae2eb7e197c455c4cb43dc3d6ca051c62be0" "/opt/rustwide/cargo-home/bin/cargo" "+1.99.0-beta.1" "metadata" "--no-deps" "--format-version=1", kill_on_drop: false }`
[INFO] running `Command { std: "docker" "inspect" "36ebfacde9d5a4e369284585814bae2eb7e197c455c4cb43dc3d6ca051c62be0", kill_on_drop: false }`
[INFO] running `Command { std: "docker" "exec" "-e" "SOURCE_DIR=/opt/rustwide/workdir" "-e" "CARGO_HOME=/opt/rustwide/cargo-home" "-e" "RUSTUP_HOME=/opt/rustwide/rustup-home" "-e" "CARGO_TARGET_DIR=/opt/rustwide/target" "-e" "CARGO_INCREMENTAL=0" "-e" "RUST_BACKTRACE=full" "-e" "RUSTFLAGS=--cap-lints=warn" "-e" "RUSTDOCFLAGS=--cap-lints=warn" "-w" "/opt/rustwide/workdir" "--user" "0:0" "36ebfacde9d5a4e369284585814bae2eb7e197c455c4cb43dc3d6ca051c62be0" "/opt/rustwide/cargo-home/bin/cargo" "+1.99.0-beta.1" "build" "--frozen" "--message-format=json" "--release", kill_on_drop: false }`
[INFO] [stderr]    Compiling memchr v2.5.0
[INFO] [stderr]    Compiling either v1.8.1
[INFO] [stderr]    Compiling regex-syntax v0.7.2
[INFO] [stderr]    Compiling grid v0.10.0
[INFO] [stderr]    Compiling itertools v0.11.0
[INFO] [stderr]    Compiling aho-corasick v1.0.2
[INFO] [stderr]    Compiling regex v1.8.4
[INFO] [stderr]    Compiling advent-of-code-2022 v0.1.0 (/opt/rustwide/workdir)
[INFO] [stdout] warning: unused import: `monkey::Monkey`
[INFO] [stdout]  --> 11/src/main.rs:4:5
[INFO] [stdout]   |
[INFO] [stdout] 4 | use monkey::Monkey;
[INFO] [stdout]   |     ^^^^^^^^^^^^^^
[INFO] [stdout]   |
[INFO] [stdout]   = note: `#[warn(unused_imports)]` (part of `#[warn(unused)]`) on by default
[INFO] [stdout] 
[INFO] [stdout] 
[INFO] [stdout] warning: unused variable: `monkeys`
[INFO] [stdout]  --> 11/src/main.rs:7:9
[INFO] [stdout]   |
[INFO] [stdout] 7 |     let monkeys =
[INFO] [stdout]   |         ^^^^^^^ help: if this is intentional, prefix it with an underscore: `_monkeys`
[INFO] [stdout]   |
[INFO] [stdout]   = note: `#[warn(unused_variables)]` (part of `#[warn(unused)]`) on by default
[INFO] [stdout] 
[INFO] [stdout] 
[INFO] [stdout] warning: function `create` is never used
[INFO] [stdout]   --> 11/src/data/example.rs:30:8
[INFO] [stdout]    |
[INFO] [stdout] 30 | pub fn create() -> Vec<Monkey> {
[INFO] [stdout]    |        ^^^^^^
[INFO] [stdout]    |
[INFO] [stdout]    = note: `#[warn(dead_code)]` (part of `#[warn(unused)]`) on by default
[INFO] [stdout] 
[INFO] [stdout] 
[INFO] [stdout] warning: function `create` is never used
[INFO] [stdout]   --> 11/src/data/input.rs:58:8
[INFO] [stdout]    |
[INFO] [stdout] 58 | pub fn create() -> Vec<Monkey> {
[INFO] [stdout]    |        ^^^^^^
[INFO] [stdout] 
[INFO] [stdout] 
[INFO] [stdout] warning: struct `Monkey` is never constructed
[INFO] [stdout]  --> 11/src/monkey/mod.rs:8:12
[INFO] [stdout]   |
[INFO] [stdout] 8 | pub struct Monkey {
[INFO] [stdout]   |            ^^^^^^
[INFO] [stdout] 
[INFO] [stdout] 
[INFO] [stdout] warning: associated items `init`, `action`, `round`, and `monkey_business` are never used
[INFO] [stdout]   --> 11/src/monkey/mod.rs:16:12
[INFO] [stdout]    |
[INFO] [stdout] 15 | impl Monkey {
[INFO] [stdout]    | ----------- associated items in this implementation
[INFO] [stdout] 16 |     pub fn init(
[INFO] [stdout]    |            ^^^^
[INFO] [stdout] ...
[INFO] [stdout] 29 |     pub fn action(&mut self) -> Vec<(i64, usize)> {
[INFO] [stdout]    |            ^^^^^^
[INFO] [stdout] ...
[INFO] [stdout] 40 |     pub fn round(monkeys: &mut [Monkey]) {
[INFO] [stdout]    |            ^^^^^
[INFO] [stdout] ...
[INFO] [stdout] 49 |     pub fn monkey_business(monkeys: &mut [Monkey]) -> usize {
[INFO] [stdout]    |            ^^^^^^^^^^^^^^^
[INFO] [stdout] 
[INFO] [stdout] 
[INFO] [stderr]     Finished `release` profile [optimized] target(s) in 32.38s
[INFO] running `Command { std: "docker" "inspect" "36ebfacde9d5a4e369284585814bae2eb7e197c455c4cb43dc3d6ca051c62be0", kill_on_drop: false }`
[INFO] running `Command { std: "docker" "exec" "-e" "SOURCE_DIR=/opt/rustwide/workdir" "-e" "CARGO_HOME=/opt/rustwide/cargo-home" "-e" "RUSTUP_HOME=/opt/rustwide/rustup-home" "-e" "CARGO_TARGET_DIR=/opt/rustwide/target" "-e" "CARGO_INCREMENTAL=0" "-e" "RUST_BACKTRACE=full" "-e" "RUSTFLAGS=--cap-lints=warn" "-e" "RUSTDOCFLAGS=--cap-lints=warn" "-w" "/opt/rustwide/workdir" "--user" "0:0" "36ebfacde9d5a4e369284585814bae2eb7e197c455c4cb43dc3d6ca051c62be0" "/opt/rustwide/cargo-home/bin/cargo" "+1.99.0-beta.1" "test" "--frozen" "--no-run" "--message-format=json" "--release", kill_on_drop: false }`
[INFO] [stderr]    Compiling advent-of-code-2022 v0.1.0 (/opt/rustwide/workdir)
[INFO] [stdout] warning: unused import: `monkey::Monkey`
[INFO] [stdout]  --> 11/src/main.rs:4:5
[INFO] [stdout]   |
[INFO] [stdout] 4 | use monkey::Monkey;
[INFO] [stdout]   |     ^^^^^^^^^^^^^^
[INFO] [stdout]   |
[INFO] [stdout]   = note: `#[warn(unused_imports)]` (part of `#[warn(unused)]`) on by default
[INFO] [stdout] 
[INFO] [stdout] 
[INFO] [stdout] warning: unused variable: `monkeys`
[INFO] [stdout]  --> 11/src/main.rs:7:9
[INFO] [stdout]   |
[INFO] [stdout] 7 |     let monkeys =
[INFO] [stdout]   |         ^^^^^^^ help: if this is intentional, prefix it with an underscore: `_monkeys`
[INFO] [stdout]   |
[INFO] [stdout]   = note: `#[warn(unused_variables)]` (part of `#[warn(unused)]`) on by default
[INFO] [stdout] 
[INFO] [stdout] 
[INFO] [stdout] warning: function `create` is never used
[INFO] [stdout]   --> 11/src/data/input.rs:58:8
[INFO] [stdout]    |
[INFO] [stdout] 58 | pub fn create() -> Vec<Monkey> {
[INFO] [stdout]    |        ^^^^^^
[INFO] [stdout]    |
[INFO] [stdout]    = note: `#[warn(dead_code)]` (part of `#[warn(unused)]`) on by default
[INFO] [stdout] 
[INFO] [stdout] 
[INFO] [stdout] warning: associated function `monkey_business` is never used
[INFO] [stdout]   --> 11/src/monkey/mod.rs:49:12
[INFO] [stdout]    |
[INFO] [stdout] 15 | impl Monkey {
[INFO] [stdout]    | ----------- associated function in this implementation
[INFO] [stdout] ...
[INFO] [stdout] 49 |     pub fn monkey_business(monkeys: &mut [Monkey]) -> usize {
[INFO] [stdout]    |            ^^^^^^^^^^^^^^^
[INFO] [stdout] 
[INFO] [stdout] 
[INFO] [stdout] error[E0061]: this method takes 3 arguments but 2 arguments were supplied
[INFO] [stdout]   --> 07/src/filesystem/mod.rs:98:14
[INFO] [stdout]    |
[INFO] [stdout] 98 |         root.add(&["a"], Inode::new_dir()).unwrap();
[INFO] [stdout]    |              ^^^         ---------------- argument #2 of type `String` is missing
[INFO] [stdout]    |
[INFO] [stdout] note: method defined here
[INFO] [stdout]   --> 07/src/filesystem/mod.rs:67:12
[INFO] [stdout]    |
[INFO] [stdout] 67 |     pub fn add(
[INFO] [stdout]    |            ^^^
[INFO] [stdout] ...
[INFO] [stdout] 70 |         name: String,
[INFO] [stdout]    |         ------------
[INFO] [stdout] help: provide the argument
[INFO] [stdout]    |
[INFO] [stdout] 98 |         root.add(&["a"], /* String */, Inode::new_dir()).unwrap();
[INFO] [stdout]    |                          +++++++++++++
[INFO] [stdout] 
[INFO] [stdout] 
[INFO] [stdout] error[E0061]: this method takes 3 arguments but 2 arguments were supplied
[INFO] [stdout]   --> 07/src/filesystem/mod.rs:99:14
[INFO] [stdout]    |
[INFO] [stdout] 99 |         root.add(&["a", "b.txt"], Inode::new_file(14848514))
[INFO] [stdout]    |              ^^^                  ------------------------- argument #2 of type `String` is missing
[INFO] [stdout]    |
[INFO] [stdout] note: method defined here
[INFO] [stdout]   --> 07/src/filesystem/mod.rs:67:12
[INFO] [stdout]    |
[INFO] [stdout] 67 |     pub fn add(
[INFO] [stdout]    |            ^^^
[INFO] [stdout] ...
[INFO] [stdout] 70 |         name: String,
[INFO] [stdout]    |         ------------
[INFO] [stdout] help: provide the argument
[INFO] [stdout]    |
[INFO] [stdout] 99 |         root.add(&["a", "b.txt"], /* String */, Inode::new_file(14848514))
[INFO] [stdout]    |                                   +++++++++++++
[INFO] [stdout] 
[INFO] [stdout] 
[INFO] [stdout] error[E0061]: this method takes 3 arguments but 2 arguments were supplied
[INFO] [stdout]    --> 07/src/filesystem/mod.rs:101:14
[INFO] [stdout]     |
[INFO] [stdout] 101 |         root.add(&["a", "c.dat"], Inode::new_file(8504156)).unwrap();
[INFO] [stdout]     |              ^^^                  ------------------------ argument #2 of type `String` is missing
[INFO] [stdout]     |
[INFO] [stdout] note: method defined here
[INFO] [stdout]    --> 07/src/filesystem/mod.rs:67:12
[INFO] [stdout]     |
[INFO] [stdout]  67 |     pub fn add(
[INFO] [stdout]     |            ^^^
[INFO] [stdout] ...
[INFO] [stdout]  70 |         name: String,
[INFO] [stdout]     |         ------------
[INFO] [stdout] help: provide the argument
[INFO] [stdout]     |
[INFO] [stdout] 101 |         root.add(&["a", "c.dat"], /* String */, Inode::new_file(8504156)).unwrap();
[INFO] [stdout]     |                                   +++++++++++++
[INFO] [stdout] 
[INFO] [stdout] 
[INFO] [stdout] error[E0061]: this method takes 3 arguments but 2 arguments were supplied
[INFO] [stdout]    --> 07/src/filesystem/mod.rs:102:14
[INFO] [stdout]     |
[INFO] [stdout] 102 |         root.add(&["a", "d"], Inode::new_dir()).unwrap();
[INFO] [stdout]     |              ^^^              ---------------- argument #2 of type `String` is missing
[INFO] [stdout]     |
[INFO] [stdout] note: method defined here
[INFO] [stdout]    --> 07/src/filesystem/mod.rs:67:12
[INFO] [stdout]     |
[INFO] [stdout]  67 |     pub fn add(
[INFO] [stdout]     |            ^^^
[INFO] [stdout] ...
[INFO] [stdout]  70 |         name: String,
[INFO] [stdout]     |         ------------
[INFO] [stdout] help: provide the argument
[INFO] [stdout]     |
[INFO] [stdout] 102 |         root.add(&["a", "d"], /* String */, Inode::new_dir()).unwrap();
[INFO] [stdout]     |                               +++++++++++++
[INFO] [stdout] 
[INFO] [stdout] 
[INFO] [stdout] For more information about this error, try `rustc --explain E0061`.
[INFO] [stdout] 
[INFO] [stderr] error: could not compile `advent-of-code-2022` (bin "no-space-left" test) due to 4 previous errors
[INFO] [stderr] warning: build failed, waiting for other jobs to finish...
[INFO] running `Command { std: "docker" "inspect" "36ebfacde9d5a4e369284585814bae2eb7e197c455c4cb43dc3d6ca051c62be0", kill_on_drop: false }`
[INFO] running `Command { std: "docker" "rm" "-f" "36ebfacde9d5a4e369284585814bae2eb7e197c455c4cb43dc3d6ca051c62be0", kill_on_drop: false }`
[INFO] [stdout] 36ebfacde9d5a4e369284585814bae2eb7e197c455c4cb43dc3d6ca051c62be0
