[INFO] cloning repository https://github.com/johancc/AdventOfCode2021
[INFO] running `Command { std: "git" "-c" "credential.helper=" "-c" "credential.helper=/workspace/cargo-home/bin/git-credential-null" "clone" "--bare" "https://github.com/johancc/AdventOfCode2021" "/workspace/cache/git-repos/https%3A%2F%2Fgithub.com%2Fjohancc%2FAdventOfCode2021", kill_on_drop: false }`
[INFO] [stderr] Cloning into bare repository '/workspace/cache/git-repos/https%3A%2F%2Fgithub.com%2Fjohancc%2FAdventOfCode2021'...
[INFO] running `Command { std: "git" "rev-parse" "HEAD", kill_on_drop: false }`
[INFO] [stdout] a3aae382ff7ce3d68e18463a48e5afeae9beb4fd
[INFO] testing johancc/AdventOfCode2021 against 1.99.0-beta.1+cargoflags=--release for beta-release-1.99-2
[INFO] running `Command { std: "git" "clone" "/workspace/cache/git-repos/https%3A%2F%2Fgithub.com%2Fjohancc%2FAdventOfCode2021" "/workspace/builds/worker-7-tc2/source", kill_on_drop: false }`
[INFO] [stderr] Cloning into '/workspace/builds/worker-7-tc2/source'...
[INFO] [stderr] done.
[INFO] started tweaking git repo https://github.com/johancc/AdventOfCode2021
[INFO] finished tweaking git repo https://github.com/johancc/AdventOfCode2021
[INFO] tweaked toml for git repo https://github.com/johancc/AdventOfCode2021 written to /workspace/builds/worker-7-tc2/source/Cargo.toml
[INFO] validating manifest of git repo https://github.com/johancc/AdventOfCode2021 on toolchain 1.99.0-beta.1
[INFO] running `Command { std: CARGO_HOME="/workspace/cargo-home" RUSTUP_HOME="/workspace/rustup-home" "/workspace/cargo-home/bin/cargo" "+1.99.0-beta.1" "metadata" "--manifest-path" "Cargo.toml" "--no-deps", kill_on_drop: false }`
[INFO] crate git repo https://github.com/johancc/AdventOfCode2021 already has a lockfile, it will not be regenerated
[INFO] running `Command { std: CARGO_HOME="/workspace/cargo-home" RUSTUP_HOME="/workspace/rustup-home" "/workspace/cargo-home/bin/cargo" "+1.99.0-beta.1" "fetch" "--manifest-path" "Cargo.toml", kill_on_drop: false }`
[INFO] [stderr] warning: Cargo.toml: unused manifest key: package.author
[INFO] [stderr] warning: Cargo.toml: unused manifest key: toolchain
[INFO] [stderr] warning: `advent_of_code` (manifest) generated 2 warnings
[INFO] [stderr]     Blocking waiting for file lock on package cache
[INFO] [stderr]     Blocking waiting for file lock on package cache
[INFO] running `Command { std: "docker" "create" "-v" "/var/lib/crater-agent-workspace/builds/worker-7-tc2/source:/opt/rustwide/workdir:ro,Z" "-v" "/var/lib/crater-agent-workspace/builds/worker-7-tc2/target:/opt/rustwide/target:rw,Z" "-v" "/var/lib/crater-agent-workspace/cargo-home:/opt/rustwide/cargo-home:ro,Z" "-v" "/var/lib/crater-agent-workspace/rustup-home:/opt/rustwide/rustup-home:ro,Z" "-m" "1610612736" "--network" "none" "ghcr.io/rust-lang/crates-build-env/linux@sha256:8683fc1fc2eb5c9ac98e0d076ab094b2ffac7f99da555d2b6a2e27f346de2ec7" "sleep" "infinity", kill_on_drop: false }`
[INFO] [stdout] 4f943e3e0eed990d7fd6da4db9951e3944189623de0fbbd9144f66da90d4cade
[INFO] running `Command { std: "docker" "start" "4f943e3e0eed990d7fd6da4db9951e3944189623de0fbbd9144f66da90d4cade", kill_on_drop: false }`
[INFO] running `Command { std: "docker" "inspect" "4f943e3e0eed990d7fd6da4db9951e3944189623de0fbbd9144f66da90d4cade", kill_on_drop: false }`
[INFO] running `Command { std: "docker" "exec" "-e" "SOURCE_DIR=/opt/rustwide/workdir" "-e" "CARGO_HOME=/opt/rustwide/cargo-home" "-e" "RUSTUP_HOME=/opt/rustwide/rustup-home" "-e" "CARGO_TARGET_DIR=/opt/rustwide/target" "-w" "/opt/rustwide/workdir" "--user" "0:0" "4f943e3e0eed990d7fd6da4db9951e3944189623de0fbbd9144f66da90d4cade" "/opt/rustwide/cargo-home/bin/cargo" "+1.99.0-beta.1" "metadata" "--no-deps" "--format-version=1", kill_on_drop: false }`
[INFO] running `Command { std: "docker" "inspect" "4f943e3e0eed990d7fd6da4db9951e3944189623de0fbbd9144f66da90d4cade", kill_on_drop: false }`
[INFO] running `Command { std: "docker" "exec" "-e" "SOURCE_DIR=/opt/rustwide/workdir" "-e" "CARGO_HOME=/opt/rustwide/cargo-home" "-e" "RUSTUP_HOME=/opt/rustwide/rustup-home" "-e" "CARGO_TARGET_DIR=/opt/rustwide/target" "-e" "CARGO_INCREMENTAL=0" "-e" "RUST_BACKTRACE=full" "-e" "RUSTFLAGS=--cap-lints=warn" "-e" "RUSTDOCFLAGS=--cap-lints=warn" "-w" "/opt/rustwide/workdir" "--user" "0:0" "4f943e3e0eed990d7fd6da4db9951e3944189623de0fbbd9144f66da90d4cade" "/opt/rustwide/cargo-home/bin/cargo" "+1.99.0-beta.1" "build" "--frozen" "--message-format=json" "--release", kill_on_drop: false }`
[INFO] [stderr] warning: Cargo.toml: unused manifest key: package.author
[INFO] [stderr] warning: Cargo.toml: unused manifest key: toolchain
[INFO] [stderr] warning: `advent_of_code` (manifest) generated 2 warnings
[INFO] [stderr]    Compiling either v1.6.1
[INFO] [stderr]    Compiling itertools v0.10.3
[INFO] [stderr]    Compiling advent_of_code v0.1.0 (/opt/rustwide/workdir)
[INFO] [stdout] error[E0554]: `#![feature]` may not be used on the beta release channel
[INFO] [stdout]  --> src/lib.rs:1:1
[INFO] [stdout]   |
[INFO] [stdout] 1 | #![feature(drain_filter)] // Used by day03.
[INFO] [stdout]   | ^^^^^^^^^^^^^^^^^^^^^^^^^
[INFO] [stdout] 
[INFO] [stdout] 
[INFO] [stdout] error[E0635]: unknown feature `drain_filter`
[INFO] [stdout]  --> src/lib.rs:1:12
[INFO] [stdout]   |
[INFO] [stdout] 1 | #![feature(drain_filter)] // Used by day03.
[INFO] [stdout]   |            ^^^^^^^^^^^^
[INFO] [stdout]   |
[INFO] [stdout] help: there is a feature with a similar name: `option_filter`
[INFO] [stdout]   |
[INFO] [stdout] 1 - #![feature(drain_filter)] // Used by day03.
[INFO] [stdout] 1 + #![feature(option_filter)] // Used by day03.
[INFO] [stdout]   |
[INFO] [stdout] 
[INFO] [stdout] 
[INFO] [stdout] error[E0599]: no method named `drain_filter` found for mutable reference `&mut Vec<usize>` in the current scope
[INFO] [stdout]   --> src/solutions/day03.rs:46:21
[INFO] [stdout]    |
[INFO] [stdout] 46 |                 oxy.drain_filter(|n| (*n & 1 << i > 0) != one);
[INFO] [stdout]    |                     ^^^^^^^^^^^^ method not found in `&mut Vec<usize>`
[INFO] [stdout] 
[INFO] [stdout] 
[INFO] [stdout] error[E0599]: no method named `drain_filter` found for mutable reference `&mut Vec<usize>` in the current scope
[INFO] [stdout]   --> src/solutions/day03.rs:55:21
[INFO] [stdout]    |
[INFO] [stdout] 55 |                 co2.drain_filter(|n| (*n & 1 << i > 0) == one);
[INFO] [stdout]    |                     ^^^^^^^^^^^^ method not found in `&mut Vec<usize>`
[INFO] [stdout] 
[INFO] [stdout] 
[INFO] [stderr] error: could not compile `advent_of_code` (lib) due to 4 previous errors
[INFO] [stdout] Some errors have detailed explanations: E0554, E0599, E0635.
[INFO] [stdout] 
[INFO] [stdout] For more information about an error, try `rustc --explain E0554`.
[INFO] [stdout] 
[INFO] running `Command { std: "docker" "inspect" "4f943e3e0eed990d7fd6da4db9951e3944189623de0fbbd9144f66da90d4cade", kill_on_drop: false }`
[INFO] running `Command { std: "docker" "rm" "-f" "4f943e3e0eed990d7fd6da4db9951e3944189623de0fbbd9144f66da90d4cade", kill_on_drop: false }`
[INFO] [stdout] 4f943e3e0eed990d7fd6da4db9951e3944189623de0fbbd9144f66da90d4cade
