[INFO] cloning repository https://github.com/jetpham/Poker-CS112-Spring-2024-Project01
[INFO] running `Command { std: "git" "-c" "credential.helper=" "-c" "credential.helper=/workspace/cargo-home/bin/git-credential-null" "clone" "--bare" "https://github.com/jetpham/Poker-CS112-Spring-2024-Project01" "/workspace/cache/git-repos/https%3A%2F%2Fgithub.com%2Fjetpham%2FPoker-CS112-Spring-2024-Project01", kill_on_drop: false }`
[INFO] [stderr] Cloning into bare repository '/workspace/cache/git-repos/https%3A%2F%2Fgithub.com%2Fjetpham%2FPoker-CS112-Spring-2024-Project01'...
[INFO] running `Command { std: "git" "rev-parse" "HEAD", kill_on_drop: false }`
[INFO] [stdout] ffe0405e13faca61c7073798adcf1bc2841ed72b
[INFO] testing jetpham/Poker-CS112-Spring-2024-Project01 against 1.98.0-beta.8+cargoflags=--release for beta-release-1.99-2
[INFO] running `Command { std: "git" "clone" "/workspace/cache/git-repos/https%3A%2F%2Fgithub.com%2Fjetpham%2FPoker-CS112-Spring-2024-Project01" "/workspace/builds/worker-4-tc1/source", kill_on_drop: false }`
[INFO] [stderr] Cloning into '/workspace/builds/worker-4-tc1/source'...
[INFO] [stderr] done.
[INFO] started tweaking git repo https://github.com/jetpham/Poker-CS112-Spring-2024-Project01
[INFO] finished tweaking git repo https://github.com/jetpham/Poker-CS112-Spring-2024-Project01
[INFO] tweaked toml for git repo https://github.com/jetpham/Poker-CS112-Spring-2024-Project01 written to /workspace/builds/worker-4-tc1/source/Cargo.toml
[INFO] validating manifest of git repo https://github.com/jetpham/Poker-CS112-Spring-2024-Project01 on toolchain 1.98.0-beta.8
[INFO] running `Command { std: CARGO_HOME="/workspace/cargo-home" RUSTUP_HOME="/workspace/rustup-home" "/workspace/cargo-home/bin/cargo" "+1.98.0-beta.8" "metadata" "--manifest-path" "Cargo.toml" "--no-deps", kill_on_drop: false }`
[INFO] crate git repo https://github.com/jetpham/Poker-CS112-Spring-2024-Project01 already has a lockfile, it will not be regenerated
[INFO] running `Command { std: CARGO_HOME="/workspace/cargo-home" RUSTUP_HOME="/workspace/rustup-home" "/workspace/cargo-home/bin/cargo" "+1.98.0-beta.8" "fetch" "--manifest-path" "Cargo.toml", kill_on_drop: false }`
[INFO] [stderr]  Downloading crates ...
[INFO] [stderr]   Downloaded anstream v0.6.13
[INFO] running `Command { std: "docker" "create" "-v" "/var/lib/crater-agent-workspace/builds/worker-4-tc1/source:/opt/rustwide/workdir:ro,Z" "-v" "/var/lib/crater-agent-workspace/builds/worker-4-tc1/target:/opt/rustwide/target:rw,Z" "-v" "/var/lib/crater-agent-workspace/cargo-home:/opt/rustwide/cargo-home:ro,Z" "-v" "/var/lib/crater-agent-workspace/rustup-home:/opt/rustwide/rustup-home:ro,Z" "-m" "1610612736" "--network" "none" "ghcr.io/rust-lang/crates-build-env/linux@sha256:8683fc1fc2eb5c9ac98e0d076ab094b2ffac7f99da555d2b6a2e27f346de2ec7" "sleep" "infinity", kill_on_drop: false }`
[INFO] [stdout] 8a86272a241e876b91743d19b7961636da1319ca921f0391a1b9010aa66aaaac
[INFO] running `Command { std: "docker" "start" "8a86272a241e876b91743d19b7961636da1319ca921f0391a1b9010aa66aaaac", kill_on_drop: false }`
[INFO] running `Command { std: "docker" "inspect" "8a86272a241e876b91743d19b7961636da1319ca921f0391a1b9010aa66aaaac", kill_on_drop: false }`
[INFO] running `Command { std: "docker" "exec" "-e" "SOURCE_DIR=/opt/rustwide/workdir" "-e" "CARGO_HOME=/opt/rustwide/cargo-home" "-e" "RUSTUP_HOME=/opt/rustwide/rustup-home" "-e" "CARGO_TARGET_DIR=/opt/rustwide/target" "-w" "/opt/rustwide/workdir" "--user" "0:0" "8a86272a241e876b91743d19b7961636da1319ca921f0391a1b9010aa66aaaac" "/opt/rustwide/cargo-home/bin/cargo" "+1.98.0-beta.8" "metadata" "--no-deps" "--format-version=1", kill_on_drop: false }`
[INFO] running `Command { std: "docker" "inspect" "8a86272a241e876b91743d19b7961636da1319ca921f0391a1b9010aa66aaaac", kill_on_drop: false }`
[INFO] running `Command { std: "docker" "exec" "-e" "SOURCE_DIR=/opt/rustwide/workdir" "-e" "CARGO_HOME=/opt/rustwide/cargo-home" "-e" "RUSTUP_HOME=/opt/rustwide/rustup-home" "-e" "CARGO_TARGET_DIR=/opt/rustwide/target" "-e" "CARGO_INCREMENTAL=0" "-e" "RUST_BACKTRACE=full" "-e" "RUSTFLAGS=--cap-lints=warn" "-e" "RUSTDOCFLAGS=--cap-lints=warn" "-w" "/opt/rustwide/workdir" "--user" "0:0" "8a86272a241e876b91743d19b7961636da1319ca921f0391a1b9010aa66aaaac" "/opt/rustwide/cargo-home/bin/cargo" "+1.98.0-beta.8" "build" "--frozen" "--message-format=json" "--release", kill_on_drop: false }`
[INFO] [stderr]    Compiling utf8parse v0.2.1
[INFO] [stderr]    Compiling colorchoice v1.0.0
[INFO] [stderr]    Compiling anstyle-query v1.0.2
[INFO] [stderr]    Compiling anstyle v1.0.6
[INFO] [stderr]    Compiling clap_lex v0.7.0
[INFO] [stderr]    Compiling strsim v0.11.0
[INFO] [stderr]    Compiling memchr v2.7.2
[INFO] [stderr]    Compiling syn v2.0.57
[INFO] [stderr]    Compiling anstyle-parse v0.2.3
[INFO] [stderr]    Compiling anstream v0.6.13
[INFO] [stderr]    Compiling clap_builder v4.5.2
[INFO] [stderr]    Compiling nom v7.1.3
[INFO] [stderr]    Compiling clap_derive v4.5.4
[INFO] [stderr]    Compiling clap v4.5.4
[INFO] [stderr]    Compiling three_claw_stud v0.1.0 (/opt/rustwide/workdir)
[INFO] [stdout] warning: unused imports: `alpha1`, `is_not`, `not_line_ending`, `streaming::take`, and `take_until`
[INFO] [stdout]  --> src/lib.rs:4:20
[INFO] [stdout]   |
[INFO] [stdout] 4 |         complete::{is_not, tag, take_till, take_until},
[INFO] [stdout]   |                    ^^^^^^                  ^^^^^^^^^^
[INFO] [stdout] 5 |         streaming::take,
[INFO] [stdout]   |         ^^^^^^^^^^^^^^^
[INFO] [stdout] 6 |     },
[INFO] [stdout] 7 |     character::complete::{alpha1, not_line_ending},
[INFO] [stdout]   |                           ^^^^^^  ^^^^^^^^^^^^^^^
[INFO] [stdout]   |
[INFO] [stdout]   = note: `#[warn(unused_imports)]` (part of `#[warn(unused)]`) on by default
[INFO] [stdout] 
[INFO] [stdout] 
[INFO] [stdout] error[E0277]: the trait bound `Card: Eq` is not satisfied
[INFO] [stdout]   --> src/lib.rs:30:8
[INFO] [stdout]    |
[INFO] [stdout] 29 | #[derive(Copy, Clone, PartialEq, PartialOrd, Ord)]
[INFO] [stdout]    |                                              --- in this derive macro expansion
[INFO] [stdout] 30 | struct Card {
[INFO] [stdout]    |        ^^^^ unsatisfied trait bound
[INFO] [stdout]    |
[INFO] [stdout] help: the trait `Eq` is not implemented for `Card`
[INFO] [stdout]   --> src/lib.rs:30:1
[INFO] [stdout]    |
[INFO] [stdout] 30 | struct Card {
[INFO] [stdout]    | ^^^^^^^^^^^
[INFO] [stdout] note: required by a bound in `Ord`
[INFO] [stdout]   --> /rustc/04eb0d7194012623e82369b466d5084522957446/library/core/src/cmp.rs:982:0
[INFO] [stdout] 
[INFO] [stdout] 
[INFO] [stdout] error[E0277]: the trait bound `Card: Eq` is not satisfied
[INFO] [stdout]   --> src/lib.rs:29:34
[INFO] [stdout]    |
[INFO] [stdout] 29 | #[derive(Copy, Clone, PartialEq, PartialOrd, Ord)]
[INFO] [stdout]    |                                  ^^^^^^^^^^ unsatisfied trait bound
[INFO] [stdout]    |
[INFO] [stdout] help: the trait `Eq` is not implemented for `Card`
[INFO] [stdout]   --> src/lib.rs:30:1
[INFO] [stdout]    |
[INFO] [stdout] 30 | struct Card {
[INFO] [stdout]    | ^^^^^^^^^^^
[INFO] [stdout] note: required by a bound in `std::cmp::Ord::cmp`
[INFO] [stdout]   --> /rustc/04eb0d7194012623e82369b466d5084522957446/library/core/src/cmp.rs:1000:4
[INFO] [stdout] 
[INFO] [stdout] 
[INFO] [stdout] error[E0277]: the trait bound `Rank: Ord` is not satisfied
[INFO] [stdout]   --> src/lib.rs:31:5
[INFO] [stdout]    |
[INFO] [stdout] 29 | #[derive(Copy, Clone, PartialEq, PartialOrd, Ord)]
[INFO] [stdout]    |                                              --- in this derive macro expansion
[INFO] [stdout] 30 | struct Card {
[INFO] [stdout] 31 |     rank: Rank,
[INFO] [stdout]    |     ^^^^^^^^^^ the trait `Ord` is not implemented for `Rank`
[INFO] [stdout]    |
[INFO] [stdout] help: consider annotating `Rank` with `#[derive(Ord)]`
[INFO] [stdout]    |
[INFO] [stdout] 13 + #[derive(Ord)]
[INFO] [stdout] 14 | enum Rank {
[INFO] [stdout]    |
[INFO] [stdout] 
[INFO] [stdout] 
[INFO] [stdout] For more information about this error, try `rustc --explain E0277`.
[INFO] [stdout] 
[INFO] [stderr] error: could not compile `three_claw_stud` (lib) due to 3 previous errors; 1 warning emitted
[INFO] running `Command { std: "docker" "inspect" "8a86272a241e876b91743d19b7961636da1319ca921f0391a1b9010aa66aaaac", kill_on_drop: false }`
[INFO] running `Command { std: "docker" "rm" "-f" "8a86272a241e876b91743d19b7961636da1319ca921f0391a1b9010aa66aaaac", kill_on_drop: false }`
[INFO] [stdout] 8a86272a241e876b91743d19b7961636da1319ca921f0391a1b9010aa66aaaac
