[INFO] cloning repository https://github.com/jeffslobodkin/Solana-Lottery
[INFO] running `Command { std: "git" "-c" "credential.helper=" "-c" "credential.helper=/workspace/cargo-home/bin/git-credential-null" "clone" "--bare" "https://github.com/jeffslobodkin/Solana-Lottery" "/workspace/cache/git-repos/https%3A%2F%2Fgithub.com%2Fjeffslobodkin%2FSolana-Lottery", kill_on_drop: false }`
[INFO] [stderr] Cloning into bare repository '/workspace/cache/git-repos/https%3A%2F%2Fgithub.com%2Fjeffslobodkin%2FSolana-Lottery'...
[INFO] running `Command { std: "git" "rev-parse" "HEAD", kill_on_drop: false }`
[INFO] [stdout] 9f0aba95663d28d25717de4cbf0ac3084c7e999a
[INFO] testing jeffslobodkin/Solana-Lottery against 1.98.0-beta.8+cargoflags=--release for beta-release-1.99-2
[INFO] running `Command { std: "git" "clone" "/workspace/cache/git-repos/https%3A%2F%2Fgithub.com%2Fjeffslobodkin%2FSolana-Lottery" "/workspace/builds/worker-5-tc1/source", kill_on_drop: false }`
[INFO] [stderr] Cloning into '/workspace/builds/worker-5-tc1/source'...
[INFO] [stderr] done.
[INFO] started tweaking git repo https://github.com/jeffslobodkin/Solana-Lottery
[INFO] finished tweaking git repo https://github.com/jeffslobodkin/Solana-Lottery
[INFO] tweaked toml for git repo https://github.com/jeffslobodkin/Solana-Lottery written to /workspace/builds/worker-5-tc1/source/Cargo.toml
[INFO] validating manifest of git repo https://github.com/jeffslobodkin/Solana-Lottery on toolchain 1.98.0-beta.8
[INFO] running `Command { std: CARGO_HOME="/workspace/cargo-home" RUSTUP_HOME="/workspace/rustup-home" "/workspace/cargo-home/bin/cargo" "+1.98.0-beta.8" "metadata" "--manifest-path" "Cargo.toml" "--no-deps", kill_on_drop: false }`
[INFO] crate git repo https://github.com/jeffslobodkin/Solana-Lottery already has a lockfile, it will not be regenerated
[INFO] running `Command { std: CARGO_HOME="/workspace/cargo-home" RUSTUP_HOME="/workspace/rustup-home" "/workspace/cargo-home/bin/cargo" "+1.98.0-beta.8" "fetch" "--manifest-path" "Cargo.toml", kill_on_drop: false }`
[INFO] [stderr]     Updating crates.io index
[INFO] [stderr]     Blocking waiting for file lock on package cache
[INFO] [stderr]  Downloading crates ...
[INFO] [stderr]   Downloaded anchor-spl v0.31.1
[INFO] [stderr]   Downloaded orao-solana-vrf v0.6.1
[INFO] [stderr]   Downloaded spl-token-metadata-interface v0.6.0
[INFO] [stderr]   Downloaded wasm-bindgen-macro v0.2.100
[INFO] [stderr]   Downloaded solana-transaction-error v2.2.1
[INFO] [stderr]   Downloaded solana-sanitize v2.2.1
[INFO] [stderr]   Downloaded bs58 v0.4.0
[INFO] [stderr]   Downloaded wasm-bindgen-macro-support v0.2.100
[INFO] [stderr]   Downloaded zeroize_derive v1.4.2
[INFO] [stderr]   Downloaded solana-signer v2.2.1
[INFO] [stderr]   Downloaded spl-type-length-value v0.7.0
[INFO] [stderr]   Downloaded solana-sha256-hasher v2.2.1
[INFO] [stderr]   Downloaded solana-hash v2.2.1
[INFO] [stderr]   Downloaded solana-atomic-u64 v2.2.1
[INFO] [stderr]   Downloaded proc-macro-crate v3.3.0
[INFO] [stderr]   Downloaded signature v1.6.4
[INFO] [stderr]   Downloaded thiserror-impl v2.0.12
[INFO] [stderr]   Downloaded wasm-bindgen-backend v0.2.100
[INFO] [stderr]   Downloaded redox_syscall v0.5.12
[INFO] [stderr]   Downloaded serde_spanned v0.6.8
[INFO] [stderr]   Downloaded spl-discriminator v0.4.1
[INFO] [stderr]   Downloaded tinystr v0.8.1
[INFO] [stderr]   Downloaded wit-bindgen-rt v0.39.0
[INFO] [stderr]   Downloaded pbkdf2 v0.11.0
[INFO] [stderr]   Downloaded keccak v0.1.5
[INFO] [stderr]   Downloaded merlin v3.0.0
[INFO] [stderr]   Downloaded toml_datetime v0.6.9
[INFO] [stderr]   Downloaded five8_const v0.1.4
[INFO] [stderr]   Downloaded solana-seed-phrase v2.2.1
[INFO] [stderr]   Downloaded spl-discriminator-derive v0.2.0
[INFO] [stderr]   Downloaded borsh-derive v0.10.4
[INFO] [stderr]   Downloaded serde-big-array v0.5.1
[INFO] [stderr]   Downloaded wasm-bindgen-shared v0.2.100
[INFO] [stderr]   Downloaded solana-decode-error v2.3.0
[INFO] [stderr]   Downloaded curve25519-dalek-derive v0.1.1
[INFO] [stderr]   Downloaded borsh-derive-internal v0.10.4
[INFO] [stderr]   Downloaded solana-msg v2.2.1
[INFO] [stderr]   Downloaded solana-define-syscall v2.3.0
[INFO] [stderr]   Downloaded derivation-path v0.2.0
[INFO] [stderr]   Downloaded solana-program-option v2.2.1
[INFO] [stderr]   Downloaded opaque-debug v0.3.1
[INFO] [stderr]   Downloaded inout v0.1.4
[INFO] [stderr]   Downloaded thiserror v2.0.12
[INFO] [stderr]   Downloaded zeroize v1.8.1
[INFO] [stderr]   Downloaded solana-instruction v2.2.1
[INFO] [stderr]   Downloaded solana-pubkey v2.2.1
[INFO] [stderr]   Downloaded five8_core v0.1.2
[INFO] [stderr]   Downloaded solana-seed-derivable v2.2.1
[INFO] [stderr]   Downloaded solana-sdk-ids v2.2.1
[INFO] [stderr]   Downloaded num-derive v0.4.2
[INFO] [stderr]   Downloaded universal-hash v0.5.1
[INFO] [stderr]   Downloaded aead v0.5.2
[INFO] [stderr]   Downloaded proc-macro-crate v0.1.5
[INFO] [stderr]   Downloaded borsh-schema-derive-internal v0.10.4
[INFO] [stderr]   Downloaded solana-signature v2.2.1
[INFO] [stderr]   Downloaded solana-derivation-path v2.2.1
[INFO] [stderr]   Downloaded qstring v0.7.2
[INFO] [stderr]   Downloaded spl-discriminator-syn v0.2.0
[INFO] [stderr]   Downloaded solana-program-memory v2.2.1
[INFO] [stderr]   Downloaded icu_locale_core v2.0.0
[INFO] [stderr]   Downloaded litemap v0.8.0
[INFO] [stderr]   Downloaded autocfg v1.4.0
[INFO] [stderr]   Downloaded bs58 v0.5.1
[INFO] [stderr]   Downloaded borsh-derive v1.5.7
[INFO] [stderr]   Downloaded semver v1.0.26
[INFO] [stderr]   Downloaded borsh v0.10.4
[INFO] [stderr]   Downloaded aes-gcm-siv v0.11.1
[INFO] [stderr]   Downloaded sha2 v0.9.9
[INFO] [stderr]   Downloaded getrandom v0.1.16
[INFO] [stderr]   Downloaded solana-program-error v2.2.2
[INFO] [stderr]   Downloaded smallvec v1.15.0
[INFO] [stderr]   Downloaded toml_write v0.1.1
[INFO] [stderr]   Downloaded bincode v1.3.3
[INFO] [stderr]   Downloaded polyval v0.6.2
[INFO] [stderr]   Downloaded solana-account-info v2.2.1
[INFO] [stderr]   Downloaded solana-borsh v2.2.1
[INFO] [stderr]   Downloaded constant_time_eq v0.3.1
[INFO] [stderr]   Downloaded solana-example-mocks v2.2.1
[INFO] [stderr]   Downloaded solana-address-lookup-table-interface v2.2.2
[INFO] [stderr]   Downloaded solana-security-txt v1.1.1
[INFO] [stderr]   Downloaded zerovec-derive v0.11.1
[INFO] [stderr]   Downloaded stable_deref_trait v1.2.0
[INFO] [stderr]   Downloaded spl-pod v0.5.1
[INFO] [stderr]   Downloaded bytemuck_derive v1.9.3
[INFO] [stderr]   Downloaded ed25519-dalek v1.0.1
[INFO] [stderr]   Downloaded ed25519 v1.5.3
[INFO] [stderr]   Downloaded spl-token-confidential-transfer-ciphertext-arithmetic v0.2.1
[INFO] [stderr]   Downloaded yoke-derive v0.8.0
[INFO] [stderr]   Downloaded adler2 v2.0.0
[INFO] [stderr]   Downloaded solana-precompile-error v2.2.1
[INFO] [stderr]   Downloaded solana-shred-version v2.2.1
[INFO] [stderr]   Downloaded wasm-bindgen v0.2.100
[INFO] [stderr]   Downloaded rustls-platform-verifier-android v0.1.1
[INFO] [stderr]   Downloaded bytemuck v1.23.0
[INFO] [stderr]   Downloaded tinyvec v1.9.0
[INFO] [stderr]   Downloaded ahash v0.8.12
[INFO] [stderr]   Downloaded getrandom v0.3.3
[INFO] [stderr]   Downloaded uriparse v0.6.4
[INFO] [stderr]   Downloaded bumpalo v3.17.0
[INFO] [stderr]   Downloaded jobserver v0.1.33
[INFO] [stderr]   Downloaded heck v0.3.3
[INFO] [stderr]   Downloaded js-sys v0.3.77
[INFO] [stderr]   Downloaded r-efi v5.2.0
[INFO] [stderr]   Downloaded spl-token v7.0.0
[INFO] [stderr]   Downloaded yoke v0.8.0
[INFO] [stderr]   Downloaded icu_properties_data v2.0.1
[INFO] [stderr]   Downloaded solana-keypair v2.2.1
[INFO] [stderr]   Downloaded ed25519-dalek-bip32 v0.2.0
[INFO] [stderr]   Downloaded solana-time-utils v2.2.1
[INFO] [stderr]   Downloaded solana-system-transaction v2.2.1
[INFO] [stderr]   Downloaded jni-sys v0.3.0
[INFO] [stderr]   Downloaded cesu8 v1.1.0
[INFO] [stderr]   Downloaded quanta v0.12.5
[INFO] [stderr]   Downloaded solana-transaction-status-client-types v2.2.7
[INFO] [stderr]   Downloaded solana-account-decoder-client-types v2.2.7
[INFO] [stderr]   Downloaded solana-inline-spl v2.2.7
[INFO] [stderr]   Downloaded reqwest-middleware v0.2.5
[INFO] [stderr]   Downloaded borsh v1.5.7
[INFO] [stderr]   Downloaded indexmap v2.9.0
[INFO] [stderr]   Downloaded typenum v1.18.0
[INFO] [stderr]   Downloaded feature-probe v0.1.1
[INFO] [stderr]   Downloaded solana-program-entrypoint v2.2.1
[INFO] [stderr]   Downloaded icu_properties v2.0.1
[INFO] [stderr]   Downloaded zerotrie v0.2.2
[INFO] [stderr]   Downloaded crc32fast v1.4.2
[INFO] [stderr]   Downloaded rustls-webpki v0.103.3
[INFO] [stderr]   Downloaded rustls-pki-types v1.12.0
[INFO] [stderr]   Downloaded spinning_top v0.3.0
[INFO] [stderr]   Downloaded futures-executor v0.3.31
[INFO] [stderr]   Downloaded concurrent-queue v2.5.0
[INFO] [stderr]   Downloaded solana-connection-cache v2.2.7
[INFO] [stderr]   Downloaded zstd v0.13.3
[INFO] [stderr]   Downloaded zstd-safe v7.2.4
[INFO] [stderr]   Downloaded task-local-extensions v0.1.4
[INFO] [stderr]   Downloaded jsonrpc-core v18.0.0
[INFO] [stderr]   Downloaded ascii v0.9.3
[INFO] [stderr]   Downloaded solana-log-collector v2.2.7
[INFO] [stderr]   Downloaded solana-compute-budget v2.2.7
[INFO] [stderr]   Downloaded agave-precompiles v2.2.7
[INFO] [stderr]   Downloaded zerocopy-derive v0.8.25
[INFO] [stderr]   Downloaded spl-token-group-interface v0.5.0
[INFO] [stderr]   Downloaded bv v0.11.1
[INFO] [stderr]   Downloaded solana-slot-hashes v2.2.1
[INFO] [stderr]   Downloaded solana-last-restart-slot v2.2.1
[INFO] [stderr]   Downloaded solana-instructions-sysvar v2.2.2
[INFO] [stderr]   Downloaded cc v1.2.25
[INFO] [stderr]   Downloaded solana-keccak-hasher v2.2.1
[INFO] [stderr]   Downloaded solana-feature-gate-interface v2.2.1
[INFO] [stderr]   Downloaded solana-account v2.2.1
[INFO] [stderr]   Downloaded anchor-lang-idl v0.1.2
[INFO] [stderr]   Downloaded anchor-lang-idl-spec v0.1.0
[INFO] [stderr]   Downloaded anchor-derive-space v0.31.1
[INFO] [stderr]   Downloaded anchor-derive-serde v0.31.1
[INFO] [stderr]   Downloaded anchor-derive-accounts v0.31.1
[INFO] [stderr]   Downloaded anchor-attribute-program v0.31.1
[INFO] [stderr]   Downloaded solana-transaction-context v2.2.1
[INFO] [stderr]   Downloaded solana-secp256r1-program v2.2.2
[INFO] [stderr]   Downloaded solana-serde v2.2.1
[INFO] [stderr]   Downloaded solana-reserved-account-keys v2.2.2
[INFO] [stderr]   Downloaded solana-presigner v2.2.1
[INFO] [stderr]   Downloaded time-core v0.1.4
[INFO] [stderr]   Downloaded oid-registry v0.6.1
[INFO] [stderr]   Downloaded flate2 v1.1.1
[INFO] [stderr]   Downloaded solana-rpc-client v2.2.7
[INFO] [stderr]   Downloaded toml_edit v0.22.26
[INFO] [stderr]   Downloaded winnow v0.7.10
[INFO] [stderr]   Downloaded hashbrown v0.15.3
[INFO] [stderr]   Downloaded wasi v0.14.2+wasi-0.2.4
[INFO] [stderr]   Downloaded itertools v0.12.1
[INFO] [stderr]   Downloaded anchor-lang v0.31.1
[INFO] [stderr]   Downloaded anchor-syn v0.31.1
[INFO] [stderr]   Downloaded cargo_toml v0.19.2
[INFO] [stderr]   Downloaded toml v0.8.22
[INFO] [stderr]   Downloaded zerovec v0.11.2
[INFO] [stderr]   Downloaded potential_utf v0.1.2
[INFO] [stderr]   Downloaded icu_provider v2.0.0
[INFO] [stderr]   Downloaded solana-reward-info v2.2.1
[INFO] [stderr]   Downloaded solana-genesis-config v2.2.1
[INFO] [stderr]   Downloaded solana-poh-config v2.2.1
[INFO] [stderr]   Downloaded solana-logger v2.3.1
[INFO] [stderr]   Downloaded winapi-util v0.1.9
[INFO] [stderr]   Downloaded solana-inflation v2.2.1
[INFO] [stderr]   Downloaded windows-link v0.1.1
[INFO] [stderr]   Downloaded windows-result v0.3.4
[INFO] [stderr]   Downloaded windows-implement v0.60.0
[INFO] [stderr]   Downloaded solana-quic-definitions v2.2.1
[INFO] [stderr]   Downloaded darling_macro v0.20.11
[INFO] [stderr]   Downloaded solana-client-traits v2.2.1
[INFO] [stderr]   Downloaded async-compression v0.4.23
[INFO] [stderr]   Downloaded solana-net-utils v2.2.7
[INFO] [stderr]   Downloaded solana-measure v2.2.7
[INFO] [stderr]   Downloaded rustls-platform-verifier v0.5.3
[INFO] [stderr]   Downloaded webpki-root-certs v0.26.11
[INFO] [stderr]   Downloaded jni v0.21.1
[INFO] [stderr]   Downloaded combine v4.6.7
[INFO] [stderr]   Downloaded no-std-compat v0.4.1
[INFO] [stderr]   Downloaded futures-timer v3.0.3
[INFO] [stderr]   Downloaded solana-tpu-client v2.2.7
[INFO] [stderr]   Downloaded solana-rpc-client-api v2.2.7
[INFO] [stderr]   Downloaded solana-version v2.2.7
[INFO] [stderr]   Downloaded agave-feature-set v2.2.7
[INFO] [stderr]   Downloaded solana-feature-set-interface v4.0.0
[INFO] [stderr]   Downloaded syn v2.0.101
[INFO] [stderr]   Downloaded zerocopy v0.8.25
[INFO] [stderr]   Downloaded spl-token-2022 v6.0.0
[INFO] [stderr]   Downloaded regex v1.11.1
[INFO] [stderr]   Downloaded aho-corasick v1.1.3
[INFO] [stderr]   Downloaded solana-rent-collector v2.2.1
[INFO] [stderr]   Downloaded windows-strings v0.4.2
[INFO] [stderr]   Downloaded solana-packet v2.2.1
[INFO] [stderr]   Downloaded solana-offchain-message v2.2.1
[INFO] [stderr]   Downloaded solana-fee-structure v2.2.1
[INFO] [stderr]   Downloaded solana-epoch-rewards-hasher v2.2.1
[INFO] [stderr]   Downloaded ark-serialize-derive v0.4.2
[INFO] [stderr]   Downloaded ark-bn254 v0.4.0
[INFO] [stderr]   Downloaded webpki-root-certs v1.0.0
[INFO] [stderr]   Downloaded parking v2.2.1
[INFO] [stderr]   Downloaded solana-account-decoder v2.2.7
[INFO] [stderr]   Downloaded curve25519-dalek v4.1.3
[INFO] [stderr]   Downloaded regex-syntax v0.8.5
[INFO] [stderr]   Downloaded solana-hard-forks v2.2.1
[INFO] [stderr]   Downloaded solana-nonce-account v2.2.1
[INFO] [stderr]   Downloaded siphasher v0.3.11
[INFO] [stderr]   Downloaded solana-epoch-info v2.2.1
[INFO] [stderr]   Downloaded solana-compute-budget-interface v2.2.2
[INFO] [stderr]   Downloaded solana-commitment-config v2.2.1
[INFO] [stderr]   Downloaded rusticata-macros v4.1.0
[INFO] [stderr]   Downloaded asn1-rs-impl v0.1.0
[INFO] [stderr]   Downloaded asn1-rs-derive v0.4.0
[INFO] [stderr]   Downloaded solana-rayon-threadlimit v2.2.7
[INFO] [stderr]   Downloaded rustls v0.23.27
[INFO] [stderr]   Downloaded quinn-proto v0.11.12
[INFO] [stderr]   Downloaded windows_aarch64_gnullvm v0.42.2
[INFO] [stderr]   Downloaded spl-token-2022 v7.0.0
[INFO] [stderr]   Downloaded hash32 v0.2.1
[INFO] [stderr]   Downloaded combine v3.8.1
[INFO] [stderr]   Downloaded fiat-crypto v0.2.9
[INFO] [stderr]   Downloaded curve25519-dalek v3.2.0
[INFO] [stderr]   Downloaded regex-automata v0.4.9
[INFO] [stderr]   Downloaded solana-sdk v2.2.2
[INFO] [stderr]   Downloaded solana-validator-exit v2.2.1
[INFO] [stderr]   Downloaded solana-precompiles v2.2.2
[INFO] [stderr]   Downloaded solana-secp256k1-program v2.2.1
[INFO] [stderr]   Downloaded solana-ed25519-program v2.2.2
[INFO] [stderr]   Downloaded solana-rent-debits v2.2.1
[INFO] [stderr]   Downloaded solana-cluster-type v2.2.1
[INFO] [stderr]   Downloaded windows-interface v0.59.1
[INFO] [stderr]   Downloaded cfg_eval v0.1.2
[INFO] [stderr]   Downloaded solana-bn254 v2.2.2
[INFO] [stderr]   Downloaded deranged v0.4.0
[INFO] [stderr]   Downloaded synstructure v0.12.6
[INFO] [stderr]   Downloaded windows_aarch64_msvc v0.42.2
[INFO] [stderr]   Downloaded zstd-sys v2.0.15+zstd.1.5.7
[INFO] [stderr]   Downloaded libc v0.2.172
[INFO] [stderr]   Downloaded spl-transfer-hook-interface v0.9.0
[INFO] [stderr]   Downloaded spl-tlv-account-resolution v0.9.0
[INFO] [stderr]   Downloaded spl-program-error v0.6.0
[INFO] [stderr]   Downloaded spl-program-error-derive v0.4.1
[INFO] [stderr]   Downloaded solana-program v2.2.1
[INFO] [stderr]   Downloaded solana-vote-interface v2.2.5
[INFO] [stderr]   Downloaded solana-system-interface v1.0.0
[INFO] [stderr]   Downloaded solana-short-vec v2.2.1
[INFO] [stderr]   Downloaded solana-serialize-utils v2.2.1
[INFO] [stderr]   Downloaded solana-serde-varint v2.2.1
[INFO] [stderr]   Downloaded solana-rent v2.2.1
[INFO] [stderr]   Downloaded solana-sysvar-id v2.2.1
[INFO] [stderr]   Downloaded solana-sdk-macro v2.2.1
[INFO] [stderr]   Downloaded solana-fee-calculator v2.2.1
[INFO] [stderr]   Downloaded solana-epoch-schedule v2.2.1
[INFO] [stderr]   Downloaded solana-epoch-rewards v2.2.1
[INFO] [stderr]   Downloaded solana-secp256k1-recover v2.2.1
[INFO] [stderr]   Downloaded writeable v0.6.1
[INFO] [stderr]   Downloaded termcolor v1.4.1
[INFO] [stderr]   Downloaded humantime v2.2.0
[INFO] [stderr]   Downloaded memmap2 v0.5.10
[INFO] [stderr]   Downloaded serde_with_macros v3.12.0
[INFO] [stderr]   Downloaded darling v0.20.11
[INFO] [stderr]   Downloaded ark-poly v0.4.2
[INFO] [stderr]   Downloaded solana-udp-client v2.2.7
[INFO] [stderr]   Downloaded time-macros v0.2.22
[INFO] [stderr]   Downloaded solana-transaction-metrics-tracker v2.2.7
[INFO] [stderr]   Downloaded brotli v8.0.1
[INFO] [stderr]   Downloaded brotli-decompressor v5.0.0
[INFO] [stderr]   Downloaded security-framework-sys v2.14.0
[INFO] [stderr]   Downloaded core-foundation v0.10.1
[INFO] [stderr]   Downloaded solana-clock v2.2.1
[INFO] [stderr]   Downloaded solana-cpi v2.2.1
[INFO] [stderr]   Downloaded solana-stable-layout v2.2.1
[INFO] [stderr]   Downloaded solana-transaction v2.2.2
[INFO] [stderr]   Downloaded env_logger v0.9.3
[INFO] [stderr]   Downloaded iana-time-zone v0.1.63
[INFO] [stderr]   Downloaded windows-core v0.61.2
[INFO] [stderr]   Downloaded solana-client v2.2.7
[INFO] [stderr]   Downloaded hermit-abi v0.5.1
[INFO] [stderr]   Downloaded rustls-native-certs v0.8.1
[INFO] [stderr]   Downloaded schannel v0.1.27
[INFO] [stderr]   Downloaded solana-zk-sdk v2.2.15
[INFO] [stderr]   Downloaded icu_normalizer v2.0.0
[INFO] [stderr]   Downloaded solana-feature-set v2.2.5
[INFO] [stderr]   Downloaded solana-metrics v2.2.7
[INFO] [stderr]   Downloaded webpki-roots v0.25.4
[INFO] [stderr]   Downloaded futures-macro v0.3.31
[INFO] [stderr]   Downloaded futures-io v0.3.31
[INFO] [stderr]   Downloaded alloc-no-stdlib v2.0.4
[INFO] [stderr]   Downloaded windows-sys v0.45.0
[INFO] [stderr]   Downloaded rand v0.9.1
[INFO] [stderr]   Downloaded fastbloom v0.9.0
[INFO] [stderr]   Downloaded wide v0.7.32
[INFO] [stderr]   Downloaded safe_arch v0.7.4
[INFO] [stderr]   Downloaded siphasher v1.0.1
[INFO] [stderr]   Downloaded quinn v0.11.8
[INFO] [stderr]   Downloaded quinn-udp v0.5.12
[INFO] [stderr]   Downloaded percentage v0.1.0
[INFO] [stderr]   Downloaded num v0.2.1
[INFO] [stderr]   Downloaded num-rational v0.2.4
[INFO] [stderr]   Downloaded num-iter v0.1.45
[INFO] [stderr]   Downloaded num-complex v0.2.4
[INFO] [stderr]   Downloaded pem v1.1.1
[INFO] [stderr]   Downloaded histogram v0.6.9
[INFO] [stderr]   Downloaded raw-cpuid v11.5.0
[INFO] [stderr]   Downloaded nonzero_ext v0.3.0
[INFO] [stderr]   Downloaded dashmap v5.5.3
[INFO] [stderr]   Downloaded async-channel v1.9.0
[INFO] [stderr]   Downloaded event-listener v2.5.3
[INFO] [stderr]   Downloaded solana-sysvar v2.2.1
[INFO] [stderr]   Downloaded solana-stake-interface v1.2.1
[INFO] [stderr]   Downloaded anchor-attribute-constant v0.31.1
[INFO] [stderr]   Downloaded anchor-attribute-account v0.31.1
[INFO] [stderr]   Downloaded signal-hook v0.3.18
[INFO] [stderr]   Downloaded ark-ec v0.4.2
[INFO] [stderr]   Downloaded der-parser v8.2.0
[INFO] [stderr]   Downloaded solana-perf v2.2.7
[INFO] [stderr]   Downloaded tokio-rustls v0.24.1
[INFO] [stderr]   Downloaded governor v0.6.3
[INFO] [stderr]   Downloaded portable-atomic v1.11.0
[INFO] [stderr]   Downloaded futures v0.3.31
[INFO] [stderr]   Downloaded async-trait v0.1.88
[INFO] [stderr]   Downloaded indicatif v0.17.11
[INFO] [stderr]   Downloaded unicode-width v0.2.0
[INFO] [stderr]   Downloaded number_prefix v0.4.0
[INFO] [stderr]   Downloaded console v0.15.11
[INFO] [stderr]   Downloaded encode_unicode v1.0.0
[INFO] [stderr]   Downloaded solana-pubsub-client v2.2.7
[INFO] [stderr]   Downloaded tungstenite v0.20.1
[INFO] [stderr]   Downloaded solana-slot-history v2.2.1
[INFO] [stderr]   Downloaded libsecp256k1 v0.6.0
[INFO] [stderr]   Downloaded libsecp256k1-gen-genmult v0.2.1
[INFO] [stderr]   Downloaded libsecp256k1-core v0.2.2
[INFO] [stderr]   Downloaded crunchy v0.2.3
[INFO] [stderr]   Downloaded anchor-attribute-event v0.31.1
[INFO] [stderr]   Downloaded anchor-attribute-error v0.31.1
[INFO] [stderr]   Downloaded wasm-bindgen-futures v0.4.50
[INFO] [stderr]   Downloaded rustls v0.21.12
[INFO] [stderr]   Downloaded alloc-stdlib v0.2.2
[INFO] [stderr]   Downloaded openssl-probe v0.1.6
[INFO] [stderr]   Downloaded windows-targets v0.42.2
[INFO] [stderr]   Downloaded windows_x86_64_gnullvm v0.42.2
[INFO] [stderr]   Downloaded event-listener-strategy v0.5.4
[INFO] [stderr]   Downloaded event-listener v5.4.0
[INFO] [stderr]   Downloaded spl-token-confidential-transfer-proof-generation v0.3.0
[INFO] [stderr]   Downloaded solana-config-program v2.2.7
[INFO] [stderr]   Downloaded solana-type-overrides v2.2.7
[INFO] [stderr]   Downloaded solana-timings v2.2.7
[INFO] [stderr]   Downloaded enum-iterator v1.5.0
[INFO] [stderr]   Downloaded icu_normalizer_data v2.0.0
[INFO] [stderr]   Downloaded openssl-sys v0.9.109
[INFO] [stderr]   Downloaded windows_x86_64_gnu v0.42.2
[INFO] [stderr]   Downloaded solana-thin-client v2.2.7
[INFO] [stderr]   Downloaded solana-program-runtime v2.2.7
[INFO] [stderr]   Downloaded anchor-attribute-access-control v0.31.1
[INFO] [stderr]   Downloaded anchor-client v0.31.1
[INFO] [stderr]   Downloaded windows_x86_64_msvc v0.42.2
[INFO] [stderr]   Downloaded libsecp256k1-gen-ecmult v0.2.1
[INFO] [stderr]   Downloaded hmac-drbg v0.3.0
[INFO] [stderr]   Downloaded hmac v0.8.1
[INFO] [stderr]   Downloaded url v2.5.4
[INFO] [stderr]   Downloaded miniz_oxide v0.8.8
[INFO] [stderr]   Downloaded darling_core v0.20.11
[INFO] [stderr]   Downloaded sct v0.7.1
[INFO] [stderr]   Downloaded mime_guess v2.0.5
[INFO] [stderr]   Downloaded unicase v2.8.1
[INFO] [stderr]   Downloaded dlopen2_derive v0.3.0
[INFO] [stderr]   Downloaded solana-tls-utils v2.2.7
[INFO] [stderr]   Downloaded windows_i686_msvc v0.42.2
[INFO] [stderr]   Downloaded enum-iterator-derive v1.4.0
[INFO] [stderr]   Downloaded eager v0.1.0
[INFO] [stderr]   Downloaded crypto-mac v0.8.0
[INFO] [stderr]   Downloaded icu_collections v2.0.0
[INFO] [stderr]   Downloaded solana-streamer v2.2.7
[INFO] [stderr]   Downloaded windows_i686_gnu v0.42.2
[INFO] [stderr]   Downloaded solana-bincode v2.2.1
[INFO] [stderr]   Downloaded idna v1.0.3
[INFO] [stderr]   Downloaded hyper-rustls v0.24.2
[INFO] [stderr]   Downloaded gethostname v0.2.3
[INFO] [stderr]   Downloaded crossbeam-deque v0.8.6
[INFO] [stderr]   Downloaded dlopen2 v0.5.0
[INFO] [stderr]   Downloaded caps v0.5.5
[INFO] [stderr]   Downloaded tokio-stream v0.1.17
[INFO] [stderr]   Downloaded solana-rpc-client-nonce-utils v2.2.7
[INFO] [stderr]   Downloaded solana-quic-client v2.2.7
[INFO] [stderr]   Downloaded async-lock v3.4.0
[INFO] [stderr]   Downloaded solana-sbpf v0.10.0
[INFO] [stderr]   Downloaded arrayref v0.3.9
[INFO] [stderr]   Downloaded solana-program-pack v2.2.1
[INFO] [stderr]   Downloaded solana-nonce v2.2.1
[INFO] [stderr]   Downloaded solana-native-token v2.2.2
[INFO] [stderr]   Downloaded solana-message v2.2.1
[INFO] [stderr]   Downloaded x509-parser v0.14.0
[INFO] [stderr]   Downloaded minimal-lexical v0.2.1
[INFO] [stderr]   Downloaded tracing-core v0.1.33
[INFO] [stderr]   Downloaded security-framework v3.2.0
[INFO] [stderr]   Downloaded tokio-tungstenite v0.20.1
[INFO] [stderr]   Downloaded nom v7.1.3
[INFO] [stderr]   Downloaded asn1-rs v0.5.2
[INFO] [stderr]   Downloaded solana-loader-v4-interface v2.2.1
[INFO] [stderr]   Downloaded solana-loader-v3-interface v3.0.0
[INFO] [stderr]   Downloaded solana-loader-v2-interface v2.2.1
[INFO] [stderr]   Downloaded serde_bytes v0.11.17
[INFO] [stderr]   Downloaded solana-blake3-hasher v2.2.1
[INFO] [stderr]   Downloaded solana-big-mod-exp v2.2.1
[INFO] [stderr]   Downloaded memoffset v0.9.1
[INFO] [stderr]   Downloaded console_log v0.2.2
[INFO] [stderr]   Downloaded web-sys v0.3.77
[INFO] [stderr]   Downloaded spl-token-confidential-transfer-proof-generation v0.2.0
[INFO] [stderr]   Downloaded num_enum v0.7.3
[INFO] [stderr]   Downloaded tokio-util v0.7.15
[INFO] [stderr]   Downloaded crossbeam-channel v0.5.15
[INFO] [stderr]   Downloaded serde_with v3.12.0
[INFO] [stderr]   Downloaded spl-associated-token-account v6.0.0
[INFO] [stderr]   Downloaded num_enum_derive v0.7.3
[INFO] [stderr]   Downloaded spl-elgamal-registry v0.1.1
[INFO] [stderr]   Downloaded spl-associated-token-account-client v2.0.0
[INFO] [stderr]   Downloaded console_error_panic_hook v0.1.7
[INFO] [stderr]   Downloaded spl-token-confidential-transfer-proof-extraction v0.2.1
[INFO] [stderr]   Downloaded solana-curve25519 v2.2.15
[INFO] [stderr]   Downloaded spl-memo v6.0.0
[INFO] [stderr]   Downloaded http v0.2.12
[INFO] [stderr]   Downloaded time v0.3.41
[INFO] [stderr]   Downloaded reqwest v0.11.27
[INFO] [stderr]   Downloaded h2 v0.3.26
[INFO] [stderr]   Downloaded chrono v0.4.41
[INFO] [stderr]   Downloaded rustls-webpki v0.101.7
[INFO] [stderr]   Downloaded hyper v0.14.32
[INFO] [stderr]   Downloaded rayon v1.10.0
[INFO] [stderr]   Downloaded openssl v0.10.73
[INFO] [stderr]   Downloaded webpki-roots v0.24.0
[INFO] [stderr]   Downloaded nix v0.29.0
[INFO] [stderr]   Downloaded blake3 v1.8.2
[INFO] [stderr]   Downloaded tokio v1.45.1
[INFO] [stderr]   Downloaded openssl-src v300.5.0+3.5.0
[INFO] running `Command { std: "docker" "create" "-v" "/var/lib/crater-agent-workspace/builds/worker-5-tc1/source:/opt/rustwide/workdir:ro,Z" "-v" "/var/lib/crater-agent-workspace/builds/worker-5-tc1/target:/opt/rustwide/target:rw,Z" "-v" "/var/lib/crater-agent-workspace/cargo-home:/opt/rustwide/cargo-home:ro,Z" "-v" "/var/lib/crater-agent-workspace/rustup-home:/opt/rustwide/rustup-home:ro,Z" "-m" "1610612736" "--network" "none" "ghcr.io/rust-lang/crates-build-env/linux@sha256:8683fc1fc2eb5c9ac98e0d076ab094b2ffac7f99da555d2b6a2e27f346de2ec7" "sleep" "infinity", kill_on_drop: false }`
[INFO] [stdout] e62950e33bcc3e567b42b5a58be12444d87b691089af1733c1429e2da35567c0
[INFO] running `Command { std: "docker" "start" "e62950e33bcc3e567b42b5a58be12444d87b691089af1733c1429e2da35567c0", kill_on_drop: false }`
[INFO] running `Command { std: "docker" "inspect" "e62950e33bcc3e567b42b5a58be12444d87b691089af1733c1429e2da35567c0", kill_on_drop: false }`
[INFO] running `Command { std: "docker" "exec" "-e" "SOURCE_DIR=/opt/rustwide/workdir" "-e" "CARGO_HOME=/opt/rustwide/cargo-home" "-e" "RUSTUP_HOME=/opt/rustwide/rustup-home" "-e" "CARGO_TARGET_DIR=/opt/rustwide/target" "-w" "/opt/rustwide/workdir" "--user" "0:0" "e62950e33bcc3e567b42b5a58be12444d87b691089af1733c1429e2da35567c0" "/opt/rustwide/cargo-home/bin/cargo" "+1.98.0-beta.8" "metadata" "--no-deps" "--format-version=1", kill_on_drop: false }`
[INFO] running `Command { std: "docker" "inspect" "e62950e33bcc3e567b42b5a58be12444d87b691089af1733c1429e2da35567c0", kill_on_drop: false }`
[INFO] running `Command { std: "docker" "exec" "-e" "SOURCE_DIR=/opt/rustwide/workdir" "-e" "CARGO_HOME=/opt/rustwide/cargo-home" "-e" "RUSTUP_HOME=/opt/rustwide/rustup-home" "-e" "CARGO_TARGET_DIR=/opt/rustwide/target" "-e" "CARGO_INCREMENTAL=0" "-e" "RUST_BACKTRACE=full" "-e" "RUSTFLAGS=--cap-lints=warn" "-e" "RUSTDOCFLAGS=--cap-lints=warn" "-w" "/opt/rustwide/workdir" "--user" "0:0" "e62950e33bcc3e567b42b5a58be12444d87b691089af1733c1429e2da35567c0" "/opt/rustwide/cargo-home/bin/cargo" "+1.98.0-beta.8" "build" "--frozen" "--message-format=json" "--release", kill_on_drop: false }`
[INFO] [stderr]    Compiling proc-macro2 v1.0.95
[INFO] [stderr]    Compiling unicode-ident v1.0.18
[INFO] [stderr]    Compiling version_check v0.9.5
[INFO] [stderr]    Compiling typenum v1.18.0
[INFO] [stderr]    Compiling cfg-if v1.0.0
[INFO] [stderr]    Compiling serde v1.0.219
[INFO] [stderr]    Compiling libc v0.2.172
[INFO] [stderr]    Compiling cpufeatures v0.2.17
[INFO] [stderr]    Compiling subtle v2.6.1
[INFO] [stderr]    Compiling syn v1.0.109
[INFO] [stderr]    Compiling zerocopy v0.8.25
[INFO] [stderr]    Compiling hashbrown v0.15.3
[INFO] [stderr]    Compiling equivalent v1.0.2
[INFO] [stderr]    Compiling winnow v0.7.10
[INFO] [stderr]    Compiling autocfg v1.4.0
[INFO] [stderr]    Compiling toml_datetime v0.6.9
[INFO] [stderr]    Compiling cfg_aliases v0.2.1
[INFO] [stderr]    Compiling once_cell v1.21.3
[INFO] [stderr]    Compiling semver v1.0.26
[INFO] [stderr]    Compiling solana-sanitize v2.2.1
[INFO] [stderr]    Compiling borsh v1.5.7
[INFO] [stderr]    Compiling bs58 v0.5.1
[INFO] [stderr]    Compiling solana-atomic-u64 v2.2.1
[INFO] [stderr]    Compiling five8_core v0.1.2
[INFO] [stderr]    Compiling five8_const v0.1.4
[INFO] [stderr]    Compiling generic-array v0.14.7
[INFO] [stderr]    Compiling ahash v0.8.12
[INFO] [stderr]    Compiling serde_json v1.0.140
[INFO] [stderr]    Compiling solana-msg v2.2.1
[INFO] [stderr]    Compiling thiserror v1.0.69
[INFO] [stderr]    Compiling itoa v1.0.15
[INFO] [stderr]    Compiling ryu v1.0.20
[INFO] [stderr]    Compiling memchr v2.7.4
[INFO] [stderr]    Compiling lazy_static v1.5.0
[INFO] [stderr]    Compiling opaque-debug v0.3.1
[INFO] [stderr]    Compiling thiserror v2.0.12
[INFO] [stderr]    Compiling keccak v0.1.5
[INFO] [stderr]    Compiling crunchy v0.2.3
[INFO] [stderr]    Compiling base64 v0.22.1
[INFO] [stderr]    Compiling shlex v1.3.0
[INFO] [stderr]    Compiling getrandom v0.1.16
[INFO] [stderr]    Compiling rustc_version v0.4.1
[INFO] [stderr]    Compiling indexmap v2.9.0
[INFO] [stderr]    Compiling quote v1.0.40
[INFO] [stderr]    Compiling syn v2.0.101
[INFO] [stderr]    Compiling cc v1.2.25
[INFO] [stderr]    Compiling fnv v1.0.7
[INFO] [stderr]    Compiling arrayref v0.3.9
[INFO] [stderr]    Compiling curve25519-dalek v4.1.3
[INFO] [stderr]    Compiling percent-encoding v2.3.1
[INFO] [stderr]    Compiling uriparse v0.6.4
[INFO] [stderr]    Compiling qstring v0.7.2
[INFO] [stderr]    Compiling derivation-path v0.2.0
[INFO] [stderr]    Compiling feature-probe v0.1.1
[INFO] [stderr]    Compiling num-traits v0.2.19
[INFO] [stderr]    Compiling getrandom v0.2.16
[INFO] [stderr]    Compiling rand_core v0.6.4
[INFO] [stderr]    Compiling bv v0.11.1
[INFO] [stderr]    Compiling solana-signature v2.2.1
[INFO] [stderr]    Compiling either v1.15.0
[INFO] [stderr]    Compiling anyhow v1.0.98
[INFO] [stderr]    Compiling rand_core v0.5.1
[INFO] [stderr]    Compiling byteorder v1.5.0
[INFO] [stderr]    Compiling solana-program-option v2.2.1
[INFO] [stderr]    Compiling log v0.4.27
[INFO] [stderr]    Compiling constant_time_eq v0.3.1
[INFO] [stderr]    Compiling arrayvec v0.7.6
[INFO] [stderr]    Compiling itertools v0.12.1
[INFO] [stderr]    Compiling toml_edit v0.22.26
[INFO] [stderr]    Compiling solana-decode-error v2.3.0
[INFO] [stderr]    Compiling solana-program-memory v2.2.1
[INFO] [stderr]    Compiling num-integer v0.1.46
[INFO] [stderr]    Compiling memoffset v0.9.1
[INFO] [stderr]    Compiling bitflags v2.9.1
[INFO] [stderr]    Compiling base64 v0.12.3
[INFO] [stderr]    Compiling unicode-segmentation v1.12.0
[INFO] [stderr]    Compiling block-buffer v0.10.4
[INFO] [stderr]    Compiling crypto-common v0.1.6
[INFO] [stderr]    Compiling digest v0.10.7
[INFO] [stderr]    Compiling digest v0.9.0
[INFO] [stderr]    Compiling inout v0.1.4
[INFO] [stderr]    Compiling cipher v0.4.4
[INFO] [stderr]    Compiling libsecp256k1-core v0.2.2
[INFO] [stderr]    Compiling sha2 v0.10.9
[INFO] [stderr]    Compiling universal-hash v0.5.1
[INFO] [stderr]    Compiling sha3 v0.10.8
[INFO] [stderr]    Compiling polyval v0.6.2
[INFO] [stderr]    Compiling ctr v0.9.2
[INFO] [stderr]    Compiling ppv-lite86 v0.2.21
[INFO] [stderr]    Compiling aes v0.8.4
[INFO] [stderr]    Compiling solana-derivation-path v2.2.1
[INFO] [stderr]    Compiling hashbrown v0.13.2
[INFO] [stderr]    Compiling pbkdf2 v0.11.0
[INFO] [stderr]    Compiling hmac v0.12.1
[INFO] [stderr]    Compiling libsecp256k1-gen-ecmult v0.2.1
[INFO] [stderr]    Compiling libsecp256k1-gen-genmult v0.2.1
[INFO] [stderr]    Compiling rand_chacha v0.3.1
[INFO] [stderr]    Compiling aead v0.5.2
[INFO] [stderr]    Compiling rand_chacha v0.2.2
[INFO] [stderr]    Compiling solana-seed-phrase v2.2.1
[INFO] [stderr]    Compiling rand v0.8.5
[INFO] [stderr]    Compiling solana-seed-derivable v2.2.1
[INFO] [stderr]    Compiling block-buffer v0.9.0
[INFO] [stderr]    Compiling rand v0.7.3
[INFO] [stderr]    Compiling sha2 v0.9.9
[INFO] [stderr]    Compiling heck v0.3.3
[INFO] [stderr]    Compiling num-bigint v0.4.6
[INFO] [stderr]    Compiling solana-native-token v2.2.2
[INFO] [stderr]    Compiling solana-security-txt v1.1.1
[INFO] [stderr]    Compiling base64 v0.21.7
[INFO] [stderr]    Compiling bs58 v0.4.0
[INFO] [stderr]    Compiling libsecp256k1 v0.6.0
[INFO] [stderr]    Compiling borsh-derive-internal v0.10.4
[INFO] [stderr]    Compiling borsh-schema-derive-internal v0.10.4
[INFO] [stderr]    Compiling proc-macro-crate v3.3.0
[INFO] [stderr]    Compiling solana-big-mod-exp v2.2.1
[INFO] [stderr]    Compiling blake3 v1.8.2
[INFO] [stderr]    Compiling anchor-derive-space v0.31.1
[INFO] [stderr]    Compiling serde_derive v1.0.219
[INFO] [stderr]    Compiling bytemuck_derive v1.9.3
[INFO] [stderr]    Compiling borsh-derive v1.5.7
[INFO] [stderr]    Compiling zeroize_derive v1.4.2
[INFO] [stderr]    Compiling curve25519-dalek-derive v0.1.1
[INFO] [stderr]    Compiling thiserror-impl v1.0.69
[INFO] [stderr]    Compiling solana-sdk-macro v2.2.1
[INFO] [stderr]    Compiling thiserror-impl v2.0.12
[INFO] [stderr]    Compiling num-derive v0.4.2
[INFO] [stderr]    Compiling spl-program-error-derive v0.4.1
[INFO] [stderr]    Compiling num_enum_derive v0.7.3
[INFO] [stderr]    Compiling zeroize v1.8.1
[INFO] [stderr]    Compiling merlin v3.0.0
[INFO] [stderr]    Compiling aes-gcm-siv v0.11.1
[INFO] [stderr]    Compiling num_enum v0.7.3
[INFO] [stderr]    Compiling spl-discriminator-syn v0.2.0
[INFO] [stderr]    Compiling bytemuck v1.23.0
[INFO] [stderr]    Compiling spl-discriminator-derive v0.2.0
[INFO] [stderr]    Compiling toml v0.5.11
[INFO] [stderr]    Compiling solana-hash v2.2.1
[INFO] [stderr]    Compiling bincode v1.3.3
[INFO] [stderr]    Compiling serde_bytes v0.11.17
[INFO] [stderr]    Compiling solana-short-vec v2.2.1
[INFO] [stderr]    Compiling solana-fee-calculator v2.2.1
[INFO] [stderr]    Compiling solana-serde-varint v2.2.1
[INFO] [stderr]    Compiling anchor-lang-idl-spec v0.1.0
[INFO] [stderr]    Compiling solana-sha256-hasher v2.2.1
[INFO] [stderr]    Compiling solana-keccak-hasher v2.2.1
[INFO] [stderr]    Compiling solana-blake3-hasher v2.2.1
[INFO] [stderr]    Compiling solana-curve25519 v2.2.15
[INFO] [stderr]    Compiling anchor-syn v0.31.1
[INFO] [stderr]    Compiling anchor-lang-idl v0.1.2
[INFO] [stderr]    Compiling proc-macro-crate v0.1.5
[INFO] [stderr]    Compiling solana-secp256k1-recover v2.2.1
[INFO] [stderr]    Compiling borsh-derive v0.10.4
[INFO] [stderr]    Compiling borsh v0.10.4
[INFO] [stderr]    Compiling solana-pubkey v2.2.1
[INFO] [stderr]    Compiling solana-borsh v2.2.1
[INFO] [stderr]    Compiling solana-instruction v2.2.1
[INFO] [stderr]    Compiling solana-sdk-ids v2.2.1
[INFO] [stderr]    Compiling solana-nonce v2.2.1
[INFO] [stderr]    Compiling solana-sysvar-id v2.2.1
[INFO] [stderr]    Compiling solana-clock v2.2.1
[INFO] [stderr]    Compiling solana-slot-hashes v2.2.1
[INFO] [stderr]    Compiling solana-rent v2.2.1
[INFO] [stderr]    Compiling solana-epoch-rewards v2.2.1
[INFO] [stderr]    Compiling solana-slot-history v2.2.1
[INFO] [stderr]    Compiling solana-epoch-schedule v2.2.1
[INFO] [stderr]    Compiling solana-last-restart-slot v2.2.1
[INFO] [stderr]    Compiling solana-program-error v2.2.2
[INFO] [stderr]    Compiling solana-transaction-error v2.2.1
[INFO] [stderr]    Compiling solana-system-interface v1.0.0
[INFO] [stderr]    Compiling solana-serialize-utils v2.2.1
[INFO] [stderr]    Compiling solana-bincode v2.2.1
[INFO] [stderr]    Compiling solana-stable-layout v2.2.1
[INFO] [stderr]    Compiling solana-loader-v2-interface v2.2.1
[INFO] [stderr]    Compiling spl-associated-token-account-client v2.0.0
[INFO] [stderr]    Compiling solana-address-lookup-table-interface v2.2.2
[INFO] [stderr]    Compiling solana-signer v2.2.1
[INFO] [stderr]    Compiling solana-account-info v2.2.1
[INFO] [stderr]    Compiling solana-program-pack v2.2.1
[INFO] [stderr]    Compiling spl-discriminator v0.4.1
[INFO] [stderr]    Compiling solana-zk-sdk v2.2.15
[INFO] [stderr]    Compiling solana-cpi v2.2.1
[INFO] [stderr]    Compiling solana-program-entrypoint v2.2.1
[INFO] [stderr]    Compiling solana-instructions-sysvar v2.2.2
[INFO] [stderr]    Compiling solana-account v2.2.1
[INFO] [stderr]    Compiling solana-stake-interface v1.2.1
[INFO] [stderr]    Compiling solana-message v2.2.1
[INFO] [stderr]    Compiling solana-loader-v3-interface v3.0.0
[INFO] [stderr]    Compiling solana-vote-interface v2.2.5
[INFO] [stderr]    Compiling solana-loader-v4-interface v2.2.1
[INFO] [stderr]    Compiling spl-memo v6.0.0
[INFO] [stderr]    Compiling solana-feature-gate-interface v2.2.1
[INFO] [stderr]    Compiling solana-example-mocks v2.2.1
[INFO] [stderr]    Compiling solana-sysvar v2.2.1
[INFO] [stderr]    Compiling solana-program v2.2.1
[INFO] [stderr]    Compiling spl-program-error v0.6.0
[INFO] [stderr]    Compiling spl-token v7.0.0
[INFO] [stderr]    Compiling spl-pod v0.5.1
[INFO] [stderr]    Compiling spl-token-confidential-transfer-proof-generation v0.2.0
[INFO] [stderr]    Compiling spl-token-confidential-transfer-ciphertext-arithmetic v0.2.1
[INFO] [stderr]    Compiling spl-type-length-value v0.7.0
[INFO] [stderr]    Compiling spl-token-confidential-transfer-proof-extraction v0.2.1
[INFO] [stderr]    Compiling spl-token-group-interface v0.5.0
[INFO] [stderr]    Compiling spl-tlv-account-resolution v0.9.0
[INFO] [stderr]    Compiling spl-token-metadata-interface v0.6.0
[INFO] [stderr]    Compiling anchor-attribute-access-control v0.31.1
[INFO] [stderr]    Compiling anchor-derive-accounts v0.31.1
[INFO] [stderr]    Compiling anchor-derive-serde v0.31.1
[INFO] [stderr]    Compiling anchor-attribute-constant v0.31.1
[INFO] [stderr]    Compiling anchor-attribute-event v0.31.1
[INFO] [stderr]    Compiling anchor-attribute-error v0.31.1
[INFO] [stderr]    Compiling anchor-attribute-account v0.31.1
[INFO] [stderr]    Compiling spl-elgamal-registry v0.1.1
[INFO] [stderr]    Compiling spl-transfer-hook-interface v0.9.0
[INFO] [stderr]    Compiling spl-token-2022 v6.0.0
[INFO] [stderr]    Compiling anchor-attribute-program v0.31.1
[INFO] [stderr]    Compiling spl-associated-token-account v6.0.0
[INFO] [stderr]    Compiling anchor-lang v0.31.1
[INFO] [stderr]    Compiling anchor-spl v0.31.1
[INFO] [stderr]    Compiling orao-solana-vrf v0.6.1
[INFO] [stderr]    Compiling lottery v0.1.0 (/opt/rustwide/workdir/programs/lottery)
[INFO] [stdout] error: pubkey array is not 32 bytes long: len=0
[INFO] [stdout]   --> programs/lottery/src/lib.rs:22:13
[INFO] [stdout]    |
[INFO] [stdout] 22 | declare_id!("");
[INFO] [stdout]    |             ^^
[INFO] [stdout] 
[INFO] [stdout] 
[INFO] [stdout] error[E0425]: cannot find value `ID` in the crate root
[INFO] [stdout]  --> programs/lottery/src/state.rs:3:1
[INFO] [stdout]   |
[INFO] [stdout] 3 | #[account]
[INFO] [stdout]   | ^^^^^^^^^^ not found in the crate root
[INFO] [stdout]   |
[INFO] [stdout]   = note: this error originates in the attribute macro `account` (in Nightly builds, run with -Z macro-backtrace for more info)
[INFO] [stdout] 
[INFO] [stdout] 
[INFO] [stdout] error[E0425]: cannot find value `ID` in the crate root
[INFO] [stdout]   --> programs/lottery/src/state.rs:15:1
[INFO] [stdout]    |
[INFO] [stdout] 15 | #[account]
[INFO] [stdout]    | ^^^^^^^^^^ not found in the crate root
[INFO] [stdout]    |
[INFO] [stdout]    = note: this error originates in the attribute macro `account` (in Nightly builds, run with -Z macro-backtrace for more info)
[INFO] [stdout] 
[INFO] [stdout] 
[INFO] [stdout] error[E0425]: cannot find value `ID` in this scope
[INFO] [stdout]   --> programs/lottery/src/lib.rs:30:1
[INFO] [stdout]    |
[INFO] [stdout] 30 | #[program]
[INFO] [stdout]    | ^^^^^^^^^^ not found in this scope
[INFO] [stdout]    |
[INFO] [stdout]    = note: this error originates in the attribute macro `program` (in Nightly builds, run with -Z macro-backtrace for more info)
[INFO] [stdout] 
[INFO] [stdout] 
[INFO] [stdout] error[E0425]: cannot find value `ID` in the crate root
[INFO] [stdout]   --> programs/lottery/src/lib.rs:30:1
[INFO] [stdout]    |
[INFO] [stdout] 30 | #[program]
[INFO] [stdout]    | ^^^^^^^^^^ not found in the crate root
[INFO] [stdout]    |
[INFO] [stdout]    = note: this error originates in the attribute macro `program` (in Nightly builds, run with -Z macro-backtrace for more info)
[INFO] [stdout] 
[INFO] [stdout] 
[INFO] [stdout] error[E0573]: expected type, found module `contexts`
[INFO] [stdout]   --> programs/lottery/src/lib.rs:35:22
[INFO] [stdout]    |
[INFO] [stdout] 35 |         ctx: Context<contexts::Initialize>,
[INFO] [stdout]    |                      ^^^^^^^^
[INFO] [stdout]    |
[INFO] [stdout]   ::: /opt/rustwide/cargo-home/registry/src/index.crates.io-1949cf8c6b5b557f/anchor-lang-0.31.1/src/context.rs:24:1
[INFO] [stdout]    |
[INFO] [stdout] 24 | pub struct Context<'a, 'b, 'c, 'info, T: Bumps> {
[INFO] [stdout]    | ----------------------------------------------- similarly named struct `Context` defined here
[INFO] [stdout]    |
[INFO] [stdout] help: a struct with a similar name exists
[INFO] [stdout]    |
[INFO] [stdout] 35 -         ctx: Context<contexts::Initialize>,
[INFO] [stdout] 35 +         ctx: Context<Context::Initialize>,
[INFO] [stdout]    |
[INFO] [stdout] 
[INFO] [stdout] 
[INFO] [stdout] error[E0425]: cannot find function `try_accounts` in module `contexts`
[INFO] [stdout]   --> programs/lottery/src/lib.rs:30:1
[INFO] [stdout]    |
[INFO] [stdout] 30 | #[program]
[INFO] [stdout]    | ^^^^^^^^^^ not found in `contexts`
[INFO] [stdout]    |
[INFO] [stdout]    = note: this error originates in the attribute macro `program` (in Nightly builds, run with -Z macro-backtrace for more info)
[INFO] [stdout] 
[INFO] [stdout] 
[INFO] [stdout] error[E0573]: expected type, found module `contexts`
[INFO] [stdout]   --> programs/lottery/src/lib.rs:42:43
[INFO] [stdout]    |
[INFO] [stdout] 42 |     pub fn add_to_prize_pool(ctx: Context<contexts::AddToPrizePool>, amount: u64) -> Result<()> {
[INFO] [stdout]    |                                           ^^^^^^^^
[INFO] [stdout]    |
[INFO] [stdout]   ::: /opt/rustwide/cargo-home/registry/src/index.crates.io-1949cf8c6b5b557f/anchor-lang-0.31.1/src/context.rs:24:1
[INFO] [stdout]    |
[INFO] [stdout] 24 | pub struct Context<'a, 'b, 'c, 'info, T: Bumps> {
[INFO] [stdout]    | ----------------------------------------------- similarly named struct `Context` defined here
[INFO] [stdout]    |
[INFO] [stdout] help: a struct with a similar name exists
[INFO] [stdout]    |
[INFO] [stdout] 42 -     pub fn add_to_prize_pool(ctx: Context<contexts::AddToPrizePool>, amount: u64) -> Result<()> {
[INFO] [stdout] 42 +     pub fn add_to_prize_pool(ctx: Context<Context::AddToPrizePool>, amount: u64) -> Result<()> {
[INFO] [stdout]    |
[INFO] [stdout] 
[INFO] [stdout] 
[INFO] [stdout] error[E0573]: expected type, found module `contexts`
[INFO] [stdout]   --> programs/lottery/src/lib.rs:46:43
[INFO] [stdout]    |
[INFO] [stdout] 46 |     pub fn check_eligibility(ctx: Context<contexts::CheckEligibility>) -> Result<bool> {
[INFO] [stdout]    |                                           ^^^^^^^^
[INFO] [stdout]    |
[INFO] [stdout]   ::: /opt/rustwide/cargo-home/registry/src/index.crates.io-1949cf8c6b5b557f/anchor-lang-0.31.1/src/context.rs:24:1
[INFO] [stdout]    |
[INFO] [stdout] 24 | pub struct Context<'a, 'b, 'c, 'info, T: Bumps> {
[INFO] [stdout]    | ----------------------------------------------- similarly named struct `Context` defined here
[INFO] [stdout]    |
[INFO] [stdout] help: a struct with a similar name exists
[INFO] [stdout]    |
[INFO] [stdout] 46 -     pub fn check_eligibility(ctx: Context<contexts::CheckEligibility>) -> Result<bool> {
[INFO] [stdout] 46 +     pub fn check_eligibility(ctx: Context<Context::CheckEligibility>) -> Result<bool> {
[INFO] [stdout]    |
[INFO] [stdout] 
[INFO] [stdout] 
[INFO] [stdout] error[E0573]: expected type, found module `contexts`
[INFO] [stdout]   --> programs/lottery/src/lib.rs:50:36
[INFO] [stdout]    |
[INFO] [stdout] 50 |     pub fn start_draw(ctx: Context<contexts::StartDraw>, force_seed: [u8; 32]) -> Result<()> {
[INFO] [stdout]    |                                    ^^^^^^^^
[INFO] [stdout]    |
[INFO] [stdout]   ::: /opt/rustwide/cargo-home/registry/src/index.crates.io-1949cf8c6b5b557f/anchor-lang-0.31.1/src/context.rs:24:1
[INFO] [stdout]    |
[INFO] [stdout] 24 | pub struct Context<'a, 'b, 'c, 'info, T: Bumps> {
[INFO] [stdout]    | ----------------------------------------------- similarly named struct `Context` defined here
[INFO] [stdout]    |
[INFO] [stdout] help: a struct with a similar name exists
[INFO] [stdout]    |
[INFO] [stdout] 50 -     pub fn start_draw(ctx: Context<contexts::StartDraw>, force_seed: [u8; 32]) -> Result<()> {
[INFO] [stdout] 50 +     pub fn start_draw(ctx: Context<Context::StartDraw>, force_seed: [u8; 32]) -> Result<()> {
[INFO] [stdout]    |
[INFO] [stdout] 
[INFO] [stdout] 
[INFO] [stdout] error[E0573]: expected type, found module `contexts`
[INFO] [stdout]   --> programs/lottery/src/lib.rs:54:38
[INFO] [stdout]    |
[INFO] [stdout] 54 |     pub fn process_draw(ctx: Context<contexts::ProcessDraw>) -> Result<()> {
[INFO] [stdout]    |                                      ^^^^^^^^
[INFO] [stdout]    |
[INFO] [stdout]   ::: /opt/rustwide/cargo-home/registry/src/index.crates.io-1949cf8c6b5b557f/anchor-lang-0.31.1/src/context.rs:24:1
[INFO] [stdout]    |
[INFO] [stdout] 24 | pub struct Context<'a, 'b, 'c, 'info, T: Bumps> {
[INFO] [stdout]    | ----------------------------------------------- similarly named struct `Context` defined here
[INFO] [stdout]    |
[INFO] [stdout] help: a struct with a similar name exists
[INFO] [stdout]    |
[INFO] [stdout] 54 -     pub fn process_draw(ctx: Context<contexts::ProcessDraw>) -> Result<()> {
[INFO] [stdout] 54 +     pub fn process_draw(ctx: Context<Context::ProcessDraw>) -> Result<()> {
[INFO] [stdout]    |
[INFO] [stdout] 
[INFO] [stdout] 
[INFO] [stdout] error[E0573]: expected type, found module `contexts`
[INFO] [stdout]   --> programs/lottery/src/lib.rs:58:42
[INFO] [stdout]    |
[INFO] [stdout] 58 |     pub fn distribute_prize(ctx: Context<contexts::DistributePrize>) -> Result<()> {
[INFO] [stdout]    |                                          ^^^^^^^^
[INFO] [stdout]    |
[INFO] [stdout]   ::: /opt/rustwide/cargo-home/registry/src/index.crates.io-1949cf8c6b5b557f/anchor-lang-0.31.1/src/context.rs:24:1
[INFO] [stdout]    |
[INFO] [stdout] 24 | pub struct Context<'a, 'b, 'c, 'info, T: Bumps> {
[INFO] [stdout]    | ----------------------------------------------- similarly named struct `Context` defined here
[INFO] [stdout]    |
[INFO] [stdout] help: a struct with a similar name exists
[INFO] [stdout]    |
[INFO] [stdout] 58 -     pub fn distribute_prize(ctx: Context<contexts::DistributePrize>) -> Result<()> {
[INFO] [stdout] 58 +     pub fn distribute_prize(ctx: Context<Context::DistributePrize>) -> Result<()> {
[INFO] [stdout]    |
[INFO] [stdout] 
[INFO] [stdout] 
[INFO] [stdout] warning: unexpected `cfg` condition value: `custom-heap`
[INFO] [stdout]   --> programs/lottery/src/lib.rs:30:1
[INFO] [stdout]    |
[INFO] [stdout] 30 | #[program]
[INFO] [stdout]    | ^^^^^^^^^^
[INFO] [stdout]    |
[INFO] [stdout]    = note: expected values for `feature` are: `anchor-client`, `cpi`, `default`, `idl-build`, `no-entrypoint`, `no-idl`, and `no-log-ix-name`
[INFO] [stdout]    = note: using a cfg inside a macro will use the cfgs from the destination crate and not the ones from the defining crate
[INFO] [stdout]    = help: try referring to `$crate::custom_heap_default` crate for guidance on how handle this unexpected cfg
[INFO] [stdout]    = note: see <https://doc.rust-lang.org/nightly/rustc/check-cfg/cargo-specifics.html> for more information about checking conditional configuration
[INFO] [stdout]    = note: `#[warn(unexpected_cfgs)]` on by default
[INFO] [stdout]    = note: this warning originates in the macro `$crate::custom_heap_default` which comes from the expansion of the attribute macro `program` (in Nightly builds, run with -Z macro-backtrace for more info)
[INFO] [stdout] 
[INFO] [stdout] 
[INFO] [stdout] warning: unexpected `cfg` condition value: `solana`
[INFO] [stdout]   --> programs/lottery/src/lib.rs:30:1
[INFO] [stdout]    |
[INFO] [stdout] 30 | #[program]
[INFO] [stdout]    | ^^^^^^^^^^
[INFO] [stdout]    |
[INFO] [stdout]    = note: expected values for `target_os` are: `aix`, `amdhsa`, `android`, `cuda`, `cygwin`, `dragonfly`, `emscripten`, `espidf`, `freebsd`, `fuchsia`, `haiku`, `helenos`, `hermit`, `horizon`, `hurd`, `illumos`, `ios`, `l4re`, `linux`, `lynxos178`, `macos`, `managarm`, `motor`, `netbsd`, `none`, `nto`, `nuttx`, `openbsd`, `psp`, `psx`, `qnx`, `qurt`, `redox`, `rtems`, and `solaris` and 15 more
[INFO] [stdout]    = note: using a cfg inside a macro will use the cfgs from the destination crate and not the ones from the defining crate
[INFO] [stdout]    = help: try referring to `$crate::custom_heap_default` crate for guidance on how handle this unexpected cfg
[INFO] [stdout]    = note: see <https://doc.rust-lang.org/nightly/rustc/check-cfg/cargo-specifics.html> for more information about checking conditional configuration
[INFO] [stdout]    = note: this warning originates in the macro `$crate::custom_heap_default` which comes from the expansion of the attribute macro `program` (in Nightly builds, run with -Z macro-backtrace for more info)
[INFO] [stdout] 
[INFO] [stdout] 
[INFO] [stdout] warning: unexpected `cfg` condition value: `custom-panic`
[INFO] [stdout]   --> programs/lottery/src/lib.rs:30:1
[INFO] [stdout]    |
[INFO] [stdout] 30 | #[program]
[INFO] [stdout]    | ^^^^^^^^^^
[INFO] [stdout]    |
[INFO] [stdout]    = note: expected values for `feature` are: `anchor-client`, `cpi`, `default`, `idl-build`, `no-entrypoint`, `no-idl`, and `no-log-ix-name`
[INFO] [stdout]    = note: using a cfg inside a macro will use the cfgs from the destination crate and not the ones from the defining crate
[INFO] [stdout]    = help: try referring to `$crate::custom_panic_default` crate for guidance on how handle this unexpected cfg
[INFO] [stdout]    = note: see <https://doc.rust-lang.org/nightly/rustc/check-cfg/cargo-specifics.html> for more information about checking conditional configuration
[INFO] [stdout]    = note: this warning originates in the macro `$crate::custom_panic_default` which comes from the expansion of the attribute macro `program` (in Nightly builds, run with -Z macro-backtrace for more info)
[INFO] [stdout] 
[INFO] [stdout] 
[INFO] [stdout] warning: unexpected `cfg` condition value: `solana`
[INFO] [stdout]   --> programs/lottery/src/lib.rs:30:1
[INFO] [stdout]    |
[INFO] [stdout] 30 | #[program]
[INFO] [stdout]    | ^^^^^^^^^^
[INFO] [stdout]    |
[INFO] [stdout]    = note: expected values for `target_os` are: `aix`, `amdhsa`, `android`, `cuda`, `cygwin`, `dragonfly`, `emscripten`, `espidf`, `freebsd`, `fuchsia`, `haiku`, `helenos`, `hermit`, `horizon`, `hurd`, `illumos`, `ios`, `l4re`, `linux`, `lynxos178`, `macos`, `managarm`, `motor`, `netbsd`, `none`, `nto`, `nuttx`, `openbsd`, `psp`, `psx`, `qnx`, `qurt`, `redox`, `rtems`, and `solaris` and 15 more
[INFO] [stdout]    = note: using a cfg inside a macro will use the cfgs from the destination crate and not the ones from the defining crate
[INFO] [stdout]    = help: try referring to `$crate::custom_panic_default` crate for guidance on how handle this unexpected cfg
[INFO] [stdout]    = note: see <https://doc.rust-lang.org/nightly/rustc/check-cfg/cargo-specifics.html> for more information about checking conditional configuration
[INFO] [stdout]    = note: this warning originates in the macro `$crate::custom_panic_default` which comes from the expansion of the attribute macro `program` (in Nightly builds, run with -Z macro-backtrace for more info)
[INFO] [stdout] 
[INFO] [stdout] 
[INFO] [stdout] warning: unused imports: `program::invoke_signed` and `system_instruction`
[INFO] [stdout]  --> programs/lottery/src/lib.rs:2:35
[INFO] [stdout]   |
[INFO] [stdout] 2 | use anchor_lang::solana_program::{program::invoke_signed, system_instruction};
[INFO] [stdout]   |                                   ^^^^^^^^^^^^^^^^^^^^^^  ^^^^^^^^^^^^^^^^^^
[INFO] [stdout]   |
[INFO] [stdout]   = note: `#[warn(unused_imports)]` (part of `#[warn(unused)]`) on by default
[INFO] [stdout] 
[INFO] [stdout] 
[INFO] [stdout] warning: unused imports: `Randomness` and `cpi::accounts::RequestV2`
[INFO] [stdout]  --> programs/lottery/src/lib.rs:5:5
[INFO] [stdout]   |
[INFO] [stdout] 5 |     cpi::accounts::RequestV2,
[INFO] [stdout]   |     ^^^^^^^^^^^^^^^^^^^^^^^^
[INFO] [stdout] 6 |     program::OraoVrf,
[INFO] [stdout] 7 |     state::{NetworkState, RandomnessV2, Randomness},
[INFO] [stdout]   |                                         ^^^^^^^^^^
[INFO] [stdout] 
[INFO] [stdout] 
[INFO] [stdout] warning: unexpected `cfg` condition value: `anchor-debug`
[INFO] [stdout]  --> programs/lottery/src/contexts/initialize.rs:5:10
[INFO] [stdout]   |
[INFO] [stdout] 5 | #[derive(Accounts)]
[INFO] [stdout]   |          ^^^^^^^^
[INFO] [stdout]   |
[INFO] [stdout]   = note: expected values for `feature` are: `anchor-client`, `cpi`, `default`, `idl-build`, `no-entrypoint`, `no-idl`, and `no-log-ix-name`
[INFO] [stdout]   = note: using a cfg inside a derive macro will use the cfgs from the destination crate and not the ones from the defining crate
[INFO] [stdout]   = help: try referring to `Accounts` crate for guidance on how handle this unexpected cfg
[INFO] [stdout]   = note: see <https://doc.rust-lang.org/nightly/rustc/check-cfg/cargo-specifics.html> for more information about checking conditional configuration
[INFO] [stdout]   = note: this warning originates in the derive macro `Accounts` (in Nightly builds, run with -Z macro-backtrace for more info)
[INFO] [stdout] 
[INFO] [stdout] 
[INFO] [stdout] warning: unexpected `cfg` condition value: `anchor-debug`
[INFO] [stdout]  --> programs/lottery/src/contexts/add_to_prize_pool.rs:5:10
[INFO] [stdout]   |
[INFO] [stdout] 5 | #[derive(Accounts)]
[INFO] [stdout]   |          ^^^^^^^^
[INFO] [stdout]   |
[INFO] [stdout]   = note: expected values for `feature` are: `anchor-client`, `cpi`, `default`, `idl-build`, `no-entrypoint`, `no-idl`, and `no-log-ix-name`
[INFO] [stdout]   = note: using a cfg inside a derive macro will use the cfgs from the destination crate and not the ones from the defining crate
[INFO] [stdout]   = help: try referring to `Accounts` crate for guidance on how handle this unexpected cfg
[INFO] [stdout]   = note: see <https://doc.rust-lang.org/nightly/rustc/check-cfg/cargo-specifics.html> for more information about checking conditional configuration
[INFO] [stdout]   = note: this warning originates in the derive macro `Accounts` (in Nightly builds, run with -Z macro-backtrace for more info)
[INFO] [stdout] 
[INFO] [stdout] 
[INFO] [stdout] warning: unexpected `cfg` condition value: `anchor-debug`
[INFO] [stdout]  --> programs/lottery/src/contexts/check_eligibility.rs:6:10
[INFO] [stdout]   |
[INFO] [stdout] 6 | #[derive(Accounts)]
[INFO] [stdout]   |          ^^^^^^^^
[INFO] [stdout]   |
[INFO] [stdout]   = note: expected values for `feature` are: `anchor-client`, `cpi`, `default`, `idl-build`, `no-entrypoint`, `no-idl`, and `no-log-ix-name`
[INFO] [stdout]   = note: using a cfg inside a derive macro will use the cfgs from the destination crate and not the ones from the defining crate
[INFO] [stdout]   = help: try referring to `Accounts` crate for guidance on how handle this unexpected cfg
[INFO] [stdout]   = note: see <https://doc.rust-lang.org/nightly/rustc/check-cfg/cargo-specifics.html> for more information about checking conditional configuration
[INFO] [stdout]   = note: this warning originates in the derive macro `Accounts` (in Nightly builds, run with -Z macro-backtrace for more info)
[INFO] [stdout] 
[INFO] [stdout] 
[INFO] [stdout] warning: unexpected `cfg` condition value: `anchor-debug`
[INFO] [stdout]  --> programs/lottery/src/contexts/start_draw.rs:6:10
[INFO] [stdout]   |
[INFO] [stdout] 6 | #[derive(Accounts)]
[INFO] [stdout]   |          ^^^^^^^^
[INFO] [stdout]   |
[INFO] [stdout]   = note: expected values for `feature` are: `anchor-client`, `cpi`, `default`, `idl-build`, `no-entrypoint`, `no-idl`, and `no-log-ix-name`
[INFO] [stdout]   = note: using a cfg inside a derive macro will use the cfgs from the destination crate and not the ones from the defining crate
[INFO] [stdout]   = help: try referring to `Accounts` crate for guidance on how handle this unexpected cfg
[INFO] [stdout]   = note: see <https://doc.rust-lang.org/nightly/rustc/check-cfg/cargo-specifics.html> for more information about checking conditional configuration
[INFO] [stdout]   = note: this warning originates in the derive macro `Accounts` (in Nightly builds, run with -Z macro-backtrace for more info)
[INFO] [stdout] 
[INFO] [stdout] 
[INFO] [stdout] warning: unexpected `cfg` condition value: `anchor-debug`
[INFO] [stdout]  --> programs/lottery/src/contexts/process_draw.rs:6:10
[INFO] [stdout]   |
[INFO] [stdout] 6 | #[derive(Accounts)]
[INFO] [stdout]   |          ^^^^^^^^
[INFO] [stdout]   |
[INFO] [stdout]   = note: expected values for `feature` are: `anchor-client`, `cpi`, `default`, `idl-build`, `no-entrypoint`, `no-idl`, and `no-log-ix-name`
[INFO] [stdout]   = note: using a cfg inside a derive macro will use the cfgs from the destination crate and not the ones from the defining crate
[INFO] [stdout]   = help: try referring to `Accounts` crate for guidance on how handle this unexpected cfg
[INFO] [stdout]   = note: see <https://doc.rust-lang.org/nightly/rustc/check-cfg/cargo-specifics.html> for more information about checking conditional configuration
[INFO] [stdout]   = note: this warning originates in the derive macro `Accounts` (in Nightly builds, run with -Z macro-backtrace for more info)
[INFO] [stdout] 
[INFO] [stdout] 
[INFO] [stdout] warning: unexpected `cfg` condition value: `anchor-debug`
[INFO] [stdout]  --> programs/lottery/src/contexts/distribute_prize.rs:5:10
[INFO] [stdout]   |
[INFO] [stdout] 5 | #[derive(Accounts)]
[INFO] [stdout]   |          ^^^^^^^^
[INFO] [stdout]   |
[INFO] [stdout]   = note: expected values for `feature` are: `anchor-client`, `cpi`, `default`, `idl-build`, `no-entrypoint`, `no-idl`, and `no-log-ix-name`
[INFO] [stdout]   = note: using a cfg inside a derive macro will use the cfgs from the destination crate and not the ones from the defining crate
[INFO] [stdout]   = help: try referring to `Accounts` crate for guidance on how handle this unexpected cfg
[INFO] [stdout]   = note: see <https://doc.rust-lang.org/nightly/rustc/check-cfg/cargo-specifics.html> for more information about checking conditional configuration
[INFO] [stdout]   = note: this warning originates in the derive macro `Accounts` (in Nightly builds, run with -Z macro-backtrace for more info)
[INFO] [stdout] 
[INFO] [stdout] 
[INFO] [stdout] warning: unused import: `crate::state::LotteryState`
[INFO] [stdout]  --> programs/lottery/src/instructions/initialize.rs:3:5
[INFO] [stdout]   |
[INFO] [stdout] 3 | use crate::state::LotteryState;
[INFO] [stdout]   |     ^^^^^^^^^^^^^^^^^^^^^^^^^^
[INFO] [stdout] 
[INFO] [stdout] 
[INFO] [stdout] warning: unused import: `instructions::*`
[INFO] [stdout]   --> programs/lottery/src/lib.rs:18:5
[INFO] [stdout]    |
[INFO] [stdout] 18 | use instructions::*;
[INFO] [stdout]    |     ^^^^^^^^^^^^^^^
[INFO] [stdout] 
[INFO] [stdout] 
[INFO] [stdout] warning: unexpected `cfg` condition value: `anchor-debug`
[INFO] [stdout]   --> programs/lottery/src/lib.rs:30:1
[INFO] [stdout]    |
[INFO] [stdout] 30 | #[program]
[INFO] [stdout]    | ^^^^^^^^^^
[INFO] [stdout]    |
[INFO] [stdout]    = note: expected values for `feature` are: `anchor-client`, `cpi`, `default`, `idl-build`, `no-entrypoint`, `no-idl`, and `no-log-ix-name`
[INFO] [stdout]    = note: using a cfg inside a attribute macro will use the cfgs from the destination crate and not the ones from the defining crate
[INFO] [stdout]    = help: try referring to `program` crate for guidance on how handle this unexpected cfg
[INFO] [stdout]    = note: see <https://doc.rust-lang.org/nightly/rustc/check-cfg/cargo-specifics.html> for more information about checking conditional configuration
[INFO] [stdout]    = note: this warning originates in the attribute macro `program` (in Nightly builds, run with -Z macro-backtrace for more info)
[INFO] [stdout] 
[INFO] [stdout] 
[INFO] [stdout] warning: unexpected `cfg` condition value: `anchor-debug`
[INFO] [stdout]   --> programs/lottery/src/lib.rs:30:1
[INFO] [stdout]    |
[INFO] [stdout] 30 | #[program]
[INFO] [stdout]    | ^^^^^^^^^^
[INFO] [stdout]    |
[INFO] [stdout]    = note: expected values for `feature` are: `anchor-client`, `cpi`, `default`, `idl-build`, `no-entrypoint`, `no-idl`, and `no-log-ix-name`
[INFO] [stdout]    = note: using a cfg inside a derive macro will use the cfgs from the destination crate and not the ones from the defining crate
[INFO] [stdout]    = help: try referring to `Accounts` crate for guidance on how handle this unexpected cfg
[INFO] [stdout]    = note: see <https://doc.rust-lang.org/nightly/rustc/check-cfg/cargo-specifics.html> for more information about checking conditional configuration
[INFO] [stdout]    = note: this warning originates in the derive macro `Accounts` (in Nightly builds, run with -Z macro-backtrace for more info)
[INFO] [stdout] 
[INFO] [stdout] 
[INFO] [stdout] warning: unexpected `cfg` condition value: `anchor-debug`
[INFO] [stdout]   --> programs/lottery/src/lib.rs:30:1
[INFO] [stdout]    |
[INFO] [stdout] 30 | #[program]
[INFO] [stdout]    | ^^^^^^^^^^
[INFO] [stdout]    |
[INFO] [stdout]    = note: expected values for `feature` are: `anchor-client`, `cpi`, `default`, `idl-build`, `no-entrypoint`, `no-idl`, and `no-log-ix-name`
[INFO] [stdout]    = note: using a cfg inside a derive macro will use the cfgs from the destination crate and not the ones from the defining crate
[INFO] [stdout]    = help: try referring to `Accounts` crate for guidance on how handle this unexpected cfg
[INFO] [stdout]    = note: see <https://doc.rust-lang.org/nightly/rustc/check-cfg/cargo-specifics.html> for more information about checking conditional configuration
[INFO] [stdout]    = note: this warning originates in the derive macro `Accounts` (in Nightly builds, run with -Z macro-backtrace for more info)
[INFO] [stdout] 
[INFO] [stdout] 
[INFO] [stdout] warning: unexpected `cfg` condition value: `anchor-debug`
[INFO] [stdout]   --> programs/lottery/src/lib.rs:30:1
[INFO] [stdout]    |
[INFO] [stdout] 30 | #[program]
[INFO] [stdout]    | ^^^^^^^^^^
[INFO] [stdout]    |
[INFO] [stdout]    = note: expected values for `feature` are: `anchor-client`, `cpi`, `default`, `idl-build`, `no-entrypoint`, `no-idl`, and `no-log-ix-name`
[INFO] [stdout]    = note: using a cfg inside a derive macro will use the cfgs from the destination crate and not the ones from the defining crate
[INFO] [stdout]    = help: try referring to `Accounts` crate for guidance on how handle this unexpected cfg
[INFO] [stdout]    = note: see <https://doc.rust-lang.org/nightly/rustc/check-cfg/cargo-specifics.html> for more information about checking conditional configuration
[INFO] [stdout]    = note: this warning originates in the derive macro `Accounts` (in Nightly builds, run with -Z macro-backtrace for more info)
[INFO] [stdout] 
[INFO] [stdout] 
[INFO] [stdout] warning: unexpected `cfg` condition value: `anchor-debug`
[INFO] [stdout]   --> programs/lottery/src/lib.rs:30:1
[INFO] [stdout]    |
[INFO] [stdout] 30 | #[program]
[INFO] [stdout]    | ^^^^^^^^^^
[INFO] [stdout]    |
[INFO] [stdout]    = note: expected values for `feature` are: `anchor-client`, `cpi`, `default`, `idl-build`, `no-entrypoint`, `no-idl`, and `no-log-ix-name`
[INFO] [stdout]    = note: using a cfg inside a derive macro will use the cfgs from the destination crate and not the ones from the defining crate
[INFO] [stdout]    = help: try referring to `Accounts` crate for guidance on how handle this unexpected cfg
[INFO] [stdout]    = note: see <https://doc.rust-lang.org/nightly/rustc/check-cfg/cargo-specifics.html> for more information about checking conditional configuration
[INFO] [stdout]    = note: this warning originates in the derive macro `Accounts` (in Nightly builds, run with -Z macro-backtrace for more info)
[INFO] [stdout] 
[INFO] [stdout] 
[INFO] [stdout] warning: unexpected `cfg` condition value: `anchor-debug`
[INFO] [stdout]   --> programs/lottery/src/lib.rs:30:1
[INFO] [stdout]    |
[INFO] [stdout] 30 | #[program]
[INFO] [stdout]    | ^^^^^^^^^^
[INFO] [stdout]    |
[INFO] [stdout]    = note: expected values for `feature` are: `anchor-client`, `cpi`, `default`, `idl-build`, `no-entrypoint`, `no-idl`, and `no-log-ix-name`
[INFO] [stdout]    = note: using a cfg inside a derive macro will use the cfgs from the destination crate and not the ones from the defining crate
[INFO] [stdout]    = help: try referring to `Accounts` crate for guidance on how handle this unexpected cfg
[INFO] [stdout]    = note: see <https://doc.rust-lang.org/nightly/rustc/check-cfg/cargo-specifics.html> for more information about checking conditional configuration
[INFO] [stdout]    = note: this warning originates in the derive macro `Accounts` (in Nightly builds, run with -Z macro-backtrace for more info)
[INFO] [stdout] 
[INFO] [stdout] 
[INFO] [stdout] warning: unexpected `cfg` condition value: `anchor-debug`
[INFO] [stdout]   --> programs/lottery/src/lib.rs:30:1
[INFO] [stdout]    |
[INFO] [stdout] 30 | #[program]
[INFO] [stdout]    | ^^^^^^^^^^
[INFO] [stdout]    |
[INFO] [stdout]    = note: expected values for `feature` are: `anchor-client`, `cpi`, `default`, `idl-build`, `no-entrypoint`, `no-idl`, and `no-log-ix-name`
[INFO] [stdout]    = note: using a cfg inside a derive macro will use the cfgs from the destination crate and not the ones from the defining crate
[INFO] [stdout]    = help: try referring to `Accounts` crate for guidance on how handle this unexpected cfg
[INFO] [stdout]    = note: see <https://doc.rust-lang.org/nightly/rustc/check-cfg/cargo-specifics.html> for more information about checking conditional configuration
[INFO] [stdout]    = note: this warning originates in the derive macro `Accounts` (in Nightly builds, run with -Z macro-backtrace for more info)
[INFO] [stdout] 
[INFO] [stdout] 
[INFO] [stdout] warning: unexpected `cfg` condition value: `anchor-debug`
[INFO] [stdout]   --> programs/lottery/src/lib.rs:64:10
[INFO] [stdout]    |
[INFO] [stdout] 64 | #[derive(Accounts)]
[INFO] [stdout]    |          ^^^^^^^^
[INFO] [stdout]    |
[INFO] [stdout]    = note: expected values for `feature` are: `anchor-client`, `cpi`, `default`, `idl-build`, `no-entrypoint`, `no-idl`, and `no-log-ix-name`
[INFO] [stdout]    = note: using a cfg inside a derive macro will use the cfgs from the destination crate and not the ones from the defining crate
[INFO] [stdout]    = help: try referring to `Accounts` crate for guidance on how handle this unexpected cfg
[INFO] [stdout]    = note: see <https://doc.rust-lang.org/nightly/rustc/check-cfg/cargo-specifics.html> for more information about checking conditional configuration
[INFO] [stdout]    = note: this warning originates in the derive macro `Accounts` (in Nightly builds, run with -Z macro-backtrace for more info)
[INFO] [stdout] 
[INFO] [stdout] 
[INFO] [stdout] warning: unexpected `cfg` condition value: `anchor-debug`
[INFO] [stdout]   --> programs/lottery/src/lib.rs:95:10
[INFO] [stdout]    |
[INFO] [stdout] 95 | #[derive(Accounts)]
[INFO] [stdout]    |          ^^^^^^^^
[INFO] [stdout]    |
[INFO] [stdout]    = note: expected values for `feature` are: `anchor-client`, `cpi`, `default`, `idl-build`, `no-entrypoint`, `no-idl`, and `no-log-ix-name`
[INFO] [stdout]    = note: using a cfg inside a derive macro will use the cfgs from the destination crate and not the ones from the defining crate
[INFO] [stdout]    = help: try referring to `Accounts` crate for guidance on how handle this unexpected cfg
[INFO] [stdout]    = note: see <https://doc.rust-lang.org/nightly/rustc/check-cfg/cargo-specifics.html> for more information about checking conditional configuration
[INFO] [stdout]    = note: this warning originates in the derive macro `Accounts` (in Nightly builds, run with -Z macro-backtrace for more info)
[INFO] [stdout] 
[INFO] [stdout] 
[INFO] [stdout] warning: unexpected `cfg` condition value: `anchor-debug`
[INFO] [stdout]    --> programs/lottery/src/lib.rs:118:10
[INFO] [stdout]     |
[INFO] [stdout] 118 | #[derive(Accounts)]
[INFO] [stdout]     |          ^^^^^^^^
[INFO] [stdout]     |
[INFO] [stdout]     = note: expected values for `feature` are: `anchor-client`, `cpi`, `default`, `idl-build`, `no-entrypoint`, `no-idl`, and `no-log-ix-name`
[INFO] [stdout]     = note: using a cfg inside a derive macro will use the cfgs from the destination crate and not the ones from the defining crate
[INFO] [stdout]     = help: try referring to `Accounts` crate for guidance on how handle this unexpected cfg
[INFO] [stdout]     = note: see <https://doc.rust-lang.org/nightly/rustc/check-cfg/cargo-specifics.html> for more information about checking conditional configuration
[INFO] [stdout]     = note: this warning originates in the derive macro `Accounts` (in Nightly builds, run with -Z macro-backtrace for more info)
[INFO] [stdout] 
[INFO] [stdout] 
[INFO] [stdout] warning: unexpected `cfg` condition value: `anchor-debug`
[INFO] [stdout]    --> programs/lottery/src/lib.rs:135:10
[INFO] [stdout]     |
[INFO] [stdout] 135 | #[derive(Accounts)]
[INFO] [stdout]     |          ^^^^^^^^
[INFO] [stdout]     |
[INFO] [stdout]     = note: expected values for `feature` are: `anchor-client`, `cpi`, `default`, `idl-build`, `no-entrypoint`, `no-idl`, and `no-log-ix-name`
[INFO] [stdout]     = note: using a cfg inside a derive macro will use the cfgs from the destination crate and not the ones from the defining crate
[INFO] [stdout]     = help: try referring to `Accounts` crate for guidance on how handle this unexpected cfg
[INFO] [stdout]     = note: see <https://doc.rust-lang.org/nightly/rustc/check-cfg/cargo-specifics.html> for more information about checking conditional configuration
[INFO] [stdout]     = note: this warning originates in the derive macro `Accounts` (in Nightly builds, run with -Z macro-backtrace for more info)
[INFO] [stdout] 
[INFO] [stdout] 
[INFO] [stdout] warning: unexpected `cfg` condition value: `anchor-debug`
[INFO] [stdout]    --> programs/lottery/src/lib.rs:183:10
[INFO] [stdout]     |
[INFO] [stdout] 183 | #[derive(Accounts)]
[INFO] [stdout]     |          ^^^^^^^^
[INFO] [stdout]     |
[INFO] [stdout]     = note: expected values for `feature` are: `anchor-client`, `cpi`, `default`, `idl-build`, `no-entrypoint`, `no-idl`, and `no-log-ix-name`
[INFO] [stdout]     = note: using a cfg inside a derive macro will use the cfgs from the destination crate and not the ones from the defining crate
[INFO] [stdout]     = help: try referring to `Accounts` crate for guidance on how handle this unexpected cfg
[INFO] [stdout]     = note: see <https://doc.rust-lang.org/nightly/rustc/check-cfg/cargo-specifics.html> for more information about checking conditional configuration
[INFO] [stdout]     = note: this warning originates in the derive macro `Accounts` (in Nightly builds, run with -Z macro-backtrace for more info)
[INFO] [stdout] 
[INFO] [stdout] 
[INFO] [stdout] warning: unexpected `cfg` condition value: `anchor-debug`
[INFO] [stdout]    --> programs/lottery/src/lib.rs:209:10
[INFO] [stdout]     |
[INFO] [stdout] 209 | #[derive(Accounts)]
[INFO] [stdout]     |          ^^^^^^^^
[INFO] [stdout]     |
[INFO] [stdout]     = note: expected values for `feature` are: `anchor-client`, `cpi`, `default`, `idl-build`, `no-entrypoint`, `no-idl`, and `no-log-ix-name`
[INFO] [stdout]     = note: using a cfg inside a derive macro will use the cfgs from the destination crate and not the ones from the defining crate
[INFO] [stdout]     = help: try referring to `Accounts` crate for guidance on how handle this unexpected cfg
[INFO] [stdout]     = note: see <https://doc.rust-lang.org/nightly/rustc/check-cfg/cargo-specifics.html> for more information about checking conditional configuration
[INFO] [stdout]     = note: this warning originates in the derive macro `Accounts` (in Nightly builds, run with -Z macro-backtrace for more info)
[INFO] [stdout] 
[INFO] [stdout] 
[INFO] [stdout] Some errors have detailed explanations: E0425, E0573.
[INFO] [stdout] 
[INFO] [stdout] For more information about an error, try `rustc --explain E0425`.
[INFO] [stdout] 
[INFO] [stderr] error: could not compile `lottery` (lib) due to 12 previous errors; 27 warnings emitted
[INFO] running `Command { std: "docker" "inspect" "e62950e33bcc3e567b42b5a58be12444d87b691089af1733c1429e2da35567c0", kill_on_drop: false }`
[INFO] running `Command { std: "docker" "rm" "-f" "e62950e33bcc3e567b42b5a58be12444d87b691089af1733c1429e2da35567c0", kill_on_drop: false }`
[INFO] [stdout] e62950e33bcc3e567b42b5a58be12444d87b691089af1733c1429e2da35567c0
