[INFO] cloning repository https://github.com/jedel1043/ra-bug
[INFO] running `Command { std: "git" "-c" "credential.helper=" "-c" "credential.helper=/workspace/cargo-home/bin/git-credential-null" "clone" "--bare" "https://github.com/jedel1043/ra-bug" "/workspace/cache/git-repos/https%3A%2F%2Fgithub.com%2Fjedel1043%2Fra-bug", kill_on_drop: false }`
[INFO] [stderr] Cloning into bare repository '/workspace/cache/git-repos/https%3A%2F%2Fgithub.com%2Fjedel1043%2Fra-bug'...
[INFO] running `Command { std: "git" "rev-parse" "HEAD", kill_on_drop: false }`
[INFO] [stdout] 003be8a1fb86222752803cdcd7054f18da5c9e5d
[INFO] testing jedel1043/ra-bug against 1.98.0-beta.8+cargoflags=--release for beta-release-1.99-2
[INFO] running `Command { std: "git" "clone" "/workspace/cache/git-repos/https%3A%2F%2Fgithub.com%2Fjedel1043%2Fra-bug" "/workspace/builds/worker-5-tc1/source", kill_on_drop: false }`
[INFO] [stderr] Cloning into '/workspace/builds/worker-5-tc1/source'...
[INFO] [stderr] done.
[INFO] started tweaking git repo https://github.com/jedel1043/ra-bug
[INFO] finished tweaking git repo https://github.com/jedel1043/ra-bug
[INFO] tweaked toml for git repo https://github.com/jedel1043/ra-bug written to /workspace/builds/worker-5-tc1/source/Cargo.toml
[INFO] validating manifest of git repo https://github.com/jedel1043/ra-bug on toolchain 1.98.0-beta.8
[INFO] running `Command { std: CARGO_HOME="/workspace/cargo-home" RUSTUP_HOME="/workspace/rustup-home" "/workspace/cargo-home/bin/cargo" "+1.98.0-beta.8" "metadata" "--manifest-path" "Cargo.toml" "--no-deps", kill_on_drop: false }`
[INFO] crate git repo https://github.com/jedel1043/ra-bug already has a lockfile, it will not be regenerated
[INFO] running `Command { std: CARGO_HOME="/workspace/cargo-home" RUSTUP_HOME="/workspace/rustup-home" "/workspace/cargo-home/bin/cargo" "+1.98.0-beta.8" "fetch" "--manifest-path" "Cargo.toml", kill_on_drop: false }`
[INFO] [stderr]     Blocking waiting for file lock on package cache
[INFO] [stderr]     Updating git repository `https://github.com/unicode-org/icu4x.git`
[INFO] [stderr]     Updating crates.io index
[INFO] [stderr]     Blocking waiting for file lock on package cache
[INFO] [stderr]  Downloading crates ...
[INFO] [stderr]   Downloaded unicode-xid v0.2.4
[INFO] [stderr]   Downloaded num-integer v0.1.45
[INFO] [stderr]   Downloaded num_threads v0.1.6
[INFO] [stderr]   Downloaded write16 v1.0.0
[INFO] [stderr]   Downloaded wasm-bindgen-shared v0.2.83
[INFO] [stderr]   Downloaded opaque-debug v0.3.0
[INFO] [stderr]   Downloaded time-core v0.1.0
[INFO] [stderr]   Downloaded hash32 v0.2.1
[INFO] [stderr]   Downloaded utf8_iter v1.0.3
[INFO] [stderr]   Downloaded generic-array v0.14.6
[INFO] [stderr]   Downloaded constant_time_eq v0.1.5
[INFO] [stderr]   Downloaded subtle v2.4.1
[INFO] [stderr]   Downloaded atomic-polyfill v0.1.11
[INFO] [stderr]   Downloaded thousands v0.2.0
[INFO] [stderr]   Downloaded const_fn v0.4.9
[INFO] [stderr]   Downloaded memoffset v0.6.5
[INFO] [stderr]   Downloaded stable_deref_trait v1.2.0
[INFO] [stderr]   Downloaded zip-extensions v0.6.1
[INFO] [stderr]   Downloaded itoa v1.0.4
[INFO] [stderr]   Downloaded simple_logger v4.0.0
[INFO] [stderr]   Downloaded cobs v0.2.3
[INFO] [stderr]   Downloaded wasmer-engine-universal-artifact v2.3.0
[INFO] [stderr]   Downloaded fs2 v0.4.3
[INFO] [stderr]   Downloaded cipher v0.3.0
[INFO] [stderr]   Downloaded mintex v0.1.2
[INFO] [stderr]   Downloaded utf16_iter v1.0.4
[INFO] [stderr]   Downloaded either v1.8.0
[INFO] [stderr]   Downloaded serde_bytes v0.11.7
[INFO] [stderr]   Downloaded darling_macro v0.14.2
[INFO] [stderr]   Downloaded pbkdf2 v0.11.0
[INFO] [stderr]   Downloaded wasmer-object v2.3.0
[INFO] [stderr]   Downloaded base-x v0.2.11
[INFO] [stderr]   Downloaded wasm-bindgen-macro v0.2.83
[INFO] [stderr]   Downloaded rust-format v0.3.4
[INFO] [stderr]   Downloaded unicode-ident v1.0.5
[INFO] [stderr]   Downloaded try-lock v0.2.3
[INFO] [stderr]   Downloaded futures-io v0.3.25
[INFO] [stderr]   Downloaded quote v1.0.21
[INFO] [stderr]   Downloaded more-asserts v0.2.2
[INFO] [stderr]   Downloaded synstructure v0.12.6
[INFO] [stderr]   Downloaded time-macros v0.2.6
[INFO] [stderr]   Downloaded colored v2.0.0
[INFO] [stderr]   Downloaded spin v0.9.4
[INFO] [stderr]   Downloaded lock_api v0.4.9
[INFO] [stderr]   Downloaded critical-section v1.1.1
[INFO] [stderr]   Downloaded digest v0.10.6
[INFO] [stderr]   Downloaded cpufeatures v0.2.5
[INFO] [stderr]   Downloaded serde-aux v2.3.0
[INFO] [stderr]   Downloaded wasm-bindgen-macro-support v0.2.83
[INFO] [stderr]   Downloaded byteorder v1.4.3
[INFO] [stderr]   Downloaded erased-serde v0.3.23
[INFO] [stderr]   Downloaded redox_syscall v0.2.16
[INFO] [stderr]   Downloaded pkg-config v0.3.26
[INFO] [stderr]   Downloaded displaydoc v0.2.3
[INFO] [stderr]   Downloaded zstd v0.11.2+zstd.1.5.2
[INFO] [stderr]   Downloaded wasmer-artifact v2.3.0
[INFO] [stderr]   Downloaded enumset_derive v0.6.1
[INFO] [stderr]   Downloaded leb128 v0.2.5
[INFO] [stderr]   Downloaded wasmer-derive v2.3.0
[INFO] [stderr]   Downloaded filetime v0.2.19
[INFO] [stderr]   Downloaded terminal_size v0.1.17
[INFO] [stderr]   Downloaded parking_lot_core v0.9.5
[INFO] [stderr]   Downloaded smallvec v1.10.0
[INFO] [stderr]   Downloaded sys-info v0.9.1
[INFO] [stderr]   Downloaded once_cell v1.16.0
[INFO] [stderr]   Downloaded rustc-demangle v0.1.21
[INFO] [stderr]   Downloaded bincode v1.3.3
[INFO] [stderr]   Downloaded zstd-safe v5.0.2+zstd.1.5.2
[INFO] [stderr]   Downloaded sha1 v0.10.5
[INFO] [stderr]   Downloaded block-buffer v0.10.3
[INFO] [stderr]   Downloaded sha2 v0.10.6
[INFO] [stderr]   Downloaded password-hash v0.4.2
[INFO] [stderr]   Downloaded getrandom v0.2.8
[INFO] [stderr]   Downloaded base64ct v1.5.3
[INFO] [stderr]   Downloaded wasm-bindgen-backend v0.2.83
[INFO] [stderr]   Downloaded httpdate v1.0.2
[INFO] [stderr]   Downloaded futures-task v0.3.25
[INFO] [stderr]   Downloaded futures-channel v0.3.25
[INFO] [stderr]   Downloaded memoffset v0.7.1
[INFO] [stderr]   Downloaded thiserror-impl v1.0.37
[INFO] [stderr]   Downloaded bytecheck_derive v0.6.9
[INFO] [stderr]   Downloaded addr2line v0.19.0
[INFO] [stderr]   Downloaded typenum v1.16.0
[INFO] [stderr]   Downloaded bzip2 v0.4.3
[INFO] [stderr]   Downloaded link-cplusplus v1.0.7
[INFO] [stderr]   Downloaded log v0.4.17
[INFO] [stderr]   Downloaded percent-encoding v2.2.0
[INFO] [stderr]   Downloaded fastrand v1.8.0
[INFO] [stderr]   Downloaded jobserver v0.1.25
[INFO] [stderr]   Downloaded miniz_oxide v0.6.2
[INFO] [stderr]   Downloaded crc32fast v1.3.2
[INFO] [stderr]   Downloaded base64 v0.13.1
[INFO] [stderr]   Downloaded ptr_meta v0.1.4
[INFO] [stderr]   Downloaded loupe-derive v0.1.3
[INFO] [stderr]   Downloaded enum-iterator v0.7.0
[INFO] [stderr]   Downloaded enum-iterator-derive v0.7.0
[INFO] [stderr]   Downloaded proc-macro2 v1.0.47
[INFO] [stderr]   Downloaded serde v1.0.151
[INFO] [stderr]   Downloaded serde_derive v1.0.151
[INFO] [stderr]   Downloaded ryu v1.0.11
[INFO] [stderr]   Downloaded postcard v1.0.2
[INFO] [stderr]   Downloaded heapless v0.7.16
[INFO] [stderr]   Downloaded semver v1.0.14
[INFO] [stderr]   Downloaded cc v1.0.78
[INFO] [stderr]   Downloaded memchr v2.5.0
[INFO] [stderr]   Downloaded zip v0.6.3
[INFO] [stderr]   Downloaded flate2 v1.0.25
[INFO] [stderr]   Downloaded crossbeam-utils v0.8.14
[INFO] [stderr]   Downloaded toml v0.5.10
[INFO] [stderr]   Downloaded bumpalo v3.11.1
[INFO] [stderr]   Downloaded num-traits v0.2.15
[INFO] [stderr]   Downloaded wasm-bindgen-futures v0.4.33
[INFO] [stderr]   Downloaded remove_dir_all v0.5.3
[INFO] [stderr]   Downloaded mime v0.3.16
[INFO] [stderr]   Downloaded tracing v0.1.37
[INFO] [stderr]   Downloaded slab v0.4.7
[INFO] [stderr]   Downloaded serde-json-core v0.4.0
[INFO] [stderr]   Downloaded bytecheck v0.6.9
[INFO] [stderr]   Downloaded sha1_smol v1.0.0
[INFO] [stderr]   Downloaded wasmer-vfs v2.3.0
[INFO] [stderr]   Downloaded wasmer v2.3.0
[INFO] [stderr]   Downloaded target-lexicon v0.12.5
[INFO] [stderr]   Downloaded enumset v1.0.12
[INFO] [stderr]   Downloaded memmap2 v0.5.8
[INFO] [stderr]   Downloaded which v4.3.0
[INFO] [stderr]   Downloaded xattr v0.2.3
[INFO] [stderr]   Downloaded number_prefix v0.4.0
[INFO] [stderr]   Downloaded time v0.3.17
[INFO] [stderr]   Downloaded backtrace v0.3.67
[INFO] [stderr]   Downloaded scratch v1.0.2
[INFO] [stderr]   Downloaded ipnet v2.7.0
[INFO] [stderr]   Downloaded want v0.3.0
[INFO] [stderr]   Downloaded futures-sink v0.3.25
[INFO] [stderr]   Downloaded futures-core v0.3.25
[INFO] [stderr]   Downloaded thiserror v1.0.37
[INFO] [stderr]   Downloaded aes v0.7.5
[INFO] [stderr]   Downloaded tracing-core v0.1.30
[INFO] [stderr]   Downloaded http v0.2.8
[INFO] [stderr]   Downloaded indexmap v1.9.2
[INFO] [stderr]   Downloaded ahash v0.7.6
[INFO] [stderr]   Downloaded rayon-core v1.10.1
[INFO] [stderr]   Downloaded crossbeam-deque v0.8.2
[INFO] [stderr]   Downloaded wasmer-types v2.3.0
[INFO] [stderr]   Downloaded serde_json v1.0.89
[INFO] [stderr]   Downloaded num_cpus v1.14.0
[INFO] [stderr]   Downloaded crossbeam-epoch v0.9.13
[INFO] [stderr]   Downloaded ptr_meta_derive v0.1.4
[INFO] [stderr]   Downloaded time-macros-impl v0.1.2
[INFO] [stderr]   Downloaded sha1 v0.6.1
[INFO] [stderr]   Downloaded iana-time-zone-haiku v0.1.1
[INFO] [stderr]   Downloaded form_urlencoded v1.1.0
[INFO] [stderr]   Downloaded tokio-util v0.7.4
[INFO] [stderr]   Downloaded loupe v0.1.3
[INFO] [stderr]   Downloaded elsa v1.7.0
[INFO] [stderr]   Downloaded wasm-bindgen v0.2.83
[INFO] [stderr]   Downloaded rayon v1.6.1
[INFO] [stderr]   Downloaded rkyv v0.7.39
[INFO] [stderr]   Downloaded rustversion v1.0.9
[INFO] [stderr]   Downloaded dhat v0.3.2
[INFO] [stderr]   Downloaded chrono v0.4.23
[INFO] [stderr]   Downloaded time v0.2.27
[INFO] [stderr]   Downloaded syn v1.0.105
[INFO] [stderr]   Downloaded openssl-macros v0.1.0
[INFO] [stderr]   Downloaded http-body v0.4.5
[INFO] [stderr]   Downloaded wasmer-wasi-types v2.3.0
[INFO] [stderr]   Downloaded darling v0.14.2
[INFO] [stderr]   Downloaded wasmer-engine v2.3.0
[INFO] [stderr]   Downloaded core-foundation-sys v0.8.3
[INFO] [stderr]   Downloaded winreg v0.10.1
[INFO] [stderr]   Downloaded openssl v0.10.44
[INFO] [stderr]   Downloaded futures-util v0.3.25
[INFO] [stderr]   Downloaded wasmer-engine-universal v2.3.0
[INFO] [stderr]   Downloaded fallible-iterator v0.2.0
[INFO] [stderr]   Downloaded hyper v0.14.23
[INFO] [stderr]   Downloaded object v0.30.0
[INFO] [stderr]   Downloaded regex-syntax v0.6.28
[INFO] [stderr]   Downloaded regex-automata v0.2.0
[INFO] [stderr]   Downloaded windows_x86_64_gnullvm v0.42.0
[INFO] [stderr]   Downloaded windows_aarch64_gnullvm v0.42.0
[INFO] [stderr]   Downloaded security-framework-sys v2.6.1
[INFO] [stderr]   Downloaded core-foundation v0.9.3
[INFO] [stderr]   Downloaded region v3.0.0
[INFO] [stderr]   Downloaded libloading v0.7.4
[INFO] [stderr]   Downloaded unicode-width v0.1.10
[INFO] [stderr]   Downloaded cxxbridge-flags v1.0.83
[INFO] [stderr]   Downloaded wasmer-engine-dylib v2.3.0
[INFO] [stderr]   Downloaded termcolor v1.1.3
[INFO] [stderr]   Downloaded tempfile v3.3.0
[INFO] [stderr]   Downloaded rend v0.3.6
[INFO] [stderr]   Downloaded console v0.15.2
[INFO] [stderr]   Downloaded pin-project-lite v0.2.9
[INFO] [stderr]   Downloaded dynasmrt v1.2.3
[INFO] [stderr]   Downloaded generational-arena v0.2.8
[INFO] [stderr]   Downloaded seahash v4.1.0
[INFO] [stderr]   Downloaded standback v0.2.17
[INFO] [stderr]   Downloaded libc v0.2.138
[INFO] [stderr]   Downloaded bzip2-sys v0.1.11+1.0.8
[INFO] [stderr]   Downloaded windows_x86_64_msvc v0.42.0
[INFO] [stderr]   Downloaded windows_aarch64_msvc v0.42.0
[INFO] [stderr]   Downloaded windows_aarch64_msvc v0.36.1
[INFO] [stderr]   Downloaded encode_unicode v0.3.6
[INFO] [stderr]   Downloaded wasmer-wasi v2.3.0
[INFO] [stderr]   Downloaded zstd-sys v2.0.4+zstd.1.5.2
[INFO] [stderr]   Downloaded gimli v0.27.0
[INFO] [stderr]   Downloaded windows_x86_64_gnu v0.42.0
[INFO] [stderr]   Downloaded windows_i686_msvc v0.42.0
[INFO] [stderr]   Downloaded windows_i686_gnu v0.42.0
[INFO] [stderr]   Downloaded zip v0.5.13
[INFO] [stderr]   Downloaded iana-time-zone v0.1.53
[INFO] [stderr]   Downloaded codespan-reporting v0.11.1
[INFO] [stderr]   Downloaded tokio-native-tls v0.3.0
[INFO] [stderr]   Downloaded schannel v0.1.20
[INFO] [stderr]   Downloaded tracing-attributes v0.1.23
[INFO] [stderr]   Downloaded rkyv_derive v0.7.39
[INFO] [stderr]   Downloaded wasmer-compiler v2.3.0
[INFO] [stderr]   Downloaded indicatif v0.16.2
[INFO] [stderr]   Downloaded unicode-bidi v0.3.8
[INFO] [stderr]   Downloaded socket2 v0.4.7
[INFO] [stderr]   Downloaded encoding_rs v0.8.31
[INFO] [stderr]   Downloaded tar v0.4.38
[INFO] [stderr]   Downloaded bytes v1.3.0
[INFO] [stderr]   Downloaded wasmer-vm v2.3.0
[INFO] [stderr]   Downloaded openssl-sys v0.9.79
[INFO] [stderr]   Downloaded darling_core v0.14.2
[INFO] [stderr]   Downloaded cxxbridge-macro v1.0.83
[INFO] [stderr]   Downloaded corosensei v0.1.3
[INFO] [stderr]   Downloaded cached-path v0.5.3
[INFO] [stderr]   Downloaded js-sys v0.3.60
[INFO] [stderr]   Downloaded windows-sys v0.42.0
[INFO] [stderr]   Downloaded mio v0.8.5
[INFO] [stderr]   Downloaded security-framework v2.7.0
[INFO] [stderr]   Downloaded wasmparser v0.83.0
[INFO] [stderr]   Downloaded hashbrown v0.11.2
[INFO] [stderr]   Downloaded url v2.3.1
[INFO] [stderr]   Downloaded crossbeam-channel v0.5.6
[INFO] [stderr]   Downloaded wasmer-compiler-singlepass v2.3.0
[INFO] [stderr]   Downloaded dynasm v1.2.3
[INFO] [stderr]   Downloaded cxx-build v1.0.83
[INFO] [stderr]   Downloaded unicode-normalization v0.1.22
[INFO] [stderr]   Downloaded reqwest v0.11.13
[INFO] [stderr]   Downloaded h2 v0.3.15
[INFO] [stderr]   Downloaded cxx v1.0.83
[INFO] [stderr]   Downloaded object v0.28.4
[INFO] [stderr]   Downloaded regex v1.7.0
[INFO] [stderr]   Downloaded idna v0.3.0
[INFO] [stderr]   Downloaded tokio v1.23.0
[INFO] [stderr]   Downloaded windows_aarch64_msvc v0.33.0
[INFO] [stderr]   Downloaded windows_x86_64_msvc v0.36.1
[INFO] [stderr]   Downloaded windows_x86_64_msvc v0.33.0
[INFO] [stderr]   Downloaded windows_i686_gnu v0.33.0
[INFO] [stderr]   Downloaded web-sys v0.3.60
[INFO] [stderr]   Downloaded windows_i686_msvc v0.36.1
[INFO] [stderr]   Downloaded windows_i686_msvc v0.33.0
[INFO] [stderr]   Downloaded gimli v0.26.2
[INFO] [stderr]   Downloaded windows_x86_64_gnu v0.33.0
[INFO] [stderr]   Downloaded windows_i686_gnu v0.36.1
[INFO] [stderr]   Downloaded windows_x86_64_gnu v0.36.1
[INFO] [stderr]   Downloaded windows-sys v0.36.1
[INFO] [stderr]   Downloaded windows-sys v0.33.0
[INFO] running `Command { std: "docker" "create" "-v" "/var/lib/crater-agent-workspace/builds/worker-5-tc1/source:/opt/rustwide/workdir:ro,Z" "-v" "/var/lib/crater-agent-workspace/builds/worker-5-tc1/target:/opt/rustwide/target:rw,Z" "-v" "/var/lib/crater-agent-workspace/cargo-home:/opt/rustwide/cargo-home:ro,Z" "-v" "/var/lib/crater-agent-workspace/rustup-home:/opt/rustwide/rustup-home:ro,Z" "-m" "1610612736" "--network" "none" "ghcr.io/rust-lang/crates-build-env/linux@sha256:8683fc1fc2eb5c9ac98e0d076ab094b2ffac7f99da555d2b6a2e27f346de2ec7" "sleep" "infinity", kill_on_drop: false }`
[INFO] [stdout] 51dd15aff05b100b28587ecf1e8aa731179047636679c9ea2f8cc7911a385005
[INFO] running `Command { std: "docker" "start" "51dd15aff05b100b28587ecf1e8aa731179047636679c9ea2f8cc7911a385005", kill_on_drop: false }`
[INFO] running `Command { std: "docker" "inspect" "51dd15aff05b100b28587ecf1e8aa731179047636679c9ea2f8cc7911a385005", kill_on_drop: false }`
[INFO] running `Command { std: "docker" "exec" "-e" "SOURCE_DIR=/opt/rustwide/workdir" "-e" "CARGO_HOME=/opt/rustwide/cargo-home" "-e" "RUSTUP_HOME=/opt/rustwide/rustup-home" "-e" "CARGO_TARGET_DIR=/opt/rustwide/target" "-w" "/opt/rustwide/workdir" "--user" "0:0" "51dd15aff05b100b28587ecf1e8aa731179047636679c9ea2f8cc7911a385005" "/opt/rustwide/cargo-home/bin/cargo" "+1.98.0-beta.8" "metadata" "--no-deps" "--format-version=1", kill_on_drop: false }`
[INFO] running `Command { std: "docker" "inspect" "51dd15aff05b100b28587ecf1e8aa731179047636679c9ea2f8cc7911a385005", kill_on_drop: false }`
[INFO] running `Command { std: "docker" "exec" "-e" "SOURCE_DIR=/opt/rustwide/workdir" "-e" "CARGO_HOME=/opt/rustwide/cargo-home" "-e" "RUSTUP_HOME=/opt/rustwide/rustup-home" "-e" "CARGO_TARGET_DIR=/opt/rustwide/target" "-e" "CARGO_INCREMENTAL=0" "-e" "RUST_BACKTRACE=full" "-e" "RUSTFLAGS=--cap-lints=warn" "-e" "RUSTDOCFLAGS=--cap-lints=warn" "-w" "/opt/rustwide/workdir" "--user" "0:0" "51dd15aff05b100b28587ecf1e8aa731179047636679c9ea2f8cc7911a385005" "/opt/rustwide/cargo-home/bin/cargo" "+1.98.0-beta.8" "build" "--frozen" "--message-format=json" "--release", kill_on_drop: false }`
[INFO] [stderr]    Compiling proc-macro2 v1.0.47
[INFO] [stderr]    Compiling quote v1.0.21
[INFO] [stderr]    Compiling unicode-ident v1.0.5
[INFO] [stderr]    Compiling syn v1.0.105
[INFO] [stderr]    Compiling unicode-xid v0.2.4
[INFO] [stderr]    Compiling serde_derive v1.0.151
[INFO] [stderr]    Compiling serde v1.0.151
[INFO] [stderr]    Compiling stable_deref_trait v1.2.0
[INFO] [stderr]    Compiling writeable v0.5.0 (https://github.com/unicode-org/icu4x.git#b74aafda)
[INFO] [stderr]    Compiling litemap v0.6.0 (https://github.com/unicode-org/icu4x.git#b74aafda)
[INFO] [stderr]    Compiling cobs v0.2.3
[INFO] [stderr]    Compiling smallvec v1.10.0
[INFO] [stderr]    Compiling memchr v2.5.0
[INFO] [stderr]    Compiling utf8_iter v1.0.3
[INFO] [stderr]    Compiling utf16_iter v1.0.4
[INFO] [stderr]    Compiling write16 v1.0.0
[INFO] [stderr]    Compiling either v1.8.0
[INFO] [stderr]    Compiling regex-automata v0.2.0
[INFO] [stderr]    Compiling synstructure v0.12.6
[INFO] [stderr]    Compiling zerofrom-derive v0.1.1 (https://github.com/unicode-org/icu4x.git#b74aafda)
[INFO] [stderr]    Compiling yoke-derive v0.6.1 (https://github.com/unicode-org/icu4x.git#b74aafda)
[INFO] [stderr]    Compiling zerovec-derive v0.9.0 (https://github.com/unicode-org/icu4x.git#b74aafda)
[INFO] [stderr]    Compiling displaydoc v0.2.3
[INFO] [stderr]    Compiling icu_provider_macros v1.0.0 (https://github.com/unicode-org/icu4x.git#b74aafda)
[INFO] [stderr]    Compiling fixed_decimal v0.5.1 (https://github.com/unicode-org/icu4x.git#b74aafda)
[INFO] [stderr]    Compiling zerofrom v0.1.1 (https://github.com/unicode-org/icu4x.git#b74aafda)
[INFO] [stderr]    Compiling yoke v0.6.2 (https://github.com/unicode-org/icu4x.git#b74aafda)
[INFO] [stderr]    Compiling postcard v1.0.2
[INFO] [stderr]    Compiling zerovec v0.9.1 (https://github.com/unicode-org/icu4x.git#b74aafda)
[INFO] [stderr]    Compiling tinystr v0.7.0 (https://github.com/unicode-org/icu4x.git#b74aafda)
[INFO] [stderr]    Compiling icu_collections v1.0.0 (https://github.com/unicode-org/icu4x.git#b74aafda)
[INFO] [stderr]    Compiling icu_locid v1.0.0 (https://github.com/unicode-org/icu4x.git#b74aafda)
[INFO] [stderr]    Compiling icu_provider v1.0.1 (https://github.com/unicode-org/icu4x.git#b74aafda)
[INFO] [stderr]    Compiling icu_calendar v1.0.0 (https://github.com/unicode-org/icu4x.git#b74aafda)
[INFO] [stderr]    Compiling icu_properties v1.0.0 (https://github.com/unicode-org/icu4x.git#b74aafda)
[INFO] [stderr]    Compiling icu_decimal v1.0.0 (https://github.com/unicode-org/icu4x.git#b74aafda)
[INFO] [stderr]    Compiling icu_plurals v1.0.0 (https://github.com/unicode-org/icu4x.git#b74aafda)
[INFO] [stderr]    Compiling icu_provider_adapters v1.0.0 (https://github.com/unicode-org/icu4x.git#b74aafda)
[INFO] [stderr]    Compiling icu_provider_blob v1.0.0 (https://github.com/unicode-org/icu4x.git#b74aafda)
[INFO] [stderr]    Compiling icu_list v1.0.0 (https://github.com/unicode-org/icu4x.git#b74aafda)
[INFO] [stderr]    Compiling icu_locid_transform v1.0.0 (https://github.com/unicode-org/icu4x.git#b74aafda)
[INFO] [stdout] error[E0161]: cannot move a value of type `ZeroSlice<RangeOrValue>`
[INFO] [stdout]   --> /opt/rustwide/cargo-home/git/checkouts/icu4x-c02c81a3edcf3d72/b74aafd/components/plurals/src/rules/runtime/ast.rs:61:1
[INFO] [stdout]    |
[INFO] [stdout] 61 | #[zerovec::make_varule(RelationULE)]
[INFO] [stdout]    | ^^^^^^^^^^^^^^^^^^^^^^^^^^^^^^^^^^^^ the size of `ZeroSlice<RangeOrValue>` cannot be statically determined
[INFO] [stdout]    |
[INFO] [stdout]    = note: this error originates in the attribute macro `zerovec::make_varule` (in Nightly builds, run with -Z macro-backtrace for more info)
[INFO] [stdout] 
[INFO] [stdout] 
[INFO] [stdout] error[E0507]: cannot move out of a shared reference
[INFO] [stdout]   --> /opt/rustwide/cargo-home/git/checkouts/icu4x-c02c81a3edcf3d72/b74aafd/components/plurals/src/rules/runtime/ast.rs:61:1
[INFO] [stdout]    |
[INFO] [stdout] 61 | #[zerovec::make_varule(RelationULE)]
[INFO] [stdout]    | ^^^^^^^^^^^^^^^^^^^^^^^^^^^^^^^^^^^^ move occurs because value has type `ZeroSlice<RangeOrValue>`, which does not implement the `Copy` trait
[INFO] [stdout]    |
[INFO] [stdout]    = note: `#[derive(PartialEq)]` triggers a move because taking references to the fields of a packed struct is undefined behaviour
[INFO] [stdout] 
[INFO] [stdout] 
[INFO] [stdout] Some errors have detailed explanations: E0161, E0507.
[INFO] [stdout] 
[INFO] [stdout] For more information about an error, try `rustc --explain E0161`.
[INFO] [stdout] 
[INFO] [stderr] error: could not compile `icu_plurals` (lib) due to 2 previous errors
[INFO] [stderr] warning: build failed, waiting for other jobs to finish...
[INFO] [stdout] error[E0161]: cannot move a value of type `MultiFieldsULE`
[INFO] [stdout]   --> /opt/rustwide/cargo-home/git/checkouts/icu4x-c02c81a3edcf3d72/b74aafd/components/locid_transform/src/provider.rs:33:1
[INFO] [stdout]    |
[INFO] [stdout] 33 | #[zerovec::make_varule(StrStrPairVarULE)]
[INFO] [stdout]    | ^^^^^^^^^^^^^^^^^^^^^^^^^^^^^^^^^^^^^^^^^ the size of `MultiFieldsULE` cannot be statically determined
[INFO] [stdout]    |
[INFO] [stdout]    = note: this error originates in the attribute macro `zerovec::make_varule` (in Nightly builds, run with -Z macro-backtrace for more info)
[INFO] [stdout] 
[INFO] [stdout] 
[INFO] [stdout] error[E0507]: cannot move out of a shared reference
[INFO] [stdout]   --> /opt/rustwide/cargo-home/git/checkouts/icu4x-c02c81a3edcf3d72/b74aafd/components/locid_transform/src/provider.rs:33:1
[INFO] [stdout]    |
[INFO] [stdout] 33 | #[zerovec::make_varule(StrStrPairVarULE)]
[INFO] [stdout]    | ^^^^^^^^^^^^^^^^^^^^^^^^^^^^^^^^^^^^^^^^^ move occurs because value has type `MultiFieldsULE`, which does not implement the `Copy` trait
[INFO] [stdout]    |
[INFO] [stdout]    = note: `#[derive(PartialEq)]` triggers a move because taking references to the fields of a packed struct is undefined behaviour
[INFO] [stdout] 
[INFO] [stdout] 
[INFO] [stdout] Some errors have detailed explanations: E0161, E0507.
[INFO] [stdout] 
[INFO] [stdout] For more information about an error, try `rustc --explain E0161`.
[INFO] [stdout] 
[INFO] [stderr] error: could not compile `icu_locid_transform` (lib) due to 2 previous errors
[INFO] running `Command { std: "docker" "inspect" "51dd15aff05b100b28587ecf1e8aa731179047636679c9ea2f8cc7911a385005", kill_on_drop: false }`
[INFO] running `Command { std: "docker" "rm" "-f" "51dd15aff05b100b28587ecf1e8aa731179047636679c9ea2f8cc7911a385005", kill_on_drop: false }`
[INFO] [stdout] 51dd15aff05b100b28587ecf1e8aa731179047636679c9ea2f8cc7911a385005
