[INFO] cloning repository https://github.com/jalil/monkey_interpreter
[INFO] running `Command { std: "git" "-c" "credential.helper=" "-c" "credential.helper=/workspace/cargo-home/bin/git-credential-null" "clone" "--bare" "https://github.com/jalil/monkey_interpreter" "/workspace/cache/git-repos/https%3A%2F%2Fgithub.com%2Fjalil%2Fmonkey_interpreter", kill_on_drop: false }`
[INFO] [stderr] Cloning into bare repository '/workspace/cache/git-repos/https%3A%2F%2Fgithub.com%2Fjalil%2Fmonkey_interpreter'...
[INFO] running `Command { std: "git" "rev-parse" "HEAD", kill_on_drop: false }`
[INFO] [stdout] 95870c12e772502a92dbdf99ebd12b43b0f56c8b
[INFO] testing jalil/monkey_interpreter against 1.98.0-beta.8+cargoflags=--release for beta-release-1.99-2
[INFO] running `Command { std: "git" "clone" "/workspace/cache/git-repos/https%3A%2F%2Fgithub.com%2Fjalil%2Fmonkey_interpreter" "/workspace/builds/worker-6-tc1/source", kill_on_drop: false }`
[INFO] [stderr] Cloning into '/workspace/builds/worker-6-tc1/source'...
[INFO] [stderr] done.
[INFO] started tweaking git repo https://github.com/jalil/monkey_interpreter
[INFO] finished tweaking git repo https://github.com/jalil/monkey_interpreter
[INFO] tweaked toml for git repo https://github.com/jalil/monkey_interpreter written to /workspace/builds/worker-6-tc1/source/Cargo.toml
[INFO] validating manifest of git repo https://github.com/jalil/monkey_interpreter on toolchain 1.98.0-beta.8
[INFO] running `Command { std: CARGO_HOME="/workspace/cargo-home" RUSTUP_HOME="/workspace/rustup-home" "/workspace/cargo-home/bin/cargo" "+1.98.0-beta.8" "metadata" "--manifest-path" "Cargo.toml" "--no-deps", kill_on_drop: false }`
[INFO] crate git repo https://github.com/jalil/monkey_interpreter already has a lockfile, it will not be regenerated
[INFO] running `Command { std: CARGO_HOME="/workspace/cargo-home" RUSTUP_HOME="/workspace/rustup-home" "/workspace/cargo-home/bin/cargo" "+1.98.0-beta.8" "fetch" "--manifest-path" "Cargo.toml", kill_on_drop: false }`
[INFO] running `Command { std: "docker" "create" "-v" "/var/lib/crater-agent-workspace/builds/worker-6-tc1/source:/opt/rustwide/workdir:ro,Z" "-v" "/var/lib/crater-agent-workspace/builds/worker-6-tc1/target:/opt/rustwide/target:rw,Z" "-v" "/var/lib/crater-agent-workspace/cargo-home:/opt/rustwide/cargo-home:ro,Z" "-v" "/var/lib/crater-agent-workspace/rustup-home:/opt/rustwide/rustup-home:ro,Z" "-m" "1610612736" "--network" "none" "ghcr.io/rust-lang/crates-build-env/linux@sha256:8683fc1fc2eb5c9ac98e0d076ab094b2ffac7f99da555d2b6a2e27f346de2ec7" "sleep" "infinity", kill_on_drop: false }`
[INFO] [stdout] e2011aa1021bd96e2ecfdc97ffd20358f6f454dbb11f80f216847cc05309a893
[INFO] running `Command { std: "docker" "start" "e2011aa1021bd96e2ecfdc97ffd20358f6f454dbb11f80f216847cc05309a893", kill_on_drop: false }`
[INFO] running `Command { std: "docker" "inspect" "e2011aa1021bd96e2ecfdc97ffd20358f6f454dbb11f80f216847cc05309a893", kill_on_drop: false }`
[INFO] running `Command { std: "docker" "exec" "-e" "SOURCE_DIR=/opt/rustwide/workdir" "-e" "CARGO_HOME=/opt/rustwide/cargo-home" "-e" "RUSTUP_HOME=/opt/rustwide/rustup-home" "-e" "CARGO_TARGET_DIR=/opt/rustwide/target" "-w" "/opt/rustwide/workdir" "--user" "0:0" "e2011aa1021bd96e2ecfdc97ffd20358f6f454dbb11f80f216847cc05309a893" "/opt/rustwide/cargo-home/bin/cargo" "+1.98.0-beta.8" "metadata" "--no-deps" "--format-version=1", kill_on_drop: false }`
[INFO] running `Command { std: "docker" "inspect" "e2011aa1021bd96e2ecfdc97ffd20358f6f454dbb11f80f216847cc05309a893", kill_on_drop: false }`
[INFO] running `Command { std: "docker" "exec" "-e" "SOURCE_DIR=/opt/rustwide/workdir" "-e" "CARGO_HOME=/opt/rustwide/cargo-home" "-e" "RUSTUP_HOME=/opt/rustwide/rustup-home" "-e" "CARGO_TARGET_DIR=/opt/rustwide/target" "-e" "CARGO_INCREMENTAL=0" "-e" "RUST_BACKTRACE=full" "-e" "RUSTFLAGS=--cap-lints=warn" "-e" "RUSTDOCFLAGS=--cap-lints=warn" "-w" "/opt/rustwide/workdir" "--user" "0:0" "e2011aa1021bd96e2ecfdc97ffd20358f6f454dbb11f80f216847cc05309a893" "/opt/rustwide/cargo-home/bin/cargo" "+1.98.0-beta.8" "build" "--frozen" "--message-format=json" "--release", kill_on_drop: false }`
[INFO] [stderr]    Compiling money_interpreter v0.1.0 (/opt/rustwide/workdir)
[INFO] [stdout] error[E0599]: no variant, associated function, or constant named `ReturnStatement` found for enum `StatementNode` in the current scope
[INFO] [stdout]   --> src/ast.rs:98:28
[INFO] [stdout]    |
[INFO] [stdout] 38 | pub enum StatementNode {
[INFO] [stdout]    | ---------------------- variant, associated function, or constant `ReturnStatement` not found for this enum
[INFO] [stdout] ...
[INFO] [stdout] 98 |             StatementNode::ReturnStatement(return_stmt) => return_stmt.token_literal(),
[INFO] [stdout]    |                            ^^^^^^^^^^^^^^^ variant, associated function, or constant not found in `StatementNode`
[INFO] [stdout] 
[INFO] [stdout] 
[INFO] [stdout] error[E0599]: no variant, associated function, or constant named `ReturnStatement` found for enum `StatementNode` in the current scope
[INFO] [stdout]    --> src/ast.rs:105:19
[INFO] [stdout]     |
[INFO] [stdout]  38 | pub enum StatementNode {
[INFO] [stdout]     | ---------------------- variant, associated function, or constant `ReturnStatement` not found for this enum
[INFO] [stdout] ...
[INFO] [stdout] 105 |             Self::ReturnStatement(return_stmt) => return_stmt.print_string(),
[INFO] [stdout]     |                   ^^^^^^^^^^^^^^^ variant, associated function, or constant not found in `StatementNode`
[INFO] [stdout] 
[INFO] [stdout] 
[INFO] [stdout] error[E0599]: no variant, associated function, or constant named `ReturnStatement` found for enum `StatementNode` in the current scope
[INFO] [stdout]    --> src/ast.rs:115:32
[INFO] [stdout]     |
[INFO] [stdout]  38 | pub enum StatementNode {
[INFO] [stdout]     | ---------------------- variant, associated function, or constant `ReturnStatement` not found for this enum
[INFO] [stdout] ...
[INFO] [stdout] 115 |                 StatementNode::ReturnStatement(return_stmt) => return_stmt.token_literal(),
[INFO] [stdout]     |                                ^^^^^^^^^^^^^^^ variant, associated function, or constant not found in `StatementNode`
[INFO] [stdout] 
[INFO] [stdout] 
[INFO] [stdout] For more information about this error, try `rustc --explain E0599`.
[INFO] [stdout] 
[INFO] [stderr] error: could not compile `money_interpreter` (bin "money_interpreter") due to 3 previous errors
[INFO] running `Command { std: "docker" "inspect" "e2011aa1021bd96e2ecfdc97ffd20358f6f454dbb11f80f216847cc05309a893", kill_on_drop: false }`
[INFO] running `Command { std: "docker" "rm" "-f" "e2011aa1021bd96e2ecfdc97ffd20358f6f454dbb11f80f216847cc05309a893", kill_on_drop: false }`
[INFO] [stdout] e2011aa1021bd96e2ecfdc97ffd20358f6f454dbb11f80f216847cc05309a893
