[INFO] cloning repository https://github.com/jacksonsteiner/virst-revive
[INFO] running `Command { std: "git" "-c" "credential.helper=" "-c" "credential.helper=/workspace/cargo-home/bin/git-credential-null" "clone" "--bare" "https://github.com/jacksonsteiner/virst-revive" "/workspace/cache/git-repos/https%3A%2F%2Fgithub.com%2Fjacksonsteiner%2Fvirst-revive", kill_on_drop: false }`
[INFO] [stderr] Cloning into bare repository '/workspace/cache/git-repos/https%3A%2F%2Fgithub.com%2Fjacksonsteiner%2Fvirst-revive'...
[INFO] running `Command { std: "git" "rev-parse" "HEAD", kill_on_drop: false }`
[INFO] [stdout] 9d3494be6c5752c290d75e3e890c935756273755
[INFO] testing jacksonsteiner/virst-revive against 1.99.0-beta.1+cargoflags=--release for beta-release-1.99-2
[INFO] running `Command { std: "git" "clone" "/workspace/cache/git-repos/https%3A%2F%2Fgithub.com%2Fjacksonsteiner%2Fvirst-revive" "/workspace/builds/worker-0-tc2/source", kill_on_drop: false }`
[INFO] [stderr] Cloning into '/workspace/builds/worker-0-tc2/source'...
[INFO] [stderr] done.
[INFO] started tweaking git repo https://github.com/jacksonsteiner/virst-revive
[INFO] finished tweaking git repo https://github.com/jacksonsteiner/virst-revive
[INFO] tweaked toml for git repo https://github.com/jacksonsteiner/virst-revive written to /workspace/builds/worker-0-tc2/source/Cargo.toml
[INFO] validating manifest of git repo https://github.com/jacksonsteiner/virst-revive on toolchain 1.99.0-beta.1
[INFO] running `Command { std: CARGO_HOME="/workspace/cargo-home" RUSTUP_HOME="/workspace/rustup-home" "/workspace/cargo-home/bin/cargo" "+1.99.0-beta.1" "metadata" "--manifest-path" "Cargo.toml" "--no-deps", kill_on_drop: false }`
[INFO] crate git repo https://github.com/jacksonsteiner/virst-revive already has a lockfile, it will not be regenerated
[INFO] running `Command { std: CARGO_HOME="/workspace/cargo-home" RUSTUP_HOME="/workspace/rustup-home" "/workspace/cargo-home/bin/cargo" "+1.99.0-beta.1" "fetch" "--manifest-path" "Cargo.toml", kill_on_drop: false }`
[INFO] [stderr]     Blocking waiting for file lock on package cache
[INFO] running `Command { std: "docker" "create" "-v" "/var/lib/crater-agent-workspace/builds/worker-0-tc2/source:/opt/rustwide/workdir:ro,Z" "-v" "/var/lib/crater-agent-workspace/builds/worker-0-tc2/target:/opt/rustwide/target:rw,Z" "-v" "/var/lib/crater-agent-workspace/cargo-home:/opt/rustwide/cargo-home:ro,Z" "-v" "/var/lib/crater-agent-workspace/rustup-home:/opt/rustwide/rustup-home:ro,Z" "-m" "1610612736" "--network" "none" "ghcr.io/rust-lang/crates-build-env/linux@sha256:8683fc1fc2eb5c9ac98e0d076ab094b2ffac7f99da555d2b6a2e27f346de2ec7" "sleep" "infinity", kill_on_drop: false }`
[INFO] [stdout] f16895e631a5d5443d4e59420638cb5c1544c7146413d43a690f407da1fac646
[INFO] running `Command { std: "docker" "start" "f16895e631a5d5443d4e59420638cb5c1544c7146413d43a690f407da1fac646", kill_on_drop: false }`
[INFO] running `Command { std: "docker" "inspect" "f16895e631a5d5443d4e59420638cb5c1544c7146413d43a690f407da1fac646", kill_on_drop: false }`
[INFO] running `Command { std: "docker" "exec" "-e" "SOURCE_DIR=/opt/rustwide/workdir" "-e" "CARGO_HOME=/opt/rustwide/cargo-home" "-e" "RUSTUP_HOME=/opt/rustwide/rustup-home" "-e" "CARGO_TARGET_DIR=/opt/rustwide/target" "-w" "/opt/rustwide/workdir" "--user" "0:0" "f16895e631a5d5443d4e59420638cb5c1544c7146413d43a690f407da1fac646" "/opt/rustwide/cargo-home/bin/cargo" "+1.99.0-beta.1" "metadata" "--no-deps" "--format-version=1", kill_on_drop: false }`
[INFO] running `Command { std: "docker" "inspect" "f16895e631a5d5443d4e59420638cb5c1544c7146413d43a690f407da1fac646", kill_on_drop: false }`
[INFO] running `Command { std: "docker" "exec" "-e" "SOURCE_DIR=/opt/rustwide/workdir" "-e" "CARGO_HOME=/opt/rustwide/cargo-home" "-e" "RUSTUP_HOME=/opt/rustwide/rustup-home" "-e" "CARGO_TARGET_DIR=/opt/rustwide/target" "-e" "CARGO_INCREMENTAL=0" "-e" "RUST_BACKTRACE=full" "-e" "RUSTFLAGS=--cap-lints=warn" "-e" "RUSTDOCFLAGS=--cap-lints=warn" "-w" "/opt/rustwide/workdir" "--user" "0:0" "f16895e631a5d5443d4e59420638cb5c1544c7146413d43a690f407da1fac646" "/opt/rustwide/cargo-home/bin/cargo" "+1.99.0-beta.1" "build" "--frozen" "--message-format=json" "--release", kill_on_drop: false }`
[INFO] [stderr]    Compiling crossbeam-utils v0.8.15
[INFO] [stderr]    Compiling libc v0.2.144
[INFO] [stderr]    Compiling memoffset v0.8.0
[INFO] [stderr]    Compiling crossbeam-epoch v0.9.14
[INFO] [stderr]    Compiling pkg-config v0.3.27
[INFO] [stderr]    Compiling crossbeam-queue v0.3.8
[INFO] [stderr]    Compiling memchr v2.5.0
[INFO] [stderr]    Compiling signal-hook v0.3.15
[INFO] [stderr]    Compiling log v0.4.19
[INFO] [stderr]    Compiling virt-sys v0.2.0
[INFO] [stderr]    Compiling signal-hook-registry v1.4.1
[INFO] [stderr]    Compiling quick-xml v0.28.2
[INFO] [stderr]    Compiling crossbeam-channel v0.5.8
[INFO] [stderr]    Compiling virt v0.3.0
[INFO] [stderr]    Compiling crossbeam-deque v0.8.3
[INFO] [stderr]    Compiling crossbeam v0.8.2
[INFO] [stderr]    Compiling virst-revive v0.1.0 (/opt/rustwide/workdir)
[INFO] [stdout] error: linking with `cc` failed: exit status: 1
[INFO] [stdout]   |
[INFO] [stdout]   = note:  "cc" "-m64" "/opt/rustwide/target/release/deps/rustcvetGvw/symbols.o" "<10 object files omitted>" "-Wl,--as-needed" "-Wl,-Bstatic" "/opt/rustwide/target/release/deps/{libcrossbeam-7f9d8de2dbf94d58,libcrossbeam_channel-66bdfd28ba0f53d4,libcrossbeam_deque-a40b65187ec1e4b6,libcrossbeam_queue-e381c26c07017466,libcrossbeam_epoch-91bc4999e999a337,libmemoffset-15b883ae3e89e1a5,libscopeguard-d6f31e6f1ec771b5,libcrossbeam_utils-9fdbd7284808d5be,libcfg_if-193575a6b29a3ab9,libsignal_hook-cd6b2184ca18b803,libsignal_hook_registry-0cec09084f860567,liblog-1d1d37f4db828a4c,libvirt-63ceac22769db829,libvirt_sys-88ac502f0698980d,liblibc-f8bea033d3489b19,libquick_xml-59fc969a35fee69a,libmemchr-4c2333bb57774a0f}.rlib" "<sysroot>/lib/rustlib/x86_64-unknown-linux-gnu/lib/{libstd-*,libpanic_unwind-*,libobject-*,libmemchr-*,libaddr2line-*,libgimli-*,libcfg_if-*,librustc_demangle-*,libstd_detect-*,libhashbrown-*,librustc_std_workspace_alloc-*,libminiz_oxide-*,libadler2-*,libunwind-*,liblibc-*,librustc_std_workspace_core-*,liballoc-*,libcore-*,libcompiler_builtins-*}.rlib" "-Wl,-Bdynamic" "-lgcc_s" "-lutil" "-lrt" "-lpthread" "-lm" "-ldl" "-lc" "-L" "/opt/rustwide/target/release/deps/rustcvetGvw/raw-dylibs" "-B<sysroot>/lib/rustlib/x86_64-unknown-linux-gnu/bin/gcc-ld" "-fuse-ld=lld" "-Wl,--eh-frame-hdr" "-Wl,-z,noexecstack" "-L" "<sysroot>/lib/rustlib/x86_64-unknown-linux-gnu/lib" "-o" "/opt/rustwide/target/release/deps/virst_revive-4a37701179a0005b" "-Wl,--gc-sections" "-pie" "-Wl,-z,relro,-z,now" "-Wl,-O1" "-Wl,--strip-debug" "-nodefaultlibs"
[INFO] [stdout]   = note: some arguments are omitted. use `--verbose` to show all linker arguments
[INFO] [stdout]   = note: rust-lld: error: undefined symbol: virGetLastError
[INFO] [stdout]           >>> referenced by virt.289e1b7b1f38542e-cgu.0
[INFO] [stdout]           >>>               virt-63ceac22769db829.virt.289e1b7b1f38542e-cgu.0.rcgu.o:(<virt::error::Error>::last_error) in archive /opt/rustwide/target/release/deps/libvirt-63ceac22769db829.rlib
[INFO] [stdout]           
[INFO] [stdout]           rust-lld: error: undefined symbol: virConnectOpen
[INFO] [stdout]           >>> referenced by virt.289e1b7b1f38542e-cgu.2
[INFO] [stdout]           >>>               virt-63ceac22769db829.virt.289e1b7b1f38542e-cgu.2.rcgu.o:(<virt::connect::Connect>::open) in archive /opt/rustwide/target/release/deps/libvirt-63ceac22769db829.rlib
[INFO] [stdout]           
[INFO] [stdout]           rust-lld: error: undefined symbol: virConnectClose
[INFO] [stdout]           >>> referenced by virt.289e1b7b1f38542e-cgu.2
[INFO] [stdout]           >>>               virt-63ceac22769db829.virt.289e1b7b1f38542e-cgu.2.rcgu.o:(<virt::connect::Connect>::close) in archive /opt/rustwide/target/release/deps/libvirt-63ceac22769db829.rlib
[INFO] [stdout]           
[INFO] [stdout]           rust-lld: error: undefined symbol: virDomainDefineXML
[INFO] [stdout]           >>> referenced by virt.289e1b7b1f38542e-cgu.1
[INFO] [stdout]           >>>               virt-63ceac22769db829.virt.289e1b7b1f38542e-cgu.1.rcgu.o:(<virt::domain::Domain>::define_xml) in archive /opt/rustwide/target/release/deps/libvirt-63ceac22769db829.rlib
[INFO] [stdout]           
[INFO] [stdout]           rust-lld: error: undefined symbol: virDomainLookupByName
[INFO] [stdout]           >>> referenced by virt.289e1b7b1f38542e-cgu.1
[INFO] [stdout]           >>>               virt-63ceac22769db829.virt.289e1b7b1f38542e-cgu.1.rcgu.o:(<virt::domain::Domain>::lookup_by_name) in archive /opt/rustwide/target/release/deps/libvirt-63ceac22769db829.rlib
[INFO] [stdout]           
[INFO] [stdout]           rust-lld: error: undefined symbol: virDomainFree
[INFO] [stdout]           >>> referenced by virt.289e1b7b1f38542e-cgu.1
[INFO] [stdout]           >>>               virt-63ceac22769db829.virt.289e1b7b1f38542e-cgu.1.rcgu.o:(<virt::domain::Domain>::free) in archive /opt/rustwide/target/release/deps/libvirt-63ceac22769db829.rlib
[INFO] [stdout]           >>> referenced by virt.289e1b7b1f38542e-cgu.1
[INFO] [stdout]           >>>               virt-63ceac22769db829.virt.289e1b7b1f38542e-cgu.1.rcgu.o:(<virt::domain::Domain as core::ops::drop::Drop>::drop) in archive /opt/rustwide/target/release/deps/libvirt-63ceac22769db829.rlib
[INFO] [stdout]           
[INFO] [stdout]           rust-lld: error: undefined symbol: virDomainCreate
[INFO] [stdout]           >>> referenced by virt.289e1b7b1f38542e-cgu.1
[INFO] [stdout]           >>>               virt-63ceac22769db829.virt.289e1b7b1f38542e-cgu.1.rcgu.o:(<virt::domain::Domain>::create) in archive /opt/rustwide/target/release/deps/libvirt-63ceac22769db829.rlib
[INFO] [stdout]           
[INFO] [stdout]           rust-lld: error: undefined symbol: virDomainResume
[INFO] [stdout]           >>> referenced by virt.289e1b7b1f38542e-cgu.1
[INFO] [stdout]           >>>               virt-63ceac22769db829.virt.289e1b7b1f38542e-cgu.1.rcgu.o:(<virt::domain::Domain>::resume) in archive /opt/rustwide/target/release/deps/libvirt-63ceac22769db829.rlib
[INFO] [stdout]           
[INFO] [stdout]           rust-lld: error: undefined symbol: virDomainDestroy
[INFO] [stdout]           >>> referenced by virt.289e1b7b1f38542e-cgu.1
[INFO] [stdout]           >>>               virt-63ceac22769db829.virt.289e1b7b1f38542e-cgu.1.rcgu.o:(<virt::domain::Domain>::destroy) in archive /opt/rustwide/target/release/deps/libvirt-63ceac22769db829.rlib
[INFO] [stdout]           
[INFO] [stdout]           rust-lld: error: undefined symbol: virDomainShutdown
[INFO] [stdout]           >>> referenced by virt.289e1b7b1f38542e-cgu.1
[INFO] [stdout]           >>>               virt-63ceac22769db829.virt.289e1b7b1f38542e-cgu.1.rcgu.o:(<virt::domain::Domain>::shutdown) in archive /opt/rustwide/target/release/deps/libvirt-63ceac22769db829.rlib
[INFO] [stdout]           
[INFO] [stdout]           rust-lld: error: undefined symbol: virDomainGetState
[INFO] [stdout]           >>> referenced by virt.289e1b7b1f38542e-cgu.1
[INFO] [stdout]           >>>               virt-63ceac22769db829.virt.289e1b7b1f38542e-cgu.1.rcgu.o:(<virt::domain::Domain>::get_state) in archive /opt/rustwide/target/release/deps/libvirt-63ceac22769db829.rlib
[INFO] [stdout]           collect2: error: ld returned 1 exit status
[INFO] [stdout]           
[INFO] [stdout] 
[INFO] [stdout] 
[INFO] [stderr] error: could not compile `virst-revive` (bin "virst-revive") due to 1 previous error
[INFO] running `Command { std: "docker" "inspect" "f16895e631a5d5443d4e59420638cb5c1544c7146413d43a690f407da1fac646", kill_on_drop: false }`
[INFO] running `Command { std: "docker" "rm" "-f" "f16895e631a5d5443d4e59420638cb5c1544c7146413d43a690f407da1fac646", kill_on_drop: false }`
[INFO] [stdout] f16895e631a5d5443d4e59420638cb5c1544c7146413d43a690f407da1fac646
