[INFO] cloning repository https://github.com/ioncodes/rip8
[INFO] running `Command { std: "git" "-c" "credential.helper=" "-c" "credential.helper=/workspace/cargo-home/bin/git-credential-null" "clone" "--bare" "https://github.com/ioncodes/rip8" "/workspace/cache/git-repos/https%3A%2F%2Fgithub.com%2Fioncodes%2Frip8", kill_on_drop: false }`
[INFO] [stderr] Cloning into bare repository '/workspace/cache/git-repos/https%3A%2F%2Fgithub.com%2Fioncodes%2Frip8'...
[INFO] running `Command { std: "git" "rev-parse" "HEAD", kill_on_drop: false }`
[INFO] [stdout] 01630a1ef9c81a75295d17ed3ec9614a5e5b8b59
[INFO] testing ioncodes/rip8 against 1.98.0-beta.8+cargoflags=--release for beta-release-1.99-2
[INFO] running `Command { std: "git" "clone" "/workspace/cache/git-repos/https%3A%2F%2Fgithub.com%2Fioncodes%2Frip8" "/workspace/builds/worker-5-tc1/source", kill_on_drop: false }`
[INFO] [stderr] Cloning into '/workspace/builds/worker-5-tc1/source'...
[INFO] [stderr] done.
[INFO] started tweaking git repo https://github.com/ioncodes/rip8
[INFO] finished tweaking git repo https://github.com/ioncodes/rip8
[INFO] tweaked toml for git repo https://github.com/ioncodes/rip8 written to /workspace/builds/worker-5-tc1/source/Cargo.toml
[INFO] validating manifest of git repo https://github.com/ioncodes/rip8 on toolchain 1.98.0-beta.8
[INFO] running `Command { std: CARGO_HOME="/workspace/cargo-home" RUSTUP_HOME="/workspace/rustup-home" "/workspace/cargo-home/bin/cargo" "+1.98.0-beta.8" "metadata" "--manifest-path" "Cargo.toml" "--no-deps", kill_on_drop: false }`
[INFO] crate git repo https://github.com/ioncodes/rip8 already has a lockfile, it will not be regenerated
[INFO] running `Command { std: CARGO_HOME="/workspace/cargo-home" RUSTUP_HOME="/workspace/rustup-home" "/workspace/cargo-home/bin/cargo" "+1.98.0-beta.8" "fetch" "--manifest-path" "Cargo.toml", kill_on_drop: false }`
[INFO] [stderr] warning: Cargo.toml: `package.edition` is unspecified, defaulting to `2015` while the latest is `2024`
[INFO] [stderr] warning: `rip8` (manifest) generated 1 warning
[INFO] [stderr]     Blocking waiting for file lock on package cache
[INFO] [stderr]     Updating crates.io index
[INFO] [stderr]     Blocking waiting for file lock on package cache
[INFO] [stderr]     Blocking waiting for file lock on package cache
[INFO] [stderr]  Downloading crates ...
[INFO] [stderr]   Downloaded redox_syscall v0.1.31
[INFO] [stderr]   Downloaded kernel32-sys v0.2.2
[INFO] [stderr]   Downloaded custom_derive v0.1.7
[INFO] [stderr]   Downloaded num-iter v0.1.34
[INFO] [stderr]   Downloaded num-integer v0.1.35
[INFO] [stderr]   Downloaded time v0.1.38
[INFO] [stderr]   Downloaded winapi-build v0.1.1
[INFO] [stderr]   Downloaded magenta-sys v0.1.1
[INFO] [stderr]   Downloaded pkg-config v0.3.9
[INFO] [stderr]   Downloaded lazy_static v0.2.8
[INFO] [stderr]   Downloaded gdi32-sys v0.1.1
[INFO] [stderr]   Downloaded user32-sys v0.1.2
[INFO] [stderr]   Downloaded magenta v0.1.1
[INFO] [stderr]   Downloaded bitflags v0.7.0
[INFO] [stderr]   Downloaded num v0.1.40
[INFO] [stderr]   Downloaded num-traits v0.1.40
[INFO] [stderr]   Downloaded kernel32-sys v0.1.4
[INFO] [stderr]   Downloaded sdl2-sys v0.30.0
[INFO] [stderr]   Downloaded conv v0.3.3
[INFO] [stderr]   Downloaded gcc v0.3.54
[INFO] [stderr]   Downloaded rand v0.3.16
[INFO] [stderr]   Downloaded minifb v0.10.1
[INFO] [stderr]   Downloaded x11-dl v2.14.0
[INFO] [stderr]   Downloaded sdl2 v0.30.0
[INFO] [stderr]   Downloaded libc v0.2.31
[INFO] [stderr]   Downloaded winapi v0.2.8
[INFO] [stderr]   Downloaded orbclient v0.3.12
[INFO] running `Command { std: "docker" "create" "-v" "/var/lib/crater-agent-workspace/builds/worker-5-tc1/source:/opt/rustwide/workdir:ro,Z" "-v" "/var/lib/crater-agent-workspace/builds/worker-5-tc1/target:/opt/rustwide/target:rw,Z" "-v" "/var/lib/crater-agent-workspace/cargo-home:/opt/rustwide/cargo-home:ro,Z" "-v" "/var/lib/crater-agent-workspace/rustup-home:/opt/rustwide/rustup-home:ro,Z" "-m" "1610612736" "--network" "none" "ghcr.io/rust-lang/crates-build-env/linux@sha256:8683fc1fc2eb5c9ac98e0d076ab094b2ffac7f99da555d2b6a2e27f346de2ec7" "sleep" "infinity", kill_on_drop: false }`
[INFO] [stdout] 878d1b1e1d2f484bb4375ee4780ea0dff426a144e1cad370e84e92542b3f7c5a
[INFO] running `Command { std: "docker" "start" "878d1b1e1d2f484bb4375ee4780ea0dff426a144e1cad370e84e92542b3f7c5a", kill_on_drop: false }`
[INFO] running `Command { std: "docker" "inspect" "878d1b1e1d2f484bb4375ee4780ea0dff426a144e1cad370e84e92542b3f7c5a", kill_on_drop: false }`
[INFO] running `Command { std: "docker" "exec" "-e" "SOURCE_DIR=/opt/rustwide/workdir" "-e" "CARGO_HOME=/opt/rustwide/cargo-home" "-e" "RUSTUP_HOME=/opt/rustwide/rustup-home" "-e" "CARGO_TARGET_DIR=/opt/rustwide/target" "-w" "/opt/rustwide/workdir" "--user" "0:0" "878d1b1e1d2f484bb4375ee4780ea0dff426a144e1cad370e84e92542b3f7c5a" "/opt/rustwide/cargo-home/bin/cargo" "+1.98.0-beta.8" "metadata" "--no-deps" "--format-version=1", kill_on_drop: false }`
[INFO] running `Command { std: "docker" "inspect" "878d1b1e1d2f484bb4375ee4780ea0dff426a144e1cad370e84e92542b3f7c5a", kill_on_drop: false }`
[INFO] running `Command { std: "docker" "exec" "-e" "SOURCE_DIR=/opt/rustwide/workdir" "-e" "CARGO_HOME=/opt/rustwide/cargo-home" "-e" "RUSTUP_HOME=/opt/rustwide/rustup-home" "-e" "CARGO_TARGET_DIR=/opt/rustwide/target" "-e" "CARGO_INCREMENTAL=0" "-e" "RUST_BACKTRACE=full" "-e" "RUSTFLAGS=--cap-lints=warn" "-e" "RUSTDOCFLAGS=--cap-lints=warn" "-w" "/opt/rustwide/workdir" "--user" "0:0" "878d1b1e1d2f484bb4375ee4780ea0dff426a144e1cad370e84e92542b3f7c5a" "/opt/rustwide/cargo-home/bin/cargo" "+1.98.0-beta.8" "build" "--frozen" "--message-format=json" "--release", kill_on_drop: false }`
[INFO] [stderr] warning: Cargo.toml: `package.edition` is unspecified, defaulting to `2015` while the latest is `2024`
[INFO] [stderr] warning: `rip8` (manifest) generated 1 warning
[INFO] [stderr]    Compiling libc v0.2.31
[INFO] [stderr]    Compiling pkg-config v0.3.9
[INFO] [stderr]    Compiling num-traits v0.1.40
[INFO] [stderr]    Compiling lazy_static v0.2.8
[INFO] [stderr]    Compiling gcc v0.3.54
[INFO] [stderr]    Compiling sdl2-sys v0.30.0
[INFO] [stderr]    Compiling bitflags v0.7.0
[INFO] [stderr]    Compiling x11-dl v2.14.0
[INFO] [stderr]    Compiling rand v0.3.16
[INFO] [stderr]    Compiling time v0.1.38
[INFO] [stderr]    Compiling num-integer v0.1.35
[INFO] [stderr]    Compiling num-iter v0.1.34
[INFO] [stderr]    Compiling num v0.1.40
[INFO] [stderr]    Compiling minifb v0.10.1
[INFO] [stderr]    Compiling sdl2 v0.30.0
[INFO] [stderr] warning: minifb@0.10.1: src/native/x11/X11MiniFB.c: In function 'setup_display':
[INFO] [stderr] warning: minifb@0.10.1: src/native/x11/X11MiniFB.c:158:22: error: implicit declaration of function 'XkbQueryExtension'; did you mean 'XQueryExtension'? [-Wimplicit-function-declaration]
[INFO] [stderr] warning: minifb@0.10.1:   158 |         s_keyb_ext = XkbQueryExtension(s_display, &majorOpcode, &eventBase, &errorBase, &major, &minor);
[INFO] [stderr] warning: minifb@0.10.1:       |                      ^~~~~~~~~~~~~~~~~
[INFO] [stderr] warning: minifb@0.10.1:       |                      XQueryExtension
[INFO] [stderr] warning: minifb@0.10.1: src/native/x11/X11MiniFB.c: In function 'handle_special_keys':
[INFO] [stderr] warning: minifb@0.10.1: src/native/x11/X11MiniFB.c:299:18: error: implicit declaration of function 'XkbKeycodeToKeysym'; did you mean 'XKeycodeToKeysym'? [-Wimplicit-function-declaration]
[INFO] [stderr] warning: minifb@0.10.1:   299 |         keySym = XkbKeycodeToKeysym(s_display, event->xkey.keycode, 0, 1);
[INFO] [stderr] warning: minifb@0.10.1:       |                  ^~~~~~~~~~~~~~~~~~
[INFO] [stderr] warning: minifb@0.10.1:       |                  XKeycodeToKeysym
[INFO] [stderr] warning: minifb@0.10.1: src/native/x11/X11MiniFB.c: In function 'process_event':
[INFO] [stderr] warning: minifb@0.10.1: src/native/x11/X11MiniFB.c:361:39: warning: comparison of integer expressions of different signedness: 'unsigned int' and 'int' [-Wsign-compare]
[INFO] [stderr] warning: minifb@0.10.1:   361 |                                 if (t != -1)
[INFO] [stderr] warning: minifb@0.10.1:       |                                       ^~
[INFO] [stderr] warning: minifb@0.10.1: src/native/x11/X11MiniFB.c: In function 'process_events':
[INFO] [stderr] warning: minifb@0.10.1: src/native/x11/X11MiniFB.c:453:12: warning: unused variable 'sym' [-Wunused-variable]
[INFO] [stderr] warning: minifb@0.10.1:   453 |     KeySym sym;
[INFO] [stderr] warning: minifb@0.10.1:       |            ^~~
[INFO] [stderr] warning: minifb@0.10.1: src/native/x11/X11MiniFB.c:452:12: warning: unused variable 'event' [-Wunused-variable]
[INFO] [stderr] warning: minifb@0.10.1:   452 |     XEvent event;
[INFO] [stderr] warning: minifb@0.10.1:       |            ^~~~~
[INFO] [stderr] warning: minifb@0.10.1: src/native/x11/X11MiniFB.c: In function 'mfb_update':
[INFO] [stderr] warning: minifb@0.10.1: src/native/x11/X11MiniFB.c:561:42: warning: unused parameter 'buffer' [-Wunused-parameter]
[INFO] [stderr] warning: minifb@0.10.1:   561 | void mfb_update(void* window_info, void* buffer)
[INFO] [stderr] warning: minifb@0.10.1:       |                                    ~~~~~~^~~~~~
[INFO] [stderr] error: failed to run custom build command for `minifb v0.10.1`
[INFO] [stderr] note: To improve backtraces for build dependencies, set the CARGO_PROFILE_RELEASE_BUILD_OVERRIDE_DEBUG=true environment variable to enable debug information generation.
[INFO] [stderr] 
[INFO] [stderr] Caused by:
[INFO] [stderr]   process didn't exit successfully: `/opt/rustwide/target/release/build/minifb-a95d16ad00fc7e15/build-script-build` (exit status: 101)
[INFO] [stderr]   --- stdout
[INFO] [stderr]   TARGET = Some("x86_64-unknown-linux-gnu")
[INFO] [stderr]   OPT_LEVEL = Some("3")
[INFO] [stderr]   TARGET = Some("x86_64-unknown-linux-gnu")
[INFO] [stderr]   HOST = Some("x86_64-unknown-linux-gnu")
[INFO] [stderr]   TARGET = Some("x86_64-unknown-linux-gnu")
[INFO] [stderr]   TARGET = Some("x86_64-unknown-linux-gnu")
[INFO] [stderr]   HOST = Some("x86_64-unknown-linux-gnu")
[INFO] [stderr]   CC_x86_64-unknown-linux-gnu = None
[INFO] [stderr]   CC_x86_64_unknown_linux_gnu = None
[INFO] [stderr]   HOST_CC = None
[INFO] [stderr]   CC = None
[INFO] [stderr]   HOST = Some("x86_64-unknown-linux-gnu")
[INFO] [stderr]   TARGET = Some("x86_64-unknown-linux-gnu")
[INFO] [stderr]   HOST = Some("x86_64-unknown-linux-gnu")
[INFO] [stderr]   CFLAGS_x86_64-unknown-linux-gnu = None
[INFO] [stderr]   CFLAGS_x86_64_unknown_linux_gnu = None
[INFO] [stderr]   HOST_CFLAGS = None
[INFO] [stderr]   CFLAGS = None
[INFO] [stderr]   DEBUG = Some("false")
[INFO] [stderr]   running: "cc" "-O3" "-ffunction-sections" "-fdata-sections" "-fPIC" "-m64" "-Wall" "-Wextra" "-o" "/opt/rustwide/target/release/build/minifb-6e3b9eb01b7838a1/out/src/native/x11/X11MiniFB.o" "-c" "src/native/x11/X11MiniFB.c"
[INFO] [stderr]   cargo:warning=src/native/x11/X11MiniFB.c: In function 'setup_display':
[INFO] [stderr]   cargo:warning=src/native/x11/X11MiniFB.c:158:22: error: implicit declaration of function 'XkbQueryExtension'; did you mean 'XQueryExtension'? [-Wimplicit-function-declaration]
[INFO] [stderr]   cargo:warning=  158 |         s_keyb_ext = XkbQueryExtension(s_display, &majorOpcode, &eventBase, &errorBase, &major, &minor);
[INFO] [stderr]   cargo:warning=      |                      ^~~~~~~~~~~~~~~~~
[INFO] [stderr]   cargo:warning=      |                      XQueryExtension
[INFO] [stderr]   cargo:warning=src/native/x11/X11MiniFB.c: In function 'handle_special_keys':
[INFO] [stderr]   cargo:warning=src/native/x11/X11MiniFB.c:299:18: error: implicit declaration of function 'XkbKeycodeToKeysym'; did you mean 'XKeycodeToKeysym'? [-Wimplicit-function-declaration]
[INFO] [stderr]   cargo:warning=  299 |         keySym = XkbKeycodeToKeysym(s_display, event->xkey.keycode, 0, 1);
[INFO] [stderr]   cargo:warning=      |                  ^~~~~~~~~~~~~~~~~~
[INFO] [stderr]   cargo:warning=      |                  XKeycodeToKeysym
[INFO] [stderr]   cargo:warning=src/native/x11/X11MiniFB.c: In function 'process_event':
[INFO] [stderr]   cargo:warning=src/native/x11/X11MiniFB.c:361:39: warning: comparison of integer expressions of different signedness: 'unsigned int' and 'int' [-Wsign-compare]
[INFO] [stderr]   cargo:warning=  361 |                                 if (t != -1)
[INFO] [stderr]   cargo:warning=      |                                       ^~
[INFO] [stderr]   cargo:warning=src/native/x11/X11MiniFB.c: In function 'process_events':
[INFO] [stderr]   cargo:warning=src/native/x11/X11MiniFB.c:453:12: warning: unused variable 'sym' [-Wunused-variable]
[INFO] [stderr]   cargo:warning=  453 |     KeySym sym;
[INFO] [stderr]   cargo:warning=      |            ^~~
[INFO] [stderr]   cargo:warning=src/native/x11/X11MiniFB.c:452:12: warning: unused variable 'event' [-Wunused-variable]
[INFO] [stderr]   cargo:warning=  452 |     XEvent event;
[INFO] [stderr]   cargo:warning=      |            ^~~~~
[INFO] [stderr]   cargo:warning=src/native/x11/X11MiniFB.c: In function 'mfb_update':
[INFO] [stderr]   cargo:warning=src/native/x11/X11MiniFB.c:561:42: warning: unused parameter 'buffer' [-Wunused-parameter]
[INFO] [stderr]   cargo:warning=  561 | void mfb_update(void* window_info, void* buffer)
[INFO] [stderr]   cargo:warning=      |                                    ~~~~~~^~~~~~
[INFO] [stderr]   exit status: 1
[INFO] [stderr] 
[INFO] [stderr]   --- stderr
[INFO] [stderr] 
[INFO] [stderr]   thread 'main' (296) panicked at /opt/rustwide/cargo-home/registry/src/index.crates.io-1949cf8c6b5b557f/gcc-0.3.54/src/lib.rs:1670:5:
[INFO] [stderr] 
[INFO] [stderr] 
[INFO] [stderr]   Internal error occurred: Command "cc" "-O3" "-ffunction-sections" "-fdata-sections" "-fPIC" "-m64" "-Wall" "-Wextra" "-o" "/opt/rustwide/target/release/build/minifb-6e3b9eb01b7838a1/out/src/native/x11/X11MiniFB.o" "-c" "src/native/x11/X11MiniFB.c" with args "cc" did not execute successfully (status code exit status: 1).
[INFO] [stderr] 
[INFO] [stderr] 
[INFO] [stderr]   stack backtrace:
[INFO] [stderr]      0:     0x5feffd058dc1 - <<std[97b98282bc616a66]::sys::backtrace::BacktraceLock>::print::DisplayBacktrace as core[832e9a552fc17241]::fmt::Display>::fmt
[INFO] [stderr]      1:     0x5feffd06c06a - core[832e9a552fc17241]::fmt::write
[INFO] [stderr]      2:     0x5feffd05e5ac - <std[97b98282bc616a66]::sys::stdio::unix::Stderr as std[97b98282bc616a66]::io::Write>::write_fmt
[INFO] [stderr]      3:     0x5feffd039406 - std[97b98282bc616a66]::panicking::default_hook::{closure#0}
[INFO] [stderr]      4:     0x5feffd053161 - std[97b98282bc616a66]::panicking::default_hook
[INFO] [stderr]      5:     0x5feffd05331b - std[97b98282bc616a66]::panicking::panic_with_hook
[INFO] [stderr]      6:     0x5feffd0394b2 - std[97b98282bc616a66]::panicking::panic_handler::{closure#0}
[INFO] [stderr]      7:     0x5feffd030da9 - std[97b98282bc616a66]::sys::backtrace::__rust_end_short_backtrace::<std[97b98282bc616a66]::panicking::panic_handler::{closure#0}, !>
[INFO] [stderr]      8:     0x5feffd039d7d - __rustc[e3d8617bb01b7f69]::rust_begin_unwind
[INFO] [stderr]      9:     0x5feffd06c7dc - core[832e9a552fc17241]::panicking::panic_fmt
[INFO] [stderr]     10:     0x5feffcfff847 - gcc[a9b31bd5d2c65576]::fail
[INFO] [stderr]     11:     0x5feffd00a92d - <gcc[a9b31bd5d2c65576]::Build>::compile
[INFO] [stderr]     12:     0x5feffcffeea3 - gcc[a9b31bd5d2c65576]::compile_library
[INFO] [stderr]     13:     0x5feffcffd4a3 - build_script_build[c62058e56fdd7e75]::main
[INFO] [stderr]     14:     0x5feffcffd593 - <fn() as core[832e9a552fc17241]::ops::function::FnOnce<()>>::call_once
[INFO] [stderr]     15:     0x5feffcffd296 - std[97b98282bc616a66]::sys::backtrace::__rust_begin_short_backtrace::<fn(), ()>
[INFO] [stderr]     16:     0x5feffcffd2a9 - std[97b98282bc616a66]::rt::lang_start::<()>::{closure#0}
[INFO] [stderr]     17:     0x5feffd0524f7 - std[97b98282bc616a66]::rt::lang_start_internal
[INFO] [stderr]     18:     0x5feffcffd281 - std[97b98282bc616a66]::rt::lang_start::<()>
[INFO] [stderr]     19:     0x5feffcffd5f5 - main
[INFO] [stderr]     20:     0x771475c86601 - <unknown>
[INFO] [stderr]     21:     0x771475c86718 - __libc_start_main
[INFO] [stderr]     22:     0x5feffcffd195 - _start
[INFO] [stderr]     23:                0x0 - <unknown>
[INFO] [stderr] warning: build failed, waiting for other jobs to finish...
[INFO] running `Command { std: "docker" "inspect" "878d1b1e1d2f484bb4375ee4780ea0dff426a144e1cad370e84e92542b3f7c5a", kill_on_drop: false }`
[INFO] running `Command { std: "docker" "rm" "-f" "878d1b1e1d2f484bb4375ee4780ea0dff426a144e1cad370e84e92542b3f7c5a", kill_on_drop: false }`
[INFO] [stdout] 878d1b1e1d2f484bb4375ee4780ea0dff426a144e1cad370e84e92542b3f7c5a
