[INFO] cloning repository https://github.com/imp/httptin
[INFO] running `Command { std: "git" "-c" "credential.helper=" "-c" "credential.helper=/workspace/cargo-home/bin/git-credential-null" "clone" "--bare" "https://github.com/imp/httptin" "/workspace/cache/git-repos/https%3A%2F%2Fgithub.com%2Fimp%2Fhttptin", kill_on_drop: false }`
[INFO] [stderr] Cloning into bare repository '/workspace/cache/git-repos/https%3A%2F%2Fgithub.com%2Fimp%2Fhttptin'...
[INFO] running `Command { std: "git" "rev-parse" "HEAD", kill_on_drop: false }`
[INFO] [stdout] 62678bd61779e6b34e7020f17e5727e30c5a30c7
[INFO] testing imp/httptin against 1.98.0-beta.8+cargoflags=--release for beta-release-1.99-2
[INFO] running `Command { std: "git" "clone" "/workspace/cache/git-repos/https%3A%2F%2Fgithub.com%2Fimp%2Fhttptin" "/workspace/builds/worker-7-tc1/source", kill_on_drop: false }`
[INFO] [stderr] Cloning into '/workspace/builds/worker-7-tc1/source'...
[INFO] [stderr] done.
[INFO] started tweaking git repo https://github.com/imp/httptin
[INFO] finished tweaking git repo https://github.com/imp/httptin
[INFO] tweaked toml for git repo https://github.com/imp/httptin written to /workspace/builds/worker-7-tc1/source/Cargo.toml
[INFO] validating manifest of git repo https://github.com/imp/httptin on toolchain 1.98.0-beta.8
[INFO] running `Command { std: CARGO_HOME="/workspace/cargo-home" RUSTUP_HOME="/workspace/rustup-home" "/workspace/cargo-home/bin/cargo" "+1.98.0-beta.8" "metadata" "--manifest-path" "Cargo.toml" "--no-deps", kill_on_drop: false }`
[INFO] crate git repo https://github.com/imp/httptin already has a lockfile, it will not be regenerated
[INFO] running `Command { std: CARGO_HOME="/workspace/cargo-home" RUSTUP_HOME="/workspace/rustup-home" "/workspace/cargo-home/bin/cargo" "+1.98.0-beta.8" "fetch" "--manifest-path" "Cargo.toml", kill_on_drop: false }`
[INFO] [stderr] warning: Cargo.toml: `package.edition` is unspecified, defaulting to `2015` while the latest is `2024`
[INFO] [stderr] warning: `httptin` (manifest) generated 1 warning
[INFO] [stderr]     Updating crates.io index
[INFO] [stderr]  Downloading crates ...
[INFO] [stderr]   Downloaded slog-extra v0.1.2
[INFO] [stderr]   Downloaded slog-term v1.5.0
[INFO] [stderr]   Downloaded slog-stream v1.2.1
[INFO] [stderr]   Downloaded thread_local v0.3.3
[INFO] [stderr]   Downloaded libc v0.2.22
[INFO] [stderr]   Downloaded log v0.3.7
[INFO] [stderr]   Downloaded httparse v1.2.2
[INFO] [stderr]   Downloaded isatty v0.1.3
[INFO] [stderr]   Downloaded serde_derive_internals v0.15.0
[INFO] [stderr]   Downloaded num_cpus v1.4.0
[INFO] [stderr]   Downloaded serde_derive v1.0.4
[INFO] [stderr]   Downloaded mime v0.2.3
[INFO] [stderr]   Downloaded redox_syscall v0.1.17
[INFO] [stderr]   Downloaded slog v1.5.2
[INFO] [stderr]   Downloaded unicode-bidi v0.2.5
[INFO] [stderr]   Downloaded serde v1.0.4
[INFO] [stderr]   Downloaded chrono v0.2.25
[INFO] [stderr]   Downloaded hyper v0.10.10
[INFO] [stderr]   Downloaded idna v0.1.1
[INFO] running `Command { std: "docker" "create" "-v" "/var/lib/crater-agent-workspace/builds/worker-7-tc1/source:/opt/rustwide/workdir:ro,Z" "-v" "/var/lib/crater-agent-workspace/builds/worker-7-tc1/target:/opt/rustwide/target:rw,Z" "-v" "/var/lib/crater-agent-workspace/cargo-home:/opt/rustwide/cargo-home:ro,Z" "-v" "/var/lib/crater-agent-workspace/rustup-home:/opt/rustwide/rustup-home:ro,Z" "-m" "1610612736" "--network" "none" "ghcr.io/rust-lang/crates-build-env/linux@sha256:8683fc1fc2eb5c9ac98e0d076ab094b2ffac7f99da555d2b6a2e27f346de2ec7" "sleep" "infinity", kill_on_drop: false }`
[INFO] [stdout] 141ef00ddd84a3fad5db757e465cf93be94230f787831f4a5063c503d004b8fe
[INFO] running `Command { std: "docker" "start" "141ef00ddd84a3fad5db757e465cf93be94230f787831f4a5063c503d004b8fe", kill_on_drop: false }`
[INFO] running `Command { std: "docker" "inspect" "141ef00ddd84a3fad5db757e465cf93be94230f787831f4a5063c503d004b8fe", kill_on_drop: false }`
[INFO] running `Command { std: "docker" "exec" "-e" "SOURCE_DIR=/opt/rustwide/workdir" "-e" "CARGO_HOME=/opt/rustwide/cargo-home" "-e" "RUSTUP_HOME=/opt/rustwide/rustup-home" "-e" "CARGO_TARGET_DIR=/opt/rustwide/target" "-w" "/opt/rustwide/workdir" "--user" "0:0" "141ef00ddd84a3fad5db757e465cf93be94230f787831f4a5063c503d004b8fe" "/opt/rustwide/cargo-home/bin/cargo" "+1.98.0-beta.8" "metadata" "--no-deps" "--format-version=1", kill_on_drop: false }`
[INFO] running `Command { std: "docker" "inspect" "141ef00ddd84a3fad5db757e465cf93be94230f787831f4a5063c503d004b8fe", kill_on_drop: false }`
[INFO] running `Command { std: "docker" "exec" "-e" "SOURCE_DIR=/opt/rustwide/workdir" "-e" "CARGO_HOME=/opt/rustwide/cargo-home" "-e" "RUSTUP_HOME=/opt/rustwide/rustup-home" "-e" "CARGO_TARGET_DIR=/opt/rustwide/target" "-e" "CARGO_INCREMENTAL=0" "-e" "RUST_BACKTRACE=full" "-e" "RUSTFLAGS=--cap-lints=warn" "-e" "RUSTDOCFLAGS=--cap-lints=warn" "-w" "/opt/rustwide/workdir" "--user" "0:0" "141ef00ddd84a3fad5db757e465cf93be94230f787831f4a5063c503d004b8fe" "/opt/rustwide/cargo-home/bin/cargo" "+1.98.0-beta.8" "build" "--frozen" "--message-format=json" "--release", kill_on_drop: false }`
[INFO] [stderr] warning: Cargo.toml: `package.edition` is unspecified, defaulting to `2015` while the latest is `2024`
[INFO] [stderr] warning: `httptin` (manifest) generated 1 warning
[INFO] [stderr]    Compiling libc v0.2.22
[INFO] [stderr]    Compiling semver v0.1.20
[INFO] [stderr]    Compiling void v1.0.2
[INFO] [stderr]    Compiling matches v0.1.4
[INFO] [stderr]    Compiling slog v1.5.2
[INFO] [stderr]    Compiling log v0.3.7
[INFO] [stderr]    Compiling serde v1.0.4
[INFO] [stderr]    Compiling itoa v0.3.1
[INFO] [stderr]    Compiling traitobject v0.1.0
[INFO] [stderr]    Compiling either v1.1.0
[INFO] [stderr]    Compiling dtoa v0.4.1
[INFO] [stderr]    Compiling base64 v0.5.2
[INFO] [stderr]    Compiling httparse v1.2.2
[INFO] [stderr]    Compiling syn v0.11.11
[INFO] [stderr]    Compiling language-tags v0.2.2
[INFO] [stderr]    Compiling unreachable v0.1.1
[INFO] [stderr]    Compiling unicode-bidi v0.2.5
[INFO] [stdout] error[E0119]: conflicting implementations of trait `Trait` for type `(dyn Send + Sync + 'static)`
[INFO] [stdout]   --> /opt/rustwide/cargo-home/registry/src/index.crates.io-1949cf8c6b5b557f/traitobject-0.1.0/src/impls.rs:72:1
[INFO] [stdout]    |
[INFO] [stdout] 71 | unsafe impl Trait for ::std::marker::Send + Sync { }
[INFO] [stdout]    | ------------------------------------------------ first implementation here
[INFO] [stdout] 72 | unsafe impl Trait for ::std::marker::Send + Send + Sync { }
[INFO] [stdout]    | ^^^^^^^^^^^^^^^^^^^^^^^^^^^^^^^^^^^^^^^^^^^^^^^^^^^^^^^ conflicting implementation for `(dyn Send + Sync + 'static)`
[INFO] [stdout] 
[INFO] [stdout] 
[INFO] [stdout] error[E0119]: conflicting implementations of trait `Trait` for type `(dyn Send + Sync + 'static)`
[INFO] [stdout]   --> /opt/rustwide/cargo-home/registry/src/index.crates.io-1949cf8c6b5b557f/traitobject-0.1.0/src/impls.rs:73:1
[INFO] [stdout]    |
[INFO] [stdout] 71 | unsafe impl Trait for ::std::marker::Send + Sync { }
[INFO] [stdout]    | ------------------------------------------------ first implementation here
[INFO] [stdout] 72 | unsafe impl Trait for ::std::marker::Send + Send + Sync { }
[INFO] [stdout] 73 | unsafe impl Trait for ::std::marker::Sync + Send { }
[INFO] [stdout]    | ^^^^^^^^^^^^^^^^^^^^^^^^^^^^^^^^^^^^^^^^^^^^^^^^ conflicting implementation for `(dyn Send + Sync + 'static)`
[INFO] [stdout] 
[INFO] [stdout] 
[INFO] [stdout] error[E0119]: conflicting implementations of trait `Trait` for type `(dyn Send + Sync + 'static)`
[INFO] [stdout]   --> /opt/rustwide/cargo-home/registry/src/index.crates.io-1949cf8c6b5b557f/traitobject-0.1.0/src/impls.rs:75:1
[INFO] [stdout]    |
[INFO] [stdout] 71 | unsafe impl Trait for ::std::marker::Send + Sync { }
[INFO] [stdout]    | ------------------------------------------------ first implementation here
[INFO] [stdout] ...
[INFO] [stdout] 75 | unsafe impl Trait for ::std::marker::Sync + Send + Sync { }
[INFO] [stdout]    | ^^^^^^^^^^^^^^^^^^^^^^^^^^^^^^^^^^^^^^^^^^^^^^^^^^^^^^^ conflicting implementation for `(dyn Send + Sync + 'static)`
[INFO] [stdout] 
[INFO] [stdout] 
[INFO] [stdout] error[E0277]: `Arguments<'static>` cannot be shared between threads safely
[INFO] [stdout]    --> /opt/rustwide/cargo-home/registry/src/index.crates.io-1949cf8c6b5b557f/slog-1.5.2/src/ser.rs:228:24
[INFO] [stdout]     |
[INFO] [stdout] 228 | impl SyncSerialize for fmt::Arguments<'static> {}
[INFO] [stdout]     |                        ^^^^^^^^^^^^^^^^^^^^^^^ `Arguments<'static>` cannot be shared between threads safely
[INFO] [stdout]     |
[INFO] [stdout]     = help: the trait `Sync` is not implemented for `Arguments<'static>`
[INFO] [stdout] note: required by a bound in `SyncSerialize`
[INFO] [stdout]    --> /opt/rustwide/cargo-home/registry/src/index.crates.io-1949cf8c6b5b557f/slog-1.5.2/src/ser.rs:120:33
[INFO] [stdout]     |
[INFO] [stdout] 120 | pub trait SyncSerialize: Send + Sync + 'static + Serialize {}
[INFO] [stdout]     |                                 ^^^^ required by this bound in `SyncSerialize`
[INFO] [stdout] 
[INFO] [stdout] 
[INFO] [stdout] error[E0277]: `Arguments<'static>` cannot be sent between threads safely
[INFO] [stdout]    --> /opt/rustwide/cargo-home/registry/src/index.crates.io-1949cf8c6b5b557f/slog-1.5.2/src/ser.rs:228:24
[INFO] [stdout]     |
[INFO] [stdout] 228 | impl SyncSerialize for fmt::Arguments<'static> {}
[INFO] [stdout]     |                        ^^^^^^^^^^^^^^^^^^^^^^^ `Arguments<'static>` cannot be sent between threads safely
[INFO] [stdout]     |
[INFO] [stdout]     = help: the trait `Send` is not implemented for `Arguments<'static>`
[INFO] [stdout] note: required by a bound in `SyncSerialize`
[INFO] [stdout]    --> /opt/rustwide/cargo-home/registry/src/index.crates.io-1949cf8c6b5b557f/slog-1.5.2/src/ser.rs:120:26
[INFO] [stdout]     |
[INFO] [stdout] 120 | pub trait SyncSerialize: Send + Sync + 'static + Serialize {}
[INFO] [stdout]     |                          ^^^^ required by this bound in `SyncSerialize`
[INFO] [stdout] 
[INFO] [stdout] 
[INFO] [stdout] For more information about this error, try `rustc --explain E0119`.
[INFO] [stdout] 
[INFO] [stderr] error: could not compile `traitobject` (lib) due to 3 previous errors
[INFO] [stderr] warning: build failed, waiting for other jobs to finish...
[INFO] [stdout] For more information about this error, try `rustc --explain E0277`.
[INFO] [stdout] 
[INFO] [stderr] error: could not compile `slog` (lib) due to 2 previous errors
[INFO] running `Command { std: "docker" "inspect" "141ef00ddd84a3fad5db757e465cf93be94230f787831f4a5063c503d004b8fe", kill_on_drop: false }`
[INFO] running `Command { std: "docker" "rm" "-f" "141ef00ddd84a3fad5db757e465cf93be94230f787831f4a5063c503d004b8fe", kill_on_drop: false }`
[INFO] [stdout] 141ef00ddd84a3fad5db757e465cf93be94230f787831f4a5063c503d004b8fe
