[INFO] cloning repository https://github.com/ibihf/stats
[INFO] running `Command { std: "git" "-c" "credential.helper=" "-c" "credential.helper=/workspace/cargo-home/bin/git-credential-null" "clone" "--bare" "https://github.com/ibihf/stats" "/workspace/cache/git-repos/https%3A%2F%2Fgithub.com%2Fibihf%2Fstats", kill_on_drop: false }`
[INFO] [stderr] Cloning into bare repository '/workspace/cache/git-repos/https%3A%2F%2Fgithub.com%2Fibihf%2Fstats'...
[INFO] running `Command { std: "git" "rev-parse" "HEAD", kill_on_drop: false }`
[INFO] [stdout] 3857adcdc6f1d593bfce8680b472478c03c3e635
[INFO] testing ibihf/stats against 1.98.0-beta.8+cargoflags=--release for beta-release-1.99-2
[INFO] running `Command { std: "git" "clone" "/workspace/cache/git-repos/https%3A%2F%2Fgithub.com%2Fibihf%2Fstats" "/workspace/builds/worker-3-tc1/source", kill_on_drop: false }`
[INFO] [stderr] Cloning into '/workspace/builds/worker-3-tc1/source'...
[INFO] [stderr] done.
[INFO] started tweaking git repo https://github.com/ibihf/stats
[INFO] finished tweaking git repo https://github.com/ibihf/stats
[INFO] tweaked toml for git repo https://github.com/ibihf/stats written to /workspace/builds/worker-3-tc1/source/Cargo.toml
[INFO] validating manifest of git repo https://github.com/ibihf/stats on toolchain 1.98.0-beta.8
[INFO] running `Command { std: CARGO_HOME="/workspace/cargo-home" RUSTUP_HOME="/workspace/rustup-home" "/workspace/cargo-home/bin/cargo" "+1.98.0-beta.8" "metadata" "--manifest-path" "Cargo.toml" "--no-deps", kill_on_drop: false }`
[INFO] crate git repo https://github.com/ibihf/stats already has a lockfile, it will not be regenerated
[INFO] running `Command { std: CARGO_HOME="/workspace/cargo-home" RUSTUP_HOME="/workspace/rustup-home" "/workspace/cargo-home/bin/cargo" "+1.98.0-beta.8" "fetch" "--manifest-path" "Cargo.toml", kill_on_drop: false }`
[INFO] [stderr]     Updating git repository `https://github.com/TTWNO/askama/`
[INFO] [stderr]     Updating crates.io index
[INFO] [stderr]     Updating git repository `https://github.com/NyxCode/ormx`
[INFO] [stderr]      Locking 6 packages to latest compatible versions
[INFO] [stderr]       Adding base64 v0.22.1
[INFO] [stderr]       Adding bcrypt v0.15.1 (available: v0.19.3)
[INFO] [stderr]       Adding blowfish v0.9.1
[INFO] [stderr]       Adding cipher v0.4.4
[INFO] [stderr]       Adding inout v0.1.4
[INFO] [stderr]       Adding zeroize v1.9.0
[INFO] [stderr]  Downloading crates ...
[INFO] [stderr]   Downloaded quote v1.0.31
[INFO] [stderr]   Downloaded webpki v0.22.0
[INFO] [stderr]   Downloaded async-stream v0.3.5
[INFO] [stderr]   Downloaded async-stream-impl v0.3.5
[INFO] [stderr]   Downloaded bcrypt v0.15.1
[INFO] [stderr]   Downloaded darling_macro v0.20.3
[INFO] [stderr]   Downloaded thiserror-impl v1.0.43
[INFO] [stderr]   Downloaded rename-item v0.1.1
[INFO] [stderr]   Downloaded unic-langid v0.9.1
[INFO] [stderr]   Downloaded hashmap_macro v0.1.0
[INFO] [stderr]   Downloaded unic-langid-macros v0.9.1
[INFO] [stderr]   Downloaded tinystr v0.7.1
[INFO] [stderr]   Downloaded unic-langid-macros-impl v0.9.1
[INFO] [stderr]   Downloaded whoami v1.4.1
[INFO] [stderr]   Downloaded cpufeatures v0.2.9
[INFO] [stderr]   Downloaded rustls-pemfile v1.0.3
[INFO] [stderr]   Downloaded blowfish v0.9.1
[INFO] [stderr]   Downloaded pin-project-internal v1.1.2
[INFO] [stderr]   Downloaded fluent-template-macros v0.8.0
[INFO] [stderr]   Downloaded stringprep v0.1.3
[INFO] [stderr]   Downloaded hashlink v0.8.3
[INFO] [stderr]   Downloaded iana-time-zone v0.1.57
[INFO] [stderr]   Downloaded semver v1.0.18
[INFO] [stderr]   Downloaded async-trait v0.1.71
[INFO] [stderr]   Downloaded thiserror v1.0.43
[INFO] [stderr]   Downloaded sqlformat v0.2.1
[INFO] [stderr]   Downloaded sha2 v0.10.7
[INFO] [stderr]   Downloaded darling v0.20.3
[INFO] [stderr]   Downloaded serde_path_to_error v0.1.14
[INFO] [stderr]   Downloaded matchit v0.7.0
[INFO] [stderr]   Downloaded fluent-templates v0.8.0
[INFO] [stderr]   Downloaded snafu-derive v0.7.5
[INFO] [stderr]   Downloaded globset v0.4.11
[INFO] [stderr]   Downloaded log v0.4.19
[INFO] [stderr]   Downloaded smallvec v1.11.0
[INFO] [stderr]   Downloaded getrandom v0.2.10
[INFO] [stderr]   Downloaded unic-langid-impl v0.9.1
[INFO] [stderr]   Downloaded serde_derive v1.0.171
[INFO] [stderr]   Downloaded ignore v0.4.20
[INFO] [stderr]   Downloaded pin-project v1.1.2
[INFO] [stderr]   Downloaded serde v1.0.171
[INFO] [stderr]   Downloaded darling_core v0.20.3
[INFO] [stderr]   Downloaded flume v0.10.14
[INFO] [stderr]   Downloaded basic-toml v0.1.4
[INFO] [stderr]   Downloaded snafu v0.7.5
[INFO] [stderr]   Downloaded base64 v0.21.2
[INFO] [stderr]   Downloaded libm v0.2.7
[INFO] [stderr]   Downloaded axum v0.6.18
[INFO] [stderr]   Downloaded aho-corasick v1.0.2
[INFO] [stderr]   Downloaded syn v2.0.26
[INFO] [stderr]   Downloaded chrono v0.4.26
[INFO] [stderr]   Downloaded hyper v0.14.27
[INFO] [stderr]   Downloaded webpki-roots v0.22.6
[INFO] [stderr]   Downloaded regex v1.9.1
[INFO] [stderr]   Downloaded rustls v0.20.8
[INFO] [stderr]   Downloaded regex-automata v0.3.3
[INFO] running `Command { std: "docker" "create" "-v" "/var/lib/crater-agent-workspace/builds/worker-3-tc1/source:/opt/rustwide/workdir:ro,Z" "-v" "/var/lib/crater-agent-workspace/builds/worker-3-tc1/target:/opt/rustwide/target:rw,Z" "-v" "/var/lib/crater-agent-workspace/cargo-home:/opt/rustwide/cargo-home:ro,Z" "-v" "/var/lib/crater-agent-workspace/rustup-home:/opt/rustwide/rustup-home:ro,Z" "-m" "1610612736" "--network" "none" "ghcr.io/rust-lang/crates-build-env/linux@sha256:8683fc1fc2eb5c9ac98e0d076ab094b2ffac7f99da555d2b6a2e27f346de2ec7" "sleep" "infinity", kill_on_drop: false }`
[INFO] [stdout] b156f191407f903a99c6dd46c34a39e17c2aec74d5fdd9d3f71873ae4186d70c
[INFO] running `Command { std: "docker" "start" "b156f191407f903a99c6dd46c34a39e17c2aec74d5fdd9d3f71873ae4186d70c", kill_on_drop: false }`
[INFO] running `Command { std: "docker" "inspect" "b156f191407f903a99c6dd46c34a39e17c2aec74d5fdd9d3f71873ae4186d70c", kill_on_drop: false }`
[INFO] running `Command { std: "docker" "exec" "-e" "SOURCE_DIR=/opt/rustwide/workdir" "-e" "CARGO_HOME=/opt/rustwide/cargo-home" "-e" "RUSTUP_HOME=/opt/rustwide/rustup-home" "-e" "CARGO_TARGET_DIR=/opt/rustwide/target" "-w" "/opt/rustwide/workdir" "--user" "0:0" "b156f191407f903a99c6dd46c34a39e17c2aec74d5fdd9d3f71873ae4186d70c" "/opt/rustwide/cargo-home/bin/cargo" "+1.98.0-beta.8" "metadata" "--no-deps" "--format-version=1", kill_on_drop: false }`
[INFO] running `Command { std: "docker" "inspect" "b156f191407f903a99c6dd46c34a39e17c2aec74d5fdd9d3f71873ae4186d70c", kill_on_drop: false }`
[INFO] running `Command { std: "docker" "exec" "-e" "SOURCE_DIR=/opt/rustwide/workdir" "-e" "CARGO_HOME=/opt/rustwide/cargo-home" "-e" "RUSTUP_HOME=/opt/rustwide/rustup-home" "-e" "CARGO_TARGET_DIR=/opt/rustwide/target" "-e" "CARGO_INCREMENTAL=0" "-e" "RUST_BACKTRACE=full" "-e" "RUSTFLAGS=--cap-lints=warn" "-e" "RUSTDOCFLAGS=--cap-lints=warn" "-w" "/opt/rustwide/workdir" "--user" "0:0" "b156f191407f903a99c6dd46c34a39e17c2aec74d5fdd9d3f71873ae4186d70c" "/opt/rustwide/cargo-home/bin/cargo" "+1.98.0-beta.8" "build" "--frozen" "--message-format=json" "--release", kill_on_drop: false }`
[INFO] [stderr]    Compiling proc-macro2 v1.0.66
[INFO] [stderr]    Compiling unicode-ident v1.0.11
[INFO] [stderr]    Compiling syn v1.0.109
[INFO] [stderr]    Compiling memchr v2.5.0
[INFO] [stderr]    Compiling typenum v1.16.0
[INFO] [stderr]    Compiling libc v0.2.147
[INFO] [stderr]    Compiling lock_api v0.4.10
[INFO] [stderr]    Compiling futures-core v0.3.28
[INFO] [stderr]    Compiling cc v1.0.79
[INFO] [stderr]    Compiling once_cell v1.18.0
[INFO] [stderr]    Compiling proc-macro-hack v0.5.20+deprecated
[INFO] [stderr]    Compiling serde v1.0.171
[INFO] [stderr]    Compiling thiserror v1.0.43
[INFO] [stderr]    Compiling pin-project-lite v0.2.10
[INFO] [stderr]    Compiling num-traits v0.2.15
[INFO] [stderr]    Compiling quote v1.0.31
[INFO] [stderr]    Compiling log v0.4.19
[INFO] [stderr]    Compiling syn v2.0.26
[INFO] [stderr]    Compiling unicode-segmentation v1.10.1
[INFO] [stderr]    Compiling serde_json v1.0.103
[INFO] [stderr]    Compiling ring v0.16.20
[INFO] [stderr]    Compiling scopeguard v1.1.0
[INFO] [stderr]    Compiling generic-array v0.14.7
[INFO] [stderr]    Compiling heck v0.4.1
[INFO] [stderr]    Compiling itoa v1.0.9
[INFO] [stderr]    Compiling bytes v1.4.0
[INFO] [stderr]    Compiling slab v0.4.8
[INFO] [stderr]    Compiling ahash v0.8.3
[INFO] [stderr]    Compiling futures-task v0.3.28
[INFO] [stderr]    Compiling futures-channel v0.3.28
[INFO] [stderr]    Compiling smallvec v1.11.0
[INFO] [stderr]    Compiling parking_lot_core v0.8.6
[INFO] [stderr]    Compiling rustls v0.20.8
[INFO] [stderr]    Compiling crypto-common v0.1.6
[INFO] [stderr]    Compiling futures-util v0.3.28
[INFO] [stderr]    Compiling futures-sink v0.3.28
[INFO] [stderr]    Compiling tokio v1.29.1
[INFO] [stderr]    Compiling untrusted v0.7.1
[INFO] [stderr]    Compiling doc-comment v0.3.3
[INFO] [stderr]    Compiling spin v0.5.2
[INFO] [stderr]    Compiling crossbeam-utils v0.8.16
[INFO] [stderr]    Compiling futures-io v0.3.28
[INFO] [stderr]    Compiling aho-corasick v1.0.2
[INFO] [stderr]    Compiling mio v0.8.8
[INFO] [stderr]    Compiling num_cpus v1.16.0
[INFO] [stderr]    Compiling block-buffer v0.10.4
[INFO] [stderr]    Compiling socket2 v0.4.9
[INFO] [stderr]    Compiling regex-syntax v0.7.4
[INFO] [stderr]    Compiling digest v0.10.7
[INFO] [stderr]    Compiling ahash v0.7.6
[INFO] [stderr]    Compiling indexmap v1.9.3
[INFO] [stderr]    Compiling crossbeam-queue v0.3.8
[INFO] [stderr]    Compiling ryu v1.0.15
[INFO] [stderr]    Compiling percent-encoding v2.3.0
[INFO] [stderr]    Compiling nom v7.1.3
[INFO] [stderr]    Compiling bstr v1.6.0
[INFO] [stderr]    Compiling getrandom v0.2.10
[INFO] [stderr]    Compiling webpki v0.22.0
[INFO] [stderr]    Compiling regex-automata v0.3.3
[INFO] [stderr]    Compiling unicase v2.6.0
[INFO] [stderr]    Compiling same-file v1.0.6
[INFO] [stderr]    Compiling type-map v0.4.0
[INFO] [stderr]    Compiling displaydoc v0.2.4
[INFO] [stderr]    Compiling serde_derive v1.0.171
[INFO] [stderr]    Compiling thiserror-impl v1.0.43
[INFO] [stderr]    Compiling futures-macro v0.3.28
[INFO] [stderr]    Compiling tokio-macros v2.1.0
[INFO] [stderr]    Compiling tinystr v0.7.1
[INFO] [stderr]    Compiling unic-langid-impl v0.9.1
[INFO] [stderr]    Compiling unic-langid-macros-impl v0.9.1
[INFO] [stderr]    Compiling unic-langid-macros v0.9.1
[INFO] [stderr]    Compiling unic-langid v0.9.1
[INFO] [stderr]    Compiling snafu-derive v0.7.5
[INFO] [stderr]    Compiling regex v1.9.1
[INFO] [stderr]    Compiling globset v0.4.11
[INFO] [stderr]    Compiling walkdir v2.3.3
[INFO] [stderr]    Compiling sct v0.7.0
[INFO] [stderr]    Compiling unicode-normalization v0.1.22
[INFO] [stderr]    Compiling spin v0.9.8
[INFO] [stderr]    Compiling thread_local v1.1.7
[INFO] [stderr]    Compiling instant v0.1.12
[INFO] [stderr]    Compiling either v1.8.1
[INFO] [stderr]    Compiling unicode-bidi v0.3.13
[INFO] [stderr]    Compiling ignore v0.4.20
[INFO] [stderr]    Compiling itertools v0.10.5
[INFO] [stderr]    Compiling flume v0.10.14
[INFO] [stderr]    Compiling intl_pluralrules v7.0.2
[INFO] [stderr]    Compiling fluent-langneg v0.13.0
[INFO] [stderr]    Compiling intl-memoizer v0.5.1
[INFO] [stderr]    Compiling fluent-syntax v0.11.0
[INFO] [stderr]    Compiling rand_core v0.6.4
[INFO] [stderr]    Compiling form_urlencoded v1.2.0
[INFO] [stderr]    Compiling self_cell v0.10.2
[INFO] [stderr]    Compiling cpufeatures v0.2.9
[INFO] [stderr]    Compiling rand_chacha v0.3.1
[INFO] [stderr]    Compiling hashbrown v0.14.0
[INFO] [stderr]    Compiling tokio-rustls v0.23.4
[INFO] [stderr]    Compiling fluent-bundle v0.15.2
[INFO] [stderr]    Compiling mime_guess v2.0.4
[INFO] [stderr]    Compiling parking_lot v0.11.2
[INFO] [stderr]    Compiling idna v0.4.0
[INFO] [stderr]    Compiling hmac v0.12.1
[INFO] [stderr]    Compiling http v0.2.9
[INFO] [stderr]    Compiling dirs-sys v0.3.7
[INFO] [stderr]    Compiling libm v0.2.7
[INFO] [stderr]    Compiling hashbrown v0.12.3
[INFO] [stderr]    Compiling iana-time-zone v0.1.57
[INFO] [stderr]    Compiling base64 v0.21.2
[INFO] [stderr]    Compiling parking_lot_core v0.9.8
[INFO] [stderr]    Compiling byteorder v1.4.3
[INFO] [stderr]    Compiling async-trait v0.1.71
[INFO] [stderr]    Compiling http-body v0.4.5
[INFO] [stderr]    Compiling rustls-pemfile v1.0.3
[INFO] [stderr]    Compiling chrono v0.4.26
[INFO] [stderr]    Compiling sqlformat v0.2.1
[INFO] [stderr]    Compiling dirs v4.0.0
[INFO] [stderr]    Compiling hkdf v0.12.3
[INFO] [stderr]    Compiling url v2.4.0
[INFO] [stderr]    Compiling futures-intrusive v0.4.2
[INFO] [stderr]    Compiling fluent v0.16.0
[INFO] [stderr]    Compiling snafu v0.7.5
[INFO] [stderr]    Compiling sqlx-rt v0.6.3
[INFO] [stderr]    Compiling hashlink v0.8.3
[INFO] [stderr]    Compiling rand v0.8.5
[INFO] [stderr]    Compiling sha2 v0.10.7
[INFO] [stderr]    Compiling sha1 v0.10.5
[INFO] [stderr]    Compiling atoi v1.0.0
[INFO] [stderr]    Compiling tokio-stream v0.1.14
[INFO] [stderr]    Compiling stringprep v0.1.3
[INFO] [stderr]    Compiling webpki-roots v0.22.6
[INFO] [stderr]    Compiling md-5 v0.10.5
[INFO] [stderr]    Compiling axum-core v0.3.4
[INFO] [stderr]    Compiling tracing-core v0.1.31
[INFO] [stderr]    Compiling time v0.1.45
[INFO] [stderr]    Compiling whoami v1.4.1
[INFO] [stderr]    Compiling base64 v0.13.1
[INFO] [stderr]    Compiling mime v0.3.17
[INFO] [stderr]    Compiling arc-swap v1.6.0
[INFO] [stderr]    Compiling bitflags v1.3.2
[INFO] [stderr]    Compiling sqlx-core v0.6.3
[INFO] [stderr]    Compiling fluent-templates v0.8.0
[INFO] [stderr]    Compiling tracing v0.1.37
[INFO] [stderr]    Compiling darling_core v0.14.4
[INFO] [stderr]    Compiling proc-macro-error-attr v1.0.4
[INFO] [stderr]    Compiling fluent-template-macros v0.8.0
[INFO] [stderr]    Compiling basic-toml v0.1.4
[INFO] [stderr]    Compiling pin-project-internal v1.1.2
[INFO] [stderr]    Compiling darling_core v0.20.3
[INFO] [stderr]    Compiling inout v0.1.4
[INFO] [stderr]    Compiling try-lock v0.2.4
[INFO] [stderr]    Compiling sqlx-macros v0.6.3
[INFO] [stderr]    Compiling pin-project v1.1.2
[INFO] [stderr]    Compiling want v0.3.1
[INFO] [stderr]    Compiling cipher v0.4.4
[INFO] [stderr]    Compiling askama_derive v0.12.1 (https://github.com/TTWNO/askama/#4a3b1d0a)
[INFO] [stderr]    Compiling parking_lot v0.12.1
[INFO] [stderr]    Compiling humansize v2.1.3
[INFO] [stderr]    Compiling proc-macro-error v1.0.4
[INFO] [stderr]    Compiling darling_macro v0.14.4
[INFO] [stderr]    Compiling futures-executor v0.3.28
[INFO] [stderr]    Compiling axum v0.6.18
[INFO] [stderr]    Compiling httpdate v1.0.2
[INFO] [stderr]    Compiling askama_escape v0.10.3 (https://github.com/TTWNO/askama/#4a3b1d0a)
[INFO] [stderr]    Compiling hyper v0.14.27
[INFO] [stderr]    Compiling darling_macro v0.20.3
[INFO] [stderr]    Compiling futures v0.3.28
[INFO] [stderr]    Compiling darling v0.20.3
[INFO] [stderr]    Compiling darling v0.14.4
[INFO] [stderr]    Compiling ormx-macros v0.10.4 (https://github.com/NyxCode/ormx#89a9e17d)
[INFO] [stderr]    Compiling blowfish v0.9.1
[INFO] [stderr]    Compiling tower v0.4.13
[INFO] [stderr]    Compiling serde_urlencoded v0.7.1
[INFO] [stderr]    Compiling serde_path_to_error v0.1.14
[INFO] [stderr]    Compiling strum_macros v0.24.3
[INFO] [stderr]    Compiling convert_case v0.4.0
[INFO] [stderr]    Compiling zeroize v1.9.0
[INFO] [stderr]    Compiling base64 v0.22.1
[INFO] [stderr]    Compiling matchit v0.7.0
[INFO] [stderr]    Compiling derive_more v0.99.17
[INFO] [stderr]    Compiling ibihf-macros v0.1.0 (/opt/rustwide/workdir/ibihf-macros)
[INFO] [stdout] warning: function `get_map_filter` is never used
[INFO] [stdout]   --> ibihf-macros/src/lib.rs:58:4
[INFO] [stdout]    |
[INFO] [stdout] 58 | fn get_map_filter(field: &Field) -> Option<String> {
[INFO] [stdout]    |    ^^^^^^^^^^^^^^
[INFO] [stdout]    |
[INFO] [stdout]    = note: `#[warn(dead_code)]` (part of `#[warn(unused)]`) on by default
[INFO] [stdout] 
[INFO] [stdout] 
[INFO] [stderr]    Compiling rename-item v0.1.1
[INFO] [stderr]    Compiling bcrypt v0.15.1
[INFO] [stderr]    Compiling hashmap_macro v0.1.0
[INFO] [stderr]    Compiling strum v0.24.1
[INFO] [stderr]    Compiling askama v0.12.0 (https://github.com/TTWNO/askama/#4a3b1d0a)
[INFO] [stderr]    Compiling askama_axum v0.3.0 (https://github.com/TTWNO/askama/#4a3b1d0a)
[INFO] [stderr]    Compiling sqlx v0.6.3
[INFO] [stderr]    Compiling ormx v0.10.0 (https://github.com/NyxCode/ormx#89a9e17d)
[INFO] [stderr]    Compiling ibihf v0.1.0 (/opt/rustwide/workdir)
[INFO] [stdout] error: error communicating with database: Connection refused (os error 111)
[INFO] [stdout]   --> src/model.rs:14:50
[INFO] [stdout]    |
[INFO] [stdout] 14 | #[derive(FromRow, Serialize, Deserialize, Debug, ormx::Table)]
[INFO] [stdout]    |                                                  ^^^^^^^^^^^
[INFO] [stdout]    |
[INFO] [stdout]    = note: this error originates in the macro `$crate::sqlx_macros::expand_query` which comes from the expansion of the derive macro `ormx::Table` (in Nightly builds, run with -Z macro-backtrace for more info)
[INFO] [stdout] 
[INFO] [stdout] 
[INFO] [stdout] error: error communicating with database: Connection refused (os error 111)
[INFO] [stdout]   --> src/model.rs:14:50
[INFO] [stdout]    |
[INFO] [stdout] 14 | #[derive(FromRow, Serialize, Deserialize, Debug, ormx::Table)]
[INFO] [stdout]    |                                                  ^^^^^^^^^^^
[INFO] [stdout]    |
[INFO] [stdout]    = note: this error originates in the macro `$crate::sqlx_macros::expand_query` which comes from the expansion of the derive macro `ormx::Table` (in Nightly builds, run with -Z macro-backtrace for more info)
[INFO] [stdout] 
[INFO] [stdout] 
[INFO] [stdout] error: error communicating with database: Connection refused (os error 111)
[INFO] [stdout]   --> src/model.rs:14:50
[INFO] [stdout]    |
[INFO] [stdout] 14 | #[derive(FromRow, Serialize, Deserialize, Debug, ormx::Table)]
[INFO] [stdout]    |                                                  ^^^^^^^^^^^
[INFO] [stdout]    |
[INFO] [stdout]    = note: this error originates in the macro `$crate::sqlx_macros::expand_query` which comes from the expansion of the derive macro `ormx::Table` (in Nightly builds, run with -Z macro-backtrace for more info)
[INFO] [stdout] 
[INFO] [stdout] 
[INFO] [stdout] error: error communicating with database: Connection refused (os error 111)
[INFO] [stdout]   --> src/model.rs:14:50
[INFO] [stdout]    |
[INFO] [stdout] 14 | #[derive(FromRow, Serialize, Deserialize, Debug, ormx::Table)]
[INFO] [stdout]    |                                                  ^^^^^^^^^^^
[INFO] [stdout]    |
[INFO] [stdout]    = note: this error originates in the macro `$crate::sqlx_macros::expand_query` which comes from the expansion of the derive macro `ormx::Table` (in Nightly builds, run with -Z macro-backtrace for more info)
[INFO] [stdout] 
[INFO] [stdout] 
[INFO] [stdout] error: error communicating with database: Connection refused (os error 111)
[INFO] [stdout]   --> src/model.rs:14:50
[INFO] [stdout]    |
[INFO] [stdout] 14 | #[derive(FromRow, Serialize, Deserialize, Debug, ormx::Table)]
[INFO] [stdout]    |                                                  ^^^^^^^^^^^
[INFO] [stdout]    |
[INFO] [stdout]    = note: this error originates in the macro `$crate::sqlx_macros::expand_query` which comes from the expansion of the derive macro `ormx::Table` (in Nightly builds, run with -Z macro-backtrace for more info)
[INFO] [stdout] 
[INFO] [stdout] 
[INFO] [stdout] error: error communicating with database: Connection refused (os error 111)
[INFO] [stdout]   --> src/model.rs:14:50
[INFO] [stdout]    |
[INFO] [stdout] 14 | #[derive(FromRow, Serialize, Deserialize, Debug, ormx::Table)]
[INFO] [stdout]    |                                                  ^^^^^^^^^^^
[INFO] [stdout]    |
[INFO] [stdout]    = note: this error originates in the macro `$crate::sqlx_macros::expand_query` which comes from the expansion of the derive macro `ormx::Table` (in Nightly builds, run with -Z macro-backtrace for more info)
[INFO] [stdout] 
[INFO] [stdout] 
[INFO] [stdout] error: error communicating with database: Connection refused (os error 111)
[INFO] [stdout]   --> src/model.rs:23:50
[INFO] [stdout]    |
[INFO] [stdout] 23 | #[derive(FromRow, Serialize, Deserialize, Debug, NameTableName)]
[INFO] [stdout]    |                                                  ^^^^^^^^^^^^^
[INFO] [stdout]    |
[INFO] [stdout]    = note: this error originates in the macro `$crate::sqlx_macros::expand_query` which comes from the expansion of the derive macro `NameTableName` (in Nightly builds, run with -Z macro-backtrace for more info)
[INFO] [stdout] 
[INFO] [stdout] 
[INFO] [stdout] error: error communicating with database: Connection refused (os error 111)
[INFO] [stdout]   --> src/model.rs:23:50
[INFO] [stdout]    |
[INFO] [stdout] 23 | #[derive(FromRow, Serialize, Deserialize, Debug, NameTableName)]
[INFO] [stdout]    |                                                  ^^^^^^^^^^^^^
[INFO] [stdout]    |
[INFO] [stdout]    = note: this error originates in the macro `$crate::sqlx_macros::expand_query` which comes from the expansion of the derive macro `NameTableName` (in Nightly builds, run with -Z macro-backtrace for more info)
[INFO] [stdout] 
[INFO] [stdout] 
[INFO] [stdout] error: error communicating with database: Connection refused (os error 111)
[INFO] [stdout]   --> src/model.rs:36:50
[INFO] [stdout]    |
[INFO] [stdout] 36 | #[derive(FromRow, Serialize, Deserialize, Debug, NameTableName)]
[INFO] [stdout]    |                                                  ^^^^^^^^^^^^^
[INFO] [stdout]    |
[INFO] [stdout]    = note: this error originates in the macro `$crate::sqlx_macros::expand_query` which comes from the expansion of the derive macro `NameTableName` (in Nightly builds, run with -Z macro-backtrace for more info)
[INFO] [stdout] 
[INFO] [stdout] 
[INFO] [stdout] error: error communicating with database: Connection refused (os error 111)
[INFO] [stdout]   --> src/model.rs:36:50
[INFO] [stdout]    |
[INFO] [stdout] 36 | #[derive(FromRow, Serialize, Deserialize, Debug, NameTableName)]
[INFO] [stdout]    |                                                  ^^^^^^^^^^^^^
[INFO] [stdout]    |
[INFO] [stdout]    = note: this error originates in the macro `$crate::sqlx_macros::expand_query` which comes from the expansion of the derive macro `NameTableName` (in Nightly builds, run with -Z macro-backtrace for more info)
[INFO] [stdout] 
[INFO] [stdout] 
[INFO] [stdout] error: error communicating with database: Connection refused (os error 111)
[INFO] [stdout]   --> src/model.rs:48:50
[INFO] [stdout]    |
[INFO] [stdout] 48 | #[derive(FromRow, Serialize, Deserialize, Debug, ormx::Table)]
[INFO] [stdout]    |                                                  ^^^^^^^^^^^
[INFO] [stdout]    |
[INFO] [stdout]    = note: this error originates in the macro `$crate::sqlx_macros::expand_query` which comes from the expansion of the derive macro `ormx::Table` (in Nightly builds, run with -Z macro-backtrace for more info)
[INFO] [stdout] 
[INFO] [stdout] 
[INFO] [stdout] error: error communicating with database: Connection refused (os error 111)
[INFO] [stdout]   --> src/model.rs:48:50
[INFO] [stdout]    |
[INFO] [stdout] 48 | #[derive(FromRow, Serialize, Deserialize, Debug, ormx::Table)]
[INFO] [stdout]    |                                                  ^^^^^^^^^^^
[INFO] [stdout]    |
[INFO] [stdout]    = note: this error originates in the macro `$crate::sqlx_macros::expand_query` which comes from the expansion of the derive macro `ormx::Table` (in Nightly builds, run with -Z macro-backtrace for more info)
[INFO] [stdout] 
[INFO] [stdout] 
[INFO] [stdout] error: error communicating with database: Connection refused (os error 111)
[INFO] [stdout]   --> src/model.rs:48:50
[INFO] [stdout]    |
[INFO] [stdout] 48 | #[derive(FromRow, Serialize, Deserialize, Debug, ormx::Table)]
[INFO] [stdout]    |                                                  ^^^^^^^^^^^
[INFO] [stdout]    |
[INFO] [stdout]    = note: this error originates in the macro `$crate::sqlx_macros::expand_query` which comes from the expansion of the derive macro `ormx::Table` (in Nightly builds, run with -Z macro-backtrace for more info)
[INFO] [stdout] 
[INFO] [stdout] 
[INFO] [stdout] error: error communicating with database: Connection refused (os error 111)
[INFO] [stdout]   --> src/model.rs:48:50
[INFO] [stdout]    |
[INFO] [stdout] 48 | #[derive(FromRow, Serialize, Deserialize, Debug, ormx::Table)]
[INFO] [stdout]    |                                                  ^^^^^^^^^^^
[INFO] [stdout]    |
[INFO] [stdout]    = note: this error originates in the macro `$crate::sqlx_macros::expand_query` which comes from the expansion of the derive macro `ormx::Table` (in Nightly builds, run with -Z macro-backtrace for more info)
[INFO] [stdout] 
[INFO] [stdout] 
[INFO] [stdout] error: error communicating with database: Connection refused (os error 111)
[INFO] [stdout]   --> src/model.rs:48:50
[INFO] [stdout]    |
[INFO] [stdout] 48 | #[derive(FromRow, Serialize, Deserialize, Debug, ormx::Table)]
[INFO] [stdout]    |                                                  ^^^^^^^^^^^
[INFO] [stdout]    |
[INFO] [stdout]    = note: this error originates in the macro `$crate::sqlx_macros::expand_query` which comes from the expansion of the derive macro `ormx::Table` (in Nightly builds, run with -Z macro-backtrace for more info)
[INFO] [stdout] 
[INFO] [stdout] 
[INFO] [stdout] error: error communicating with database: Connection refused (os error 111)
[INFO] [stdout]   --> src/model.rs:48:50
[INFO] [stdout]    |
[INFO] [stdout] 48 | #[derive(FromRow, Serialize, Deserialize, Debug, ormx::Table)]
[INFO] [stdout]    |                                                  ^^^^^^^^^^^
[INFO] [stdout]    |
[INFO] [stdout]    = note: this error originates in the macro `$crate::sqlx_macros::expand_query` which comes from the expansion of the derive macro `ormx::Table` (in Nightly builds, run with -Z macro-backtrace for more info)
[INFO] [stdout] 
[INFO] [stdout] 
[INFO] [stdout] error: error communicating with database: Connection refused (os error 111)
[INFO] [stdout]   --> src/model.rs:65:50
[INFO] [stdout]    |
[INFO] [stdout] 65 | #[derive(FromRow, Serialize, Deserialize, Debug, NameTableName)]
[INFO] [stdout]    |                                                  ^^^^^^^^^^^^^
[INFO] [stdout]    |
[INFO] [stdout]    = note: this error originates in the macro `$crate::sqlx_macros::expand_query` which comes from the expansion of the derive macro `NameTableName` (in Nightly builds, run with -Z macro-backtrace for more info)
[INFO] [stdout] 
[INFO] [stdout] 
[INFO] [stdout] error: error communicating with database: Connection refused (os error 111)
[INFO] [stdout]   --> src/model.rs:65:50
[INFO] [stdout]    |
[INFO] [stdout] 65 | #[derive(FromRow, Serialize, Deserialize, Debug, NameTableName)]
[INFO] [stdout]    |                                                  ^^^^^^^^^^^^^
[INFO] [stdout]    |
[INFO] [stdout]    = note: this error originates in the macro `$crate::sqlx_macros::expand_query` which comes from the expansion of the derive macro `NameTableName` (in Nightly builds, run with -Z macro-backtrace for more info)
[INFO] [stdout] 
[INFO] [stdout] 
[INFO] [stdout] error: error communicating with database: Connection refused (os error 111)
[INFO] [stdout]   --> src/model.rs:65:50
[INFO] [stdout]    |
[INFO] [stdout] 65 | #[derive(FromRow, Serialize, Deserialize, Debug, NameTableName)]
[INFO] [stdout]    |                                                  ^^^^^^^^^^^^^
[INFO] [stdout]    |
[INFO] [stdout]    = note: this error originates in the macro `$crate::sqlx_macros::expand_query` which comes from the expansion of the derive macro `NameTableName` (in Nightly builds, run with -Z macro-backtrace for more info)
[INFO] [stdout] 
[INFO] [stdout] 
[INFO] [stdout] error: error communicating with database: Connection refused (os error 111)
[INFO] [stdout]   --> src/model.rs:86:50
[INFO] [stdout]    |
[INFO] [stdout] 86 | #[derive(FromRow, Serialize, Deserialize, Debug, NameTableName)]
[INFO] [stdout]    |                                                  ^^^^^^^^^^^^^
[INFO] [stdout]    |
[INFO] [stdout]    = note: this error originates in the macro `$crate::sqlx_macros::expand_query` which comes from the expansion of the derive macro `NameTableName` (in Nightly builds, run with -Z macro-backtrace for more info)
[INFO] [stdout] 
[INFO] [stdout] 
[INFO] [stdout] error: error communicating with database: Connection refused (os error 111)
[INFO] [stdout]   --> src/model.rs:86:50
[INFO] [stdout]    |
[INFO] [stdout] 86 | #[derive(FromRow, Serialize, Deserialize, Debug, NameTableName)]
[INFO] [stdout]    |                                                  ^^^^^^^^^^^^^
[INFO] [stdout]    |
[INFO] [stdout]    = note: this error originates in the macro `$crate::sqlx_macros::expand_query` which comes from the expansion of the derive macro `NameTableName` (in Nightly builds, run with -Z macro-backtrace for more info)
[INFO] [stdout] 
[INFO] [stdout] 
[INFO] [stdout] error: error communicating with database: Connection refused (os error 111)
[INFO] [stdout]    --> src/model.rs:111:50
[INFO] [stdout]     |
[INFO] [stdout] 111 | #[derive(FromRow, Serialize, Deserialize, Debug, ormx::Table)]
[INFO] [stdout]     |                                                  ^^^^^^^^^^^
[INFO] [stdout]     |
[INFO] [stdout]     = note: this error originates in the macro `$crate::sqlx_macros::expand_query` which comes from the expansion of the derive macro `ormx::Table` (in Nightly builds, run with -Z macro-backtrace for more info)
[INFO] [stdout] 
[INFO] [stdout] 
[INFO] [stdout] error: error communicating with database: Connection refused (os error 111)
[INFO] [stdout]    --> src/model.rs:111:50
[INFO] [stdout]     |
[INFO] [stdout] 111 | #[derive(FromRow, Serialize, Deserialize, Debug, ormx::Table)]
[INFO] [stdout]     |                                                  ^^^^^^^^^^^
[INFO] [stdout]     |
[INFO] [stdout]     = note: this error originates in the macro `$crate::sqlx_macros::expand_query` which comes from the expansion of the derive macro `ormx::Table` (in Nightly builds, run with -Z macro-backtrace for more info)
[INFO] [stdout] 
[INFO] [stdout] 
[INFO] [stdout] error: error communicating with database: Connection refused (os error 111)
[INFO] [stdout]    --> src/model.rs:111:50
[INFO] [stdout]     |
[INFO] [stdout] 111 | #[derive(FromRow, Serialize, Deserialize, Debug, ormx::Table)]
[INFO] [stdout]     |                                                  ^^^^^^^^^^^
[INFO] [stdout]     |
[INFO] [stdout]     = note: this error originates in the macro `$crate::sqlx_macros::expand_query` which comes from the expansion of the derive macro `ormx::Table` (in Nightly builds, run with -Z macro-backtrace for more info)
[INFO] [stdout] 
[INFO] [stdout] 
[INFO] [stdout] error: error communicating with database: Connection refused (os error 111)
[INFO] [stdout]    --> src/model.rs:111:50
[INFO] [stdout]     |
[INFO] [stdout] 111 | #[derive(FromRow, Serialize, Deserialize, Debug, ormx::Table)]
[INFO] [stdout]     |                                                  ^^^^^^^^^^^
[INFO] [stdout]     |
[INFO] [stdout]     = note: this error originates in the macro `$crate::sqlx_macros::expand_query` which comes from the expansion of the derive macro `ormx::Table` (in Nightly builds, run with -Z macro-backtrace for more info)
[INFO] [stdout] 
[INFO] [stdout] 
[INFO] [stdout] error: error communicating with database: Connection refused (os error 111)
[INFO] [stdout]    --> src/model.rs:111:50
[INFO] [stdout]     |
[INFO] [stdout] 111 | #[derive(FromRow, Serialize, Deserialize, Debug, ormx::Table)]
[INFO] [stdout]     |                                                  ^^^^^^^^^^^
[INFO] [stdout]     |
[INFO] [stdout]     = note: this error originates in the macro `$crate::sqlx_macros::expand_query` which comes from the expansion of the derive macro `ormx::Table` (in Nightly builds, run with -Z macro-backtrace for more info)
[INFO] [stdout] 
[INFO] [stdout] 
[INFO] [stdout] error: error communicating with database: Connection refused (os error 111)
[INFO] [stdout]    --> src/model.rs:111:50
[INFO] [stdout]     |
[INFO] [stdout] 111 | #[derive(FromRow, Serialize, Deserialize, Debug, ormx::Table)]
[INFO] [stdout]     |                                                  ^^^^^^^^^^^
[INFO] [stdout]     |
[INFO] [stdout]     = note: this error originates in the macro `$crate::sqlx_macros::expand_query` which comes from the expansion of the derive macro `ormx::Table` (in Nightly builds, run with -Z macro-backtrace for more info)
[INFO] [stdout] 
[INFO] [stdout] 
[INFO] [stdout] error: error communicating with database: Connection refused (os error 111)
[INFO] [stdout]    --> src/model.rs:124:9
[INFO] [stdout]     |
[INFO] [stdout] 124 | /         sqlx::query_as!(
[INFO] [stdout] 125 | |             Player,
[INFO] [stdout] 126 | |             "SELECT * FROM players WHERE REPLACE(UPPER(last_name), ' ', '-') LIKE UPPER($1);",
[INFO] [stdout] 127 | |             name
[INFO] [stdout] 128 | |         )
[INFO] [stdout]     | |_________^
[INFO] [stdout]     |
[INFO] [stdout]     = note: this error originates in the macro `$crate::sqlx_macros::expand_query` which comes from the expansion of the macro `sqlx::query_as` (in Nightly builds, run with -Z macro-backtrace for more info)
[INFO] [stdout] 
[INFO] [stdout] 
[INFO] [stdout] error: error communicating with database: Connection refused (os error 111)
[INFO] [stdout]    --> src/model.rs:135:50
[INFO] [stdout]     |
[INFO] [stdout] 135 | #[derive(FromRow, Deserialize, Serialize, Debug, ormx::Patch)]
[INFO] [stdout]     |                                                  ^^^^^^^^^^^
[INFO] [stdout]     |
[INFO] [stdout]     = note: this error originates in the macro `$crate::sqlx_macros::expand_query` which comes from the expansion of the derive macro `ormx::Patch` (in Nightly builds, run with -Z macro-backtrace for more info)
[INFO] [stdout] 
[INFO] [stdout] 
[INFO] [stdout] error: error communicating with database: Connection refused (os error 111)
[INFO] [stdout]    --> src/model.rs:144:50
[INFO] [stdout]     |
[INFO] [stdout] 144 | #[derive(FromRow, Deserialize, Serialize, Debug, ormx::Table)]
[INFO] [stdout]     |                                                  ^^^^^^^^^^^
[INFO] [stdout]     |
[INFO] [stdout]     = note: this error originates in the macro `$crate::sqlx_macros::expand_query` which comes from the expansion of the derive macro `ormx::Table` (in Nightly builds, run with -Z macro-backtrace for more info)
[INFO] [stdout] 
[INFO] [stdout] 
[INFO] [stdout] error: error communicating with database: Connection refused (os error 111)
[INFO] [stdout]    --> src/model.rs:144:50
[INFO] [stdout]     |
[INFO] [stdout] 144 | #[derive(FromRow, Deserialize, Serialize, Debug, ormx::Table)]
[INFO] [stdout]     |                                                  ^^^^^^^^^^^
[INFO] [stdout]     |
[INFO] [stdout]     = note: this error originates in the macro `$crate::sqlx_macros::expand_query` which comes from the expansion of the derive macro `ormx::Table` (in Nightly builds, run with -Z macro-backtrace for more info)
[INFO] [stdout] 
[INFO] [stdout] 
[INFO] [stdout] error: error communicating with database: Connection refused (os error 111)
[INFO] [stdout]    --> src/model.rs:144:50
[INFO] [stdout]     |
[INFO] [stdout] 144 | #[derive(FromRow, Deserialize, Serialize, Debug, ormx::Table)]
[INFO] [stdout]     |                                                  ^^^^^^^^^^^
[INFO] [stdout]     |
[INFO] [stdout]     = note: this error originates in the macro `$crate::sqlx_macros::expand_query` which comes from the expansion of the derive macro `ormx::Table` (in Nightly builds, run with -Z macro-backtrace for more info)
[INFO] [stdout] 
[INFO] [stdout] 
[INFO] [stdout] error: error communicating with database: Connection refused (os error 111)
[INFO] [stdout]    --> src/model.rs:144:50
[INFO] [stdout]     |
[INFO] [stdout] 144 | #[derive(FromRow, Deserialize, Serialize, Debug, ormx::Table)]
[INFO] [stdout]     |                                                  ^^^^^^^^^^^
[INFO] [stdout]     |
[INFO] [stdout]     = note: this error originates in the macro `$crate::sqlx_macros::expand_query` which comes from the expansion of the derive macro `ormx::Table` (in Nightly builds, run with -Z macro-backtrace for more info)
[INFO] [stdout] 
[INFO] [stdout] 
[INFO] [stdout] error: error communicating with database: Connection refused (os error 111)
[INFO] [stdout]    --> src/model.rs:144:50
[INFO] [stdout]     |
[INFO] [stdout] 144 | #[derive(FromRow, Deserialize, Serialize, Debug, ormx::Table)]
[INFO] [stdout]     |                                                  ^^^^^^^^^^^
[INFO] [stdout]     |
[INFO] [stdout]     = note: this error originates in the macro `$crate::sqlx_macros::expand_query` which comes from the expansion of the derive macro `ormx::Table` (in Nightly builds, run with -Z macro-backtrace for more info)
[INFO] [stdout] 
[INFO] [stdout] 
[INFO] [stdout] error: error communicating with database: Connection refused (os error 111)
[INFO] [stdout]    --> src/model.rs:144:50
[INFO] [stdout]     |
[INFO] [stdout] 144 | #[derive(FromRow, Deserialize, Serialize, Debug, ormx::Table)]
[INFO] [stdout]     |                                                  ^^^^^^^^^^^
[INFO] [stdout]     |
[INFO] [stdout]     = note: this error originates in the macro `$crate::sqlx_macros::expand_query` which comes from the expansion of the derive macro `ormx::Table` (in Nightly builds, run with -Z macro-backtrace for more info)
[INFO] [stdout] 
[INFO] [stdout] 
[INFO] [stdout] error: error communicating with database: Connection refused (os error 111)
[INFO] [stdout]    --> src/model.rs:163:50
[INFO] [stdout]     |
[INFO] [stdout] 163 | #[derive(FromRow, Deserialize, Serialize, Debug, ormx::Table)]
[INFO] [stdout]     |                                                  ^^^^^^^^^^^
[INFO] [stdout]     |
[INFO] [stdout]     = note: this error originates in the macro `$crate::sqlx_macros::expand_query` which comes from the expansion of the derive macro `ormx::Table` (in Nightly builds, run with -Z macro-backtrace for more info)
[INFO] [stdout] 
[INFO] [stdout] 
[INFO] [stdout] error: error communicating with database: Connection refused (os error 111)
[INFO] [stdout]    --> src/model.rs:163:50
[INFO] [stdout]     |
[INFO] [stdout] 163 | #[derive(FromRow, Deserialize, Serialize, Debug, ormx::Table)]
[INFO] [stdout]     |                                                  ^^^^^^^^^^^
[INFO] [stdout]     |
[INFO] [stdout]     = note: this error originates in the macro `$crate::sqlx_macros::expand_query` which comes from the expansion of the derive macro `ormx::Table` (in Nightly builds, run with -Z macro-backtrace for more info)
[INFO] [stdout] 
[INFO] [stdout] 
[INFO] [stdout] error: error communicating with database: Connection refused (os error 111)
[INFO] [stdout]    --> src/model.rs:163:50
[INFO] [stdout]     |
[INFO] [stdout] 163 | #[derive(FromRow, Deserialize, Serialize, Debug, ormx::Table)]
[INFO] [stdout]     |                                                  ^^^^^^^^^^^
[INFO] [stdout]     |
[INFO] [stdout]     = note: this error originates in the macro `$crate::sqlx_macros::expand_query` which comes from the expansion of the derive macro `ormx::Table` (in Nightly builds, run with -Z macro-backtrace for more info)
[INFO] [stdout] 
[INFO] [stdout] 
[INFO] [stdout] error: error communicating with database: Connection refused (os error 111)
[INFO] [stdout]    --> src/model.rs:163:50
[INFO] [stdout]     |
[INFO] [stdout] 163 | #[derive(FromRow, Deserialize, Serialize, Debug, ormx::Table)]
[INFO] [stdout]     |                                                  ^^^^^^^^^^^
[INFO] [stdout]     |
[INFO] [stdout]     = note: this error originates in the macro `$crate::sqlx_macros::expand_query` which comes from the expansion of the derive macro `ormx::Table` (in Nightly builds, run with -Z macro-backtrace for more info)
[INFO] [stdout] 
[INFO] [stdout] 
[INFO] [stdout] error: error communicating with database: Connection refused (os error 111)
[INFO] [stdout]    --> src/model.rs:163:50
[INFO] [stdout]     |
[INFO] [stdout] 163 | #[derive(FromRow, Deserialize, Serialize, Debug, ormx::Table)]
[INFO] [stdout]     |                                                  ^^^^^^^^^^^
[INFO] [stdout]     |
[INFO] [stdout]     = note: this error originates in the macro `$crate::sqlx_macros::expand_query` which comes from the expansion of the derive macro `ormx::Table` (in Nightly builds, run with -Z macro-backtrace for more info)
[INFO] [stdout] 
[INFO] [stdout] 
[INFO] [stdout] error: error communicating with database: Connection refused (os error 111)
[INFO] [stdout]    --> src/model.rs:163:50
[INFO] [stdout]     |
[INFO] [stdout] 163 | #[derive(FromRow, Deserialize, Serialize, Debug, ormx::Table)]
[INFO] [stdout]     |                                                  ^^^^^^^^^^^
[INFO] [stdout]     |
[INFO] [stdout]     = note: this error originates in the macro `$crate::sqlx_macros::expand_query` which comes from the expansion of the derive macro `ormx::Table` (in Nightly builds, run with -Z macro-backtrace for more info)
[INFO] [stdout] 
[INFO] [stdout] 
[INFO] [stdout] error: error communicating with database: Connection refused (os error 111)
[INFO] [stdout]    --> src/model.rs:174:50
[INFO] [stdout]     |
[INFO] [stdout] 174 | #[derive(FromRow, Deserialize, Serialize, Debug, NameTableName)]
[INFO] [stdout]     |                                                  ^^^^^^^^^^^^^
[INFO] [stdout]     |
[INFO] [stdout]     = note: this error originates in the macro `$crate::sqlx_macros::expand_query` which comes from the expansion of the derive macro `NameTableName` (in Nightly builds, run with -Z macro-backtrace for more info)
[INFO] [stdout] 
[INFO] [stdout] 
[INFO] [stdout] error: error communicating with database: Connection refused (os error 111)
[INFO] [stdout]    --> src/model.rs:174:50
[INFO] [stdout]     |
[INFO] [stdout] 174 | #[derive(FromRow, Deserialize, Serialize, Debug, NameTableName)]
[INFO] [stdout]     |                                                  ^^^^^^^^^^^^^
[INFO] [stdout]     |
[INFO] [stdout]     = note: this error originates in the macro `$crate::sqlx_macros::expand_query` which comes from the expansion of the derive macro `NameTableName` (in Nightly builds, run with -Z macro-backtrace for more info)
[INFO] [stdout] 
[INFO] [stdout] 
[INFO] [stdout] error: error communicating with database: Connection refused (os error 111)
[INFO] [stdout]    --> src/model.rs:174:50
[INFO] [stdout]     |
[INFO] [stdout] 174 | #[derive(FromRow, Deserialize, Serialize, Debug, NameTableName)]
[INFO] [stdout]     |                                                  ^^^^^^^^^^^^^
[INFO] [stdout]     |
[INFO] [stdout]     = note: this error originates in the macro `$crate::sqlx_macros::expand_query` which comes from the expansion of the derive macro `NameTableName` (in Nightly builds, run with -Z macro-backtrace for more info)
[INFO] [stdout] 
[INFO] [stdout] 
[INFO] [stdout] error: error communicating with database: Connection refused (os error 111)
[INFO] [stdout]    --> src/model.rs:193:50
[INFO] [stdout]     |
[INFO] [stdout] 193 | #[derive(FromRow, Deserialize, Serialize, Debug, ormx::Table)]
[INFO] [stdout]     |                                                  ^^^^^^^^^^^
[INFO] [stdout]     |
[INFO] [stdout]     = note: this error originates in the macro `$crate::sqlx_macros::expand_query` which comes from the expansion of the derive macro `ormx::Table` (in Nightly builds, run with -Z macro-backtrace for more info)
[INFO] [stdout] 
[INFO] [stdout] 
[INFO] [stdout] error: error communicating with database: Connection refused (os error 111)
[INFO] [stdout]    --> src/model.rs:193:50
[INFO] [stdout]     |
[INFO] [stdout] 193 | #[derive(FromRow, Deserialize, Serialize, Debug, ormx::Table)]
[INFO] [stdout]     |                                                  ^^^^^^^^^^^
[INFO] [stdout]     |
[INFO] [stdout]     = note: this error originates in the macro `$crate::sqlx_macros::expand_query` which comes from the expansion of the derive macro `ormx::Table` (in Nightly builds, run with -Z macro-backtrace for more info)
[INFO] [stdout] 
[INFO] [stdout] 
[INFO] [stdout] error: error communicating with database: Connection refused (os error 111)
[INFO] [stdout]    --> src/model.rs:193:50
[INFO] [stdout]     |
[INFO] [stdout] 193 | #[derive(FromRow, Deserialize, Serialize, Debug, ormx::Table)]
[INFO] [stdout]     |                                                  ^^^^^^^^^^^
[INFO] [stdout]     |
[INFO] [stdout]     = note: this error originates in the macro `$crate::sqlx_macros::expand_query` which comes from the expansion of the derive macro `ormx::Table` (in Nightly builds, run with -Z macro-backtrace for more info)
[INFO] [stdout] 
[INFO] [stdout] 
[INFO] [stdout] error: error communicating with database: Connection refused (os error 111)
[INFO] [stdout]    --> src/model.rs:193:50
[INFO] [stdout]     |
[INFO] [stdout] 193 | #[derive(FromRow, Deserialize, Serialize, Debug, ormx::Table)]
[INFO] [stdout]     |                                                  ^^^^^^^^^^^
[INFO] [stdout]     |
[INFO] [stdout]     = note: this error originates in the macro `$crate::sqlx_macros::expand_query` which comes from the expansion of the derive macro `ormx::Table` (in Nightly builds, run with -Z macro-backtrace for more info)
[INFO] [stdout] 
[INFO] [stdout] 
[INFO] [stdout] error: error communicating with database: Connection refused (os error 111)
[INFO] [stdout]    --> src/model.rs:193:50
[INFO] [stdout]     |
[INFO] [stdout] 193 | #[derive(FromRow, Deserialize, Serialize, Debug, ormx::Table)]
[INFO] [stdout]     |                                                  ^^^^^^^^^^^
[INFO] [stdout]     |
[INFO] [stdout]     = note: this error originates in the macro `$crate::sqlx_macros::expand_query` which comes from the expansion of the derive macro `ormx::Table` (in Nightly builds, run with -Z macro-backtrace for more info)
[INFO] [stdout] 
[INFO] [stdout] 
[INFO] [stdout] error: error communicating with database: Connection refused (os error 111)
[INFO] [stdout]    --> src/model.rs:193:50
[INFO] [stdout]     |
[INFO] [stdout] 193 | #[derive(FromRow, Deserialize, Serialize, Debug, ormx::Table)]
[INFO] [stdout]     |                                                  ^^^^^^^^^^^
[INFO] [stdout]     |
[INFO] [stdout]     = note: this error originates in the macro `$crate::sqlx_macros::expand_query` which comes from the expansion of the derive macro `ormx::Table` (in Nightly builds, run with -Z macro-backtrace for more info)
[INFO] [stdout] 
[INFO] [stdout] 
[INFO] [stdout] error: error communicating with database: Connection refused (os error 111)
[INFO] [stdout]    --> src/model.rs:193:50
[INFO] [stdout]     |
[INFO] [stdout] 193 | #[derive(FromRow, Deserialize, Serialize, Debug, ormx::Table)]
[INFO] [stdout]     |                                                  ^^^^^^^^^^^
[INFO] [stdout]     |
[INFO] [stdout]     = note: this error originates in the macro `$crate::sqlx_macros::expand_query` which comes from the expansion of the derive macro `ormx::Table` (in Nightly builds, run with -Z macro-backtrace for more info)
[INFO] [stdout] 
[INFO] [stdout] 
[INFO] [stdout] error: error communicating with database: Connection refused (os error 111)
[INFO] [stdout]    --> src/views.rs:329:5
[INFO] [stdout]     |
[INFO] [stdout] 329 | /     sqlx::query_as!(
[INFO] [stdout] 330 | |       IihfStatsI64,
[INFO] [stdout] 331 | |         r#"
[INFO] [stdout] 332 | | SELECT
[INFO] [stdout] ...   |
[INFO] [stdout] 345 | |     division_id, lang
[INFO] [stdout] 346 | |     )
[INFO] [stdout]     | |_____^
[INFO] [stdout]     |
[INFO] [stdout]     = note: this error originates in the macro `$crate::sqlx_macros::expand_query` which comes from the expansion of the macro `sqlx::query_as` (in Nightly builds, run with -Z macro-backtrace for more info)
[INFO] [stdout] 
[INFO] [stdout] 
[INFO] [stdout] error: error communicating with database: Connection refused (os error 111)
[INFO] [stdout]    --> src/views.rs:367:5
[INFO] [stdout]     |
[INFO] [stdout] 367 | /                 sqlx::query_as!(
[INFO] [stdout] 368 | |                     League,
[INFO] [stdout] 369 | |   r#"SELECT leagues.*,team_name(teams.id, $2) AS name
[INFO] [stdout] 370 | |   FROM players
[INFO] [stdout] ...   |
[INFO] [stdout] 379 | |                     id, lang
[INFO] [stdout] 380 | |                 )
[INFO] [stdout]     | |_________________^
[INFO] [stdout]     |
[INFO] [stdout]     = note: this error originates in the macro `$crate::sqlx_macros::expand_query` which comes from the expansion of the macro `sqlx::query_as` (in Nightly builds, run with -Z macro-backtrace for more info)
[INFO] [stdout] 
[INFO] [stdout] 
[INFO] [stdout] warning: unused imports: `Locale`, `SupportedLanguage`, and `VERSION`
[INFO] [stdout]  --> src/forms.rs:1:13
[INFO] [stdout]   |
[INFO] [stdout] 1 | use crate::{SupportedLanguage, Locale, VERSION};
[INFO] [stdout]   |             ^^^^^^^^^^^^^^^^^  ^^^^^^  ^^^^^^^
[INFO] [stdout]   |
[INFO] [stdout]   = note: `#[warn(unused_imports)]` (part of `#[warn(unused)]`) on by default
[INFO] [stdout] 
[INFO] [stdout] 
[INFO] [stdout] warning: unused import: `axum::Form`
[INFO] [stdout]  --> src/forms.rs:2:5
[INFO] [stdout]   |
[INFO] [stdout] 2 | use axum::Form;
[INFO] [stdout]   |     ^^^^^^^^^^
[INFO] [stdout] 
[INFO] [stdout] 
[INFO] [stdout] warning: unused import: `askama_axum::Template`
[INFO] [stdout]  --> src/forms.rs:3:5
[INFO] [stdout]   |
[INFO] [stdout] 3 | use askama_axum::Template;
[INFO] [stdout]   |     ^^^^^^^^^^^^^^^^^^^^^
[INFO] [stdout] 
[INFO] [stdout] 
[INFO] [stdout] warning: unused import: `Form`
[INFO] [stdout]   --> src/main.rs:90:5
[INFO] [stdout]    |
[INFO] [stdout] 90 |     Form,
[INFO] [stdout]    |     ^^^^
[INFO] [stdout] 
[INFO] [stdout] 
[INFO] [stderr] error: could not compile `ibihf` (bin "ibihf") due to 53 previous errors; 4 warnings emitted
[INFO] running `Command { std: "docker" "inspect" "b156f191407f903a99c6dd46c34a39e17c2aec74d5fdd9d3f71873ae4186d70c", kill_on_drop: false }`
[INFO] running `Command { std: "docker" "rm" "-f" "b156f191407f903a99c6dd46c34a39e17c2aec74d5fdd9d3f71873ae4186d70c", kill_on_drop: false }`
[INFO] [stdout] b156f191407f903a99c6dd46c34a39e17c2aec74d5fdd9d3f71873ae4186d70c
