[INFO] cloning repository https://github.com/ianm199/darkhttpd-rs
[INFO] running `Command { std: "git" "-c" "credential.helper=" "-c" "credential.helper=/workspace/cargo-home/bin/git-credential-null" "clone" "--bare" "https://github.com/ianm199/darkhttpd-rs" "/workspace/cache/git-repos/https%3A%2F%2Fgithub.com%2Fianm199%2Fdarkhttpd-rs", kill_on_drop: false }`
[INFO] [stderr] Cloning into bare repository '/workspace/cache/git-repos/https%3A%2F%2Fgithub.com%2Fianm199%2Fdarkhttpd-rs'...
[INFO] running `Command { std: "git" "rev-parse" "HEAD", kill_on_drop: false }`
[INFO] [stdout] 357aa75deb8084bc070e74b3d4495fa854d5c17d
[INFO] testing ianm199/darkhttpd-rs against 1.98.0-beta.8+cargoflags=--release for beta-release-1.99-2
[INFO] running `Command { std: "git" "clone" "/workspace/cache/git-repos/https%3A%2F%2Fgithub.com%2Fianm199%2Fdarkhttpd-rs" "/workspace/builds/worker-6-tc1/source", kill_on_drop: false }`
[INFO] [stderr] Cloning into '/workspace/builds/worker-6-tc1/source'...
[INFO] [stderr] done.
[INFO] started tweaking git repo https://github.com/ianm199/darkhttpd-rs
[INFO] finished tweaking git repo https://github.com/ianm199/darkhttpd-rs
[INFO] tweaked toml for git repo https://github.com/ianm199/darkhttpd-rs written to /workspace/builds/worker-6-tc1/source/Cargo.toml
[INFO] validating manifest of git repo https://github.com/ianm199/darkhttpd-rs on toolchain 1.98.0-beta.8
[INFO] running `Command { std: CARGO_HOME="/workspace/cargo-home" RUSTUP_HOME="/workspace/rustup-home" "/workspace/cargo-home/bin/cargo" "+1.98.0-beta.8" "metadata" "--manifest-path" "Cargo.toml" "--no-deps", kill_on_drop: false }`
[INFO] crate git repo https://github.com/ianm199/darkhttpd-rs already has a lockfile, it will not be regenerated
[INFO] running `Command { std: CARGO_HOME="/workspace/cargo-home" RUSTUP_HOME="/workspace/rustup-home" "/workspace/cargo-home/bin/cargo" "+1.98.0-beta.8" "fetch" "--manifest-path" "Cargo.toml", kill_on_drop: false }`
[INFO] [stderr]  Downloading crates ...
[INFO] [stderr]   Downloaded nix v0.27.1
[INFO] running `Command { std: "docker" "create" "-v" "/var/lib/crater-agent-workspace/builds/worker-6-tc1/source:/opt/rustwide/workdir:ro,Z" "-v" "/var/lib/crater-agent-workspace/builds/worker-6-tc1/target:/opt/rustwide/target:rw,Z" "-v" "/var/lib/crater-agent-workspace/cargo-home:/opt/rustwide/cargo-home:ro,Z" "-v" "/var/lib/crater-agent-workspace/rustup-home:/opt/rustwide/rustup-home:ro,Z" "-m" "1610612736" "--network" "none" "ghcr.io/rust-lang/crates-build-env/linux@sha256:8683fc1fc2eb5c9ac98e0d076ab094b2ffac7f99da555d2b6a2e27f346de2ec7" "sleep" "infinity", kill_on_drop: false }`
[INFO] [stdout] d5a32647521b0f3a743291d9918349ac19d1e64853805d1d1d450fa30b565ef1
[INFO] running `Command { std: "docker" "start" "d5a32647521b0f3a743291d9918349ac19d1e64853805d1d1d450fa30b565ef1", kill_on_drop: false }`
[INFO] running `Command { std: "docker" "inspect" "d5a32647521b0f3a743291d9918349ac19d1e64853805d1d1d450fa30b565ef1", kill_on_drop: false }`
[INFO] running `Command { std: "docker" "exec" "-e" "SOURCE_DIR=/opt/rustwide/workdir" "-e" "CARGO_HOME=/opt/rustwide/cargo-home" "-e" "RUSTUP_HOME=/opt/rustwide/rustup-home" "-e" "CARGO_TARGET_DIR=/opt/rustwide/target" "-w" "/opt/rustwide/workdir" "--user" "0:0" "d5a32647521b0f3a743291d9918349ac19d1e64853805d1d1d450fa30b565ef1" "/opt/rustwide/cargo-home/bin/cargo" "+1.98.0-beta.8" "metadata" "--no-deps" "--format-version=1", kill_on_drop: false }`
[INFO] running `Command { std: "docker" "inspect" "d5a32647521b0f3a743291d9918349ac19d1e64853805d1d1d450fa30b565ef1", kill_on_drop: false }`
[INFO] running `Command { std: "docker" "exec" "-e" "SOURCE_DIR=/opt/rustwide/workdir" "-e" "CARGO_HOME=/opt/rustwide/cargo-home" "-e" "RUSTUP_HOME=/opt/rustwide/rustup-home" "-e" "CARGO_TARGET_DIR=/opt/rustwide/target" "-e" "CARGO_INCREMENTAL=0" "-e" "RUST_BACKTRACE=full" "-e" "RUSTFLAGS=--cap-lints=warn" "-e" "RUSTDOCFLAGS=--cap-lints=warn" "-w" "/opt/rustwide/workdir" "--user" "0:0" "d5a32647521b0f3a743291d9918349ac19d1e64853805d1d1d450fa30b565ef1" "/opt/rustwide/cargo-home/bin/cargo" "+1.98.0-beta.8" "build" "--frozen" "--message-format=json" "--release", kill_on_drop: false }`
[INFO] [stderr]    Compiling libc v0.2.186
[INFO] [stderr]    Compiling darkhttpd-core v0.0.1 (/opt/rustwide/workdir/crates/darkhttpd-core)
[INFO] [stderr]    Compiling nix v0.27.1
[INFO] [stderr]    Compiling darkhttpd-os v0.0.1 (/opt/rustwide/workdir/crates/darkhttpd-os)
[INFO] [stdout] error[E0425]: cannot find function `tzset` in crate `libc`
[INFO] [stdout]    --> crates/darkhttpd-os/src/lib.rs:486:19
[INFO] [stdout]     |
[INFO] [stdout] 486 |             libc::tzset();
[INFO] [stdout]     |                   ^^^^^ not found in `libc`
[INFO] [stdout] 
[INFO] [stdout] 
[INFO] [stdout] error[E0277]: the trait bound `i32: AsFd` is not satisfied
[INFO] [stdout]    --> crates/darkhttpd-os/src/lib.rs:364:14
[INFO] [stdout]     |
[INFO] [stdout] 364 |     sendfile(out, in_, Some(&mut ofs), capped_len).map_err(nix_to_io)
[INFO] [stdout]     |     -------- ^^^ the trait `AsFd` is not implemented for `i32`
[INFO] [stdout]     |     |
[INFO] [stdout]     |     required by a bound introduced by this call
[INFO] [stdout]     |
[INFO] [stdout]     = help: the following other types implement trait `AsFd`:
[INFO] [stdout]               &T
[INFO] [stdout]               &mut T
[INFO] [stdout]               Arc<T>
[INFO] [stdout]               BorrowedFd<'_>
[INFO] [stdout]               Box<T>
[INFO] [stdout]               ChildStderr
[INFO] [stdout]               ChildStdin
[INFO] [stdout]               ChildStdout
[INFO] [stdout]             and 24 others
[INFO] [stdout] note: required by a bound in `nix::sys::sendfile::sendfile`
[INFO] [stdout]    --> /opt/rustwide/cargo-home/registry/src/index.crates.io-1949cf8c6b5b557f/nix-0.27.1/src/sys/sendfile.rs:26:21
[INFO] [stdout]     |
[INFO] [stdout]  26 | pub fn sendfile<F1: AsFd, F2: AsFd>(
[INFO] [stdout]     |                     ^^^^ required by this bound in `sendfile`
[INFO] [stdout] 
[INFO] [stdout] 
[INFO] [stdout] error[E0277]: the trait bound `i32: AsFd` is not satisfied
[INFO] [stdout]    --> crates/darkhttpd-os/src/lib.rs:364:19
[INFO] [stdout]     |
[INFO] [stdout] 364 |     sendfile(out, in_, Some(&mut ofs), capped_len).map_err(nix_to_io)
[INFO] [stdout]     |     --------      ^^^ the trait `AsFd` is not implemented for `i32`
[INFO] [stdout]     |     |
[INFO] [stdout]     |     required by a bound introduced by this call
[INFO] [stdout]     |
[INFO] [stdout]     = help: the following other types implement trait `AsFd`:
[INFO] [stdout]               &T
[INFO] [stdout]               &mut T
[INFO] [stdout]               Arc<T>
[INFO] [stdout]               BorrowedFd<'_>
[INFO] [stdout]               Box<T>
[INFO] [stdout]               ChildStderr
[INFO] [stdout]               ChildStdin
[INFO] [stdout]               ChildStdout
[INFO] [stdout]             and 24 others
[INFO] [stdout] note: required by a bound in `nix::sys::sendfile::sendfile`
[INFO] [stdout]    --> /opt/rustwide/cargo-home/registry/src/index.crates.io-1949cf8c6b5b557f/nix-0.27.1/src/sys/sendfile.rs:26:31
[INFO] [stdout]     |
[INFO] [stdout]  26 | pub fn sendfile<F1: AsFd, F2: AsFd>(
[INFO] [stdout]     |                               ^^^^ required by this bound in `sendfile`
[INFO] [stdout] 
[INFO] [stdout] 
[INFO] [stdout] Some errors have detailed explanations: E0277, E0425.
[INFO] [stdout] 
[INFO] [stdout] For more information about an error, try `rustc --explain E0277`.
[INFO] [stdout] 
[INFO] [stderr] error: could not compile `darkhttpd-os` (lib) due to 3 previous errors
[INFO] [stderr] warning: build failed, waiting for other jobs to finish...
[INFO] running `Command { std: "docker" "inspect" "d5a32647521b0f3a743291d9918349ac19d1e64853805d1d1d450fa30b565ef1", kill_on_drop: false }`
[INFO] running `Command { std: "docker" "rm" "-f" "d5a32647521b0f3a743291d9918349ac19d1e64853805d1d1d450fa30b565ef1", kill_on_drop: false }`
[INFO] [stdout] d5a32647521b0f3a743291d9918349ac19d1e64853805d1d1d450fa30b565ef1
