[INFO] cloning repository https://github.com/i-pu/ipuos
[INFO] running `Command { std: "git" "-c" "credential.helper=" "-c" "credential.helper=/workspace/cargo-home/bin/git-credential-null" "clone" "--bare" "https://github.com/i-pu/ipuos" "/workspace/cache/git-repos/https%3A%2F%2Fgithub.com%2Fi-pu%2Fipuos", kill_on_drop: false }`
[INFO] [stderr] Cloning into bare repository '/workspace/cache/git-repos/https%3A%2F%2Fgithub.com%2Fi-pu%2Fipuos'...
[INFO] running `Command { std: "git" "rev-parse" "HEAD", kill_on_drop: false }`
[INFO] [stdout] 284f44bd55d94e97a6338ca08d11f538702f81f1
[INFO] testing i-pu/ipuos against 1.99.0-beta.1+cargoflags=--release for beta-release-1.99-2
[INFO] running `Command { std: "git" "clone" "/workspace/cache/git-repos/https%3A%2F%2Fgithub.com%2Fi-pu%2Fipuos" "/workspace/builds/worker-5-tc2/source", kill_on_drop: false }`
[INFO] [stderr] Cloning into '/workspace/builds/worker-5-tc2/source'...
[INFO] [stderr] done.
[INFO] removed /workspace/builds/worker-5-tc2/source/.cargo/config.toml
[INFO] removed /workspace/builds/worker-5-tc2/source/rust-toolchain
[INFO] started tweaking git repo https://github.com/i-pu/ipuos
[INFO] finished tweaking git repo https://github.com/i-pu/ipuos
[INFO] tweaked toml for git repo https://github.com/i-pu/ipuos written to /workspace/builds/worker-5-tc2/source/Cargo.toml
[INFO] validating manifest of git repo https://github.com/i-pu/ipuos on toolchain 1.99.0-beta.1
[INFO] running `Command { std: CARGO_HOME="/workspace/cargo-home" RUSTUP_HOME="/workspace/rustup-home" "/workspace/cargo-home/bin/cargo" "+1.99.0-beta.1" "metadata" "--manifest-path" "Cargo.toml" "--no-deps", kill_on_drop: false }`
[INFO] crate git repo https://github.com/i-pu/ipuos already has a lockfile, it will not be regenerated
[INFO] running `Command { std: CARGO_HOME="/workspace/cargo-home" RUSTUP_HOME="/workspace/rustup-home" "/workspace/cargo-home/bin/cargo" "+1.99.0-beta.1" "fetch" "--manifest-path" "Cargo.toml", kill_on_drop: false }`
[INFO] running `Command { std: "docker" "create" "-v" "/var/lib/crater-agent-workspace/builds/worker-5-tc2/source:/opt/rustwide/workdir:ro,Z" "-v" "/var/lib/crater-agent-workspace/builds/worker-5-tc2/target:/opt/rustwide/target:rw,Z" "-v" "/var/lib/crater-agent-workspace/cargo-home:/opt/rustwide/cargo-home:ro,Z" "-v" "/var/lib/crater-agent-workspace/rustup-home:/opt/rustwide/rustup-home:ro,Z" "-m" "1610612736" "--network" "none" "ghcr.io/rust-lang/crates-build-env/linux@sha256:8683fc1fc2eb5c9ac98e0d076ab094b2ffac7f99da555d2b6a2e27f346de2ec7" "sleep" "infinity", kill_on_drop: false }`
[INFO] [stdout] 46cb30c5e6433068b5bb7cb0bcc068ce7f865b5983c993167a52e3b27e859708
[INFO] running `Command { std: "docker" "start" "46cb30c5e6433068b5bb7cb0bcc068ce7f865b5983c993167a52e3b27e859708", kill_on_drop: false }`
[INFO] running `Command { std: "docker" "inspect" "46cb30c5e6433068b5bb7cb0bcc068ce7f865b5983c993167a52e3b27e859708", kill_on_drop: false }`
[INFO] running `Command { std: "docker" "exec" "-e" "SOURCE_DIR=/opt/rustwide/workdir" "-e" "CARGO_HOME=/opt/rustwide/cargo-home" "-e" "RUSTUP_HOME=/opt/rustwide/rustup-home" "-e" "CARGO_TARGET_DIR=/opt/rustwide/target" "-w" "/opt/rustwide/workdir" "--user" "0:0" "46cb30c5e6433068b5bb7cb0bcc068ce7f865b5983c993167a52e3b27e859708" "/opt/rustwide/cargo-home/bin/cargo" "+1.99.0-beta.1" "metadata" "--no-deps" "--format-version=1", kill_on_drop: false }`
[INFO] running `Command { std: "docker" "inspect" "46cb30c5e6433068b5bb7cb0bcc068ce7f865b5983c993167a52e3b27e859708", kill_on_drop: false }`
[INFO] running `Command { std: "docker" "exec" "-e" "SOURCE_DIR=/opt/rustwide/workdir" "-e" "CARGO_HOME=/opt/rustwide/cargo-home" "-e" "RUSTUP_HOME=/opt/rustwide/rustup-home" "-e" "CARGO_TARGET_DIR=/opt/rustwide/target" "-e" "CARGO_INCREMENTAL=0" "-e" "RUST_BACKTRACE=full" "-e" "RUSTFLAGS=--cap-lints=warn" "-e" "RUSTDOCFLAGS=--cap-lints=warn" "-w" "/opt/rustwide/workdir" "--user" "0:0" "46cb30c5e6433068b5bb7cb0bcc068ce7f865b5983c993167a52e3b27e859708" "/opt/rustwide/cargo-home/bin/cargo" "+1.99.0-beta.1" "build" "--frozen" "--message-format=json" "--release", kill_on_drop: false }`
[INFO] [stderr]    Compiling rustversion v1.0.6
[INFO] [stderr]    Compiling bootloader v0.9.22
[INFO] [stderr]    Compiling volatile v0.4.4
[INFO] [stderr]    Compiling bitflags v1.3.2
[INFO] [stderr]    Compiling bit_field v0.10.1
[INFO] [stderr]    Compiling spin v0.5.2
[INFO] [stderr]    Compiling volatile v0.2.7
[INFO] [stderr]    Compiling lazy_static v1.4.0
[INFO] [stderr]    Compiling x86_64 v0.14.9
[INFO] [stdout] error[E0554]: `#![feature]` may not be used on the beta release channel
[INFO] [stdout]  --> /opt/rustwide/cargo-home/registry/src/index.crates.io-1949cf8c6b5b557f/x86_64-0.14.9/src/lib.rs:5:35
[INFO] [stdout]   |
[INFO] [stdout] 5 | #![cfg_attr(feature = "const_fn", feature(const_mut_refs))] // GDT add_entry()
[INFO] [stdout]   |                                   ^^^^^^^^^^^^^^^^^^^^^^^
[INFO] [stdout]   |
[INFO] [stdout]   = help: the feature `const_mut_refs` has been stable since `1.83.0` and no longer requires an attribute to enable
[INFO] [stdout] 
[INFO] [stdout] 
[INFO] [stdout] error[E0053]: method `steps_between` has an incompatible type for trait
[INFO] [stdout]    --> /opt/rustwide/cargo-home/registry/src/index.crates.io-1949cf8c6b5b557f/x86_64-0.14.9/src/addr.rs:343:51
[INFO] [stdout]     |
[INFO] [stdout] 343 |     fn steps_between(start: &Self, end: &Self) -> Option<usize> {
[INFO] [stdout]     |                                                   ^^^^^^^^^^^^^ expected `(usize, Option<usize>)`, found `Option<usize>`
[INFO] [stdout]     |
[INFO] [stdout]     = note: expected signature `fn(&VirtAddr, &VirtAddr) -> (usize, Option<usize>)`
[INFO] [stdout]                found signature `fn(&VirtAddr, &VirtAddr) -> Option<usize>`
[INFO] [stdout] help: change the output type to match the trait
[INFO] [stdout]     |
[INFO] [stdout] 343 -     fn steps_between(start: &Self, end: &Self) -> Option<usize> {
[INFO] [stdout] 343 +     fn steps_between(start: &Self, end: &Self) -> (usize, Option<usize>) {
[INFO] [stdout]     |
[INFO] [stdout] 
[INFO] [stdout] 
[INFO] [stdout] error[E0046]: not all trait items implemented, missing: `forward_overflowing`, `backward_overflowing`
[INFO] [stdout]    --> /opt/rustwide/cargo-home/registry/src/index.crates.io-1949cf8c6b5b557f/x86_64-0.14.9/src/addr.rs:342:1
[INFO] [stdout]     |
[INFO] [stdout] 342 | impl Step for VirtAddr {
[INFO] [stdout]     | ^^^^^^^^^^^^^^^^^^^^^^ missing `forward_overflowing`, `backward_overflowing` in implementation
[INFO] [stdout]     |
[INFO] [stdout]     = help: implement the missing item: `fn forward_overflowing(_: Self, _: usize) -> (Self, bool) { todo!() }`
[INFO] [stdout]     = help: implement the missing item: `fn backward_overflowing(_: Self, _: usize) -> (Self, bool) { todo!() }`
[INFO] [stdout] 
[INFO] [stdout] 
[INFO] [stdout] error[E0053]: method `steps_between` has an incompatible type for trait
[INFO] [stdout]    --> /opt/rustwide/cargo-home/registry/src/index.crates.io-1949cf8c6b5b557f/x86_64-0.14.9/src/structures/paging/page.rs:272:51
[INFO] [stdout]     |
[INFO] [stdout] 272 |     fn steps_between(start: &Self, end: &Self) -> Option<usize> {
[INFO] [stdout]     |                                                   ^^^^^^^^^^^^^ expected `(usize, Option<usize>)`, found `Option<usize>`
[INFO] [stdout]     |
[INFO] [stdout]     = note: expected signature `fn(&Page<_>, &Page<_>) -> (usize, Option<usize>)`
[INFO] [stdout]                found signature `fn(&Page<_>, &Page<_>) -> Option<usize>`
[INFO] [stdout] help: change the output type to match the trait
[INFO] [stdout]     |
[INFO] [stdout] 272 -     fn steps_between(start: &Self, end: &Self) -> Option<usize> {
[INFO] [stdout] 272 +     fn steps_between(start: &Self, end: &Self) -> (usize, Option<usize>) {
[INFO] [stdout]     |
[INFO] [stdout] 
[INFO] [stdout] 
[INFO] [stdout] error[E0046]: not all trait items implemented, missing: `forward_overflowing`, `backward_overflowing`
[INFO] [stdout]    --> /opt/rustwide/cargo-home/registry/src/index.crates.io-1949cf8c6b5b557f/x86_64-0.14.9/src/structures/paging/page.rs:271:1
[INFO] [stdout]     |
[INFO] [stdout] 271 | impl<S: PageSize> Step for Page<S> {
[INFO] [stdout]     | ^^^^^^^^^^^^^^^^^^^^^^^^^^^^^^^^^^ missing `forward_overflowing`, `backward_overflowing` in implementation
[INFO] [stdout]     |
[INFO] [stdout]     = help: implement the missing item: `fn forward_overflowing(_: Self, _: usize) -> (Self, bool) { todo!() }`
[INFO] [stdout]     = help: implement the missing item: `fn backward_overflowing(_: Self, _: usize) -> (Self, bool) { todo!() }`
[INFO] [stdout] 
[INFO] [stdout] 
[INFO] [stdout] error[E0599]: `(usize, Option<usize>)` is not an iterator
[INFO] [stdout]    --> /opt/rustwide/cargo-home/registry/src/index.crates.io-1949cf8c6b5b557f/x86_64-0.14.9/src/structures/paging/page.rs:274:14
[INFO] [stdout]     |
[INFO] [stdout] 273 | /         Step::steps_between(&start.start_address, &end.start_address)
[INFO] [stdout] 274 | |             .map(|steps| steps / S::SIZE as usize)
[INFO] [stdout]     | |             -^^^ `(usize, Option<usize>)` is not an iterator
[INFO] [stdout]     | |_____________|
[INFO] [stdout]     |
[INFO] [stdout]     |
[INFO] [stdout]     = note: the following trait bounds were not satisfied:
[INFO] [stdout]             `(usize, Option<usize>): Iterator`
[INFO] [stdout]             which is required by `&mut (usize, Option<usize>): Iterator`
[INFO] [stdout] 
[INFO] [stdout] 
[INFO] [stdout] Some errors have detailed explanations: E0046, E0053, E0554, E0599.
[INFO] [stdout] 
[INFO] [stdout] For more information about an error, try `rustc --explain E0046`.
[INFO] [stdout] 
[INFO] [stderr] error: could not compile `x86_64` (lib) due to 6 previous errors
[INFO] running `Command { std: "docker" "inspect" "46cb30c5e6433068b5bb7cb0bcc068ce7f865b5983c993167a52e3b27e859708", kill_on_drop: false }`
[INFO] running `Command { std: "docker" "rm" "-f" "46cb30c5e6433068b5bb7cb0bcc068ce7f865b5983c993167a52e3b27e859708", kill_on_drop: false }`
[INFO] [stdout] 46cb30c5e6433068b5bb7cb0bcc068ce7f865b5983c993167a52e3b27e859708
