[INFO] cloning repository https://github.com/e-oz/ssl_test
[INFO] running `Command { std: "git" "-c" "credential.helper=" "-c" "credential.helper=/workspace/cargo-home/bin/git-credential-null" "clone" "--bare" "https://github.com/e-oz/ssl_test" "/workspace/cache/git-repos/https%3A%2F%2Fgithub.com%2Fe-oz%2Fssl_test", kill_on_drop: false }`
[INFO] [stderr] Cloning into bare repository '/workspace/cache/git-repos/https%3A%2F%2Fgithub.com%2Fe-oz%2Fssl_test'...
[INFO] running `Command { std: "git" "rev-parse" "HEAD", kill_on_drop: false }`
[INFO] [stdout] 2f8502eee281f09b3b1b5614d062d47007da1254
[INFO] testing e-oz/ssl_test against 1.98.0-beta.8+cargoflags=--release for beta-release-1.99-2
[INFO] running `Command { std: "git" "clone" "/workspace/cache/git-repos/https%3A%2F%2Fgithub.com%2Fe-oz%2Fssl_test" "/workspace/builds/worker-2-tc1/source", kill_on_drop: false }`
[INFO] [stderr] Cloning into '/workspace/builds/worker-2-tc1/source'...
[INFO] [stderr] done.
[INFO] started tweaking git repo https://github.com/e-oz/ssl_test
[INFO] finished tweaking git repo https://github.com/e-oz/ssl_test
[INFO] tweaked toml for git repo https://github.com/e-oz/ssl_test written to /workspace/builds/worker-2-tc1/source/Cargo.toml
[INFO] validating manifest of git repo https://github.com/e-oz/ssl_test on toolchain 1.98.0-beta.8
[INFO] running `Command { std: CARGO_HOME="/workspace/cargo-home" RUSTUP_HOME="/workspace/rustup-home" "/workspace/cargo-home/bin/cargo" "+1.98.0-beta.8" "metadata" "--manifest-path" "Cargo.toml" "--no-deps", kill_on_drop: false }`
[INFO] crate git repo https://github.com/e-oz/ssl_test already has a lockfile, it will not be regenerated
[INFO] running `Command { std: CARGO_HOME="/workspace/cargo-home" RUSTUP_HOME="/workspace/rustup-home" "/workspace/cargo-home/bin/cargo" "+1.98.0-beta.8" "fetch" "--manifest-path" "Cargo.toml", kill_on_drop: false }`
[INFO] [stderr] warning: Cargo.toml: `package.edition` is unspecified, defaulting to `2015` while the latest is `2024`
[INFO] [stderr] warning: `ssl_test` (manifest) generated 1 warning
[INFO] [stderr]     Updating crates.io index
[INFO] [stderr]     Updating git repository `https://github.com/e-oz/rusoto`
[INFO] [stderr]     Updating git submodule `https://github.com/boto/botocore.git`
[INFO] [stderr]     Updating git repository `https://github.com/e-oz/hyper`
[INFO] [stderr]  Downloading crates ...
[INFO] [stderr]   Downloaded openssl-sys v0.9.3
[INFO] [stderr]   Downloaded pkg-config v0.3.8
[INFO] [stderr]   Downloaded ssh2 v0.3.1
[INFO] [stderr]   Downloaded libc v0.2.18
[INFO] [stderr]   Downloaded syntex v0.50.0
[INFO] [stderr]   Downloaded memchr v0.1.11
[INFO] [stderr]   Downloaded traitobject v0.0.1
[INFO] [stderr]   Downloaded lazy_static v0.2.2
[INFO] [stderr]   Downloaded serde_codegen_internals v0.11.2
[INFO] [stderr]   Downloaded quote v0.3.10
[INFO] [stderr]   Downloaded untrusted v0.3.2
[INFO] [stderr]   Downloaded reqwest v0.2.0
[INFO] [stderr]   Downloaded serde_urlencoded v0.3.0
[INFO] [stderr]   Downloaded unicode-xid v0.0.3
[INFO] [stderr]   Downloaded security-framework-sys v0.1.10
[INFO] [stderr]   Downloaded thread_local v0.2.7
[INFO] [stderr]   Downloaded thread-id v2.0.0
[INFO] [stderr]   Downloaded itoa v0.1.1
[INFO] [stderr]   Downloaded mime v0.2.2
[INFO] [stderr]   Downloaded num-integer v0.1.32
[INFO] [stderr]   Downloaded core-foundation-sys v0.2.2
[INFO] [stderr]   Downloaded dtoa v0.2.2
[INFO] [stderr]   Downloaded utf8-ranges v0.1.3
[INFO] [stderr]   Downloaded num_cpus v1.2.0
[INFO] [stderr]   Downloaded md5 v0.2.1
[INFO] [stderr]   Downloaded log v0.3.6
[INFO] [stderr]   Downloaded num-iter v0.1.32
[INFO] [stderr]   Downloaded core-foundation v0.2.2
[INFO] [stderr]   Downloaded syntex_pos v0.50.0
[INFO] [stderr]   Downloaded cmake v0.1.20
[INFO] [stderr]   Downloaded cookie v0.2.5
[INFO] [stderr]   Downloaded Inflector v0.6.0
[INFO] [stderr]   Downloaded num-traits v0.1.36
[INFO] [stderr]   Downloaded serde_codegen v0.8.20
[INFO] [stderr]   Downloaded syntex_errors v0.50.0
[INFO] [stderr]   Downloaded serde_json v0.8.4
[INFO] [stderr]   Downloaded serde v0.8.20
[INFO] [stderr]   Downloaded num v0.1.36
[INFO] [stderr]   Downloaded unicode-bidi v0.2.4
[INFO] [stderr]   Downloaded hpack v0.2.0
[INFO] [stderr]   Downloaded native-tls v0.1.0
[INFO] [stderr]   Downloaded xml-rs v0.1.26
[INFO] [stderr]   Downloaded term v0.4.4
[INFO] [stderr]   Downloaded rustc-serialize v0.3.22
[INFO] [stderr]   Downloaded gcc v0.3.40
[INFO] [stderr]   Downloaded time v0.1.35
[INFO] [stderr]   Downloaded security-framework v0.1.10
[INFO] [stderr]   Downloaded schannel v0.1.2
[INFO] [stderr]   Downloaded syn v0.10.3
[INFO] [stderr]   Downloaded solicit v0.4.4
[INFO] [stderr]   Downloaded url v1.2.4
[INFO] [stderr]   Downloaded openssl v0.9.3
[INFO] [stderr]   Downloaded chrono v0.2.25
[INFO] [stderr]   Downloaded regex-syntax v0.3.9
[INFO] [stderr]   Downloaded regex v0.1.80
[INFO] [stderr]   Downloaded libssh2-sys v0.2.5
[INFO] [stderr]   Downloaded aho-corasick v0.5.3
[INFO] [stderr]   Downloaded syntex_syntax v0.50.0
[INFO] [stderr]   Downloaded libz-sys v1.0.10
[INFO] [stderr]   Downloaded unicode-normalization v0.1.3
[INFO] [stderr]   Downloaded ring v0.6.0
[INFO] running `Command { std: "docker" "create" "-v" "/var/lib/crater-agent-workspace/builds/worker-2-tc1/source:/opt/rustwide/workdir:ro,Z" "-v" "/var/lib/crater-agent-workspace/builds/worker-2-tc1/target:/opt/rustwide/target:rw,Z" "-v" "/var/lib/crater-agent-workspace/cargo-home:/opt/rustwide/cargo-home:ro,Z" "-v" "/var/lib/crater-agent-workspace/rustup-home:/opt/rustwide/rustup-home:ro,Z" "-m" "1610612736" "--network" "none" "ghcr.io/rust-lang/crates-build-env/linux@sha256:8683fc1fc2eb5c9ac98e0d076ab094b2ffac7f99da555d2b6a2e27f346de2ec7" "sleep" "infinity", kill_on_drop: false }`
[INFO] [stdout] 600a358ac921305e1059910386af5ce2c4275259f72da6a81073ace9744691b3
[INFO] running `Command { std: "docker" "start" "600a358ac921305e1059910386af5ce2c4275259f72da6a81073ace9744691b3", kill_on_drop: false }`
[INFO] running `Command { std: "docker" "inspect" "600a358ac921305e1059910386af5ce2c4275259f72da6a81073ace9744691b3", kill_on_drop: false }`
[INFO] running `Command { std: "docker" "exec" "-e" "SOURCE_DIR=/opt/rustwide/workdir" "-e" "CARGO_HOME=/opt/rustwide/cargo-home" "-e" "RUSTUP_HOME=/opt/rustwide/rustup-home" "-e" "CARGO_TARGET_DIR=/opt/rustwide/target" "-w" "/opt/rustwide/workdir" "--user" "0:0" "600a358ac921305e1059910386af5ce2c4275259f72da6a81073ace9744691b3" "/opt/rustwide/cargo-home/bin/cargo" "+1.98.0-beta.8" "metadata" "--no-deps" "--format-version=1", kill_on_drop: false }`
[INFO] running `Command { std: "docker" "inspect" "600a358ac921305e1059910386af5ce2c4275259f72da6a81073ace9744691b3", kill_on_drop: false }`
[INFO] running `Command { std: "docker" "exec" "-e" "SOURCE_DIR=/opt/rustwide/workdir" "-e" "CARGO_HOME=/opt/rustwide/cargo-home" "-e" "RUSTUP_HOME=/opt/rustwide/rustup-home" "-e" "CARGO_TARGET_DIR=/opt/rustwide/target" "-e" "CARGO_INCREMENTAL=0" "-e" "RUST_BACKTRACE=full" "-e" "RUSTFLAGS=--cap-lints=warn" "-e" "RUSTDOCFLAGS=--cap-lints=warn" "-w" "/opt/rustwide/workdir" "--user" "0:0" "600a358ac921305e1059910386af5ce2c4275259f72da6a81073ace9744691b3" "/opt/rustwide/cargo-home/bin/cargo" "+1.98.0-beta.8" "build" "--frozen" "--message-format=json" "--release", kill_on_drop: false }`
[INFO] [stderr] warning: Cargo.toml: `package.edition` is unspecified, defaulting to `2015` while the latest is `2024`
[INFO] [stderr] warning: `ssl_test` (manifest) generated 1 warning
[INFO] [stderr]    Compiling winapi-build v0.1.1
[INFO] [stderr]    Compiling libc v0.2.18
[INFO] [stderr]    Compiling winapi v0.2.8
[INFO] [stderr]    Compiling pkg-config v0.3.8
[INFO] [stderr]    Compiling unicode-xid v0.0.3
[INFO] [stderr]    Compiling log v0.3.6
[INFO] [stderr]    Compiling rustc-serialize v0.3.22
[INFO] [stderr]    Compiling semver v0.1.20
[INFO] [stderr]    Compiling bitflags v0.7.0
[INFO] [stderr]    Compiling rustc_version v0.1.7
[INFO] [stderr]    Compiling quote v0.3.10
[INFO] [stderr]    Compiling kernel32-sys v0.2.2
[INFO] [stderr]    Compiling matches v0.1.4
[INFO] [stderr]    Compiling unicode-bidi v0.2.4
[INFO] [stderr]    Compiling syn v0.10.3
[INFO] [stderr]    Compiling unicode-normalization v0.1.3
[INFO] [stderr]    Compiling term v0.4.4
[INFO] [stdout] error[E0310]: the parameter type `T` may not live long enough
[INFO] [stdout]     --> /opt/rustwide/cargo-home/registry/src/index.crates.io-1949cf8c6b5b557f/rustc-serialize-0.3.22/src/serialize.rs:1155:5
[INFO] [stdout]      |
[INFO] [stdout] 1155 |     fn decode<D: Decoder>(d: &mut D) -> Result<Cow<'static, T>, D::Error> {
[INFO] [stdout]      |     ^^^^^^^^^^^^^^^^^^^^^^^^^^^^^^^^^^^^^^^^^^^^^^^^^^^^^^^^^^^^^^^^^^^^^
[INFO] [stdout]      |     |
[INFO] [stdout]      |     the parameter type `T` must be valid for the static lifetime...
[INFO] [stdout]      |     ...so that the type `T` will meet its required lifetime bounds...
[INFO] [stdout]      |
[INFO] [stdout] note: ...that is required by this bound
[INFO] [stdout]     --> /rustc/04eb0d7194012623e82369b466d5084522957446/library/alloc/src/borrow.rs:169:29
[INFO] [stdout] help: consider adding an explicit lifetime bound
[INFO] [stdout]      |
[INFO] [stdout] 1151 | impl<'a, T: ?Sized + 'static> Decodable for Cow<'a, T>
[INFO] [stdout]      |                    +++++++++
[INFO] [stdout] 
[INFO] [stdout] 
[INFO] [stdout] error[E0310]: the parameter type `T` may not live long enough
[INFO] [stdout]     --> /opt/rustwide/cargo-home/registry/src/index.crates.io-1949cf8c6b5b557f/rustc-serialize-0.3.22/src/serialize.rs:1155:5
[INFO] [stdout]      |
[INFO] [stdout] 1155 |     fn decode<D: Decoder>(d: &mut D) -> Result<Cow<'static, T>, D::Error> {
[INFO] [stdout]      |     ^^^^^^^^^^^^^^^^^^^^^^^^^^^^^^^^^^^^^^^^^^^^^^^^^^^^^^^^^^^^^^^^^^^^^
[INFO] [stdout]      |     |
[INFO] [stdout]      |     the parameter type `T` must be valid for the static lifetime...
[INFO] [stdout]      |     ...so that the type `T` will meet its required lifetime bounds...
[INFO] [stdout]      |
[INFO] [stdout] note: ...that is required by this bound
[INFO] [stdout]     --> /rustc/04eb0d7194012623e82369b466d5084522957446/library/alloc/src/borrow.rs:169:29
[INFO] [stdout] help: consider adding an explicit lifetime bound
[INFO] [stdout]      |
[INFO] [stdout] 1151 | impl<'a, T: ?Sized + 'static> Decodable for Cow<'a, T>
[INFO] [stdout]      |                    +++++++++
[INFO] [stdout] 
[INFO] [stdout] 
[INFO] [stderr]    Compiling num-traits v0.1.36
[INFO] [stderr]    Compiling openssl-sys v0.9.3
[INFO] [stderr] error: failed to run custom build command for `openssl-sys v0.9.3`
[INFO] [stderr] note: To improve backtraces for build dependencies, set the CARGO_PROFILE_RELEASE_BUILD_OVERRIDE_DEBUG=true environment variable to enable debug information generation.
[INFO] [stderr] 
[INFO] [stderr] Caused by:
[INFO] [stderr]   process didn't exit successfully: `/opt/rustwide/target/release/build/openssl-sys-02c7a8e866d96570/build-script-build` (exit status: 101)
[INFO] [stderr]   --- stdout
[INFO] [stderr]   cargo:rustc-link-search=native=/usr/lib/x86_64-linux-gnu
[INFO] [stderr]   cargo:rustc-link-lib=ssl
[INFO] [stderr]   cargo:rustc-link-lib=crypto
[INFO] [stderr] 
[INFO] [stderr]   --- stderr
[INFO] [stderr] 
[INFO] [stderr]   thread 'main' (301) panicked at /opt/rustwide/cargo-home/registry/src/index.crates.io-1949cf8c6b5b557f/openssl-sys-0.9.3/build.rs:228:13:
[INFO] [stderr]   header file at `{}` did not include `OPENSSL_VERSION_NUMBER` that this crate recognized, failed to learn about the OpenSSL version number
[INFO] [stderr]   stack backtrace:
[INFO] [stderr]      0:     0x62b41c827011 - <<std[97b98282bc616a66]::sys::backtrace::BacktraceLock>::print::DisplayBacktrace as core[832e9a552fc17241]::fmt::Display>::fmt
[INFO] [stderr]      1:     0x62b41c83a04a - core[832e9a552fc17241]::fmt::write
[INFO] [stderr]      2:     0x62b41c82c88c - <std[97b98282bc616a66]::sys::stdio::unix::Stderr as std[97b98282bc616a66]::io::Write>::write_fmt
[INFO] [stderr]      3:     0x62b41c8099c6 - std[97b98282bc616a66]::panicking::default_hook::{closure#0}
[INFO] [stderr]      4:     0x62b41c821ff1 - std[97b98282bc616a66]::panicking::default_hook
[INFO] [stderr]      5:     0x62b41c8221ab - std[97b98282bc616a66]::panicking::panic_with_hook
[INFO] [stderr]      6:     0x62b41c808eac - std[97b98282bc616a66]::panicking::begin_panic::<&str>::{closure#0}
[INFO] [stderr]      7:     0x62b41c8010f9 - std[97b98282bc616a66]::sys::backtrace::__rust_end_short_backtrace::<std[97b98282bc616a66]::panicking::begin_panic<&str>::{closure#0}, !>
[INFO] [stderr]      8:     0x62b41c7fe95b - std[97b98282bc616a66]::panicking::begin_panic::<&str>
[INFO] [stderr]      9:     0x62b41c7dbd23 - build_script_build[2542ee43e5a88c5b]::validate_headers
[INFO] [stderr]     10:     0x62b41c7daa35 - build_script_build[2542ee43e5a88c5b]::try_pkg_config
[INFO] [stderr]     11:     0x62b41c7dada7 - build_script_build[2542ee43e5a88c5b]::find_openssl_dir
[INFO] [stderr]     12:     0x62b41c7d9ecb - build_script_build[2542ee43e5a88c5b]::main::{closure#0}
[INFO] [stderr]     13:     0x62b41c7d6a20 - <core[832e9a552fc17241]::option::Option<std[97b98282bc616a66]::ffi::os_str::OsString>>::unwrap_or_else::<build_script_build[2542ee43e5a88c5b]::main::{closure#0}>
[INFO] [stderr]     14:     0x62b41c7dcb73 - build_script_build[2542ee43e5a88c5b]::main
[INFO] [stderr]     15:     0x62b41c7e0813 - <fn() as core[832e9a552fc17241]::ops::function::FnOnce<()>>::call_once
[INFO] [stderr]     16:     0x62b41c7d7ba6 - std[97b98282bc616a66]::sys::backtrace::__rust_begin_short_backtrace::<fn(), ()>
[INFO] [stderr]     17:     0x62b41c7d8949 - std[97b98282bc616a66]::rt::lang_start::<()>::{closure#0}
[INFO] [stderr]     18:     0x62b41c821317 - std[97b98282bc616a66]::rt::lang_start_internal
[INFO] [stderr]     19:     0x62b41c7d7a31 - std[97b98282bc616a66]::rt::lang_start::<()>
[INFO] [stderr]     20:     0x62b41c7e0a35 - main
[INFO] [stderr]     21:     0x79ccd0adb601 - <unknown>
[INFO] [stderr]     22:     0x79ccd0adb718 - __libc_start_main
[INFO] [stderr]     23:     0x62b41c7d67f5 - _start
[INFO] [stderr]     24:                0x0 - <unknown>
[INFO] [stderr] warning: build failed, waiting for other jobs to finish...
[INFO] [stdout] For more information about this error, try `rustc --explain E0310`.
[INFO] [stdout] 
[INFO] [stderr] error: could not compile `rustc-serialize` (lib) due to 1 previous error
[INFO] [stdout] For more information about this error, try `rustc --explain E0310`.
[INFO] [stdout] 
[INFO] [stderr] error: could not compile `rustc-serialize` (lib) due to 1 previous error
[INFO] running `Command { std: "docker" "inspect" "600a358ac921305e1059910386af5ce2c4275259f72da6a81073ace9744691b3", kill_on_drop: false }`
[INFO] running `Command { std: "docker" "rm" "-f" "600a358ac921305e1059910386af5ce2c4275259f72da6a81073ace9744691b3", kill_on_drop: false }`
[INFO] [stdout] 600a358ac921305e1059910386af5ce2c4275259f72da6a81073ace9744691b3
