[INFO] cloning repository https://github.com/abharadwaj999/rust-starter
[INFO] running `Command { std: "git" "-c" "credential.helper=" "-c" "credential.helper=/workspace/cargo-home/bin/git-credential-null" "clone" "--bare" "https://github.com/abharadwaj999/rust-starter" "/workspace/cache/git-repos/https%3A%2F%2Fgithub.com%2Fabharadwaj999%2Frust-starter", kill_on_drop: false }`
[INFO] [stderr] Cloning into bare repository '/workspace/cache/git-repos/https%3A%2F%2Fgithub.com%2Fabharadwaj999%2Frust-starter'...
[INFO] running `Command { std: "git" "rev-parse" "HEAD", kill_on_drop: false }`
[INFO] [stdout] ea95b6afaeafcf0a720e18d7155442db2ab63aa1
[INFO] testing abharadwaj999/rust-starter against 1.98.0-beta.8+cargoflags=--release for beta-release-1.99-2
[INFO] running `Command { std: "git" "clone" "/workspace/cache/git-repos/https%3A%2F%2Fgithub.com%2Fabharadwaj999%2Frust-starter" "/workspace/builds/worker-5-tc1/source", kill_on_drop: false }`
[INFO] [stderr] Cloning into '/workspace/builds/worker-5-tc1/source'...
[INFO] [stderr] done.
[INFO] removed /workspace/builds/worker-5-tc1/source/.cargo/config
[INFO] removed /workspace/builds/worker-5-tc1/source/rust-toolchain.toml
[INFO] started tweaking git repo https://github.com/abharadwaj999/rust-starter
[INFO] finished tweaking git repo https://github.com/abharadwaj999/rust-starter
[INFO] tweaked toml for git repo https://github.com/abharadwaj999/rust-starter written to /workspace/builds/worker-5-tc1/source/Cargo.toml
[INFO] validating manifest of git repo https://github.com/abharadwaj999/rust-starter on toolchain 1.98.0-beta.8
[INFO] running `Command { std: CARGO_HOME="/workspace/cargo-home" RUSTUP_HOME="/workspace/rustup-home" "/workspace/cargo-home/bin/cargo" "+1.98.0-beta.8" "metadata" "--manifest-path" "Cargo.toml" "--no-deps", kill_on_drop: false }`
[INFO] crate git repo https://github.com/abharadwaj999/rust-starter already has a lockfile, it will not be regenerated
[INFO] running `Command { std: CARGO_HOME="/workspace/cargo-home" RUSTUP_HOME="/workspace/rustup-home" "/workspace/cargo-home/bin/cargo" "+1.98.0-beta.8" "fetch" "--manifest-path" "Cargo.toml", kill_on_drop: false }`
[INFO] [stderr]     Updating crates.io index
[INFO] [stderr]  Downloading crates ...
[INFO] [stderr]   Downloaded time-core v0.1.0
[INFO] [stderr]   Downloaded fastly v0.9.2
[INFO] [stderr]   Downloaded fastly-shared v0.9.2
[INFO] [stderr]   Downloaded thiserror-impl v1.0.38
[INFO] [stderr]   Downloaded unicode-bidi v0.3.10
[INFO] [stderr]   Downloaded time-macros v0.2.6
[INFO] [stderr]   Downloaded fastly-sys v0.9.2
[INFO] [stderr]   Downloaded fastly-macros v0.9.2
[INFO] [stderr]   Downloaded thiserror v1.0.38
[INFO] [stderr]   Downloaded itoa v1.0.5
[INFO] [stderr]   Downloaded quote v1.0.23
[INFO] [stderr]   Downloaded ryu v1.0.12
[INFO] [stderr]   Downloaded unicode-ident v1.0.6
[INFO] [stderr]   Downloaded proc-macro2 v1.0.50
[INFO] [stderr]   Downloaded anyhow v1.0.68
[INFO] [stderr]   Downloaded time v0.3.17
[INFO] [stderr]   Downloaded serde_derive v1.0.152
[INFO] [stderr]   Downloaded typenum v1.16.0
[INFO] [stderr]   Downloaded bytes v1.3.0
[INFO] [stderr]   Downloaded serde v1.0.152
[INFO] [stderr]   Downloaded serde_json v1.0.91
[INFO] [stderr]   Downloaded syn v1.0.107
[INFO] [stderr]   Downloaded libc v0.2.139
[INFO] running `Command { std: "docker" "create" "-v" "/var/lib/crater-agent-workspace/builds/worker-5-tc1/source:/opt/rustwide/workdir:ro,Z" "-v" "/var/lib/crater-agent-workspace/builds/worker-5-tc1/target:/opt/rustwide/target:rw,Z" "-v" "/var/lib/crater-agent-workspace/cargo-home:/opt/rustwide/cargo-home:ro,Z" "-v" "/var/lib/crater-agent-workspace/rustup-home:/opt/rustwide/rustup-home:ro,Z" "-m" "1610612736" "--network" "none" "ghcr.io/rust-lang/crates-build-env/linux@sha256:8683fc1fc2eb5c9ac98e0d076ab094b2ffac7f99da555d2b6a2e27f346de2ec7" "sleep" "infinity", kill_on_drop: false }`
[INFO] [stdout] d91b6a4eb752d4e78ca13eb85a220b5f7ac8a25483d4e6c070eb596a931c2e27
[INFO] running `Command { std: "docker" "start" "d91b6a4eb752d4e78ca13eb85a220b5f7ac8a25483d4e6c070eb596a931c2e27", kill_on_drop: false }`
[INFO] running `Command { std: "docker" "inspect" "d91b6a4eb752d4e78ca13eb85a220b5f7ac8a25483d4e6c070eb596a931c2e27", kill_on_drop: false }`
[INFO] running `Command { std: "docker" "exec" "-e" "SOURCE_DIR=/opt/rustwide/workdir" "-e" "CARGO_HOME=/opt/rustwide/cargo-home" "-e" "RUSTUP_HOME=/opt/rustwide/rustup-home" "-e" "CARGO_TARGET_DIR=/opt/rustwide/target" "-w" "/opt/rustwide/workdir" "--user" "0:0" "d91b6a4eb752d4e78ca13eb85a220b5f7ac8a25483d4e6c070eb596a931c2e27" "/opt/rustwide/cargo-home/bin/cargo" "+1.98.0-beta.8" "metadata" "--no-deps" "--format-version=1", kill_on_drop: false }`
[INFO] running `Command { std: "docker" "inspect" "d91b6a4eb752d4e78ca13eb85a220b5f7ac8a25483d4e6c070eb596a931c2e27", kill_on_drop: false }`
[INFO] running `Command { std: "docker" "exec" "-e" "SOURCE_DIR=/opt/rustwide/workdir" "-e" "CARGO_HOME=/opt/rustwide/cargo-home" "-e" "RUSTUP_HOME=/opt/rustwide/rustup-home" "-e" "CARGO_TARGET_DIR=/opt/rustwide/target" "-e" "CARGO_INCREMENTAL=0" "-e" "RUST_BACKTRACE=full" "-e" "RUSTFLAGS=--cap-lints=warn" "-e" "RUSTDOCFLAGS=--cap-lints=warn" "-w" "/opt/rustwide/workdir" "--user" "0:0" "d91b6a4eb752d4e78ca13eb85a220b5f7ac8a25483d4e6c070eb596a931c2e27" "/opt/rustwide/cargo-home/bin/cargo" "+1.98.0-beta.8" "build" "--frozen" "--message-format=json" "--release", kill_on_drop: false }`
[INFO] [stderr]    Compiling proc-macro2 v1.0.50
[INFO] [stderr]    Compiling unicode-ident v1.0.6
[INFO] [stderr]    Compiling quote v1.0.23
[INFO] [stderr]    Compiling syn v1.0.107
[INFO] [stderr]    Compiling serde_derive v1.0.152
[INFO] [stderr]    Compiling version_check v0.9.4
[INFO] [stderr]    Compiling typenum v1.16.0
[INFO] [stderr]    Compiling serde v1.0.152
[INFO] [stderr]    Compiling itoa v1.0.5
[INFO] [stderr]    Compiling thiserror v1.0.38
[INFO] [stderr]    Compiling tinyvec_macros v0.1.0
[INFO] [stderr]    Compiling fnv v1.0.7
[INFO] [stderr]    Compiling percent-encoding v2.2.0
[INFO] [stderr]    Compiling bytes v1.3.0
[INFO] [stderr]    Compiling ryu v1.0.12
[INFO] [stderr]    Compiling serde_json v1.0.91
[INFO] [stderr]    Compiling tinyvec v1.6.0
[INFO] [stderr]    Compiling bitflags v1.3.2
[INFO] [stderr]    Compiling form_urlencoded v1.1.0
[INFO] [stderr]    Compiling anyhow v1.0.68
[INFO] [stderr]    Compiling unicode-bidi v0.3.10
[INFO] [stderr]    Compiling time-core v0.1.0
[INFO] [stderr]    Compiling cfg-if v1.0.0
[INFO] [stderr]    Compiling cpufeatures v0.2.5
[INFO] [stderr]    Compiling opaque-debug v0.3.0
[INFO] [stderr]    Compiling mime v0.3.16
[INFO] [stderr]    Compiling lazy_static v1.4.0
[INFO] [stderr]    Compiling generic-array v0.14.6
[INFO] [stderr]    Compiling http v0.2.8
[INFO] [stderr]    Compiling unicode-normalization v0.1.22
[INFO] [stderr]    Compiling block-buffer v0.9.0
[INFO] [stderr]    Compiling digest v0.9.0
[INFO] [stderr]    Compiling sha2 v0.9.9
[INFO] [stderr]    Compiling idna v0.3.0
[INFO] [stderr]    Compiling url v2.3.1
[INFO] [stderr]    Compiling thiserror-impl v1.0.38
[INFO] [stderr]    Compiling fastly-macros v0.9.2
[INFO] [stderr]    Compiling fastly-shared v0.9.2
[INFO] [stderr]    Compiling fastly-sys v0.9.2
[INFO] [stderr]    Compiling serde_urlencoded v0.7.1
[INFO] [stderr]    Compiling time v0.3.17
[INFO] [stderr]    Compiling fastly v0.9.2
[INFO] [stderr]    Compiling fastly-compute-project v0.1.0 (/opt/rustwide/workdir)
[INFO] [stderr] error: could not compile `fastly-compute-project` (bin "fastly-compute-project") due to 1 previous error
[INFO] [stdout] error: linking with `cc` failed: exit status: 1
[INFO] [stdout]   |
[INFO] [stdout]   = note:  "cc" "-m64" "/opt/rustwide/target/release/deps/rustcHjY39Y/symbols.o" "<2 object files omitted>" "-Wl,--as-needed" "-Wl,-Bstatic" "/opt/rustwide/target/release/deps/{libfastly-bbb11b2bf09938c5,libserde_urlencoded-70d0aafb88e330c9,libserde_json-6dd1ee9e706e7bf5,libryu-49ad829800cd7e04,liblazy_static-57856bb0b7f3d587,libmime-50ba5898a57b1a10,libtime-17d5e736ae69cb93,libtime_core-bcc6d093fba43386,libserde-fb0ad5b391ad2d27,libsha2-d2c41b24fb94b1c8,libcpufeatures-d90950c2e86a7442,libcfg_if-94ad02e64833352b,libopaque_debug-d338515c4048f69c,libdigest-594df7af425ce8ff,libblock_buffer-95fe718cbffa9df5,libgeneric_array-566038dc477c4aef,libtypenum-a3e9caf0a72f4e36,libanyhow-67c4d6994ebe3d6f,liburl-b66a4ec50d3f5cb3,libidna-58dd1dff5bf5b714,libunicode_normalization-5cd9c5fa2485db12,libtinyvec-d03406b2e5554ded,libtinyvec_macros-184ff59e060dca16,libunicode_bidi-6f59637f6fa357c5,libform_urlencoded-8236575d6fb50f42,libpercent_encoding-586c3137d0308f8a,libthiserror-8f35b2338c320244,libfastly_sys-00d43ab5ac1c980f,libfastly_shared-d4e144f49604ea09,libbitflags-0b3db1829818ca28,libhttp-a9e7cb8a7d063fd0,libitoa-29f3a752c4023a21,libfnv-6716b4d33cd8c73d,libbytes-221f2069feb6c471}.rlib" "<sysroot>/lib/rustlib/x86_64-unknown-linux-gnu/lib/{libstd-*,libpanic_unwind-*,libobject-*,libmemchr-*,libaddr2line-*,libgimli-*,libcfg_if-*,librustc_demangle-*,libstd_detect-*,libhashbrown-*,librustc_std_workspace_alloc-*,libminiz_oxide-*,libadler2-*,libunwind-*,liblibc-*,librustc_std_workspace_core-*,liballoc-*,libcore-*,libcompiler_builtins-*}.rlib" "-Wl,-Bdynamic" "-lgcc_s" "-lutil" "-lrt" "-lpthread" "-lm" "-ldl" "-lc" "-L" "/opt/rustwide/target/release/deps/rustcHjY39Y/raw-dylibs" "-B<sysroot>/lib/rustlib/x86_64-unknown-linux-gnu/bin/gcc-ld" "-fuse-ld=lld" "-Wl,--eh-frame-hdr" "-Wl,-z,noexecstack" "-L" "<sysroot>/lib/rustlib/x86_64-unknown-linux-gnu/lib" "-o" "/opt/rustwide/target/release/deps/fastly_compute_project-b2e6979ba3c75b0a" "-Wl,--gc-sections" "-pie" "-Wl,-z,relro,-z,now" "-Wl,-O1" "-nodefaultlibs"
[INFO] [stdout]   = note: some arguments are omitted. use `--verbose` to show all linker arguments
[INFO] [stdout]   = note: rust-lld: error: undefined symbol: method_get
[INFO] [stdout]           >>> referenced by handle.rs:443 (src/http/request/handle.rs:443)
[INFO] [stdout]           >>>               fastly-bbb11b2bf09938c5.fastly.f3557a41604b300-cgu.04.rcgu.o:(<fastly::http::request::handle::RequestHandle>::get_method) in archive /opt/rustwide/target/release/deps/libfastly-bbb11b2bf09938c5.rlib
[INFO] [stdout]           
[INFO] [stdout]           rust-lld: error: undefined symbol: version_get
[INFO] [stdout]           >>> referenced by handle.rs:416 (src/http/request/handle.rs:416)
[INFO] [stdout]           >>>               fastly-bbb11b2bf09938c5.fastly.f3557a41604b300-cgu.04.rcgu.o:(<fastly::http::request::handle::RequestHandle>::get_version) in archive /opt/rustwide/target/release/deps/libfastly-bbb11b2bf09938c5.rlib
[INFO] [stdout]           
[INFO] [stdout]           rust-lld: error: undefined symbol: uri_get
[INFO] [stdout]           >>> referenced by handle.rs:516 (src/http/request/handle.rs:516)
[INFO] [stdout]           >>>               fastly-bbb11b2bf09938c5.fastly.f3557a41604b300-cgu.04.rcgu.o:(<fastly::http::request::handle::RequestHandle>::get_url) in archive /opt/rustwide/target/release/deps/libfastly-bbb11b2bf09938c5.rlib
[INFO] [stdout]           
[INFO] [stdout]           rust-lld: error: undefined symbol: body_downstream_get
[INFO] [stdout]           >>> referenced by handle.rs:762 (src/http/request/handle.rs:762)
[INFO] [stdout]           >>>               fastly-bbb11b2bf09938c5.fastly.f3557a41604b300-cgu.04.rcgu.o:(fastly::http::request::handle::client_request_and_body) in archive /opt/rustwide/target/release/deps/libfastly-bbb11b2bf09938c5.rlib
[INFO] [stdout]           
[INFO] [stdout]           rust-lld: error: undefined symbol: status_set
[INFO] [stdout]           >>> referenced by handle.rs:385 (src/http/response/handle.rs:385)
[INFO] [stdout]           >>>               fastly-bbb11b2bf09938c5.fastly.f3557a41604b300-cgu.03.rcgu.o:(<fastly::http::response::Response>::into_handles) in archive /opt/rustwide/target/release/deps/libfastly-bbb11b2bf09938c5.rlib
[INFO] [stdout]           
[INFO] [stdout]           rust-lld: error: undefined symbol: version_set
[INFO] [stdout]           >>> referenced by handle.rs:417 (src/http/response/handle.rs:417)
[INFO] [stdout]           >>>               fastly-bbb11b2bf09938c5.fastly.f3557a41604b300-cgu.03.rcgu.o:(<fastly::http::response::Response>::into_handles) in archive /opt/rustwide/target/release/deps/libfastly-bbb11b2bf09938c5.rlib
[INFO] [stdout]           
[INFO] [stdout]           rust-lld: error: undefined symbol: framing_headers_mode_set
[INFO] [stdout]           >>> referenced by handle.rs:447 (src/http/response/handle.rs:447)
[INFO] [stdout]           >>>               fastly-bbb11b2bf09938c5.fastly.f3557a41604b300-cgu.03.rcgu.o:(<fastly::http::response::Response>::into_handles) in archive /opt/rustwide/target/release/deps/libfastly-bbb11b2bf09938c5.rlib
[INFO] [stdout]           
[INFO] [stdout]           rust-lld: error: undefined symbol: send_downstream
[INFO] [stdout]           >>> referenced by handle.rs:426 (src/http/response/handle.rs:426)
[INFO] [stdout]           >>>               fastly-bbb11b2bf09938c5.fastly.f3557a41604b300-cgu.03.rcgu.o:(<fastly::http::response::Response>::send_to_client) in archive /opt/rustwide/target/release/deps/libfastly-bbb11b2bf09938c5.rlib
[INFO] [stdout]           >>> referenced by handle.rs:436 (src/http/response/handle.rs:436)
[INFO] [stdout]           >>>               fastly-bbb11b2bf09938c5.fastly.f3557a41604b300-cgu.03.rcgu.o:(<fastly::http::response::Response>::send_to_client_impl) in archive /opt/rustwide/target/release/deps/libfastly-bbb11b2bf09938c5.rlib
[INFO] [stdout]           >>> referenced by handle.rs:426 (src/http/response/handle.rs:426)
[INFO] [stdout]           >>>               fastly-bbb11b2bf09938c5.fastly.f3557a41604b300-cgu.03.rcgu.o:(<fastly::http::response::Response>::send_to_client_impl) in archive /opt/rustwide/target/release/deps/libfastly-bbb11b2bf09938c5.rlib
[INFO] [stdout]           
[INFO] [stdout]           rust-lld: error: undefined symbol: header_values_set
[INFO] [stdout]           >>> referenced by handle.rs:281 (src/http/response/handle.rs:281)
[INFO] [stdout]           >>>               fastly-bbb11b2bf09938c5.fastly.f3557a41604b300-cgu.08.rcgu.o:(<fastly::http::response::handle::ResponseHandle>::set_header_values::<http::header::map::GetAll<http::header::value::HeaderValue>>) in archive /opt/rustwide/target/release/deps/libfastly-bbb11b2bf09938c5.rlib
[INFO] [stdout]           
[INFO] [stdout]           rust-lld: error: undefined symbol: new
[INFO] [stdout]           >>> referenced by handle.rs:98 (src/http/response/handle.rs:98)
[INFO] [stdout]           >>>               fastly-bbb11b2bf09938c5.fastly.f3557a41604b300-cgu.08.rcgu.o:(<fastly::http::response::handle::ResponseHandle>::new) in archive /opt/rustwide/target/release/deps/libfastly-bbb11b2bf09938c5.rlib
[INFO] [stdout]           >>> referenced by handle.rs:111 (src/http/body/handle.rs:111)
[INFO] [stdout]           >>>               fastly-bbb11b2bf09938c5.fastly.f3557a41604b300-cgu.06.rcgu.o:(<fastly::http::body::handle::BodyHandle>::new) in archive /opt/rustwide/target/release/deps/libfastly-bbb11b2bf09938c5.rlib
[INFO] [stdout]           
[INFO] [stdout]           rust-lld: error: undefined symbol: init
[INFO] [stdout]           >>> referenced by lib.rs:56 (src/lib.rs:56)
[INFO] [stdout]           >>>               fastly-bbb11b2bf09938c5.fastly.f3557a41604b300-cgu.14.rcgu.o:(fastly::init) in archive /opt/rustwide/target/release/deps/libfastly-bbb11b2bf09938c5.rlib
[INFO] [stdout]           
[INFO] [stdout]           rust-lld: error: undefined symbol: header_names_get
[INFO] [stdout]           >>> referenced by handle.rs:159 (src/http/request/handle.rs:159)
[INFO] [stdout]           >>>               fastly-bbb11b2bf09938c5.fastly.f3557a41604b300-cgu.12.rcgu.o:(<fastly::abi::MultiValueHostcall<<fastly::http::request::handle::RequestHandle>::get_header_names_impl::{closure#0}> as core::iter::traits::iterator::Iterator>::next) in archive /opt/rustwide/target/release/deps/libfastly-bbb11b2bf09938c5.rlib
[INFO] [stdout]           >>> referenced by handle.rs:159 (src/http/request/handle.rs:159)
[INFO] [stdout]           >>>               fastly-bbb11b2bf09938c5.fastly.f3557a41604b300-cgu.12.rcgu.o:(<fastly::abi::MultiValueHostcall<<fastly::http::request::handle::RequestHandle>::get_header_names_impl::{closure#0}> as core::iter::traits::iterator::Iterator>::next) in archive /opt/rustwide/target/release/deps/libfastly-bbb11b2bf09938c5.rlib
[INFO] [stdout]           
[INFO] [stdout]           rust-lld: error: undefined symbol: header_values_get
[INFO] [stdout]           >>> referenced by handle.rs:261 (src/http/request/handle.rs:261)
[INFO] [stdout]           >>>               fastly-bbb11b2bf09938c5.fastly.f3557a41604b300-cgu.12.rcgu.o:(<fastly::abi::MultiValueHostcall<<fastly::http::request::handle::RequestHandle>::get_header_values_impl::{closure#0}> as core::iter::traits::iterator::Iterator>::next) in archive /opt/rustwide/target/release/deps/libfastly-bbb11b2bf09938c5.rlib
[INFO] [stdout]           >>> referenced by handle.rs:261 (src/http/request/handle.rs:261)
[INFO] [stdout]           >>>               fastly-bbb11b2bf09938c5.fastly.f3557a41604b300-cgu.12.rcgu.o:(<fastly::abi::MultiValueHostcall<<fastly::http::request::handle::RequestHandle>::get_header_values_impl::{closure#0}> as core::iter::traits::iterator::Iterator>::next) in archive /opt/rustwide/target/release/deps/libfastly-bbb11b2bf09938c5.rlib
[INFO] [stdout]           collect2: error: ld returned 1 exit status
[INFO] [stdout]           
[INFO] [stdout] 
[INFO] [stdout] 
[INFO] running `Command { std: "docker" "inspect" "d91b6a4eb752d4e78ca13eb85a220b5f7ac8a25483d4e6c070eb596a931c2e27", kill_on_drop: false }`
[INFO] running `Command { std: "docker" "rm" "-f" "d91b6a4eb752d4e78ca13eb85a220b5f7ac8a25483d4e6c070eb596a931c2e27", kill_on_drop: false }`
[INFO] [stdout] d91b6a4eb752d4e78ca13eb85a220b5f7ac8a25483d4e6c070eb596a931c2e27
