[INFO] cloning repository https://github.com/Igu2012/windows7
[INFO] running `Command { std: "git" "-c" "credential.helper=" "-c" "credential.helper=/workspace/cargo-home/bin/git-credential-null" "clone" "--bare" "https://github.com/Igu2012/windows7" "/workspace/cache/git-repos/https%3A%2F%2Fgithub.com%2FIgu2012%2Fwindows7", kill_on_drop: false }`
[INFO] [stderr] Cloning into bare repository '/workspace/cache/git-repos/https%3A%2F%2Fgithub.com%2FIgu2012%2Fwindows7'...
[INFO] running `Command { std: "git" "rev-parse" "HEAD", kill_on_drop: false }`
[INFO] [stdout] 3c9f850542fef20114f3e3c51e9f0f6aeafb3f35
[INFO] testing Igu2012/windows7 against 1.99.0-beta.1+cargoflags=--release for beta-release-1.99-2
[INFO] running `Command { std: "git" "clone" "/workspace/cache/git-repos/https%3A%2F%2Fgithub.com%2FIgu2012%2Fwindows7" "/workspace/builds/worker-6-tc2/source", kill_on_drop: false }`
[INFO] [stderr] Cloning into '/workspace/builds/worker-6-tc2/source'...
[INFO] [stderr] done.
[INFO] removed /workspace/builds/worker-6-tc2/source/.cargo/config.toml
[INFO] removed /workspace/builds/worker-6-tc2/source/rust-toolchain.toml
[INFO] started tweaking git repo https://github.com/Igu2012/windows7
[INFO] finished tweaking git repo https://github.com/Igu2012/windows7
[INFO] tweaked toml for git repo https://github.com/Igu2012/windows7 written to /workspace/builds/worker-6-tc2/source/Cargo.toml
[INFO] validating manifest of git repo https://github.com/Igu2012/windows7 on toolchain 1.99.0-beta.1
[INFO] running `Command { std: CARGO_HOME="/workspace/cargo-home" RUSTUP_HOME="/workspace/rustup-home" "/workspace/cargo-home/bin/cargo" "+1.99.0-beta.1" "metadata" "--manifest-path" "Cargo.toml" "--no-deps", kill_on_drop: false }`
[INFO] crate git repo https://github.com/Igu2012/windows7 already has a lockfile, it will not be regenerated
[INFO] running `Command { std: CARGO_HOME="/workspace/cargo-home" RUSTUP_HOME="/workspace/rustup-home" "/workspace/cargo-home/bin/cargo" "+1.99.0-beta.1" "fetch" "--manifest-path" "Cargo.toml", kill_on_drop: false }`
[INFO] running `Command { std: "docker" "create" "-v" "/var/lib/crater-agent-workspace/builds/worker-6-tc2/source:/opt/rustwide/workdir:ro,Z" "-v" "/var/lib/crater-agent-workspace/builds/worker-6-tc2/target:/opt/rustwide/target:rw,Z" "-v" "/var/lib/crater-agent-workspace/cargo-home:/opt/rustwide/cargo-home:ro,Z" "-v" "/var/lib/crater-agent-workspace/rustup-home:/opt/rustwide/rustup-home:ro,Z" "-m" "1610612736" "--network" "none" "ghcr.io/rust-lang/crates-build-env/linux@sha256:8683fc1fc2eb5c9ac98e0d076ab094b2ffac7f99da555d2b6a2e27f346de2ec7" "sleep" "infinity", kill_on_drop: false }`
[INFO] [stdout] abf2e45ff100aa7dae4dc0945f97dc1e81247559ee053495399b91410ccff51f
[INFO] running `Command { std: "docker" "start" "abf2e45ff100aa7dae4dc0945f97dc1e81247559ee053495399b91410ccff51f", kill_on_drop: false }`
[INFO] running `Command { std: "docker" "inspect" "abf2e45ff100aa7dae4dc0945f97dc1e81247559ee053495399b91410ccff51f", kill_on_drop: false }`
[INFO] running `Command { std: "docker" "exec" "-e" "SOURCE_DIR=/opt/rustwide/workdir" "-e" "CARGO_HOME=/opt/rustwide/cargo-home" "-e" "RUSTUP_HOME=/opt/rustwide/rustup-home" "-e" "CARGO_TARGET_DIR=/opt/rustwide/target" "-w" "/opt/rustwide/workdir" "--user" "0:0" "abf2e45ff100aa7dae4dc0945f97dc1e81247559ee053495399b91410ccff51f" "/opt/rustwide/cargo-home/bin/cargo" "+1.99.0-beta.1" "metadata" "--no-deps" "--format-version=1", kill_on_drop: false }`
[INFO] running `Command { std: "docker" "inspect" "abf2e45ff100aa7dae4dc0945f97dc1e81247559ee053495399b91410ccff51f", kill_on_drop: false }`
[INFO] running `Command { std: "docker" "exec" "-e" "SOURCE_DIR=/opt/rustwide/workdir" "-e" "CARGO_HOME=/opt/rustwide/cargo-home" "-e" "RUSTUP_HOME=/opt/rustwide/rustup-home" "-e" "CARGO_TARGET_DIR=/opt/rustwide/target" "-e" "CARGO_INCREMENTAL=0" "-e" "RUST_BACKTRACE=full" "-e" "RUSTFLAGS=--cap-lints=warn" "-e" "RUSTDOCFLAGS=--cap-lints=warn" "-w" "/opt/rustwide/workdir" "--user" "0:0" "abf2e45ff100aa7dae4dc0945f97dc1e81247559ee053495399b91410ccff51f" "/opt/rustwide/cargo-home/bin/cargo" "+1.99.0-beta.1" "build" "--frozen" "--message-format=json" "--release", kill_on_drop: false }`
[INFO] [stderr]    Compiling aero v0.1.0 (/opt/rustwide/workdir)
[INFO] [stderr]     Finished `release` profile [optimized] target(s) in 0.36s
[INFO] running `Command { std: "docker" "inspect" "abf2e45ff100aa7dae4dc0945f97dc1e81247559ee053495399b91410ccff51f", kill_on_drop: false }`
[INFO] running `Command { std: "docker" "exec" "-e" "SOURCE_DIR=/opt/rustwide/workdir" "-e" "CARGO_HOME=/opt/rustwide/cargo-home" "-e" "RUSTUP_HOME=/opt/rustwide/rustup-home" "-e" "CARGO_TARGET_DIR=/opt/rustwide/target" "-e" "CARGO_INCREMENTAL=0" "-e" "RUST_BACKTRACE=full" "-e" "RUSTFLAGS=--cap-lints=warn" "-e" "RUSTDOCFLAGS=--cap-lints=warn" "-w" "/opt/rustwide/workdir" "--user" "0:0" "abf2e45ff100aa7dae4dc0945f97dc1e81247559ee053495399b91410ccff51f" "/opt/rustwide/cargo-home/bin/cargo" "+1.99.0-beta.1" "test" "--frozen" "--no-run" "--message-format=json" "--release", kill_on_drop: false }`
[INFO] [stderr]    Compiling proc-macro2 v1.0.105
[INFO] [stderr]    Compiling quote v1.0.43
[INFO] [stderr]    Compiling libc v0.2.180
[INFO] [stderr]    Compiling autocfg v1.5.0
[INFO] [stderr]    Compiling libm v0.2.15
[INFO] [stderr]    Compiling cfg_aliases v0.1.1
[INFO] [stderr]    Compiling wasm-bindgen-shared v0.2.106
[INFO] [stderr]    Compiling smallvec v1.15.1
[INFO] [stderr]    Compiling log v0.4.29
[INFO] [stderr]    Compiling thiserror v1.0.69
[INFO] [stderr]    Compiling arrayvec v0.7.6
[INFO] [stderr]    Compiling termcolor v1.4.1
[INFO] [stderr]    Compiling zerocopy v0.8.33
[INFO] [stderr]    Compiling unicode-width v0.1.14
[INFO] [stderr]    Compiling ash v0.37.3+1.3.251
[INFO] [stderr]    Compiling bit-vec v0.6.3
[INFO] [stderr]    Compiling khronos-egl v6.0.0
[INFO] [stderr]    Compiling wgpu-hal v0.21.1
[INFO] [stderr]    Compiling hashbrown v0.15.5
[INFO] [stderr]    Compiling bit-set v0.5.3
[INFO] [stderr]    Compiling indexmap v2.13.0
[INFO] [stderr]    Compiling gpu-descriptor-types v0.2.0
[INFO] [stderr]    Compiling libloading v0.7.4
[INFO] [stderr]    Compiling gpu-alloc-types v0.3.0
[INFO] [stderr]    Compiling libloading v0.8.9
[INFO] [stderr]    Compiling spirv v0.3.0+sdk-1.3.268.0
[INFO] [stderr]    Compiling codespan-reporting v0.11.1
[INFO] [stderr]    Compiling serde_core v1.0.228
[INFO] [stderr]    Compiling unicode-xid v0.2.6
[INFO] [stderr]    Compiling shlex v1.3.0
[INFO] [stderr]    Compiling num-traits v0.2.19
[INFO] [stderr]    Compiling rustc-hash v1.1.0
[INFO] [stderr]    Compiling find-msvc-tools v0.1.7
[INFO] [stderr]    Compiling hexf-parse v0.2.1
[INFO] [stderr]    Compiling ahash v0.8.12
[INFO] [stderr]    Compiling gpu-alloc v0.6.0
[INFO] [stderr]    Compiling wgpu-core v0.21.1
[INFO] [stderr]    Compiling wgpu-types v0.20.0
[INFO] [stderr]    Compiling tracing-core v0.1.36
[INFO] [stderr]    Compiling cc v1.2.52
[INFO] [stderr]    Compiling renderdoc-sys v1.1.0
[INFO] [stderr]    Compiling glow v0.13.1
[INFO] [stderr]    Compiling profiling v1.0.17
[INFO] [stderr]    Compiling raw-window-handle v0.6.2
[INFO] [stderr]    Compiling bumpalo v3.19.1
[INFO] [stderr]    Compiling litrs v1.0.0
[INFO] [stderr]    Compiling gpu-descriptor v0.3.2
[INFO] [stderr]    Compiling wasm-bindgen v0.2.106
[INFO] [stderr]    Compiling syn v2.0.114
[INFO] [stderr]    Compiling wgpu v0.20.1
[INFO] [stderr]    Compiling simd-adler32 v0.3.8
[INFO] [stderr]    Compiling pin-project-lite v0.2.16
[INFO] [stderr]    Compiling thiserror v2.0.17
[INFO] [stderr]    Compiling document-features v0.2.12
[INFO] [stderr]    Compiling serde v1.0.228
[INFO] [stderr]    Compiling anyhow v1.0.100
[INFO] [stderr]    Compiling parking_lot_core v0.9.12
[INFO] [stderr]    Compiling crc32fast v1.5.0
[INFO] [stderr]    Compiling adler2 v2.0.1
[INFO] [stderr]    Compiling zmij v1.0.14
[INFO] [stderr]    Compiling static_assertions v1.1.0
[INFO] [stderr]    Compiling constant_time_eq v0.4.2
[INFO] [stderr]    Compiling arrayref v0.3.9
[INFO] [stderr]    Compiling futures-core v0.3.31
[INFO] [stderr]    Compiling miniz_oxide v0.8.9
[INFO] [stderr]    Compiling parking_lot v0.12.5
[INFO] [stderr]    Compiling lru v0.16.3
[INFO] [stderr]    Compiling aero-dxbc v0.1.0 (/opt/rustwide/workdir/crates/aero-dxbc)
[INFO] [stderr]    Compiling serde_json v1.0.149
[INFO] [stderr]    Compiling futures-intrusive v0.5.0
[INFO] [stderr]    Compiling aero-protocol v0.1.0 (/opt/rustwide/workdir/emulator/protocol)
[INFO] [stderr]    Compiling blake3 v1.8.3
[INFO] [stderr]    Compiling rustix v1.1.3
[INFO] [stderr]    Compiling xxhash-rust v0.8.15
[INFO] [stderr]    Compiling flate2 v1.1.8
[INFO] [stderr]    Compiling pxfm v0.1.27
[INFO] [stderr]    Compiling errno v0.3.14
[INFO] [stderr]    Compiling fdeflate v0.3.7
[INFO] [stderr]    Compiling bcdec_rs v0.2.0
[INFO] [stderr]    Compiling itoa v1.0.17
[INFO] [stderr]    Compiling aero-shared v0.1.0 (/opt/rustwide/workdir/crates/aero-shared)
[INFO] [stderr]    Compiling memchr v2.7.6
[INFO] [stderr]    Compiling signal-hook-registry v1.4.8
[INFO] [stderr]    Compiling png v0.18.0
[INFO] [stderr]    Compiling getrandom v0.3.4
[INFO] [stderr]    Compiling mio v1.1.1
[INFO] [stderr]    Compiling socket2 v0.6.1
[INFO] [stderr]    Compiling tracing-log v0.2.0
[INFO] [stderr]    Compiling bytes v1.11.0
[INFO] [stderr]    Compiling cast v0.3.0
[INFO] [stderr]    Compiling pollster v0.3.0
[INFO] [stderr]    Compiling byteorder-lite v0.1.0
[INFO] [stderr]    Compiling oorandom v11.1.5
[INFO] [stderr]    Compiling tracing-subscriber v0.3.22
[INFO] [stderr]    Compiling tempfile v3.24.0
[INFO] [stderr]    Compiling moxcms v0.7.11
[INFO] [stderr]    Compiling wasm-bindgen-macro-support v0.2.106
[INFO] [stderr]    Compiling thiserror-impl v1.0.69
[INFO] [stderr]    Compiling zerocopy-derive v0.8.33
[INFO] [stderr]    Compiling bytemuck_derive v1.10.2
[INFO] [stderr]    Compiling thiserror-impl v2.0.17
[INFO] [stderr]    Compiling naga v0.20.0
[INFO] [stderr]    Compiling tracing-attributes v0.1.31
[INFO] [stderr]    Compiling bytemuck v1.24.0
[INFO] [stderr]    Compiling serde_derive v1.0.228
[INFO] [stderr]    Compiling wasm-bindgen-test-macro v0.3.56
[INFO] [stderr]    Compiling async-trait v0.1.89
[INFO] [stderr]    Compiling tokio-macros v2.6.0
[INFO] [stderr]    Compiling wasm-bindgen-macro v0.2.106
[INFO] [stderr]    Compiling tracing v0.1.44
[INFO] [stderr]    Compiling tokio v1.49.0
[INFO] [stderr]    Compiling js-sys v0.3.83
[INFO] [stderr]    Compiling half v2.7.1
[INFO] [stderr]    Compiling hashbrown v0.14.5
[INFO] [stderr]    Compiling image v0.25.9
[INFO] [stderr]    Compiling wasm-bindgen-futures v0.4.56
[INFO] [stderr]    Compiling wasm-bindgen-test v0.3.56
[INFO] [stderr]    Compiling aero-d3d9 v0.1.0 (/opt/rustwide/workdir/crates/aero-d3d9)
[INFO] [stderr]    Compiling aero-gpu v0.1.0 (/opt/rustwide/workdir/crates/aero-gpu)
[INFO] [stderr]    Compiling aero-d3d11 v0.1.0 (/opt/rustwide/workdir/crates/aero-d3d11)
[INFO] [stdout] error[E0425]: cannot find function `bind_empty_groups_before_vertex_pulling` in this scope
[INFO] [stdout]     --> crates/aero-d3d11/src/runtime/aerogpu_cmd_executor.rs:9762:13
[INFO] [stdout]      |
[INFO] [stdout]  237 | / fn bind_empty_groups_before_vertex_pulling_distinct<'a>(
[INFO] [stdout]  238 | |     pass: &mut wgpu::ComputePass<'a>,
[INFO] [stdout]  239 | |     empty_bind_groups: &'a [Arc<wgpu::BindGroup>],
[INFO] [stdout]  240 | |     start_group: u32,
[INFO] [stdout] ...    |
[INFO] [stdout]  248 | | }
[INFO] [stdout]      | |_- similarly named function `bind_empty_groups_before_vertex_pulling_distinct` defined here
[INFO] [stdout] ...
[INFO] [stdout] 9762 |               bind_empty_groups_before_vertex_pulling(&mut pass, self.empty_bind_group.as_ref(), 1);
[INFO] [stdout]      |               ^^^^^^^^^^^^^^^^^^^^^^^^^^^^^^^^^^^^^^^
[INFO] [stdout]      |
[INFO] [stdout] help: a function with a similar name exists
[INFO] [stdout]      |
[INFO] [stdout] 9762 |             bind_empty_groups_before_vertex_pulling_distinct(&mut pass, self.empty_bind_group.as_ref(), 1);
[INFO] [stdout]      |                                                    +++++++++
[INFO] [stdout] help: consider importing this function
[INFO] [stdout]      |
[INFO] [stdout]    1 + use crate::runtime::vertex_pulling::bind_empty_groups_before_vertex_pulling;
[INFO] [stdout]      |
[INFO] [stdout] 
[INFO] [stdout] 
[INFO] [stdout] error[E0425]: cannot find function `bind_empty_groups_before_vertex_pulling` in this scope
[INFO] [stdout]      --> crates/aero-d3d11/src/runtime/aerogpu_cmd_executor.rs:10152:13
[INFO] [stdout]       |
[INFO] [stdout]   237 | / fn bind_empty_groups_before_vertex_pulling_distinct<'a>(
[INFO] [stdout]   238 | |     pass: &mut wgpu::ComputePass<'a>,
[INFO] [stdout]   239 | |     empty_bind_groups: &'a [Arc<wgpu::BindGroup>],
[INFO] [stdout]   240 | |     start_group: u32,
[INFO] [stdout] ...     |
[INFO] [stdout]   248 | | }
[INFO] [stdout]       | |_- similarly named function `bind_empty_groups_before_vertex_pulling_distinct` defined here
[INFO] [stdout] ...
[INFO] [stdout] 10152 |               bind_empty_groups_before_vertex_pulling(&mut pass, self.empty_bind_group.as_ref(), 1);
[INFO] [stdout]       |               ^^^^^^^^^^^^^^^^^^^^^^^^^^^^^^^^^^^^^^^
[INFO] [stdout]       |
[INFO] [stdout] help: a function with a similar name exists
[INFO] [stdout]       |
[INFO] [stdout] 10152 |             bind_empty_groups_before_vertex_pulling_distinct(&mut pass, self.empty_bind_group.as_ref(), 1);
[INFO] [stdout]       |                                                    +++++++++
[INFO] [stdout] help: consider importing this function
[INFO] [stdout]       |
[INFO] [stdout]     1 + use crate::runtime::vertex_pulling::bind_empty_groups_before_vertex_pulling;
[INFO] [stdout]       |
[INFO] [stdout] 
[INFO] [stdout] 
[INFO] [stdout] error[E0425]: cannot find function `bind_empty_groups_before_vertex_pulling` in this scope
[INFO] [stdout]      --> crates/aero-d3d11/src/runtime/aerogpu_cmd_executor.rs:10167:13
[INFO] [stdout]       |
[INFO] [stdout]   237 | / fn bind_empty_groups_before_vertex_pulling_distinct<'a>(
[INFO] [stdout]   238 | |     pass: &mut wgpu::ComputePass<'a>,
[INFO] [stdout]   239 | |     empty_bind_groups: &'a [Arc<wgpu::BindGroup>],
[INFO] [stdout]   240 | |     start_group: u32,
[INFO] [stdout] ...     |
[INFO] [stdout]   248 | | }
[INFO] [stdout]       | |_- similarly named function `bind_empty_groups_before_vertex_pulling_distinct` defined here
[INFO] [stdout] ...
[INFO] [stdout] 10167 |               bind_empty_groups_before_vertex_pulling(&mut pass, self.empty_bind_group.as_ref(), 1);
[INFO] [stdout]       |               ^^^^^^^^^^^^^^^^^^^^^^^^^^^^^^^^^^^^^^^
[INFO] [stdout]       |
[INFO] [stdout] help: a function with a similar name exists
[INFO] [stdout]       |
[INFO] [stdout] 10167 |             bind_empty_groups_before_vertex_pulling_distinct(&mut pass, self.empty_bind_group.as_ref(), 1);
[INFO] [stdout]       |                                                    +++++++++
[INFO] [stdout] help: consider importing this function
[INFO] [stdout]       |
[INFO] [stdout]     1 + use crate::runtime::vertex_pulling::bind_empty_groups_before_vertex_pulling;
[INFO] [stdout]       |
[INFO] [stdout] 
[INFO] [stdout] 
[INFO] [stdout] error[E0062]: field `dummy_storage_texture_views` specified more than once
[INFO] [stdout]     --> crates/aero-d3d11/src/runtime/aerogpu_cmd_executor.rs:6831:17
[INFO] [stdout]      |
[INFO] [stdout] 6828 |                 dummy_storage_texture_views: &self.dummy_storage_texture_views,
[INFO] [stdout]      |                 -------------------------------------------------------------- first use of `dummy_storage_texture_views`
[INFO] [stdout] ...
[INFO] [stdout] 6831 |                 dummy_storage_texture_views: &self.dummy_storage_texture_views,
[INFO] [stdout]      |                 ^^^^^^^^^^^^^^^^^^^^^^^^^^^ used more than once
[INFO] [stdout] 
[INFO] [stdout] 
[INFO] [stdout] error[E0062]: field `dummy_storage_texture_views` specified more than once
[INFO] [stdout]      --> crates/aero-d3d11/src/runtime/aerogpu_cmd_executor.rs:10831:21
[INFO] [stdout]       |
[INFO] [stdout] 10828 |                     dummy_storage_texture_views: &self.dummy_storage_texture_views,
[INFO] [stdout]       |                     -------------------------------------------------------------- first use of `dummy_storage_texture_views`
[INFO] [stdout] ...
[INFO] [stdout] 10831 |                     dummy_storage_texture_views: &self.dummy_storage_texture_views,
[INFO] [stdout]       |                     ^^^^^^^^^^^^^^^^^^^^^^^^^^^ used more than once
[INFO] [stdout] 
[INFO] [stdout] 
[INFO] [stdout] Some errors have detailed explanations: E0062, E0425.
[INFO] [stdout] 
[INFO] [stdout] For more information about an error, try `rustc --explain E0062`.
[INFO] [stdout] 
[INFO] [stderr] error: could not compile `aero-d3d11` (lib) due to 5 previous errors
[INFO] running `Command { std: "docker" "inspect" "abf2e45ff100aa7dae4dc0945f97dc1e81247559ee053495399b91410ccff51f", kill_on_drop: false }`
[INFO] running `Command { std: "docker" "rm" "-f" "abf2e45ff100aa7dae4dc0945f97dc1e81247559ee053495399b91410ccff51f", kill_on_drop: false }`
[INFO] [stdout] abf2e45ff100aa7dae4dc0945f97dc1e81247559ee053495399b91410ccff51f
