[INFO] cloning repository https://github.com/Etolith/perseval
[INFO] running `Command { std: "git" "-c" "credential.helper=" "-c" "credential.helper=/workspace/cargo-home/bin/git-credential-null" "clone" "--bare" "https://github.com/Etolith/perseval" "/workspace/cache/git-repos/https%3A%2F%2Fgithub.com%2FEtolith%2Fperseval", kill_on_drop: false }`
[INFO] [stderr] Cloning into bare repository '/workspace/cache/git-repos/https%3A%2F%2Fgithub.com%2FEtolith%2Fperseval'...
[INFO] running `Command { std: "git" "rev-parse" "HEAD", kill_on_drop: false }`
[INFO] [stdout] c3eb482a53acad086d734e22272ed1325cd6091e
[INFO] testing Etolith/perseval against 1.99.0-beta.1+cargoflags=--release for beta-release-1.99-2
[INFO] running `Command { std: "git" "clone" "/workspace/cache/git-repos/https%3A%2F%2Fgithub.com%2FEtolith%2Fperseval" "/workspace/builds/worker-2-tc2/source", kill_on_drop: false }`
[INFO] [stderr] Cloning into '/workspace/builds/worker-2-tc2/source'...
[INFO] [stderr] done.
[INFO] removed /workspace/builds/worker-2-tc2/source/rust-toolchain.toml
[INFO] started tweaking git repo https://github.com/Etolith/perseval
[INFO] finished tweaking git repo https://github.com/Etolith/perseval
[INFO] tweaked toml for git repo https://github.com/Etolith/perseval written to /workspace/builds/worker-2-tc2/source/Cargo.toml
[INFO] validating manifest of git repo https://github.com/Etolith/perseval on toolchain 1.99.0-beta.1
[INFO] running `Command { std: CARGO_HOME="/workspace/cargo-home" RUSTUP_HOME="/workspace/rustup-home" "/workspace/cargo-home/bin/cargo" "+1.99.0-beta.1" "metadata" "--manifest-path" "Cargo.toml" "--no-deps", kill_on_drop: false }`
[INFO] crate git repo https://github.com/Etolith/perseval already has a lockfile, it will not be regenerated
[INFO] running `Command { std: CARGO_HOME="/workspace/cargo-home" RUSTUP_HOME="/workspace/rustup-home" "/workspace/cargo-home/bin/cargo" "+1.99.0-beta.1" "fetch" "--manifest-path" "Cargo.toml", kill_on_drop: false }`
[INFO] [stderr]     Blocking waiting for file lock on package cache
[INFO] [stderr]     Blocking waiting for file lock on package cache
[ERROR] error running command: no output for 300 seconds
[INFO] testing Etolith/perseval against 1.99.0-beta.1+cargoflags=--release for beta-release-1.99-2
[INFO] running `Command { std: "git" "clone" "/workspace/cache/git-repos/https%3A%2F%2Fgithub.com%2FEtolith%2Fperseval" "/workspace/builds/worker-2-tc2/source", kill_on_drop: false }`
[INFO] [stderr] Cloning into '/workspace/builds/worker-2-tc2/source'...
[INFO] [stderr] done.
[INFO] removed /workspace/builds/worker-2-tc2/source/rust-toolchain.toml
[INFO] started tweaking git repo https://github.com/Etolith/perseval
[INFO] finished tweaking git repo https://github.com/Etolith/perseval
[INFO] tweaked toml for git repo https://github.com/Etolith/perseval written to /workspace/builds/worker-2-tc2/source/Cargo.toml
[INFO] validating manifest of git repo https://github.com/Etolith/perseval on toolchain 1.99.0-beta.1
[INFO] running `Command { std: CARGO_HOME="/workspace/cargo-home" RUSTUP_HOME="/workspace/rustup-home" "/workspace/cargo-home/bin/cargo" "+1.99.0-beta.1" "metadata" "--manifest-path" "Cargo.toml" "--no-deps", kill_on_drop: false }`
[INFO] crate git repo https://github.com/Etolith/perseval already has a lockfile, it will not be regenerated
[INFO] running `Command { std: CARGO_HOME="/workspace/cargo-home" RUSTUP_HOME="/workspace/rustup-home" "/workspace/cargo-home/bin/cargo" "+1.99.0-beta.1" "fetch" "--manifest-path" "Cargo.toml", kill_on_drop: false }`
[INFO] [stderr]     Blocking waiting for file lock on package cache
[INFO] [stderr]     Blocking waiting for file lock on package cache
[ERROR] error running command: no output for 300 seconds
[INFO] testing Etolith/perseval against 1.99.0-beta.1+cargoflags=--release for beta-release-1.99-2
[INFO] running `Command { std: "git" "clone" "/workspace/cache/git-repos/https%3A%2F%2Fgithub.com%2FEtolith%2Fperseval" "/workspace/builds/worker-2-tc2/source", kill_on_drop: false }`
[INFO] [stderr] Cloning into '/workspace/builds/worker-2-tc2/source'...
[INFO] [stderr] done.
[INFO] removed /workspace/builds/worker-2-tc2/source/rust-toolchain.toml
[INFO] started tweaking git repo https://github.com/Etolith/perseval
[INFO] finished tweaking git repo https://github.com/Etolith/perseval
[INFO] tweaked toml for git repo https://github.com/Etolith/perseval written to /workspace/builds/worker-2-tc2/source/Cargo.toml
[INFO] validating manifest of git repo https://github.com/Etolith/perseval on toolchain 1.99.0-beta.1
[INFO] running `Command { std: CARGO_HOME="/workspace/cargo-home" RUSTUP_HOME="/workspace/rustup-home" "/workspace/cargo-home/bin/cargo" "+1.99.0-beta.1" "metadata" "--manifest-path" "Cargo.toml" "--no-deps", kill_on_drop: false }`
[INFO] crate git repo https://github.com/Etolith/perseval already has a lockfile, it will not be regenerated
[INFO] running `Command { std: CARGO_HOME="/workspace/cargo-home" RUSTUP_HOME="/workspace/rustup-home" "/workspace/cargo-home/bin/cargo" "+1.99.0-beta.1" "fetch" "--manifest-path" "Cargo.toml", kill_on_drop: false }`
[INFO] [stderr]     Blocking waiting for file lock on package cache
[INFO] [stderr]     Blocking waiting for file lock on package cache
[ERROR] error running command: no output for 300 seconds
[INFO] testing Etolith/perseval against 1.99.0-beta.1+cargoflags=--release for beta-release-1.99-2
[INFO] running `Command { std: "git" "clone" "/workspace/cache/git-repos/https%3A%2F%2Fgithub.com%2FEtolith%2Fperseval" "/workspace/builds/worker-2-tc2/source", kill_on_drop: false }`
[INFO] [stderr] Cloning into '/workspace/builds/worker-2-tc2/source'...
[INFO] [stderr] done.
[INFO] removed /workspace/builds/worker-2-tc2/source/rust-toolchain.toml
[INFO] started tweaking git repo https://github.com/Etolith/perseval
[INFO] finished tweaking git repo https://github.com/Etolith/perseval
[INFO] tweaked toml for git repo https://github.com/Etolith/perseval written to /workspace/builds/worker-2-tc2/source/Cargo.toml
[INFO] validating manifest of git repo https://github.com/Etolith/perseval on toolchain 1.99.0-beta.1
[INFO] running `Command { std: CARGO_HOME="/workspace/cargo-home" RUSTUP_HOME="/workspace/rustup-home" "/workspace/cargo-home/bin/cargo" "+1.99.0-beta.1" "metadata" "--manifest-path" "Cargo.toml" "--no-deps", kill_on_drop: false }`
[INFO] crate git repo https://github.com/Etolith/perseval already has a lockfile, it will not be regenerated
[INFO] running `Command { std: CARGO_HOME="/workspace/cargo-home" RUSTUP_HOME="/workspace/rustup-home" "/workspace/cargo-home/bin/cargo" "+1.99.0-beta.1" "fetch" "--manifest-path" "Cargo.toml", kill_on_drop: false }`
[INFO] [stderr]     Blocking waiting for file lock on package cache
[INFO] [stderr]     Blocking waiting for file lock on package cache
[ERROR] error running command: no output for 300 seconds
[INFO] testing Etolith/perseval against 1.99.0-beta.1+cargoflags=--release for beta-release-1.99-2
[INFO] running `Command { std: "git" "clone" "/workspace/cache/git-repos/https%3A%2F%2Fgithub.com%2FEtolith%2Fperseval" "/workspace/builds/worker-2-tc2/source", kill_on_drop: false }`
[INFO] [stderr] Cloning into '/workspace/builds/worker-2-tc2/source'...
[INFO] [stderr] done.
[INFO] removed /workspace/builds/worker-2-tc2/source/rust-toolchain.toml
[INFO] started tweaking git repo https://github.com/Etolith/perseval
[INFO] finished tweaking git repo https://github.com/Etolith/perseval
[INFO] tweaked toml for git repo https://github.com/Etolith/perseval written to /workspace/builds/worker-2-tc2/source/Cargo.toml
[INFO] validating manifest of git repo https://github.com/Etolith/perseval on toolchain 1.99.0-beta.1
[INFO] running `Command { std: CARGO_HOME="/workspace/cargo-home" RUSTUP_HOME="/workspace/rustup-home" "/workspace/cargo-home/bin/cargo" "+1.99.0-beta.1" "metadata" "--manifest-path" "Cargo.toml" "--no-deps", kill_on_drop: false }`
[INFO] crate git repo https://github.com/Etolith/perseval already has a lockfile, it will not be regenerated
[INFO] running `Command { std: CARGO_HOME="/workspace/cargo-home" RUSTUP_HOME="/workspace/rustup-home" "/workspace/cargo-home/bin/cargo" "+1.99.0-beta.1" "fetch" "--manifest-path" "Cargo.toml", kill_on_drop: false }`
[INFO] [stderr]     Blocking waiting for file lock on package cache
[INFO] [stderr]     Blocking waiting for file lock on package cache
[INFO] [stderr]  Downloading crates ...
[INFO] [stderr]   Downloaded thiserror v2.0.19
[INFO] [stderr]   Downloaded serde_json_canonicalizer v0.3.2
[INFO] [stderr]   Downloaded cc v1.2.67
[INFO] [stderr]   Downloaded ref-cast-impl v1.0.25
[INFO] [stderr]   Downloaded sval_dynamic v2.20.0
[INFO] [stderr]   Downloaded sval_serde v2.20.0
[INFO] [stderr]   Downloaded sval_fmt v2.20.0
[INFO] [stderr]   Downloaded ref-cast v1.0.25
[INFO] [stderr]   Downloaded value-bag-sval2 v1.12.0
[INFO] [stderr]   Downloaded sval_json v2.20.0
[INFO] [stderr]   Downloaded value-bag-serde1 v1.12.0
[INFO] [stderr]   Downloaded serde_fmt v1.1.0
[INFO] [stderr]   Downloaded thiserror-impl v2.0.19
[INFO] [stderr]   Downloaded sval_ref v2.20.0
[INFO] [stderr]   Downloaded serde_html_form v0.2.8
[INFO] [stderr]   Downloaded space v0.19.0
[INFO] [stderr]   Downloaded pgat v0.3.0
[INFO] [stderr]   Downloaded schemars_derive v1.2.1
[INFO] [stderr]   Downloaded serde_derive_internals v0.29.1
[INFO] [stderr]   Downloaded sval_nested v2.20.0
[INFO] [stderr]   Downloaded sval_buffer v2.20.0
[INFO] [stderr]   Downloaded core-foundation v0.10.0
[INFO] [stderr]   Downloaded derive_builder_macro v0.20.2
[INFO] [stderr]   Downloaded value-bag v1.12.0
[INFO] [stderr]   Downloaded erased-serde v0.4.10
[INFO] [stderr]   Downloaded rawpointer v0.2.1
[INFO] [stderr]   Downloaded derive_builder_core v0.20.2
[INFO] [stderr]   Downloaded num-complex v0.4.6
[INFO] [stderr]   Downloaded kdtree v0.7.0
[INFO] [stderr]   Downloaded ndarray-rand v0.15.0
[INFO] [stderr]   Downloaded order-stat v0.1.3
[INFO] [stderr]   Downloaded rend v0.4.2
[INFO] [stderr]   Downloaded bytecheck_derive v0.6.12
[INFO] [stderr]   Downloaded crossbeam-deque v0.8.7
[INFO] [stderr]   Downloaded bytemuck_derive v1.11.0
[INFO] [stderr]   Downloaded compact_str v0.9.1
[INFO] [stderr]   Downloaded pastey v0.1.1
[INFO] [stderr]   Downloaded arg_enum_proc_macro v0.3.4
[INFO] [stderr]   Downloaded aligned v0.4.3
[INFO] [stderr]   Downloaded doc-comment v0.3.4
[INFO] [stderr]   Downloaded y4m v0.8.0
[INFO] [stderr]   Downloaded objc_exception v0.1.2
[INFO] [stderr]   Downloaded objc-foundation v0.1.1
[INFO] [stderr]   Downloaded screencapturekit v0.2.8
[INFO] [stderr]   Downloaded bytecheck v0.6.12
[INFO] [stderr]   Downloaded serde_spanned v1.1.1
[INFO] [stderr]   Downloaded rayon-cond v0.4.0
[INFO] [stderr]   Downloaded screencapturekit-sys v0.2.8
[INFO] [stderr]   Downloaded cocoa-foundation v0.1.2
[INFO] [stderr]   Downloaded macro_rules_attribute v0.2.2
[INFO] [stderr]   Downloaded macro_rules_attribute-proc_macro v0.2.2
[INFO] [stderr]   Downloaded derive_builder v0.20.2
[INFO] [stderr]   Downloaded noisy_float v0.2.1
[INFO] [stderr]   Downloaded csv-core v0.1.13
[INFO] [stderr]   Downloaded async-trait v0.1.91
[INFO] [stderr]   Downloaded pulp-wasm-simd-flag v0.1.1
[INFO] [stderr]   Downloaded core-graphics-helmer-fork v0.24.0
[INFO] [stderr]   Downloaded cocoa v0.25.0
[INFO] [stderr]   Downloaded yeslogic-fontconfig-sys v6.0.1
[INFO] [stderr]   Downloaded pathfinder_simd v0.5.6
[INFO] [stderr]   Downloaded linfa-nn v0.8.1
[INFO] [stderr]   Downloaded prost-derive v0.14.4
[INFO] [stderr]   Downloaded monostate v0.1.18
[INFO] [stderr]   Downloaded monostate-impl v0.1.18
[INFO] [stderr]   Downloaded socks v0.3.4
[INFO] [stderr]   Downloaded take-until v0.2.0
[INFO] [stderr]   Downloaded compression-core v0.4.32
[INFO] [stderr]   Downloaded crossbeam-epoch v0.9.20
[INFO] [stderr]   Downloaded prost v0.14.4
[INFO] [stderr]   Downloaded borsh-derive v1.7.0
[INFO] [stderr]   Downloaded lexical-core v1.0.6
[INFO] [stderr]   Downloaded unicode-ccc v0.4.0
[INFO] [stderr]   Downloaded io-surface v0.16.1
[INFO] [stderr]   Downloaded leak v0.1.2
[INFO] [stderr]   Downloaded inventory v0.3.24
[INFO] [stderr]   Downloaded toml_writer v1.1.1+spec-1.1.0
[INFO] [stderr]   Downloaded objc_id v0.1.1
[INFO] [stderr]   Downloaded stacksafe-macro v1.0.2
[INFO] [stderr]   Downloaded openai_dive v1.4.3
[INFO] [stderr]   Downloaded linfa-linalg v0.2.1
[INFO] [stderr]   Downloaded ahash v0.7.8
[INFO] [stderr]   Downloaded arrayvec v0.7.8
[INFO] [stderr]   Downloaded hmac-sha256 v1.1.14
[INFO] [stderr]   Downloaded rust-embed-utils v8.12.0
[INFO] [stderr]   Downloaded float-ord v0.3.2
[INFO] [stderr]   Downloaded xmlwriter v0.1.0
[INFO] [stderr]   Downloaded ryu-js v1.0.3
[INFO] [stderr]   Downloaded matrixmultiply v0.3.10
[INFO] [stderr]   Downloaded linfa-clustering v0.8.1
[INFO] [stderr]   Downloaded simdutf8 v0.1.5
[INFO] [stderr]   Downloaded arrow-string v58.3.0
[INFO] [stderr]   Downloaded lexical-parse-integer v1.0.6
[INFO] [stderr]   Downloaded dary_heap v0.3.9
[INFO] [stderr]   Downloaded utf8-zero v0.8.1
[INFO] [stderr]   Downloaded which v6.0.3
[INFO] [stderr]   Downloaded piper v0.2.5
[INFO] [stderr]   Downloaded rust-embed-impl v8.12.0
[INFO] [stderr]   Downloaded compression-codecs v0.4.38
[INFO] [stderr]   Downloaded deflate64 v0.1.12
[INFO] [stderr]   Downloaded ravif v0.13.0
[INFO] [stderr]   Downloaded noop_proc_macro v0.3.0
[INFO] [stderr]   Downloaded pollster v0.2.5
[INFO] [stderr]   Downloaded ndarray-stats v0.6.0
[INFO] [stderr]   Downloaded rkyv_derive v0.7.46
[INFO] [stderr]   Downloaded daachorse v1.0.1
[INFO] [stderr]   Downloaded rmcp-macros v2.2.0
[INFO] [stderr]   Downloaded pastey v0.2.3
[INFO] [stderr]   Downloaded interpolate_name v0.2.4
[INFO] [stderr]   Downloaded av1-grain v0.2.5
[INFO] [stderr]   Downloaded as-slice v0.2.1
[INFO] [stderr]   Downloaded core_maths v0.1.1
[INFO] [stderr]   Downloaded schemars v1.2.1
[INFO] [stderr]   Downloaded sval v2.20.0
[INFO] [stderr]   Downloaded arrow-data v58.3.0
[INFO] [stderr]   Downloaded arrow-row v58.3.0
[INFO] [stderr]   Downloaded lexical-write-integer v1.0.6
[INFO] [stderr]   Downloaded toml v1.1.2+spec-1.1.0
[INFO] [stderr]   Downloaded pico-args v0.5.0
[INFO] [stderr]   Downloaded stacksafe v1.0.2
[INFO] [stderr]   Downloaded self_cell v1.2.2
[INFO] [stderr]   Downloaded is-docker v0.2.0
[INFO] [stderr]   Downloaded comfy-table v7.1.4
[INFO] [stderr]   Downloaded vswhom-sys v0.1.3
[INFO] [stderr]   Downloaded toml_edit v0.25.12+spec-1.1.0
[INFO] [stderr]   Downloaded arrow-ord v58.3.0
[INFO] [stderr]   Downloaded arrow-arith v58.3.0
[INFO] [stderr]   Downloaded ureq-proto v0.6.0
[INFO] [stderr]   Downloaded reborrow v0.5.5
[INFO] [stderr]   Downloaded lyon v1.0.19
[INFO] [stderr]   Downloaded float_next_after v1.0.0
[INFO] [stderr]   Downloaded borsh v1.7.0
[INFO] [stderr]   Downloaded ort-sys v2.0.0-rc.12
[INFO] [stderr]   Downloaded arrow-schema v58.3.0
[INFO] [stderr]   Downloaded unicode_categories v0.1.1
[INFO] [stderr]   Downloaded async-net v2.0.0
[INFO] [stderr]   Downloaded cocoa-foundation v0.2.0
[INFO] [stderr]   Downloaded zbus_names v4.3.3
[INFO] [stderr]   Downloaded atspi v0.29.0
[INFO] [stderr]   Downloaded atspi-proxies v0.13.0
[INFO] [stderr]   Downloaded sprs v0.11.2
[INFO] [stderr]   Downloaded arrow v58.3.0
[INFO] [stderr]   Downloaded lexical-util v1.0.7
[INFO] [stderr]   Downloaded unicode-normalization-alignments v0.1.12
[INFO] [stderr]   Downloaded const-hex v1.19.1
[INFO] [stderr]   Downloaded async-lock v3.4.2
[INFO] [stderr]   Downloaded async-executor v1.14.0
[INFO] [stderr]   Downloaded unicode-bidi-mirroring v0.4.0
[INFO] [stderr]   Downloaded endi v1.1.1
[INFO] [stderr]   Downloaded zbus_macros v5.17.0
[INFO] [stderr]   Downloaded serde_repr v0.1.20
[INFO] [stderr]   Downloaded lexical-write-float v1.0.6
[INFO] [stderr]   Downloaded loop9 v0.1.5
[INFO] [stderr]   Downloaded unicode-vo v0.1.0
[INFO] [stderr]   Downloaded arrow-select v58.3.0
[INFO] [stderr]   Downloaded arrow-buffer v58.3.0
[INFO] [stderr]   Downloaded uds_windows v1.2.1
[INFO] [stderr]   Downloaded async-io v2.6.0
[INFO] [stderr]   Downloaded tao-core-video-sys v0.2.0
[INFO] [stderr]   Downloaded leaky-cow v0.1.1
[INFO] [stderr]   Downloaded vswhom v0.1.0
[INFO] [stderr]   Downloaded linfa v0.8.1
[INFO] [stderr]   Downloaded rkyv v0.7.46
[INFO] [stderr]   Downloaded zip v6.0.0
[INFO] [stderr]   Downloaded regex v1.13.0
[INFO] [stderr]   Downloaded arrow-cast v58.3.0
[INFO] [stderr]   Downloaded ort v2.0.0-rc.12
[INFO] [stderr]   Downloaded ureq v3.3.0
[INFO] [stderr]   Downloaded opentelemetry v0.32.0
[INFO] [stderr]   Downloaded async-compression v0.4.42
[INFO] [stderr]   Downloaded profiling v1.0.18
[INFO] [stderr]   Downloaded wayland-client v0.31.14
[INFO] [stderr]   Downloaded rust_decimal v1.42.1
[INFO] [stderr]   Downloaded wayland-sys v0.31.11
[INFO] [stderr]   Downloaded x11-clipboard v0.9.3
[INFO] [stderr]   Downloaded num v0.4.3
[INFO] [stderr]   Downloaded duckdb v1.10504.0
[INFO] [stderr]   Downloaded lexical-parse-float v1.0.6
[INFO] [stderr]   Downloaded tokenizers v0.23.1
[INFO] [stderr]   Downloaded esaxx-rs v0.1.10
[INFO] [stderr]   Downloaded rand_xorshift v0.4.0
[INFO] [stderr]   Downloaded windows-registry v0.5.3
[INFO] [stderr]   Downloaded serde_json_lenient v0.2.4
[INFO] [stderr]   Downloaded aligned-vec v0.6.4
[INFO] [stderr]   Downloaded equator v0.4.2
[INFO] [stderr]   Downloaded equator-macro v0.4.2
[INFO] [stderr]   Downloaded simd_helpers v0.1.0
[INFO] [stderr]   Downloaded profiling-procmacros v1.0.18
[INFO] [stderr]   Downloaded maybe-rayon v0.1.1
[INFO] [stderr]   Downloaded bitstream-io v4.10.0
[INFO] [stderr]   Downloaded no_std_io2 v0.9.4
[INFO] [stderr]   Downloaded num-rational v0.4.2
[INFO] [stderr]   Downloaded float-cmp v0.9.0
[INFO] [stderr]   Downloaded imagesize v0.13.0
[INFO] [stderr]   Downloaded grid v1.0.1
[INFO] [stderr]   Downloaded stacker v0.1.24
[INFO] [stderr]   Downloaded psm v0.1.31
[INFO] [stderr]   Downloaded nanorand v0.7.0
[INFO] [stderr]   Downloaded rustc-demangle v0.1.28
[INFO] [stderr]   Downloaded zune-core v0.4.12
[INFO] [stderr]   Downloaded rusty-fork v0.3.1
[INFO] [stderr]   Downloaded convert_case v0.11.0
[INFO] [stderr]   Downloaded linktime-proc-macro v0.2.0
[INFO] [stderr]   Downloaded cgl v0.3.2
[INFO] [stderr]   Downloaded directories v6.0.0
[INFO] [stderr]   Downloaded redox_users v0.5.2
[INFO] [stderr]   Downloaded async-process v2.5.0
[INFO] [stderr]   Downloaded async-signal v0.2.14
[INFO] [stderr]   Downloaded v_frame v0.3.9
[INFO] [stderr]   Downloaded avif-serialize v0.8.9
[INFO] [stderr]   Downloaded dwrote v0.11.5
[INFO] [stderr]   Downloaded accesskit v0.24.1
[INFO] [stderr]   Downloaded linebender_resource_handle v0.1.1
[INFO] [stderr]   Downloaded accesskit_macos v0.26.2
[INFO] [stderr]   Downloaded bitvec v1.1.1
[INFO] [stderr]   Downloaded futures v0.3.32
[INFO] [stderr]   Downloaded simplecss v0.2.2
[INFO] [stderr]   Downloaded data-url v0.3.2
[INFO] [stderr]   Downloaded core-video v0.5.2
[INFO] [stderr]   Downloaded winreg v0.55.0
[INFO] [stderr]   Downloaded rangemap v1.7.1
[INFO] [stderr]   Downloaded wayland-protocols v0.32.13
[INFO] [stderr]   Downloaded wayland-cursor v0.31.14
[INFO] [stderr]   Downloaded is-wsl v0.4.0
[INFO] [stderr]   Downloaded zbus v5.17.0
[INFO] [stderr]   Downloaded zbus-lockstep v0.5.2
[INFO] [stderr]   Downloaded ndarray v0.16.1
[INFO] [stderr]   Downloaded arrow-array v58.3.0
[INFO] [stderr]   Downloaded opentelemetry-proto v0.32.0
[INFO] [stderr]   Downloaded smol v2.0.2
[INFO] [stderr]   Downloaded smol_str v0.3.6
[INFO] [stderr]   Downloaded etagere v0.2.15
[INFO] [stderr]   Downloaded open v5.4.0
[INFO] [stderr]   Downloaded zvariant_utils v3.5.0
[INFO] [stderr]   Downloaded enumflags2_derive v0.7.12
[INFO] [stderr]   Downloaded lzma-rust2 v0.15.8
[INFO] [stderr]   Downloaded libfuzzer-sys v0.4.13
[INFO] [stderr]   Downloaded nom v8.0.0
[INFO] [stderr]   Downloaded ctor v1.0.8
[INFO] [stderr]   Downloaded lyon_path v1.0.19
[INFO] [stderr]   Downloaded lyon_algorithms v1.0.20
[INFO] [stderr]   Downloaded embed-resource v3.0.11
[INFO] [stderr]   Downloaded cocoa v0.26.0
[INFO] [stderr]   Downloaded wayland-protocols-wlr v0.3.12
[INFO] [stderr]   Downloaded wayland-protocols-plasma v0.3.12
[INFO] [stderr]   Downloaded accesskit_atspi_common v0.19.0
[INFO] [stderr]   Downloaded opentelemetry_sdk v0.32.1
[INFO] [stderr]   Downloaded mach2 v0.5.0
[INFO] [stderr]   Downloaded command-fds v0.3.3
[INFO] [stderr]   Downloaded windows-capture v1.5.0
[INFO] [stderr]   Downloaded core-graphics v0.24.0
[INFO] [stderr]   Downloaded unicode-script v0.5.8
[INFO] [stderr]   Downloaded wayland-backend v0.3.15
[INFO] [stderr]   Downloaded oo7 v0.6.0
[INFO] [stderr]   Downloaded async-recursion v1.1.1
[INFO] [stderr]   Downloaded calloop-wayland-source v0.4.1
[INFO] [stderr]   Downloaded rustls v0.23.41
[INFO] [stderr]   Downloaded zvariant v5.13.0
[INFO] [stderr]   Downloaded rmcp v2.2.0
[INFO] [stderr]   Downloaded bstr v1.12.3
[INFO] [stderr]   Downloaded core-text v21.0.0
[INFO] [stderr]   Downloaded memmap2 v0.9.11
[INFO] [stderr]   Downloaded pbkdf2 v0.12.2
[INFO] [stderr]   Downloaded imgref v1.12.2
[INFO] [stderr]   Downloaded wayland-scanner v0.31.10
[INFO] [stderr]   Downloaded block-padding v0.3.3
[INFO] [stderr]   Downloaded cbc v0.1.2
[INFO] [stderr]   Downloaded built v0.8.1
[INFO] [stderr]   Downloaded addr2line v0.25.1
[INFO] [stderr]   Downloaded font-types v0.11.3
[INFO] [stderr]   Downloaded zvariant_derive v5.13.0
[INFO] [stderr]   Downloaded ordered-stream v0.2.0
[INFO] [stderr]   Downloaded accesskit_unix v0.22.0
[INFO] [stderr]   Downloaded harfrust v0.5.2
[INFO] [stderr]   Downloaded winsafe v0.0.19
[INFO] [stderr]   Downloaded core-graphics2 v0.5.2
[INFO] [stderr]   Downloaded lyon_geom v1.0.19
[INFO] [stderr]   Downloaded accesskit_windows v0.32.1
[INFO] [stderr]   Downloaded accesskit_consumer v0.35.0
[INFO] [stderr]   Downloaded skrifa v0.40.0
[INFO] [stderr]   Downloaded accesskit_consumer v0.37.0
[INFO] [stderr]   Downloaded xkbcommon v0.8.0
[INFO] [stderr]   Downloaded enumflags2 v0.7.12
[INFO] [stderr]   Downloaded x11 v2.21.0
[INFO] [stderr]   Downloaded resvg v0.45.1
[INFO] [stderr]   Downloaded link-section v0.19.0
[INFO] [stderr]   Downloaded atspi-common v0.13.0
[INFO] [stderr]   Downloaded zbus-lockstep-macros v0.5.2
[INFO] [stderr]   Downloaded svgtypes v0.15.3
[INFO] [stderr]   Downloaded zbus_xml v5.2.0
[INFO] [stderr]   Downloaded spm_precompiled v0.1.4
[INFO] [stderr]   Downloaded async_zip v0.0.18
[INFO] [stderr]   Downloaded ar_archive_writer v0.5.2
[INFO] [stderr]   Downloaded backtrace v0.3.76
[INFO] [stderr]   Downloaded zune-jpeg v0.4.21
[INFO] [stderr]   Downloaded futures-concurrency v7.7.1
[INFO] [stderr]   Downloaded calloop v0.14.4
[INFO] [stderr]   Downloaded fontdb v0.23.0
[INFO] [stderr]   Downloaded read-fonts v0.37.0
[INFO] [stderr]   Downloaded av-scenechange v0.14.1
[INFO] [stderr]   Downloaded raw-cpuid v11.6.0
[INFO] [stderr]   Downloaded sysinfo v0.31.4
[INFO] [stderr]   Downloaded zstd-sys v2.0.16+zstd.1.5.7
[INFO] [stderr]   Downloaded heapless v0.9.3
[INFO] [stderr]   Downloaded num-bigint-dig v0.9.1
[INFO] [stderr]   Downloaded kurbo v0.11.3
[INFO] [stderr]   Downloaded ashpd v0.13.12
[INFO] [stderr]   Downloaded pulp v0.22.3
[INFO] [stderr]   Downloaded quick-xml v0.30.0
[INFO] [stderr]   Downloaded usvg v0.45.1
[INFO] [stderr]   Downloaded taffy v0.10.1
[INFO] [stderr]   Downloaded lyon_tessellation v1.0.20
[INFO] [stderr]   Downloaded xcb v1.7.0
[INFO] [stderr]   Downloaded bindgen v0.71.1
[INFO] [stderr]   Downloaded cbindgen v0.28.0
[INFO] [stderr]   Downloaded quick-xml v0.39.4
[INFO] [stderr]   Downloaded tokio v1.53.0
[INFO] [stderr]   Downloaded proptest v1.11.0
[INFO] [stderr]   Downloaded rustybuzz v0.20.1
[INFO] [stderr]   Downloaded swash v0.2.9
[INFO] [stderr]   Downloaded csv v1.4.0
[INFO] [stderr]   Downloaded ndarray v0.17.2
[INFO] [stderr]   Downloaded exr v1.74.2
[INFO] [stderr]   Downloaded gimli v0.32.3
[INFO] [stderr]   Downloaded skrifa v0.42.1
[INFO] [stderr]   Downloaded rust-embed v8.12.0
[INFO] [stderr]   Downloaded nix v0.31.3
[INFO] [stderr]   Downloaded object v0.37.3
[INFO] [stderr]   Downloaded postage v0.5.0
[INFO] [stderr]   Downloaded read-fonts v0.39.2
[INFO] [stderr]   Downloaded rav1e v0.8.1
[INFO] [stderr]   Downloaded metal v0.33.0
[INFO] [stderr]   Downloaded cosmic-text v0.19.0
[INFO] [stderr]   Downloaded freetype-sys v0.20.1
[INFO] [stderr]   Downloaded libduckdb-sys v1.10504.0
[INFO] running `Command { std: "docker" "create" "-v" "/var/lib/crater-agent-workspace/builds/worker-2-tc2/source:/opt/rustwide/workdir:ro,Z" "-v" "/var/lib/crater-agent-workspace/builds/worker-2-tc2/target:/opt/rustwide/target:rw,Z" "-v" "/var/lib/crater-agent-workspace/cargo-home:/opt/rustwide/cargo-home:ro,Z" "-v" "/var/lib/crater-agent-workspace/rustup-home:/opt/rustwide/rustup-home:ro,Z" "-m" "1610612736" "--network" "none" "ghcr.io/rust-lang/crates-build-env/linux@sha256:8683fc1fc2eb5c9ac98e0d076ab094b2ffac7f99da555d2b6a2e27f346de2ec7" "sleep" "infinity", kill_on_drop: false }`
[INFO] [stdout] da3dc0591bbbe56f34dfc08a7c14e9c229e4f8106f6b9fd38f0dcffad9e8c1fe
[INFO] running `Command { std: "docker" "start" "da3dc0591bbbe56f34dfc08a7c14e9c229e4f8106f6b9fd38f0dcffad9e8c1fe", kill_on_drop: false }`
[INFO] running `Command { std: "docker" "inspect" "da3dc0591bbbe56f34dfc08a7c14e9c229e4f8106f6b9fd38f0dcffad9e8c1fe", kill_on_drop: false }`
[INFO] running `Command { std: "docker" "exec" "-e" "SOURCE_DIR=/opt/rustwide/workdir" "-e" "CARGO_HOME=/opt/rustwide/cargo-home" "-e" "RUSTUP_HOME=/opt/rustwide/rustup-home" "-e" "CARGO_TARGET_DIR=/opt/rustwide/target" "-w" "/opt/rustwide/workdir" "--user" "0:0" "da3dc0591bbbe56f34dfc08a7c14e9c229e4f8106f6b9fd38f0dcffad9e8c1fe" "/opt/rustwide/cargo-home/bin/cargo" "+1.99.0-beta.1" "metadata" "--no-deps" "--format-version=1", kill_on_drop: false }`
[INFO] running `Command { std: "docker" "inspect" "da3dc0591bbbe56f34dfc08a7c14e9c229e4f8106f6b9fd38f0dcffad9e8c1fe", kill_on_drop: false }`
[INFO] running `Command { std: "docker" "exec" "-e" "SOURCE_DIR=/opt/rustwide/workdir" "-e" "CARGO_HOME=/opt/rustwide/cargo-home" "-e" "RUSTUP_HOME=/opt/rustwide/rustup-home" "-e" "CARGO_TARGET_DIR=/opt/rustwide/target" "-e" "CARGO_INCREMENTAL=0" "-e" "RUST_BACKTRACE=full" "-e" "RUSTFLAGS=--cap-lints=warn" "-e" "RUSTDOCFLAGS=--cap-lints=warn" "-w" "/opt/rustwide/workdir" "--user" "0:0" "da3dc0591bbbe56f34dfc08a7c14e9c229e4f8106f6b9fd38f0dcffad9e8c1fe" "/opt/rustwide/cargo-home/bin/cargo" "+1.99.0-beta.1" "build" "--frozen" "--message-format=json" "--release", kill_on_drop: false }`
[INFO] [stderr]    Compiling quote v1.0.46
[INFO] [stderr]    Compiling serde_core v1.0.228
[INFO] [stderr]    Compiling libc v0.2.186
[INFO] [stderr]    Compiling autocfg v1.5.1
[INFO] [stderr]    Compiling bitflags v2.13.0
[INFO] [stderr]    Compiling shlex v2.0.1
[INFO] [stderr]    Compiling find-msvc-tools v0.1.9
[INFO] [stderr]    Compiling typeid v1.0.3
[INFO] [stderr]    Compiling erased-serde v0.4.10
[INFO] [stderr]    Compiling serde v1.0.228
[INFO] [stderr]    Compiling smallvec v1.15.2
[INFO] [stderr]    Compiling pin-project-lite v0.2.17
[INFO] [stderr]    Compiling pkg-config v0.3.33
[INFO] [stderr]    Compiling syn v2.0.118
[INFO] [stderr]    Compiling memchr v2.8.3
[INFO] [stderr]    Compiling num-traits v0.2.19
[INFO] [stderr]    Compiling crossbeam-utils v0.8.22
[INFO] [stderr]    Compiling futures-core v0.3.32
[INFO] [stderr]    Compiling version_check v0.9.5
[INFO] [stderr]    Compiling zerocopy v0.8.54
[INFO] [stderr]    Compiling jobserver v0.1.35
[INFO] [stderr]    Compiling cc v1.2.67
[INFO] [stderr]    Compiling futures-io v0.3.32
[INFO] [stderr]    Compiling cfg-if v1.0.4
[INFO] [stderr]    Compiling hashbrown v0.17.1
[INFO] [stderr]    Compiling syn v3.0.3
[INFO] [stderr]    Compiling num-integer v0.1.46
[INFO] [stderr]    Compiling slab v0.4.12
[INFO] [stderr]    Compiling equivalent v1.0.2
[INFO] [stderr]    Compiling once_cell v1.21.4
[INFO] [stderr]    Compiling itoa v1.0.18
[INFO] [stderr]    Compiling getrandom v0.2.17
[INFO] [stderr]    Compiling thiserror v2.0.19
[INFO] [stderr]    Compiling serde_fmt v1.1.0
[INFO] [stderr]    Compiling indexmap v2.14.0
[INFO] [stderr]    Compiling tracing-core v0.1.36
[INFO] [stderr]    Compiling getrandom v0.3.4
[INFO] [stderr]    Compiling futures-sink v0.3.32
[INFO] [stderr]    Compiling stable_deref_trait v1.2.1
[INFO] [stderr]    Compiling zmij v1.0.21
[INFO] [stderr]    Compiling ring v0.17.14
[INFO] [stderr]    Compiling value-bag-serde1 v1.12.0
[INFO] [stderr]    Compiling value-bag v1.12.0
[INFO] [stderr]    Compiling typenum v1.20.1
[INFO] [stderr]    Compiling log v0.4.33
[INFO] [stderr]    Compiling crossbeam-epoch v0.9.20
[INFO] [stderr]    Compiling arrayvec v0.7.8
[INFO] [stderr]    Compiling httparse v1.10.1
[INFO] [stderr]    Compiling parking v2.2.1
[INFO] [stderr]    Compiling crossbeam-deque v0.8.7
[INFO] [stderr]    Compiling either v1.16.0
[INFO] [stderr]    Compiling crc32fast v1.5.0
[INFO] [stderr]    Compiling synstructure v0.13.2
[INFO] [stderr]    Compiling icu_properties_data v2.2.0
[INFO] [stderr]    Compiling icu_normalizer_data v2.2.0
[INFO] [stderr]    Compiling rayon-core v1.13.0
[INFO] [stderr]    Compiling futures-channel v0.3.32
[INFO] [stderr]    Compiling rustix v1.1.4
[INFO] [stderr]    Compiling linux-raw-sys v0.12.1
[INFO] [stderr]    Compiling winnow v1.0.3
[INFO] [stderr]    Compiling futures-task v0.3.32
[INFO] [stderr]    Compiling concurrent-queue v2.5.0
[INFO] [stderr]    Compiling atomic-waker v1.1.2
[INFO] [stderr]    Compiling toml_datetime v1.1.1+spec-1.1.0
[INFO] [stderr]    Compiling num-bigint v0.4.8
[INFO] [stderr]    Compiling iana-time-zone v0.1.65
[INFO] [stderr]    Compiling bytes v1.12.1
[INFO] [stderr]    Compiling rayon v1.12.0
[INFO] [stderr]    Compiling generic-array v0.14.7
[INFO] [stderr]    Compiling anyhow v1.0.104
[INFO] [stderr]    Compiling toml_parser v1.1.2+spec-1.1.0
[INFO] [stderr]    Compiling simd-adler32 v0.3.9
[INFO] [stderr]    Compiling serde_derive v1.0.228
[INFO] [stderr]    Compiling bytemuck_derive v1.11.0
[INFO] [stderr]    Compiling zerocopy-derive v0.8.54
[INFO] [stderr]    Compiling zerofrom-derive v0.1.7
[INFO] [stderr]    Compiling yoke-derive v0.8.2
[INFO] [stderr]    Compiling zerovec-derive v0.11.3
[INFO] [stderr]    Compiling displaydoc v0.2.6
[INFO] [stderr]    Compiling bytemuck v1.25.1
[INFO] [stderr]    Compiling thiserror-impl v2.0.19
[INFO] [stderr]    Compiling tracing-attributes v0.1.31
[INFO] [stderr]    Compiling num-complex v0.4.6
[INFO] [stderr]    Compiling futures-macro v0.3.32
[INFO] [stderr]    Compiling zerofrom v0.1.8
[INFO] [stderr]    Compiling yoke v0.8.3
[INFO] [stderr]    Compiling futures-util v0.3.32
[INFO] [stderr]    Compiling crunchy v0.2.4
[INFO] [stderr]    Compiling tracing v0.1.44
[INFO] [stderr]    Compiling event-listener v5.4.1
[INFO] [stderr]    Compiling base64 v0.22.1
[INFO] [stderr]    Compiling tiny-keccak v2.0.2
[INFO] [stderr]    Compiling fastrand v2.4.1
[INFO] [stderr]    Compiling event-listener-strategy v0.5.4
[INFO] [stderr]    Compiling zerovec v0.11.6
[INFO] [stderr]    Compiling http v1.4.2
[INFO] [stderr]    Compiling adler2 v2.0.1
[INFO] [stderr]    Compiling serde_json v1.0.150
[INFO] [stderr]    Compiling chrono v0.4.45
[INFO] [stderr]    Compiling percent-encoding v2.3.2
[INFO] [stderr]    Compiling miniz_oxide v0.8.9
[INFO] [stderr]    Compiling ryu v1.0.23
[INFO] [stderr]    Compiling zeroize v1.9.0
[INFO] [stderr]    Compiling subtle v2.6.1
[INFO] [stderr]    Compiling rustls-pki-types v1.15.0
[INFO] [stderr]    Compiling const-random-macro v0.1.16
[INFO] [stderr]    Compiling futures-lite v2.6.1
[INFO] [stderr]    Compiling zeroize_derive v1.5.0
[INFO] [stderr]    Compiling ahash v0.8.12
[INFO] [stderr]    Compiling untrusted v0.9.0
[INFO] [stderr]    Compiling const-random v0.1.18
[INFO] [stderr]    Compiling parking_lot_core v0.9.12
[INFO] [stderr]    Compiling half v2.7.1
[INFO] [stderr]    Compiling ppv-lite86 v0.2.21
[INFO] [stderr]    Compiling tinystr v0.8.3
[INFO] [stderr]    Compiling async-channel v2.5.0
[INFO] [stderr]    Compiling crypto-common v0.1.7
[INFO] [stderr]    Compiling toml_edit v0.25.12+spec-1.1.0
[INFO] [stderr]    Compiling enumflags2_derive v0.7.12
[INFO] [stderr]    Compiling aho-corasick v1.1.4
[INFO] [stderr]    Compiling strsim v0.11.1
[INFO] [stderr]    Compiling rustls v0.23.41
[INFO] [stderr]    Compiling writeable v0.6.3
[INFO] [stderr]    Compiling ident_case v1.0.1
[INFO] [stderr]    Compiling regex-syntax v0.8.11
[INFO] [stderr]    Compiling litemap v0.8.2
[INFO] [stderr]    Compiling proc-macro-crate v3.5.0
[INFO] [stderr]    Compiling icu_locale_core v2.2.0
[INFO] [stderr]    Compiling parking_lot v0.12.5
[INFO] [stderr]    Compiling zvariant_utils v3.5.0
[INFO] [stderr]    Compiling rustls-webpki v0.103.13
[INFO] [stderr]    Compiling potential_utf v0.1.5
[INFO] [stderr]    Compiling zerotrie v0.2.4
[INFO] [stderr]    Compiling tokio-macros v2.7.0
[INFO] [stderr]    Compiling socket2 v0.6.4
[INFO] [stderr]    Compiling mio v1.2.1
[INFO] [stderr]    Compiling matrixmultiply v0.3.10
[INFO] [stderr]    Compiling regex-automata v0.4.15
[INFO] [stderr]    Compiling icu_collections v2.2.0
[INFO] [stderr]    Compiling tokio v1.53.0
[INFO] [stderr]    Compiling icu_provider v2.2.0
[INFO] [stderr]    Compiling zvariant_derive v5.13.0
[INFO] [stderr]    Compiling flate2 v1.1.9
[INFO] [stderr]    Compiling async-task v4.7.1
[INFO] [stderr]    Compiling rawpointer v0.2.1
[INFO] [stderr]    Compiling unicase v2.9.0
[INFO] [stderr]    Compiling webpki-roots v1.0.8
[INFO] [stderr]    Compiling form_urlencoded v1.2.2
[INFO] [stderr]    Compiling block-buffer v0.10.4
[INFO] [stderr]    Compiling rand_core v0.9.5
[INFO] [stderr]    Compiling paste v1.0.15
[INFO] [stderr]    Compiling rand_chacha v0.9.0
[INFO] [stderr]    Compiling digest v0.10.7
[INFO] [stderr]    Compiling icu_normalizer v2.2.0
[INFO] [stderr]    Compiling icu_properties v2.2.0
[INFO] [stderr]    Compiling polling v3.11.0
[INFO] [stderr]    Compiling async-trait v0.1.91
[INFO] [stderr]    Compiling thiserror-impl v1.0.69
[INFO] [stderr]    Compiling wayland-sys v0.31.11
[INFO] [stderr]    Compiling proc-macro2 v1.0.106
[INFO] [stderr]    Compiling utf8_iter v1.0.4
[INFO] [stderr]    Compiling unicode-segmentation v1.13.3
[INFO] [stderr]    Compiling hex v0.4.3
[INFO] [stderr]    Compiling hashbrown v0.15.5
[INFO] [stderr]    Compiling thiserror v1.0.69
[INFO] [stderr]    Compiling idna_adapter v1.2.2
[INFO] [stderr]    Compiling regex v1.13.0
[INFO] [stderr]    Compiling rand v0.9.4
[INFO] [stderr]    Compiling http-body v1.0.1
[INFO] [stderr]    Compiling openssl-sys v0.9.117
[INFO] [stderr]    Compiling hybrid-array v0.4.13
[INFO] [stderr]    Compiling async-io v2.6.0
[INFO] [stderr]    Compiling cpufeatures v0.2.17
[INFO] [stderr]    Compiling getrandom v0.4.3
[INFO] [stderr]    Compiling ref-cast v1.0.25
[INFO] [stderr]    Compiling fnv v1.0.7
[INFO] [stderr]    Compiling rustix v0.38.44
[INFO] [stderr]    Compiling darling_core v0.20.11
[INFO] [stderr]    Compiling idna v1.1.0
[INFO] [stderr]    Compiling enumflags2 v0.7.12
[INFO] [stderr]    Compiling arrow-buffer v58.3.0
[INFO] [stderr]    Compiling futures-executor v0.3.32
[INFO] [stderr]    Compiling ref-cast-impl v1.0.25
[INFO] [stderr]    Compiling rand_core v0.6.4
[INFO] [stderr]    Compiling itertools v0.14.0
[INFO] [stderr]    Compiling serde_derive_internals v0.29.1
[INFO] [stderr]    Compiling arrow-schema v58.3.0
[INFO] [stderr]    Compiling endi v1.1.1
[INFO] [stderr]    Compiling linux-raw-sys v0.4.15
[INFO] [stderr]    Compiling zvariant v5.13.0
[INFO] [stderr]    Compiling arrow-data v58.3.0
[INFO] [stderr]    Compiling darling_macro v0.20.11
[INFO] [stderr]    Compiling schemars_derive v1.2.1
[INFO] [stderr]    Compiling url v2.5.8
[INFO] [stderr]    Compiling crypto-common v0.2.2
[INFO] [stderr]    Compiling block-buffer v0.12.1
[INFO] [stderr]    Compiling piper v0.2.5
[INFO] [stderr]    Compiling errno v0.3.14
[INFO] [stderr]    Compiling approx v0.5.1
[INFO] [stderr]    Compiling sha1_smol v1.0.1
[INFO] [stderr]    Compiling tower-service v0.3.3
[INFO] [stderr]    Compiling try-lock v0.2.5
[INFO] [stderr]    Compiling const-oid v0.10.2
[INFO] [stderr]    Compiling dyn-clone v1.0.20
[INFO] [stderr]    Compiling schemars v1.2.1
[INFO] [stderr]    Compiling digest v0.11.3
[INFO] [stderr]    Compiling want v0.3.1
[INFO] [stderr]    Compiling uuid v1.23.4
[INFO] [stderr]    Compiling ndarray v0.16.1
[INFO] [stderr]    Compiling signal-hook-registry v1.4.8
[INFO] [stderr]    Compiling blocking v1.6.2
[INFO] [stderr]    Compiling zbus_names v4.3.3
[INFO] [stderr]    Compiling darling v0.20.11
[INFO] [stderr]    Compiling arrow-array v58.3.0
[INFO] [stderr]    Compiling rand_chacha v0.3.1
[INFO] [stderr]    Compiling async-lock v3.4.2
[INFO] [stderr]    Compiling serde_bytes v0.11.19
[INFO] [stderr]    Compiling cpufeatures v0.3.0
[INFO] [stderr]    Compiling openssl v0.10.81
[INFO] [stderr]    Compiling lexical-util v1.0.7
[INFO] [stderr]    Compiling sha2 v0.11.0
[INFO] [stderr]    Compiling hyper v1.10.1
[INFO] [stderr]    Compiling rand v0.8.6
[INFO] [stderr]    Compiling derive_builder_core v0.20.2
[INFO] [stderr]    Compiling async-signal v0.2.14
[INFO] [stderr]    Compiling sha2 v0.10.9
[INFO] [stderr]    Compiling sync_wrapper v1.0.2
[INFO] [stderr]    Compiling openssl-macros v0.1.1
[INFO] [stderr]    Compiling core_maths v0.1.1
[INFO] [stderr]    Compiling tower-layer v0.3.3
[INFO] [stderr]    Compiling ipnet v2.12.0
[INFO] [stderr]    Compiling semver v1.0.28
[INFO] [stderr]    Compiling native-tls v0.2.18
[INFO] [stderr]    Compiling hyper-util v0.1.20
[INFO] [stderr]    Compiling tower v0.5.3
[INFO] [stderr]    Compiling rustc_version v0.4.1
[INFO] [stderr]    Compiling derive_builder_macro v0.20.2
[INFO] [stderr]    Compiling async-process v2.5.0
[INFO] [stderr]    Compiling tokio-rustls v0.26.4
[INFO] [stderr]    Compiling strum_macros v0.27.2
[INFO] [stderr]    Compiling http-body-util v0.1.3
[INFO] [stderr]    Compiling async-executor v1.14.0
[INFO] [stderr]    Compiling profiling-procmacros v1.0.18
[INFO] [stderr]    Compiling equator-macro v0.4.2
[INFO] [stderr]    Compiling wayland-backend v0.3.15
[INFO] [stderr]    Compiling option-ext v0.2.0
[INFO] [stderr]    Compiling openssl-probe v0.2.1
[INFO] [stderr]    Compiling doc-comment v0.3.4
[INFO] [stderr]    Compiling object v0.37.3
[INFO] [stderr]    Compiling bumpalo v3.20.3
[INFO] [stderr]    Compiling byteorder v1.5.0
[INFO] [stderr]    Compiling zlib-rs v0.6.6
[INFO] [stderr]    Compiling socks v0.3.4
[INFO] [stderr]    Compiling strum v0.27.2
[INFO] [stderr]    Compiling zopfli v0.8.3
[INFO] [stderr]    Compiling serde_urlencoded v0.7.1
[INFO] [stderr]    Compiling equator v0.4.2
[INFO] [stderr]    Compiling dirs-sys v0.5.0
[INFO] [stderr]    Compiling profiling v1.0.18
[INFO] [stderr]    Compiling hyper-rustls v0.27.9
[INFO] [stderr]    Compiling xattr v1.6.1
[INFO] [stderr]    Compiling tower-http v0.6.11
[INFO] [stderr]    Compiling derive_builder v0.20.2
[INFO] [stderr]    Compiling arrow-select v58.3.0
[INFO] [stderr]    Compiling lexical-parse-integer v1.0.6
[INFO] [stderr]    Compiling lexical-write-integer v1.0.6
[INFO] [stderr]    Compiling mime_guess v2.0.5
[INFO] [stderr]    Compiling ureq-proto v0.6.0
[INFO] [stderr]    Compiling num-rational v0.4.2
[INFO] [stderr]    Compiling zstd-sys v2.0.16+zstd.1.5.7
[INFO] [stderr]    Compiling filetime v0.2.29
[INFO] [stderr]    Compiling quick-xml v0.39.4
[INFO] [stderr]    Compiling slotmap v1.1.1
[INFO] [stderr]    Compiling linfa v0.8.1
[INFO] [stderr]    Compiling ryu-js v1.0.3
[INFO] [stderr]    Compiling scoped-tls v1.0.1
[INFO] [stderr]    Compiling rustversion v1.0.23
[INFO] [stderr]    Compiling wayland-client v0.31.14
[INFO] [stderr]    Compiling siphasher v1.0.3
[INFO] [stderr]    Compiling downcast-rs v1.2.1
[INFO] [stderr]    Compiling utf8-zero v0.8.1
[INFO] [stderr]    Compiling ureq v3.3.0
[INFO] [stderr]    Compiling serde_json_canonicalizer v0.3.2
[INFO] [stderr]    Compiling anstyle-parse v1.0.0
[INFO] [stderr]    Compiling wayland-scanner v0.31.10
[INFO] [stderr]    Compiling tar v0.4.46
[INFO] [stderr]    Compiling zip v6.0.0
[INFO] [stderr]    Compiling reqwest v0.12.28
[INFO] [stderr]    Compiling lexical-write-float v1.0.6
[INFO] [stderr]    Compiling lexical-parse-float v1.0.6
[INFO] [stderr]    Compiling tokio-native-tls v0.3.1
[INFO] [stderr]    Compiling aligned-vec v0.6.4
[INFO] [stderr]    Compiling sprs v0.11.2
[INFO] [stderr]    Compiling zbus_macros v5.17.0
[INFO] [stderr]    Compiling crossterm v0.28.1
[INFO] [stderr]    Compiling futures v0.3.32
[INFO] [stderr]    Compiling tokio-util v0.7.18
[INFO] [stderr]    Compiling naga v29.0.3 (https://github.com/zed-industries/wgpu.git?rev=357a0c56e0070480ad9daea5d2eaa83150b79e88#357a0c56)
[INFO] [stderr]    Compiling async-broadcast v0.7.2
[INFO] [stderr]    Compiling font-types v0.11.3
[INFO] [stderr]    Compiling async-recursion v1.1.1
[INFO] [stderr]    Compiling serde_repr v0.1.20
[INFO] [stderr]    Compiling itertools v0.13.0
[INFO] [stderr]    Compiling onig_sys v69.9.3
[INFO] [stderr]    Compiling euclid v0.22.14
[INFO] [stderr]    Compiling noisy_float v0.2.1
[INFO] [stderr]    Compiling ordered-stream v0.2.0
[INFO] [stderr]    Compiling colorchoice v1.0.5
[INFO] [stderr]    Compiling anstyle v1.0.14
[INFO] [stderr]    Compiling anstyle-query v1.1.5
[INFO] [stderr]    Compiling is_terminal_polyfill v1.70.2
[INFO] [stderr]    Compiling rustc-hash v2.1.3
[INFO] [stderr]    Compiling hmac-sha256 v1.1.14
[INFO] [stderr]    Compiling lzma-rust2 v0.15.8
[INFO] [stderr]    Compiling anstream v1.0.0
[INFO] [stderr]    Compiling zbus v5.17.0
[INFO] [stderr]    Compiling ort-sys v2.0.0-rc.12
[INFO] [stderr]    Compiling ndarray-stats v0.6.0
[INFO] [stderr]    Compiling ar_archive_writer v0.5.2
[INFO] [stderr]    Compiling comfy-table v7.1.4
[INFO] [stderr]    Compiling libduckdb-sys v1.10504.0
[INFO] [stderr]    Compiling lexical-core v1.0.6
[INFO] [stderr]    Compiling pgat v0.3.0
[INFO] [stderr]    Compiling v_frame v0.3.9
[INFO] [stderr]    Compiling hyper-tls v0.6.0
[INFO] [stderr]    Compiling arrow-ord v58.3.0
[INFO] [stderr]    Compiling traceeval-contracts v0.1.0 (https://github.com/Etolith/traces-to-evals?rev=526fadbec328973249aad170dc8d09f7f2f06867#526fadbe)
[INFO] [stderr]    Compiling ttf-parser v0.25.1
[INFO] [stderr]    Compiling rand_distr v0.4.3
[INFO] [stderr]    Compiling zbus_xml v5.2.0
[INFO] [stderr]    Compiling kdtree v0.7.0
[INFO] [stderr]    Compiling libsqlite3-sys v0.35.0
[INFO] [stderr]    Compiling fdeflate v0.3.7
[INFO] [stderr]    Compiling pin-project-internal v1.1.13
[INFO] [stderr]    Compiling as-slice v0.2.1
[INFO] [stderr]    Compiling memmap2 v0.9.11
[INFO] [stderr]    Compiling atoi v2.0.0
[INFO] [stderr]    Compiling spirv v0.4.0+sdk-1.4.341.0
[INFO] [stderr]    Compiling clap_lex v1.1.0
[INFO] [stderr]    Compiling order-stat v0.1.3
[INFO] [stderr]    Compiling roxmltree v0.20.0
[INFO] [stderr] error: could not compile `zbus` (lib)
[INFO] [stderr] 
[INFO] [stderr] Caused by:
[INFO] [stderr]   process didn't exit successfully: `/opt/rustwide/rustup-home/toolchains/1.99.0-beta.1-x86_64-unknown-linux-gnu/bin/rustc --crate-name zbus --edition=2024 /opt/rustwide/cargo-home/registry/src/index.crates.io-1949cf8c6b5b557f/zbus-5.17.0/src/lib.rs --error-format=json --json=diagnostic-rendered-ansi,artifacts,future-incompat --crate-type lib --emit=dep-info,metadata,link -C opt-level=3 -C embed-bitcode=no --cfg 'feature="async-executor"' --cfg 'feature="async-fs"' --cfg 'feature="async-io"' --cfg 'feature="async-lock"' --cfg 'feature="async-process"' --cfg 'feature="async-task"' --cfg 'feature="blocking"' --check-cfg 'cfg(docsrs,test)' --check-cfg 'cfg(feature, values("async-executor", "async-fs", "async-io", "async-lock", "async-process", "async-task", "blocking", "blocking-api", "bus-impl", "camino", "chrono", "default", "heapless", "option-as-array", "p2p", "serde_bytes", "time", "tokio", "tokio-vsock", "url", "uuid", "vsock"))' -C metadata=21a47e07ce1a5f7d -C extra-filename=-62b82d5b7247d7ca --out-dir /opt/rustwide/target/release/deps -C strip=debuginfo -L dependency=/opt/rustwide/target/release/deps --extern async_broadcast=/opt/rustwide/target/release/deps/libasync_broadcast-15ca930efa12eb14.rmeta --extern async_executor=/opt/rustwide/target/release/deps/libasync_executor-5a1aa4715c255c0e.rmeta --extern async_io=/opt/rustwide/target/release/deps/libasync_io-80d90f8db4981959.rmeta --extern async_lock=/opt/rustwide/target/release/deps/libasync_lock-b17e43c321889298.rmeta --extern async_process=/opt/rustwide/target/release/deps/libasync_process-e37caeeac146fa81.rmeta --extern async_recursion=/opt/rustwide/target/release/deps/libasync_recursion-b956118b6dfe1983.so --extern async_task=/opt/rustwide/target/release/deps/libasync_task-97b8396d1b2d70b3.rmeta --extern async_trait=/opt/rustwide/target/release/deps/libasync_trait-a1d909bd7636c0c5.so --extern blocking=/opt/rustwide/target/release/deps/libblocking-a6cd2cfbdf67f79f.rmeta --extern enumflags2=/opt/rustwide/target/release/deps/libenumflags2-b434f79c7e95c377.rmeta --extern event_listener=/opt/rustwide/target/release/deps/libevent_listener-5729126a193a0116.rmeta --extern futures_core=/opt/rustwide/target/release/deps/libfutures_core-7a56e2b755152ce5.rmeta --extern futures_lite=/opt/rustwide/target/release/deps/libfutures_lite-0f580c8bf4cb8633.rmeta --extern hex=/opt/rustwide/target/release/deps/libhex-ffa975566df5dac7.rmeta --extern libc=/opt/rustwide/target/release/deps/liblibc-a02808e3ddde5e2d.rmeta --extern ordered_stream=/opt/rustwide/target/release/deps/libordered_stream-089c0eacd67407d9.rmeta --extern rustix=/opt/rustwide/target/release/deps/librustix-3b645e55586bb3cc.rmeta --extern serde=/opt/rustwide/target/release/deps/libserde-b4f1b038c9e4e406.rmeta --extern serde_repr=/opt/rustwide/target/release/deps/libserde_repr-4d01fcd747f35ed3.so --extern tracing=/opt/rustwide/target/release/deps/libtracing-21c84a1680906992.rmeta --extern uuid=/opt/rustwide/target/release/deps/libuuid-18f091a1248e6a67.rmeta --extern winnow=/opt/rustwide/target/release/deps/libwinnow-9eaae5d65abf3982.rmeta --extern zbus_macros=/opt/rustwide/target/release/deps/libzbus_macros-c88607d0274b7ff9.so --extern zbus_names=/opt/rustwide/target/release/deps/libzbus_names-03b82c83f8b65bde.rmeta --extern zvariant=/opt/rustwide/target/release/deps/libzvariant-aef068001b966b61.rmeta --cap-lints allow --cap-lints=warn` (signal: 9, SIGKILL: kill)
[INFO] [stderr] warning: build failed, waiting for other jobs to finish...
[INFO] running `Command { std: "docker" "inspect" "da3dc0591bbbe56f34dfc08a7c14e9c229e4f8106f6b9fd38f0dcffad9e8c1fe", kill_on_drop: false }`
[INFO] running `Command { std: "docker" "rm" "-f" "da3dc0591bbbe56f34dfc08a7c14e9c229e4f8106f6b9fd38f0dcffad9e8c1fe", kill_on_drop: false }`
[INFO] [stdout] da3dc0591bbbe56f34dfc08a7c14e9c229e4f8106f6b9fd38f0dcffad9e8c1fe
