[INFO] fetching crate webgraph 0.7.0...
[INFO] testing webgraph-0.7.0 against 1.99.0-beta.8+cargoflags=--release for beta-release-1.100-3
[INFO] extracting crate webgraph 0.7.0 into /workspace/builds/worker-1-tc1/source
[INFO] started tweaking crates.io crate webgraph 0.7.0
[INFO] removed 0 missing examples
[INFO] removed 0 missing tests
[INFO] finished tweaking crates.io crate webgraph 0.7.0
[INFO] tweaked toml for crates.io crate webgraph 0.7.0 written to /workspace/builds/worker-1-tc1/source/Cargo.toml
[INFO] validating manifest of crates.io crate webgraph 0.7.0 on toolchain 1.99.0-beta.8
[INFO] running `Command { std: CARGO_HOME="/workspace/cargo-home" RUSTUP_HOME="/workspace/rustup-home" "/workspace/cargo-home/bin/cargo" "+1.99.0-beta.8" "metadata" "--manifest-path" "Cargo.toml" "--no-deps", kill_on_drop: false }`
[INFO] crate crates.io crate webgraph 0.7.0 already has a lockfile, it will not be regenerated
[INFO] running `Command { std: CARGO_HOME="/workspace/cargo-home" RUSTUP_HOME="/workspace/rustup-home" "/workspace/cargo-home/bin/cargo" "+1.99.0-beta.8" "fetch" "--manifest-path" "Cargo.toml", kill_on_drop: false }`
[INFO] [stderr]     Updating crates.io index
[INFO] [stderr]  Downloading crates ...
[INFO] [stderr]   Downloaded zstd-safe v8.1.0
[INFO] [stderr]   Downloaded zstd v0.14.2
[INFO] [stderr]   Downloaded sync-cell-slice v0.9.14
[INFO] [stderr]   Downloaded windows-collections v0.2.0
[INFO] [stderr]   Downloaded tikv-jemallocator v0.5.4
[INFO] [stderr]   Downloaded proc-macro-error-attr3 v3.1.1
[INFO] [stderr]   Downloaded atomic-primitive v0.1.4
[INFO] [stderr]   Downloaded sealed v0.7.0
[INFO] [stderr]   Downloaded lender-derive v0.1.3
[INFO] [stderr]   Downloaded mem_dbg-derive v0.3.4
[INFO] [stderr]   Downloaded windows-numerics v0.2.0
[INFO] [stderr]   Downloaded partition v0.1.2
[INFO] [stderr]   Downloaded no-break v0.2.1
[INFO] [stderr]   Downloaded java-properties v2.0.0
[INFO] [stderr]   Downloaded lazy_static v1.5.1
[INFO] [stderr]   Downloaded value-traits-derive v0.3.1
[INFO] [stderr]   Downloaded windows-threading v0.1.0
[INFO] [stderr]   Downloaded block-pseudorand v0.1.2
[INFO] [stderr]   Downloaded nanorand v0.6.1
[INFO] [stderr]   Downloaded chiapos-chacha8 v0.1.0
[INFO] [stderr]   Downloaded arbitrary-chunks v0.4.1
[INFO] [stderr]   Downloaded nonmax v0.5.5
[INFO] [stderr]   Downloaded derive_arbitrary v1.5.0
[INFO] [stderr]   Downloaded windows-future v0.2.1
[INFO] [stderr]   Downloaded sysctl v0.6.0
[INFO] [stderr]   Downloaded mach2 v0.4.3
[INFO] [stderr]   Downloaded maybe-dangling v0.1.2
[INFO] [stderr]   Downloaded stable_try_trait_v2 v1.75.1
[INFO] [stderr]   Downloaded impl-tools v0.13.0
[INFO] [stderr]   Downloaded proc-macro-error3 v3.1.1
[INFO] [stderr]   Downloaded impl-tools-lib v0.13.0
[INFO] [stderr]   Downloaded value-traits v0.3.1
[INFO] [stderr]   Downloaded zstd-safe v7.3.0
[INFO] [stderr]   Downloaded thread-priority v3.1.1
[INFO] [stderr]   Downloaded mmap-rs v0.7.0
[INFO] [stderr]   Downloaded enum-as-inner v0.6.1
[INFO] [stderr]   Downloaded num-primitive v0.2.1
[INFO] [stderr]   Downloaded pluralizer v0.5.0
[INFO] [stderr]   Downloaded dary_heap v0.3.9
[INFO] [stderr]   Downloaded crossbeam-queue v0.3.14
[INFO] [stderr]   Downloaded sealed v0.6.0
[INFO] [stderr]   Downloaded derive_setters v0.1.9
[INFO] [stderr]   Downloaded parallel_frontier v0.3.2
[INFO] [stderr]   Downloaded xxhash-rust v0.8.19
[INFO] [stderr]   Downloaded dsi-progress-logger v0.8.9
[INFO] [stderr]   Downloaded arrayvec v0.7.8
[INFO] [stderr]   Downloaded ambassador v0.5.1
[INFO] [stderr]   Downloaded arbitrary v1.5.0
[INFO] [stderr]   Downloaded rdst v0.20.14
[INFO] [stderr]   Downloaded epserde-derive v0.13.2
[INFO] [stderr]   Downloaded typed-path v0.12.3
[INFO] [stderr]   Downloaded zip v9.0.2
[INFO] [stderr]   Downloaded mem_dbg v0.4.4
[INFO] [stderr]   Downloaded epserde v0.13.2
[INFO] [stderr]   Downloaded ntapi v0.4.3
[INFO] [stderr]   Downloaded zerocopy-derive v0.8.62
[INFO] [stderr]   Downloaded itertools v0.15.0
[INFO] [stderr]   Downloaded lender v0.8.0
[INFO] [stderr]   Downloaded sysinfo v0.36.1
[INFO] [stderr]   Downloaded objc2-io-kit v0.3.2
[INFO] [stderr]   Downloaded voracious_radix_sort v1.2.0
[INFO] [stderr]   Downloaded syn v3.0.8
[INFO] [stderr]   Downloaded zerocopy v0.8.62
[INFO] [stderr]   Downloaded sux v0.15.0
[INFO] [stderr]   Downloaded zstd-sys v2.1.1+zstd.1.5.7
[INFO] [stderr]   Downloaded tikv-jemalloc-sys v0.5.4+5.3.0-patched
[INFO] [stderr]   Downloaded dsi-bitstream v0.10.1
[INFO] [stderr]   Downloaded windows v0.61.3
[INFO] running `Command { std: "docker" "create" "-v" "/var/lib/crater-agent-workspace/builds/worker-1-tc1/source:/opt/rustwide/workdir:ro,Z" "-v" "/var/lib/crater-agent-workspace/builds/worker-1-tc1/target:/opt/rustwide/target:rw,Z" "-v" "/var/lib/crater-agent-workspace/cargo-home:/opt/rustwide/cargo-home:ro,Z" "-v" "/var/lib/crater-agent-workspace/rustup-home:/opt/rustwide/rustup-home:ro,Z" "-m" "1610612736" "--network" "none" "ghcr.io/rust-lang/crates-build-env/linux@sha256:77db811e55d90add9212f6832c23229e3de5f1c1f9905e8cb07319ea15df73ac" "sleep" "infinity", kill_on_drop: false }`
[INFO] [stdout] fe03524f0354cd728c0c7c898d09cdad9b7d0c4eed785f438ccabcf075a3a082
[INFO] running `Command { std: "docker" "start" "fe03524f0354cd728c0c7c898d09cdad9b7d0c4eed785f438ccabcf075a3a082", kill_on_drop: false }`
[INFO] running `Command { std: "docker" "inspect" "fe03524f0354cd728c0c7c898d09cdad9b7d0c4eed785f438ccabcf075a3a082", kill_on_drop: false }`
[INFO] running `Command { std: "docker" "exec" "-e" "SOURCE_DIR=/opt/rustwide/workdir" "-e" "CARGO_HOME=/opt/rustwide/cargo-home" "-e" "RUSTUP_HOME=/opt/rustwide/rustup-home" "-e" "CARGO_TARGET_DIR=/opt/rustwide/target" "-w" "/opt/rustwide/workdir" "--user" "0:0" "fe03524f0354cd728c0c7c898d09cdad9b7d0c4eed785f438ccabcf075a3a082" "/opt/rustwide/cargo-home/bin/cargo" "+1.99.0-beta.8" "metadata" "--no-deps" "--format-version=1", kill_on_drop: false }`
[INFO] running `Command { std: "docker" "inspect" "fe03524f0354cd728c0c7c898d09cdad9b7d0c4eed785f438ccabcf075a3a082", kill_on_drop: false }`
[INFO] running `Command { std: "docker" "exec" "-e" "SOURCE_DIR=/opt/rustwide/workdir" "-e" "CARGO_HOME=/opt/rustwide/cargo-home" "-e" "RUSTUP_HOME=/opt/rustwide/rustup-home" "-e" "CARGO_TARGET_DIR=/opt/rustwide/target" "-e" "CARGO_INCREMENTAL=0" "-e" "RUST_BACKTRACE=full" "-e" "RUSTFLAGS=--cap-lints=warn" "-e" "RUSTDOCFLAGS=--cap-lints=warn" "-w" "/opt/rustwide/workdir" "--user" "0:0" "fe03524f0354cd728c0c7c898d09cdad9b7d0c4eed785f438ccabcf075a3a082" "/opt/rustwide/cargo-home/bin/cargo" "+1.99.0-beta.8" "build" "--frozen" "--message-format=json" "--release", kill_on_drop: false }`
[INFO] [stderr]    Compiling proc-macro2 v1.0.107
[INFO] [stderr]    Compiling unicode-ident v1.0.27
[INFO] [stderr]    Compiling quote v1.0.47
[INFO] [stderr]    Compiling cfg-if v1.0.5
[INFO] [stderr]    Compiling libc v0.2.190
[INFO] [stderr]    Compiling memchr v2.8.3
[INFO] [stderr]    Compiling find-msvc-tools v0.1.14
[INFO] [stderr]    Compiling crossbeam-utils v0.8.23
[INFO] [stderr]    Compiling shlex v2.0.1
[INFO] [stderr]    Compiling pkg-config v0.3.34
[INFO] [stderr]    Compiling bitflags v2.13.2
[INFO] [stderr]    Compiling cfg_aliases v0.2.2
[INFO] [stderr]    Compiling crossbeam-epoch v0.9.21
[INFO] [stderr]    Compiling nix v0.30.1
[INFO] [stderr]    Compiling same-file v1.0.6
[INFO] [stderr]    Compiling crossbeam-deque v0.8.8
[INFO] [stderr]    Compiling typenum v1.20.1
[INFO] [stderr]    Compiling thiserror v2.0.21
[INFO] [stderr]    Compiling aho-corasick v1.1.5
[INFO] [stderr]    Compiling walkdir v2.5.0
[INFO] [stderr]    Compiling syn v2.0.119
[INFO] [stderr]    Compiling syn v3.0.8
[INFO] [stderr]    Compiling generic-array v0.14.7
[INFO] [stderr]    Compiling rayon-core v1.13.0
[INFO] [stderr]    Compiling bytes v1.12.1
[INFO] [stderr]    Compiling jobserver v0.1.35
[INFO] [stderr]    Compiling regex-syntax v0.8.11
[INFO] [stderr]    Compiling cc v1.8.0
[INFO] [stderr]    Compiling byteorder v1.5.0
[INFO] [stderr]    Compiling combine v4.6.8
[INFO] [stderr]    Compiling ident_case v1.0.1
[INFO] [stderr]    Compiling maybe-dangling v0.1.2
[INFO] [stderr]    Compiling either v1.19.0
[INFO] [stderr]    Compiling strsim v0.11.1
[INFO] [stderr]    Compiling getrandom v0.4.3
[INFO] [stderr]    Compiling fnv v1.0.7
[INFO] [stderr]    Compiling foldhash v0.2.0
[INFO] [stderr]    Compiling aliasable v0.1.3
[INFO] [stderr]    Compiling rand_core v0.10.1
[INFO] [stderr]    Compiling hashbrown v0.16.1
[INFO] [stderr]    Compiling zstd-sys v2.1.1+zstd.1.5.7
[INFO] [stderr]    Compiling regex-automata v0.4.18
[INFO] [stderr]    Compiling darling_core v0.21.3
[INFO] [stderr]    Compiling thiserror-impl v1.0.69
[INFO] [stderr]    Compiling thiserror-impl v2.0.21
[INFO] [stderr]    Compiling enum-as-inner v0.6.1
[INFO] [stderr]    Compiling mem_dbg-derive v0.3.4
[INFO] [stderr]    Compiling block-buffer v0.10.4
[INFO] [stderr]    Compiling thiserror v1.0.69
[INFO] [stderr]    Compiling sysctl v0.6.0
[INFO] [stderr]    Compiling crypto-common v0.1.7
[INFO] [stderr]    Compiling proc-macro-error-attr3 v3.1.1
[INFO] [stderr]    Compiling rustix v1.1.5
[INFO] [stderr]    Compiling anyhow v1.0.104
[INFO] [stderr]    Compiling once_cell v1.21.4
[INFO] [stderr]    Compiling zstd-safe v7.3.0
[INFO] [stderr]    Compiling regex v1.13.1
[INFO] [stderr]    Compiling rustversion v1.0.23
[INFO] [stderr]    Compiling serde_core v1.0.229
[INFO] [stderr]    Compiling crc32fast v1.5.2
[INFO] [stderr]    Compiling darling_macro v0.21.3
[INFO] [stderr]    Compiling proc-macro-error3 v3.1.1
[INFO] [stderr]    Compiling digest v0.10.7
[INFO] [stderr]    Compiling mmap-rs v0.7.0
[INFO] [stderr]    Compiling rayon v1.12.0
[INFO] [stderr]    Compiling zerocopy v0.8.62
[INFO] [stderr]    Compiling arrayvec v0.7.8
[INFO] [stderr]    Compiling linux-raw-sys v0.12.1
[INFO] [stderr]    Compiling cpufeatures v0.3.1
[INFO] [stderr]    Compiling simd-adler32 v0.3.10
[INFO] [stderr]    Compiling zstd-safe v8.1.0
[INFO] [stderr]    Compiling itoa v1.0.18
[INFO] [stderr]    Compiling mem_dbg v0.4.4
[INFO] [stderr]    Compiling serde v1.0.229
[INFO] [stderr]    Compiling log v0.4.34
[INFO] [stderr]    Compiling num-format v0.4.4
[INFO] [stderr]    Compiling miniz_oxide v0.9.1
[INFO] [stderr]    Compiling chacha20 v0.10.2
[INFO] [stderr]    Compiling itertools v0.10.5
[INFO] [stderr]    Compiling sha2 v0.10.9
[INFO] [stderr]    Compiling impl-tools-lib v0.13.0
[INFO] [stderr]    Compiling darling v0.21.3
[INFO] [stderr]    Compiling pluralizer v0.5.0
[INFO] [stderr]    Compiling sealed v0.6.0
[INFO] [stderr]    Compiling epserde-derive v0.13.2
[INFO] [stderr]    Compiling value-traits-derive v0.3.1
[INFO] [stderr]    Compiling zerocopy-derive v0.8.62
[INFO] [stderr]    Compiling lender-derive v0.1.3
[INFO] [stderr]    Compiling sysinfo v0.36.1
[INFO] [stderr]    Compiling partition v0.1.2
[INFO] [stderr]    Compiling arbitrary-chunks v0.4.1
[INFO] [stderr]    Compiling stable_try_trait_v2 v1.75.1
[INFO] [stderr]    Compiling fastrand v2.5.0
[INFO] [stderr]    Compiling fallible-iterator v0.3.0
[INFO] [stderr]    Compiling num-primitive v0.2.1
[INFO] [stderr]    Compiling lender v0.8.0
[INFO] [stderr]    Compiling epserde v0.13.2
[INFO] [stderr]    Compiling dsi-progress-logger v0.8.9
[INFO] [stderr]    Compiling tempfile v3.27.0
[INFO] [stderr]    Compiling value-traits v0.3.1
[INFO] [stderr]    Compiling rdst v0.20.14
[INFO] [stderr]    Compiling thread-priority v3.1.1
[INFO] [stderr]    Compiling ambassador v0.5.1
[INFO] [stderr]    Compiling impl-tools v0.13.0
[INFO] [stderr]    Compiling flate2 v1.1.10
[INFO] [stderr]    Compiling derive_setters v0.1.9
[INFO] [stderr]    Compiling rand v0.10.3
[INFO] [stderr]    Compiling crossbeam-channel v0.5.17
[INFO] [stderr]    Compiling encoding_rs v0.8.35
[INFO] [stderr]    Compiling atomic-primitive v0.1.4
[INFO] [stderr]    Compiling lazy_static v1.5.1
[INFO] [stderr]    Compiling xxhash-rust v0.8.19
[INFO] [stderr]    Compiling sync-cell-slice v0.9.14
[INFO] [stderr]    Compiling dsi-bitstream v0.10.1
[INFO] [stderr]    Compiling parallel_frontier v0.3.2
[INFO] [stderr]    Compiling sealed v0.7.0
[INFO] [stderr]    Compiling itertools v0.15.0
[INFO] [stderr]    Compiling crossbeam-queue v0.3.14
[INFO] [stderr]    Compiling dary_heap v0.3.9
[INFO] [stderr]    Compiling no-break v0.2.1
[INFO] [stderr]    Compiling nonmax v0.5.5
[INFO] [stderr]    Compiling java-properties v2.0.0
[INFO] [stderr]    Compiling zstd v0.13.3
[INFO] [stderr]    Compiling zstd v0.14.2
[INFO] [stderr]    Compiling sux v0.15.0
[INFO] [stderr]    Compiling webgraph v0.7.0 (/opt/rustwide/workdir)
[INFO] [stderr]     Finished `release` profile [optimized] target(s) in 3m 06s
[INFO] running `Command { std: "docker" "inspect" "fe03524f0354cd728c0c7c898d09cdad9b7d0c4eed785f438ccabcf075a3a082", kill_on_drop: false }`
[INFO] running `Command { std: "docker" "exec" "-e" "SOURCE_DIR=/opt/rustwide/workdir" "-e" "CARGO_HOME=/opt/rustwide/cargo-home" "-e" "RUSTUP_HOME=/opt/rustwide/rustup-home" "-e" "CARGO_TARGET_DIR=/opt/rustwide/target" "-e" "CARGO_INCREMENTAL=0" "-e" "RUST_BACKTRACE=full" "-e" "RUSTFLAGS=--cap-lints=warn" "-e" "RUSTDOCFLAGS=--cap-lints=warn" "-w" "/opt/rustwide/workdir" "--user" "0:0" "fe03524f0354cd728c0c7c898d09cdad9b7d0c4eed785f438ccabcf075a3a082" "/opt/rustwide/cargo-home/bin/cargo" "+1.99.0-beta.8" "test" "--frozen" "--no-run" "--message-format=json" "--release", kill_on_drop: false }`
[INFO] [stderr]    Compiling rustix v1.1.5
[INFO] [stderr]    Compiling log v0.4.34
[INFO] [stderr]    Compiling utf8parse v0.2.2
[INFO] [stderr]    Compiling anstyle v1.0.14
[INFO] [stderr]    Compiling anstyle-query v1.1.5
[INFO] [stderr]    Compiling serde v1.0.229
[INFO] [stderr]    Compiling is_terminal_polyfill v1.70.2
[INFO] [stderr]    Compiling colorchoice v1.0.5
[INFO] [stderr]    Compiling serde_derive v1.0.229
[INFO] [stderr]    Compiling anstyle-parse v1.0.0
[INFO] [stderr]    Compiling zmij v1.0.23
[INFO] [stderr]    Compiling clap_lex v1.1.1
[INFO] [stderr]    Compiling dsi-progress-logger v0.8.9
[INFO] [stderr]    Compiling thread-priority v3.1.1
[INFO] [stderr]    Compiling serde_json v1.0.154
[INFO] [stderr]    Compiling strsim v0.11.1
[INFO] [stderr]    Compiling anstream v1.0.0
[INFO] [stderr]    Compiling env_filter v2.0.0
[INFO] [stderr]    Compiling clap_derive v4.6.7
[INFO] [stderr]    Compiling env_logger v0.11.11
[INFO] [stderr]    Compiling tempfile v3.27.0
[INFO] [stderr]    Compiling terminal_size v0.4.4
[INFO] [stderr]    Compiling clap_builder v4.6.7
[INFO] [stderr]    Compiling dsi-bitstream v0.10.1
[INFO] [stderr]    Compiling sux v0.15.0
[INFO] [stderr]    Compiling clap v4.6.7
[INFO] [stderr]    Compiling webgraph v0.7.0 (/opt/rustwide/workdir)
[INFO] [stderr]     Finished `release` profile [optimized] target(s) in 2m 57s
[INFO] running `Command { std: "docker" "inspect" "fe03524f0354cd728c0c7c898d09cdad9b7d0c4eed785f438ccabcf075a3a082", kill_on_drop: false }`
[INFO] running `Command { std: "docker" "exec" "-e" "SOURCE_DIR=/opt/rustwide/workdir" "-e" "CARGO_HOME=/opt/rustwide/cargo-home" "-e" "RUSTUP_HOME=/opt/rustwide/rustup-home" "-e" "CARGO_TARGET_DIR=/opt/rustwide/target" "-e" "CARGO_INCREMENTAL=0" "-e" "RUST_BACKTRACE=full" "-e" "RUSTFLAGS=--cap-lints=warn" "-e" "RUSTDOCFLAGS=--cap-lints=warn" "-w" "/opt/rustwide/workdir" "--user" "0:0" "fe03524f0354cd728c0c7c898d09cdad9b7d0c4eed785f438ccabcf075a3a082" "/opt/rustwide/cargo-home/bin/cargo" "+1.99.0-beta.8" "test" "--frozen" "--release", kill_on_drop: false }`
[INFO] [stderr]     Finished `release` profile [optimized] target(s) in 0.17s
[INFO] [stderr]      Running unittests src/lib.rs (/opt/rustwide/target/release/deps/webgraph-852a0dc6f498c0f9)
[INFO] [stdout] 
[INFO] [stdout] running 23 tests
[INFO] [stdout] test graphs::bvgraph::comp::bvcomp::test::egst_writer_cnr ... FAILED
[INFO] [stdout] test graphs::bvgraph::comp::bvcomp::test::egst_writer_window_one ... FAILED
[INFO] [stdout] test graphs::bvgraph::comp::bvcomp::test::egst_writer_window_two ... FAILED
[INFO] [stdout] test graphs::bvgraph::comp::bvcomp::test::egst_writer_window_zero ... FAILED
[INFO] [stdout] test graphs::bvgraph::comp::bvcomp::test::test_compressor_no_ref ... ok
[INFO] [stdout] test graphs::btree_graph::test::test_btree_graph ... ok
[INFO] [stdout] test graphs::bvgraph::comp::bvcompz::test::egst_writer_window_one ... FAILED
[INFO] [stdout] test graphs::bvgraph::comp::bvcomp::test::test_compressor2 ... ok
[INFO] [stdout] test graphs::bvgraph::comp::bvcomp::test::test_compressor3 ... ok
[INFO] [stdout] test graphs::bvgraph::comp::bvcompz::test::egst_writer_cnr ... FAILED
[INFO] [stdout] test graphs::bvgraph::comp::bvcomp::test::test_compressor1 ... ok
[INFO] [stdout] test graphs::union_graph::tests::test_union_graph ... ok
[INFO] [stdout] test graphs::bvgraph::comp::bvcompz::test::egst_writer_window_two ... FAILED
[INFO] [stdout] test graphs::bvgraph::comp::bvcompz::test::egst_writer_window_zero ... FAILED
[INFO] [stdout] test graphs::random::er::tests::egst_sorted ... ok
[INFO] [stdout] test graphs::random::er::tests::test_er ... ok
[INFO] [stdout] test utils::ragged_array::tests::test_new_array_is_empty ... ok
[INFO] [stdout] test graphs::vec_graph::test::test_vec_graph ... ok
[INFO] [stdout] test utils::ragged_array::tests::test_clear_and_reuse ... ok
[INFO] [stdout] test graphs::permuted_graph::test_permuted_graph ... ok
[INFO] [stdout] test utils::ragged_array::tests::test_push_rows_and_indexing ... ok
[INFO] [stdout] test utils::ragged_array::tests::test_index_out_of_bounds - should panic ... ok
[INFO] [stdout] test utils::ragged_array::tests::test_ragged_rows_and_empty_rows ... ok
[INFO] [stderr] error: test failed, to rerun pass `--lib`
[INFO] [stdout] 
[INFO] [stdout] failures:
[INFO] [stdout] 
[INFO] [stdout] ---- graphs::bvgraph::comp::bvcomp::test::egst_writer_cnr stdout ----
[INFO] [stdout] Error: Could not load properties file ../data/cnr-2000.properties
[INFO] [stdout] 
[INFO] [stdout] Caused by:
[INFO] [stdout]     0: Cannot open property file ../data/cnr-2000.properties
[INFO] [stdout]     1: No such file or directory (os error 2)
[INFO] [stdout] 
[INFO] [stdout] Stack backtrace:
[INFO] [stdout]    0: <core::io::error::Error as anyhow::context::ext::StdError>::ext_context::<alloc::string::String>
[INFO] [stdout]    1: <webgraph::graphs::bvgraph::load::LoadConf<dsi_bitstream::traits::endianness::BigEndian, webgraph::graphs::bvgraph::load::Sequential, webgraph::graphs::bvgraph::load::Dynamic, webgraph::graphs::bvgraph::load::Mmap, webgraph::graphs::bvgraph::load::Mmap>>::load
[INFO] [stdout]    2: webgraph::graphs::bvgraph::comp::bvcomp::test::egst_writer_cnr
[INFO] [stdout]    3: <webgraph::graphs::bvgraph::comp::bvcomp::test::egst_writer_cnr::{closure#0} as core::ops::function::FnOnce<()>>::call_once
[INFO] [stdout]    4: test::__rust_begin_short_backtrace::<core::result::Result<(), alloc::string::String>, fn() -> core::result::Result<(), alloc::string::String>>
[INFO] [stdout]    5: test::run_test::{closure#0}
[INFO] [stdout]    6: std::sys::backtrace::__rust_begin_short_backtrace::<test::run_test::{closure#1}, ()>
[INFO] [stdout]    7: <std::thread::lifecycle::spawn_unchecked<test::run_test::{closure#1}, ()>::{closure#1} as core::ops::function::FnOnce<()>>::call_once::{shim:vtable#0}
[INFO] [stdout]    8: <std::sys::thread::unix::Thread>::new::thread_start
[INFO] [stdout]    9: <unknown>
[INFO] [stdout]   10: clone
[INFO] [stdout] 
[INFO] [stdout] ---- graphs::bvgraph::comp::bvcomp::test::egst_writer_window_one stdout ----
[INFO] [stdout] Error: Could not load properties file ../data/cnr-2000.properties
[INFO] [stdout] 
[INFO] [stdout] Caused by:
[INFO] [stdout]     0: Cannot open property file ../data/cnr-2000.properties
[INFO] [stdout]     1: No such file or directory (os error 2)
[INFO] [stdout] 
[INFO] [stdout] Stack backtrace:
[INFO] [stdout]    0: <core::io::error::Error as anyhow::context::ext::StdError>::ext_context::<alloc::string::String>
[INFO] [stdout]    1: <webgraph::graphs::bvgraph::load::LoadConf<dsi_bitstream::traits::endianness::BigEndian, webgraph::graphs::bvgraph::load::Sequential, webgraph::graphs::bvgraph::load::Dynamic, webgraph::graphs::bvgraph::load::Mmap, webgraph::graphs::bvgraph::load::Mmap>>::load
[INFO] [stdout]    2: webgraph::graphs::bvgraph::comp::bvcomp::test::egst_writer_window_one
[INFO] [stdout]    3: <webgraph::graphs::bvgraph::comp::bvcomp::test::egst_writer_window_one::{closure#0} as core::ops::function::FnOnce<()>>::call_once
[INFO] [stdout]    4: test::__rust_begin_short_backtrace::<core::result::Result<(), alloc::string::String>, fn() -> core::result::Result<(), alloc::string::String>>
[INFO] [stdout]    5: test::run_test::{closure#0}
[INFO] [stdout]    6: std::sys::backtrace::__rust_begin_short_backtrace::<test::run_test::{closure#1}, ()>
[INFO] [stdout]    7: <std::thread::lifecycle::spawn_unchecked<test::run_test::{closure#1}, ()>::{closure#1} as core::ops::function::FnOnce<()>>::call_once::{shim:vtable#0}
[INFO] [stdout]    8: <std::sys::thread::unix::Thread>::new::thread_start
[INFO] [stdout]    9: <unknown>
[INFO] [stdout]   10: clone
[INFO] [stdout] 
[INFO] [stdout] ---- graphs::bvgraph::comp::bvcomp::test::egst_writer_window_two stdout ----
[INFO] [stdout] Error: Could not load properties file ../data/cnr-2000.properties
[INFO] [stdout] 
[INFO] [stdout] Caused by:
[INFO] [stdout]     0: Cannot open property file ../data/cnr-2000.properties
[INFO] [stdout]     1: No such file or directory (os error 2)
[INFO] [stdout] 
[INFO] [stdout] Stack backtrace:
[INFO] [stdout]    0: <core::io::error::Error as anyhow::context::ext::StdError>::ext_context::<alloc::string::String>
[INFO] [stdout]    1: <webgraph::graphs::bvgraph::load::LoadConf<dsi_bitstream::traits::endianness::BigEndian, webgraph::graphs::bvgraph::load::Sequential, webgraph::graphs::bvgraph::load::Dynamic, webgraph::graphs::bvgraph::load::Mmap, webgraph::graphs::bvgraph::load::Mmap>>::load
[INFO] [stdout]    2: webgraph::graphs::bvgraph::comp::bvcomp::test::egst_writer_window_two
[INFO] [stdout]    3: <webgraph::graphs::bvgraph::comp::bvcomp::test::egst_writer_window_two::{closure#0} as core::ops::function::FnOnce<()>>::call_once
[INFO] [stdout]    4: test::__rust_begin_short_backtrace::<core::result::Result<(), alloc::string::String>, fn() -> core::result::Result<(), alloc::string::String>>
[INFO] [stdout]    5: test::run_test::{closure#0}
[INFO] [stdout]    6: std::sys::backtrace::__rust_begin_short_backtrace::<test::run_test::{closure#1}, ()>
[INFO] [stdout]    7: <std::thread::lifecycle::spawn_unchecked<test::run_test::{closure#1}, ()>::{closure#1} as core::ops::function::FnOnce<()>>::call_once::{shim:vtable#0}
[INFO] [stdout]    8: <std::sys::thread::unix::Thread>::new::thread_start
[INFO] [stdout]    9: <unknown>
[INFO] [stdout]   10: clone
[INFO] [stdout] 
[INFO] [stdout] ---- graphs::bvgraph::comp::bvcomp::test::egst_writer_window_zero stdout ----
[INFO] [stdout] Error: Could not load properties file ../data/cnr-2000.properties
[INFO] [stdout] 
[INFO] [stdout] Caused by:
[INFO] [stdout]     0: Cannot open property file ../data/cnr-2000.properties
[INFO] [stdout]     1: No such file or directory (os error 2)
[INFO] [stdout] 
[INFO] [stdout] Stack backtrace:
[INFO] [stdout]    0: <core::io::error::Error as anyhow::context::ext::StdError>::ext_context::<alloc::string::String>
[INFO] [stdout]    1: <webgraph::graphs::bvgraph::load::LoadConf<dsi_bitstream::traits::endianness::BigEndian, webgraph::graphs::bvgraph::load::Sequential, webgraph::graphs::bvgraph::load::Dynamic, webgraph::graphs::bvgraph::load::Mmap, webgraph::graphs::bvgraph::load::Mmap>>::load
[INFO] [stdout]    2: webgraph::graphs::bvgraph::comp::bvcomp::test::egst_writer_window_zero
[INFO] [stdout]    3: <webgraph::graphs::bvgraph::comp::bvcomp::test::egst_writer_window_zero::{closure#0} as core::ops::function::FnOnce<()>>::call_once
[INFO] [stdout]    4: test::__rust_begin_short_backtrace::<core::result::Result<(), alloc::string::String>, fn() -> core::result::Result<(), alloc::string::String>>
[INFO] [stdout]    5: test::run_test::{closure#0}
[INFO] [stdout]    6: std::sys::backtrace::__rust_begin_short_backtrace::<test::run_test::{closure#1}, ()>
[INFO] [stdout]    7: <std::thread::lifecycle::spawn_unchecked<test::run_test::{closure#1}, ()>::{closure#1} as core::ops::function::FnOnce<()>>::call_once::{shim:vtable#0}
[INFO] [stdout]    8: <std::sys::thread::unix::Thread>::new::thread_start
[INFO] [stdout]    9: <unknown>
[INFO] [stdout]   10: clone
[INFO] [stdout] 
[INFO] [stdout] ---- graphs::bvgraph::comp::bvcompz::test::egst_writer_window_one stdout ----
[INFO] [stdout] Error: Could not load properties file ../data/cnr-2000.properties
[INFO] [stdout] 
[INFO] [stdout] Caused by:
[INFO] [stdout]     0: Cannot open property file ../data/cnr-2000.properties
[INFO] [stdout]     1: No such file or directory (os error 2)
[INFO] [stdout] 
[INFO] [stdout] Stack backtrace:
[INFO] [stdout]    0: <core::io::error::Error as anyhow::context::ext::StdError>::ext_context::<alloc::string::String>
[INFO] [stdout]    1: <webgraph::graphs::bvgraph::load::LoadConf<dsi_bitstream::traits::endianness::BigEndian, webgraph::graphs::bvgraph::load::Sequential, webgraph::graphs::bvgraph::load::Dynamic, webgraph::graphs::bvgraph::load::Mmap, webgraph::graphs::bvgraph::load::Mmap>>::load
[INFO] [stdout]    2: webgraph::graphs::bvgraph::comp::test_utils::test_window::<webgraph::graphs::bvgraph::comp::bvcompz::test::egst_writer_window_one::{closure#0}>
[INFO] [stdout]    3: <webgraph::graphs::bvgraph::comp::bvcompz::test::egst_writer_window_one::{closure#0} as core::ops::function::FnOnce<()>>::call_once
[INFO] [stdout]    4: test::__rust_begin_short_backtrace::<core::result::Result<(), alloc::string::String>, fn() -> core::result::Result<(), alloc::string::String>>
[INFO] [stdout]    5: test::run_test::{closure#0}
[INFO] [stdout]    6: std::sys::backtrace::__rust_begin_short_backtrace::<test::run_test::{closure#1}, ()>
[INFO] [stdout]    7: <std::thread::lifecycle::spawn_unchecked<test::run_test::{closure#1}, ()>::{closure#1} as core::ops::function::FnOnce<()>>::call_once::{shim:vtable#0}
[INFO] [stdout]    8: <std::sys::thread::unix::Thread>::new::thread_start
[INFO] [stdout]    9: <unknown>
[INFO] [stdout]   10: clone
[INFO] [stdout] 
[INFO] [stdout] ---- graphs::bvgraph::comp::bvcompz::test::egst_writer_cnr stdout ----
[INFO] [stdout] Error: Could not load properties file ../data/cnr-2000.properties
[INFO] [stdout] 
[INFO] [stdout] Caused by:
[INFO] [stdout]     0: Cannot open property file ../data/cnr-2000.properties
[INFO] [stdout]     1: No such file or directory (os error 2)
[INFO] [stdout] 
[INFO] [stdout] Stack backtrace:
[INFO] [stdout]    0: <core::io::error::Error as anyhow::context::ext::StdError>::ext_context::<alloc::string::String>
[INFO] [stdout]    1: <webgraph::graphs::bvgraph::load::LoadConf<dsi_bitstream::traits::endianness::BigEndian, webgraph::graphs::bvgraph::load::Sequential, webgraph::graphs::bvgraph::load::Dynamic, webgraph::graphs::bvgraph::load::Mmap, webgraph::graphs::bvgraph::load::Mmap>>::load
[INFO] [stdout]    2: webgraph::graphs::bvgraph::comp::test_utils::test_cnr::<webgraph::graphs::bvgraph::comp::bvcompz::test::egst_writer_cnr::{closure#0}>
[INFO] [stdout]    3: <webgraph::graphs::bvgraph::comp::bvcompz::test::egst_writer_cnr::{closure#0} as core::ops::function::FnOnce<()>>::call_once
[INFO] [stdout]    4: test::__rust_begin_short_backtrace::<core::result::Result<(), alloc::string::String>, fn() -> core::result::Result<(), alloc::string::String>>
[INFO] [stdout]    5: test::run_test::{closure#0}
[INFO] [stdout]    6: std::sys::backtrace::__rust_begin_short_backtrace::<test::run_test::{closure#1}, ()>
[INFO] [stdout]    7: <std::thread::lifecycle::spawn_unchecked<test::run_test::{closure#1}, ()>::{closure#1} as core::ops::function::FnOnce<()>>::call_once::{shim:vtable#0}
[INFO] [stdout]    8: <std::sys::thread::unix::Thread>::new::thread_start
[INFO] [stdout]    9: <unknown>
[INFO] [stdout]   10: clone
[INFO] [stdout] 
[INFO] [stdout] ---- graphs::bvgraph::comp::bvcompz::test::egst_writer_window_two stdout ----
[INFO] [stdout] Error: Could not load properties file ../data/cnr-2000.properties
[INFO] [stdout] 
[INFO] [stdout] Caused by:
[INFO] [stdout]     0: Cannot open property file ../data/cnr-2000.properties
[INFO] [stdout]     1: No such file or directory (os error 2)
[INFO] [stdout] 
[INFO] [stdout] Stack backtrace:
[INFO] [stdout]    0: <core::io::error::Error as anyhow::context::ext::StdError>::ext_context::<alloc::string::String>
[INFO] [stdout]    1: <webgraph::graphs::bvgraph::load::LoadConf<dsi_bitstream::traits::endianness::BigEndian, webgraph::graphs::bvgraph::load::Sequential, webgraph::graphs::bvgraph::load::Dynamic, webgraph::graphs::bvgraph::load::Mmap, webgraph::graphs::bvgraph::load::Mmap>>::load
[INFO] [stdout]    2: webgraph::graphs::bvgraph::comp::test_utils::test_window::<webgraph::graphs::bvgraph::comp::bvcompz::test::egst_writer_window_one::{closure#0}>
[INFO] [stdout]    3: <webgraph::graphs::bvgraph::comp::bvcompz::test::egst_writer_window_two::{closure#0} as core::ops::function::FnOnce<()>>::call_once
[INFO] [stdout]    4: test::__rust_begin_short_backtrace::<core::result::Result<(), alloc::string::String>, fn() -> core::result::Result<(), alloc::string::String>>
[INFO] [stdout]    5: test::run_test::{closure#0}
[INFO] [stdout]    6: std::sys::backtrace::__rust_begin_short_backtrace::<test::run_test::{closure#1}, ()>
[INFO] [stdout]    7: <std::thread::lifecycle::spawn_unchecked<test::run_test::{closure#1}, ()>::{closure#1} as core::ops::function::FnOnce<()>>::call_once::{shim:vtable#0}
[INFO] [stdout]    8: <std::sys::thread::unix::Thread>::new::thread_start
[INFO] [stdout]    9: <unknown>
[INFO] [stdout]   10: clone
[INFO] [stdout] 
[INFO] [stdout] ---- graphs::bvgraph::comp::bvcompz::test::egst_writer_window_zero stdout ----
[INFO] [stdout] Error: Could not load properties file ../data/cnr-2000.properties
[INFO] [stdout] 
[INFO] [stdout] Caused by:
[INFO] [stdout]     0: Cannot open property file ../data/cnr-2000.properties
[INFO] [stdout]     1: No such file or directory (os error 2)
[INFO] [stdout] 
[INFO] [stdout] Stack backtrace:
[INFO] [stdout]    0: <core::io::error::Error as anyhow::context::ext::StdError>::ext_context::<alloc::string::String>
[INFO] [stdout]    1: <webgraph::graphs::bvgraph::load::LoadConf<dsi_bitstream::traits::endianness::BigEndian, webgraph::graphs::bvgraph::load::Sequential, webgraph::graphs::bvgraph::load::Dynamic, webgraph::graphs::bvgraph::load::Mmap, webgraph::graphs::bvgraph::load::Mmap>>::load
[INFO] [stdout]    2: webgraph::graphs::bvgraph::comp::test_utils::test_window::<webgraph::graphs::bvgraph::comp::bvcompz::test::egst_writer_window_one::{closure#0}>
[INFO] [stdout]    3: <webgraph::graphs::bvgraph::comp::bvcompz::test::egst_writer_window_zero::{closure#0} as core::ops::function::FnOnce<()>>::call_once
[INFO] [stdout]    4: test::__rust_begin_short_backtrace::<core::result::Result<(), alloc::string::String>, fn() -> core::result::Result<(), alloc::string::String>>
[INFO] [stdout]    5: test::run_test::{closure#0}
[INFO] [stdout]    6: std::sys::backtrace::__rust_begin_short_backtrace::<test::run_test::{closure#1}, ()>
[INFO] [stdout]    7: <std::thread::lifecycle::spawn_unchecked<test::run_test::{closure#1}, ()>::{closure#1} as core::ops::function::FnOnce<()>>::call_once::{shim:vtable#0}
[INFO] [stdout]    8: <std::sys::thread::unix::Thread>::new::thread_start
[INFO] [stdout]    9: <unknown>
[INFO] [stdout]   10: clone
[INFO] [stdout] 
[INFO] [stdout] 
[INFO] [stdout] failures:
[INFO] [stdout]     graphs::bvgraph::comp::bvcomp::test::egst_writer_cnr
[INFO] [stdout]     graphs::bvgraph::comp::bvcomp::test::egst_writer_window_one
[INFO] [stdout]     graphs::bvgraph::comp::bvcomp::test::egst_writer_window_two
[INFO] [stdout]     graphs::bvgraph::comp::bvcomp::test::egst_writer_window_zero
[INFO] [stdout]     graphs::bvgraph::comp::bvcompz::test::egst_writer_cnr
[INFO] [stdout]     graphs::bvgraph::comp::bvcompz::test::egst_writer_window_one
[INFO] [stdout]     graphs::bvgraph::comp::bvcompz::test::egst_writer_window_two
[INFO] [stdout]     graphs::bvgraph::comp::bvcompz::test::egst_writer_window_zero
[INFO] [stdout] 
[INFO] [stdout] test result: FAILED. 15 passed; 8 failed; 0 ignored; 0 measured; 0 filtered out; finished in 0.01s
[INFO] [stdout] 
[INFO] running `Command { std: "docker" "inspect" "fe03524f0354cd728c0c7c898d09cdad9b7d0c4eed785f438ccabcf075a3a082", kill_on_drop: false }`
[INFO] running `Command { std: "docker" "rm" "-f" "fe03524f0354cd728c0c7c898d09cdad9b7d0c4eed785f438ccabcf075a3a082", kill_on_drop: false }`
[INFO] [stdout] fe03524f0354cd728c0c7c898d09cdad9b7d0c4eed785f438ccabcf075a3a082
